Back
From: metabase:user:314402c4-2aae-11df-837a-5e0a49663a4f
Subject: FAIL KiokuDB-0.57 v5.22.1 GNU/Linux
Date: 2015-12-16T07:53:35Z
This distribution has been tested as part of the CPAN Testers
project, supporting the Perl programming language. See
http://wiki.cpantesters.org/ for more information or email
questions to cpan-testers-discuss@perl.org
--
Dear Jesse Luehrs,
This is a computer-generated report for KiokuDB-0.57
on perl 5.22.1, created by CPAN-Reporter-1.2015.
Thank you for uploading your work to CPAN. However, there was a problem
testing your distribution.
If you think this report is invalid, please consult the CPAN Testers Wiki
for suggestions on how to avoid getting FAIL reports for missing library
or binary dependencies, unsupported operating systems, and so on:
http://wiki.cpantesters.org/wiki/CPANAuthorNotes
Sections of this report:
* Tester comments
* Program output
* Prerequisites
* Environment and other context
------------------------------
TESTER COMMENTS
------------------------------
Additional comments from tester:
none provided
------------------------------
PROGRAM OUTPUT
------------------------------
Output from '/usr/bin/make test':
PERL_DL_NONLAZY=1 "/bbbike/perl-5.22.1/bin/perl5.22.1" "-MExtUtils::Command::MM" "-MTest::Harness" "-e" "undef *Test::Harness::Switches; test_harness(0, 'blib/lib', 'blib/arch')" t/*.t
t/00-compile.t ................. ok
t/coderefs.t ................... ok
t/collapser.t .................. ok
t/digest.t ..................... ok
t/directory.t .................. ok
t/entry.t ...................... ok
t/gc_naive.t ................... ok
# Failed test 'no error in fixture'
# at /tmpfs/.cpan-build/2015121606/KiokuDB-0.57-xkEIjk/blib/lib/KiokuDB/Test.pm line 38.
# died: Transaction aborted: Can't store REGEXP items at /opt/perl-5.22.1/lib/5.22.1/x86_64-linux/Storable.pm line 341, at /tmpfs/.cpan-build/2015121606/KiokuDB-0.57-xkEIjk/blib/lib/KiokuDB/Backend/Serialize/Storable.pm line 23.
# , rollback failed: no open transaction at /tmpfs/.cpan-build/2015121606/KiokuDB-0.57-xkEIjk/blib/lib/KiokuDB/Backend/Role/TXN.pm line 46.
# at /tmpfs/.cpan-build/2015121606/KiokuDB-0.57-xkEIjk/blib/lib/KiokuDB/Backend/Role/TXN.pm line 50.
# Looks like you failed 1 test of 601.
t/gin.t ........................
Dubious, test returned 1 (wstat 256, 0x100)
Failed 1/601 subtests
(less 2 skipped subtests: 598 okay)
# Failed test 'no error in fixture'
# at /tmpfs/.cpan-build/2015121606/KiokuDB-0.57-xkEIjk/blib/lib/KiokuDB/Test.pm line 38.
# died: Transaction aborted: Can't store REGEXP items at /tmpfs/.cpan-build/2015121606/KiokuDB-0.57-xkEIjk/blib/lib/KiokuDB/Backend/Serialize/Memory.pm line 22.
# , rollback failed: no open transaction at /tmpfs/.cpan-build/2015121606/KiokuDB-0.57-xkEIjk/blib/lib/KiokuDB/Backend/Role/TXN.pm line 46.
# at /tmpfs/.cpan-build/2015121606/KiokuDB-0.57-xkEIjk/blib/lib/KiokuDB/Backend/Role/TXN.pm line 50.
# Failed test 'no error in fixture'
# at /tmpfs/.cpan-build/2015121606/KiokuDB-0.57-xkEIjk/blib/lib/KiokuDB/Test.pm line 38.
# died: Transaction aborted: Can't store REGEXP items at /tmpfs/.cpan-build/2015121606/KiokuDB-0.57-xkEIjk/blib/lib/KiokuDB/Backend/Serialize/Memory.pm line 22.
# , rollback failed: no open transaction at /tmpfs/.cpan-build/2015121606/KiokuDB-0.57-xkEIjk/blib/lib/KiokuDB/Backend/Role/TXN.pm line 46.
# at /tmpfs/.cpan-build/2015121606/KiokuDB-0.57-xkEIjk/blib/lib/KiokuDB/Backend/Role/TXN.pm line 50.
# Failed test 'no error in fixture'
# at /tmpfs/.cpan-build/2015121606/KiokuDB-0.57-xkEIjk/blib/lib/KiokuDB/Test.pm line 38.
# died: Transaction aborted: Can't store REGEXP items at /tmpfs/.cpan-build/2015121606/KiokuDB-0.57-xkEIjk/blib/lib/KiokuDB/Backend/Serialize/Memory.pm line 22.
# , rollback failed: no open transaction at /tmpfs/.cpan-build/2015121606/KiokuDB-0.57-xkEIjk/blib/lib/KiokuDB/Backend/Role/TXN.pm line 46.
# at /tmpfs/.cpan-build/2015121606/KiokuDB-0.57-xkEIjk/blib/lib/KiokuDB/Backend/Role/TXN.pm line 50.
# Failed test 'no error in fixture'
# at /tmpfs/.cpan-build/2015121606/KiokuDB-0.57-xkEIjk/blib/lib/KiokuDB/Test.pm line 38.
# died: Transaction aborted: Can't store REGEXP items at /tmpfs/.cpan-build/2015121606/KiokuDB-0.57-xkEIjk/blib/lib/KiokuDB/Backend/Serialize/Memory.pm line 22.
# , rollback failed: no open transaction at /tmpfs/.cpan-build/2015121606/KiokuDB-0.57-xkEIjk/blib/lib/KiokuDB/Backend/Role/TXN.pm line 46.
# at /tmpfs/.cpan-build/2015121606/KiokuDB-0.57-xkEIjk/blib/lib/KiokuDB/Backend/Role/TXN.pm line 50.
# Failed test 'no error in fixture'
# at /tmpfs/.cpan-build/2015121606/KiokuDB-0.57-xkEIjk/blib/lib/KiokuDB/Test.pm line 38.
# died: Transaction aborted: Can't store REGEXP items at /tmpfs/.cpan-build/2015121606/KiokuDB-0.57-xkEIjk/blib/lib/KiokuDB/Backend/Serialize/Memory.pm line 22.
# , rollback failed: no open transaction at /tmpfs/.cpan-build/2015121606/KiokuDB-0.57-xkEIjk/blib/lib/KiokuDB/Backend/Role/TXN.pm line 46.
# at /tmpfs/.cpan-build/2015121606/KiokuDB-0.57-xkEIjk/blib/lib/KiokuDB/Backend/Role/TXN.pm line 50.
# Failed test 'no error in fixture'
# at /tmpfs/.cpan-build/2015121606/KiokuDB-0.57-xkEIjk/blib/lib/KiokuDB/Test.pm line 38.
# died: Transaction aborted: Can't store REGEXP items at /tmpfs/.cpan-build/2015121606/KiokuDB-0.57-xkEIjk/blib/lib/KiokuDB/Backend/Serialize/Memory.pm line 22.
# , rollback failed: no open transaction at /tmpfs/.cpan-build/2015121606/KiokuDB-0.57-xkEIjk/blib/lib/KiokuDB/Backend/Role/TXN.pm line 46.
# at /tmpfs/.cpan-build/2015121606/KiokuDB-0.57-xkEIjk/blib/lib/KiokuDB/Backend/Role/TXN.pm line 50.
# Failed test 'no error in fixture'
# at /tmpfs/.cpan-build/2015121606/KiokuDB-0.57-xkEIjk/blib/lib/KiokuDB/Test.pm line 38.
# died: Transaction aborted: Can't store REGEXP items at /tmpfs/.cpan-build/2015121606/KiokuDB-0.57-xkEIjk/blib/lib/KiokuDB/Backend/Serialize/Memory.pm line 22.
# , rollback failed: no open transaction at /tmpfs/.cpan-build/2015121606/KiokuDB-0.57-xkEIjk/blib/lib/KiokuDB/Backend/Role/TXN.pm line 46.
# at /tmpfs/.cpan-build/2015121606/KiokuDB-0.57-xkEIjk/blib/lib/KiokuDB/Backend/Role/TXN.pm line 50.
# Failed test 'no error in fixture'
# at /tmpfs/.cpan-build/2015121606/KiokuDB-0.57-xkEIjk/blib/lib/KiokuDB/Test.pm line 38.
# died: Transaction aborted: Can't store REGEXP items at /tmpfs/.cpan-build/2015121606/KiokuDB-0.57-xkEIjk/blib/lib/KiokuDB/Backend/Serialize/Memory.pm line 22.
# , rollback failed: no open transaction at /tmpfs/.cpan-build/2015121606/KiokuDB-0.57-xkEIjk/blib/lib/KiokuDB/Backend/Role/TXN.pm line 46.
# at /tmpfs/.cpan-build/2015121606/KiokuDB-0.57-xkEIjk/blib/lib/KiokuDB/Backend/Role/TXN.pm line 50.
# Failed test 'no error in fixture'
# at /tmpfs/.cpan-build/2015121606/KiokuDB-0.57-xkEIjk/blib/lib/KiokuDB/Test.pm line 38.
# died: Transaction aborted: Can't store REGEXP items at /opt/perl-5.22.1/lib/5.22.1/x86_64-linux/Storable.pm line 341, at /tmpfs/.cpan-build/2015121606/KiokuDB-0.57-xkEIjk/blib/lib/KiokuDB/Backend/Serialize/Storable.pm line 23.
# , rollback failed: no open transaction at /tmpfs/.cpan-build/2015121606/KiokuDB-0.57-xkEIjk/blib/lib/KiokuDB/Backend/Role/TXN.pm line 46.
# at /tmpfs/.cpan-build/2015121606/KiokuDB-0.57-xkEIjk/blib/lib/KiokuDB/Backend/Role/TXN.pm line 50.
# Failed test 'no error in fixture'
# at /tmpfs/.cpan-build/2015121606/KiokuDB-0.57-xkEIjk/blib/lib/KiokuDB/Test.pm line 38.
# died: Transaction aborted: Can't store REGEXP items at /opt/perl-5.22.1/lib/5.22.1/x86_64-linux/Storable.pm line 341, at /tmpfs/.cpan-build/2015121606/KiokuDB-0.57-xkEIjk/blib/lib/KiokuDB/Backend/Serialize/Storable.pm line 23.
# , rollback failed: no open transaction at /tmpfs/.cpan-build/2015121606/KiokuDB-0.57-xkEIjk/blib/lib/KiokuDB/Backend/Role/TXN.pm line 46.
# at /tmpfs/.cpan-build/2015121606/KiokuDB-0.57-xkEIjk/blib/lib/KiokuDB/Backend/Role/TXN.pm line 50.
# Failed test 'no error in fixture'
# at /tmpfs/.cpan-build/2015121606/KiokuDB-0.57-xkEIjk/blib/lib/KiokuDB/Test.pm line 38.
# died: Transaction aborted: Can't store REGEXP items at /opt/perl-5.22.1/lib/5.22.1/x86_64-linux/Storable.pm line 341, at /tmpfs/.cpan-build/2015121606/KiokuDB-0.57-xkEIjk/blib/lib/KiokuDB/Backend/Serialize/Storable.pm line 23.
# , rollback failed: no open transaction at /tmpfs/.cpan-build/2015121606/KiokuDB-0.57-xkEIjk/blib/lib/KiokuDB/Backend/Role/TXN.pm line 46.
# at /tmpfs/.cpan-build/2015121606/KiokuDB-0.57-xkEIjk/blib/lib/KiokuDB/Backend/Role/TXN.pm line 50.
# Failed test 'no error in fixture'
# at /tmpfs/.cpan-build/2015121606/KiokuDB-0.57-xkEIjk/blib/lib/KiokuDB/Test.pm line 38.
# died: Transaction aborted: Can't store REGEXP items at /opt/perl-5.22.1/lib/5.22.1/x86_64-linux/Storable.pm line 341, at /tmpfs/.cpan-build/2015121606/KiokuDB-0.57-xkEIjk/blib/lib/KiokuDB/Backend/Serialize/Storable.pm line 23.
# , rollback failed: no open transaction at /tmpfs/.cpan-build/2015121606/KiokuDB-0.57-xkEIjk/blib/lib/KiokuDB/Backend/Role/TXN.pm line 46.
# at /tmpfs/.cpan-build/2015121606/KiokuDB-0.57-xkEIjk/blib/lib/KiokuDB/Backend/Role/TXN.pm line 50.
# Failed test 'no error in fixture'
# at /tmpfs/.cpan-build/2015121606/KiokuDB-0.57-xkEIjk/blib/lib/KiokuDB/Test.pm line 38.
# died: Transaction aborted: Can't store REGEXP items at /opt/perl-5.22.1/lib/5.22.1/x86_64-linux/Storable.pm line 341, at /tmpfs/.cpan-build/2015121606/KiokuDB-0.57-xkEIjk/blib/lib/KiokuDB/Backend/Serialize/Storable.pm line 23.
# , rollback failed: no open transaction at /tmpfs/.cpan-build/2015121606/KiokuDB-0.57-xkEIjk/blib/lib/KiokuDB/Backend/Role/TXN.pm line 46.
# at /tmpfs/.cpan-build/2015121606/KiokuDB-0.57-xkEIjk/blib/lib/KiokuDB/Backend/Role/TXN.pm line 50.
# Failed test 'no error in fixture'
# at /tmpfs/.cpan-build/2015121606/KiokuDB-0.57-xkEIjk/blib/lib/KiokuDB/Test.pm line 38.
# died: Transaction aborted: Can't store REGEXP items at /opt/perl-5.22.1/lib/5.22.1/x86_64-linux/Storable.pm line 341, at /tmpfs/.cpan-build/2015121606/KiokuDB-0.57-xkEIjk/blib/lib/KiokuDB/Backend/Serialize/Storable.pm line 23.
# , rollback failed: no open transaction at /tmpfs/.cpan-build/2015121606/KiokuDB-0.57-xkEIjk/blib/lib/KiokuDB/Backend/Role/TXN.pm line 46.
# at /tmpfs/.cpan-build/2015121606/KiokuDB-0.57-xkEIjk/blib/lib/KiokuDB/Backend/Role/TXN.pm line 50.
# Failed test 'no error in fixture'
# at /tmpfs/.cpan-build/2015121606/KiokuDB-0.57-xkEIjk/blib/lib/KiokuDB/Test.pm line 38.
# died: Transaction aborted: Can't store REGEXP items at /opt/perl-5.22.1/lib/5.22.1/x86_64-linux/Storable.pm line 341, at /tmpfs/.cpan-build/2015121606/KiokuDB-0.57-xkEIjk/blib/lib/KiokuDB/Backend/Serialize/Storable.pm line 23.
# , rollback failed: no open transaction at /tmpfs/.cpan-build/2015121606/KiokuDB-0.57-xkEIjk/blib/lib/KiokuDB/Backend/Role/TXN.pm line 46.
# at /tmpfs/.cpan-build/2015121606/KiokuDB-0.57-xkEIjk/blib/lib/KiokuDB/Backend/Role/TXN.pm line 50.
# Failed test 'no error in fixture'
# at /tmpfs/.cpan-build/2015121606/KiokuDB-0.57-xkEIjk/blib/lib/KiokuDB/Test.pm line 38.
# died: Transaction aborted: Can't store REGEXP items at /opt/perl-5.22.1/lib/5.22.1/x86_64-linux/Storable.pm line 341, at /tmpfs/.cpan-build/2015121606/KiokuDB-0.57-xkEIjk/blib/lib/KiokuDB/Backend/Serialize/Storable.pm line 23.
# , rollback failed: no open transaction at /tmpfs/.cpan-build/2015121606/KiokuDB-0.57-xkEIjk/blib/lib/KiokuDB/Backend/Role/TXN.pm line 46.
# at /tmpfs/.cpan-build/2015121606/KiokuDB-0.57-xkEIjk/blib/lib/KiokuDB/Backend/Role/TXN.pm line 50.
# Looks like you failed 16 tests of 19704.
t/hash.t .......................
Dubious, test returned 16 (wstat 4096, 0x1000)
Failed 16/19704 subtests
(less 120 skipped subtests: 19568 okay)
t/hash_backend.t ............... ok
t/jspon_serialization.t ........ ok
t/kiokudb_class_native.t ....... ok
t/lazy.t ....................... ok
t/link_checker.t ............... ok
t/link_checker_real.t .......... ok
t/live_objs.t .................. ok
t/moose_triggers.t ............. ok
t/ref.t ........................ ok
t/scaling.t .................... ok
t/serializer.t ................. ok
t/stream.t ..................... ok
t/tied.t ....................... ok
t/typemap.t .................... ok
t/typemap_default_json.t ....... ok
t/typemap_default_storable.t ... ok
t/typemap_entry_callback.t ..... ok
t/typemap_entry_mop.t .......... ok
t/typemap_entry_naive.t ........ ok
t/typemap_entry_passthrough.t .. ok
t/typemap_entry_storable.t ..... ok
t/typemap_extra.t .............. ok
t/typemap_resolver.t ........... ok
t/typemap_values.t ............. ok
t/uuid.t ....................... ok
t/versioning.t ................. ok
Test Summary Report
-------------------
t/gin.t (Wstat: 256 Tests: 601 Failed: 1)
Failed test: 375
Non-zero exit status: 1
t/hash.t (Wstat: 4096 Tests: 19704 Failed: 16)
Failed tests: 351, 924, 1501, 2074, 2662, 3236, 3814
4388, 4955, 5528, 6105, 6678, 7266, 7840
8418, 8992
Non-zero exit status: 16
Files=35, Tests=22287, 85 wallclock secs ( 1.32 usr 0.40 sys + 76.55 cusr 7.21 csys = 85.48 CPU)
Result: FAIL
Failed 2/35 test programs. 17/22287 subtests failed.
make: *** [test_dynamic] Fehler 255
------------------------------
PREREQUISITES
------------------------------
Prerequisite modules loaded:
requires:
Module Need Have
---------------------------------------------- ------ --------
B 0 1.58
B::Deparse 0 1.35
Cache::Ref 0.02 0.04
Carp 0 1.36
Class::Load 0 0.23
constant 0 1.33
Data::Stream::Bulk 0.08 0.11
Data::Stream::Bulk::Util 0 0.11
Data::Swap 0 0.08
Data::UUID 1.203 1.221
Data::Visitor 0.24 0.30
Digest::SHA 0 5.95
Encode 0 2.72
Hash::Util::FieldHash::Compat 0 0.10
IO::Handle 0 1.35
JSON 2.12 2.90
JSON::XS 2.231 3.01
List::Util 0 1.42
Module::Pluggable::Object 0 5.2
Moose 2.0000 2.1604
Moose::Exporter 0 2.1604
Moose::Role 0 2.1604
Moose::Util 0 2.1604
Moose::Util::MetaRole 0 2.1604
Moose::Util::TypeConstraints 0 2.1604
MooseX::Clone 0.04 0.06
MooseX::Clone::Meta::Attribute::Trait::NoClone 0 0.06
MooseX::Role::Parameterized 0.10 1.08
MooseX::YAML 0.04 0.04
namespace::clean 0.08 0.26
overload 0 1.26
PadWalker 1.9 2.2
Path::Class 0 0.35
POSIX 0 1.53_01
Scalar::Util 0 1.42
Scope::Guard 0 0.21
Search::GIN::Driver 0 0.11
Search::GIN::Extract 0 0.11
Search::GIN::Query::Class 0.03 0.11
Set::Object 1.26 1.35
Storable 0 2.53_01
strict 0 1.09
Sub::Exporter 0 0.987
Symbol 0 1.07
Test::Exception 0 0.40
Test::Moose 0 2.1604
Test::More 0.88 1.001014
Throwable 0 0.200013
Tie::RefHash 0 1.39
Tie::ToObject 0 0.03
Try::Tiny 0 0.24
utf8 0 1.17
warnings 0 1.34
YAML::XS 0.30 0.59
build_requires:
Module Need Have
---------------------------------------------- ------ --------
base 0 2.23
Cache::Ref::CART 0 0.04
Cache::Ref::CLOCK 0 0.04
Data::Dumper 0 2.158
Data::Stream::Bulk::Callback 0 0.11
File::Spec 0 3.60
if 0 0.0604
IO::Handle 0 1.35
IPC::Open3 0 1.18
Search::GIN::Driver::Hash 0 0.11
Search::GIN::Extract::Class 0 0.11
Search::GIN::Extract::Delegate 0 0.11
Test::More 0.88 1.001014
configure_requires:
Module Need Have
---------------------------------------------- ------ --------
ExtUtils::MakeMaker 6.30 7.10
------------------------------
ENVIRONMENT AND OTHER CONTEXT
------------------------------
Environment variables:
LANG = C
LC_ALL = de_DE.UTF-8
PATH = /usr/local/bin:/usr/bin:/bin:/usr/local/sbin:/usr/sbin:/sbin:/home/eserte/bin/linux-gnu:/home/eserte/bin/sh:/home/eserte/bin:/usr/games:/home/eserte/devel:/home/eserte/src/srezic-misc/scripts
PERL5LIB =
PERL5OPT =
PERL5_CPANPLUS_IS_RUNNING = 4462
PERL5_CPAN_IS_RUNNING = 4462
PERL5_CPAN_IS_RUNNING_IN_RECURSION = 25221,4462
PERLDOC = -MPod::Perldoc::ToTextOverstrike
PERL_BATCH = yes
PERL_CANARY_STABILITY_NOPROMPT = 1
PERL_CPAN_REPORTER_CONFIG = /var/tmp/cpansmoker-1001/2015121606/cpanreporter_001_config.ini
PERL_EXTUTILS_AUTOINSTALL = --defaultdeps
PERL_PARALLEL_SMOKER = yes
SHELL = /bin/zsh
TERM = screen
TMPDIR = /var/tmp/cpansmoker-1001/2015121606
Perl special variables (and OS-specific diagnostics, for MSWin32):
$^X = /bbbike/perl-5.22.1/bin/perl5.22.1
$UID/$EUID = 1001 / 1001
$GID = 1001 109 1001
$EGID = 1001 109 1001
Perl module toolchain versions installed:
Module Have
------------------- --------
CPAN 2.11
CPAN::Meta 2.150005
Cwd 3.60
ExtUtils::CBuilder 0.280221
ExtUtils::Command 7.10
ExtUtils::Install 2.04
ExtUtils::MakeMaker 7.10
ExtUtils::Manifest 1.70
ExtUtils::ParseXS 3.28
File::Spec 3.60
JSON 2.90
JSON::PP 2.27300
Module::Build 0.4214
Module::Signature n/a
Parse::CPAN::Meta 1.4414
Test::Harness 3.35
Test::More 1.001014
YAML 1.15
YAML::Syck 1.29
version 0.9912
--
Summary of my perl5 (revision 5 version 22 subversion 1) configuration:
Platform:
osname=linux, osvers=3.2.0-4-amd64, archname=x86_64-linux
uname='linux eserte 3.2.0-4-amd64 #1 smp debian 3.2.68-1+deb7u6 x86_64 gnulinux '
config_args='-ds -e -Dprefix=/opt/perl-5.22.1 -Dcf_email=srezic@cpan.org'
hint=recommended, useposix=true, d_sigaction=define
useithreads=undef, usemultiplicity=undef
use64bitint=define, use64bitall=define, uselongdouble=undef
usemymalloc=n, bincompat5005=undef
Compiler:
cc='cc', ccflags ='-fwrapv -fno-strict-aliasing -pipe -fstack-protector -I/usr/local/include -D_LARGEFILE_SOURCE -D_FILE_OFFSET_BITS=64 -D_FORTIFY_SOURCE=2',
optimize='-O2',
cppflags='-fwrapv -fno-strict-aliasing -pipe -fstack-protector -I/usr/local/include'
ccversion='', gccversion='4.7.2', gccosandvers=''
intsize=4, longsize=8, ptrsize=8, doublesize=8, byteorder=12345678, doublekind=3
d_longlong=define, longlongsize=8, d_longdbl=define, longdblsize=16, longdblkind=3
ivtype='long', ivsize=8, nvtype='double', nvsize=8, Off_t='off_t', lseeksize=8
alignbytes=8, prototype=define
Linker and Libraries:
ld='cc', ldflags =' -fstack-protector -L/usr/local/lib'
libpth=/usr/local/lib /usr/lib/gcc/x86_64-linux-gnu/4.7/include-fixed /usr/include/x86_64-linux-gnu /usr/lib /lib/x86_64-linux-gnu /lib/../lib /usr/lib/x86_64-linux-gnu /usr/lib/../lib /lib
libs=-lpthread -lnsl -ldb -ldl -lm -lcrypt -lutil -lc
perllibs=-lpthread -lnsl -ldl -lm -lcrypt -lutil -lc
libc=libc-2.13.so, so=so, useshrplib=false, libperl=libperl.a
gnulibc_version='2.13'
Dynamic Linking:
dlsrc=dl_dlopen.xs, dlext=so, d_dlsymun=undef, ccdlflags='-Wl,-E'
cccdlflags='-fPIC', lddlflags='-shared -O2 -L/usr/local/lib -fstack-protector'
Characteristics of this binary (from libperl):
Compile-time options: HAS_TIMES PERLIO_LAYERS PERL_DONT_CREATE_GVSV
PERL_HASH_FUNC_ONE_AT_A_TIME_HARD PERL_MALLOC_WRAP
PERL_NEW_COPY_ON_WRITE PERL_PRESERVE_IVUV
USE_64_BIT_ALL USE_64_BIT_INT USE_LARGE_FILES
USE_LOCALE USE_LOCALE_COLLATE USE_LOCALE_CTYPE
USE_LOCALE_NUMERIC USE_LOCALE_TIME USE_PERLIO
USE_PERL_ATOF
Built under linux
Compiled at Dec 15 2015 06:36:58
%ENV:
PERL5LIB=""
PERL5OPT=""
PERL5_CPANPLUS_IS_RUNNING="4462"
PERL5_CPAN_IS_RUNNING="4462"
PERL5_CPAN_IS_RUNNING_IN_RECURSION="25221,4462"
PERLDOC="-MPod::Perldoc::ToTextOverstrike"
PERL_BATCH="yes"
PERL_CANARY_STABILITY_NOPROMPT="1"
PERL_CPAN_REPORTER_CONFIG="/var/tmp/cpansmoker-1001/2015121606/cpanreporter_001_config.ini"
PERL_EXTUTILS_AUTOINSTALL="--defaultdeps"
PERL_PARALLEL_SMOKER="yes"
@INC:
/opt/perl-5.22.1/lib/site_perl/5.22.1/x86_64-linux
/opt/perl-5.22.1/lib/site_perl/5.22.1
/opt/perl-5.22.1/lib/5.22.1/x86_64-linux
/opt/perl-5.22.1/lib/5.22.1
.