Report for Padre-0.98

Back
From: metabase:user:30ae4450-2aae-11df-837a-5e0a49663a4f
Subject: FAIL Padre-0.98 v5.17.10 
Date: 2013-05-01T10:16:05Z

This distribution has been tested as part of the CPAN Testers
project, supporting the Perl programming language.  See
http://wiki.cpantesters.org/ for more information or email
questions to cpan-testers-discuss@perl.org


--
Dear Peter Lavender,

This is a computer-generated report for Padre-0.98
on perl 5.17.10, created by CPAN-Reporter-1.2010.

Thank you for uploading your work to CPAN.  However, there was a problem
testing your distribution.

If you think this report is invalid, please consult the CPAN Testers Wiki
for suggestions on how to avoid getting FAIL reports for missing library
or binary dependencies, unsupported operating systems, and so on:

http://wiki.cpantesters.org/wiki/CPANAuthorNotes

Sections of this report:

    * Tester comments
    * Program output
    * Prerequisites
    * Environment and other context

------------------------------
TESTER COMMENTS
------------------------------

Additional comments from tester:

this report is from an automated smoke testing program
and was not reviewed by a human for accuracy

------------------------------
PROGRAM OUTPUT
------------------------------

Output from 'C:\strawberry\c\bin\dmake.exe test':

blib\lib\auto\share\dist\Padre\locale -> blib\lib\auto\share\dist\Padre\locale
blib\lib\auto\share\dist\Padre\locale\hu.po -> blib\lib\auto\share\dist\Padre\locale\hu.mo
blib\lib\auto\share\dist\Padre\locale\es-es.po -> blib\lib\auto\share\dist\Padre\locale\es-es.mo
blib\lib\auto\share\dist\Padre\locale\cz.po -> blib\lib\auto\share\dist\Padre\locale\cz.mo
blib\lib\auto\share\dist\Padre\locale\zh-cn.po -> blib\lib\auto\share\dist\Padre\locale\zh-cn.mo
blib\lib\auto\share\dist\Padre\locale\ru.po -> blib\lib\auto\share\dist\Padre\locale\ru.mo
blib\lib\auto\share\dist\Padre\locale\ja.po -> blib\lib\auto\share\dist\Padre\locale\ja.mo
blib\lib\auto\share\dist\Padre\locale\pt-br.po -> blib\lib\auto\share\dist\Padre\locale\pt-br.mo
blib\lib\auto\share\dist\Padre\locale\tr.po -> blib\lib\auto\share\dist\Padre\locale\tr.mo
blib\lib\auto\share\dist\Padre\locale\no.po -> blib\lib\auto\share\dist\Padre\locale\no.mo
blib\lib\auto\share\dist\Padre\locale\fr.po -> blib\lib\auto\share\dist\Padre\locale\fr.mo
blib\lib\auto\share\dist\Padre\locale\it-it.po -> blib\lib\auto\share\dist\Padre\locale\it-it.mo
blib\lib\auto\share\dist\Padre\locale\de.po -> blib\lib\auto\share\dist\Padre\locale\de.mo
blib\lib\auto\share\dist\Padre\locale\he.po -> blib\lib\auto\share\dist\Padre\locale\he.mo
blib\lib\auto\share\dist\Padre\locale\zh-tw.po -> blib\lib\auto\share\dist\Padre\locale\zh-tw.mo
blib\lib\auto\share\dist\Padre\locale\nl-nl.po -> blib\lib\auto\share\dist\Padre\locale\nl-nl.mo
blib\lib\auto\share\dist\Padre\locale\fa.po -> blib\lib\auto\share\dist\Padre\locale\fa.mo
blib\lib\auto\share\dist\Padre\locale\ar.po -> blib\lib\auto\share\dist\Padre\locale\ar.mo
blib\lib\auto\share\dist\Padre\locale\ko.po -> blib\lib\auto\share\dist\Padre\locale\ko.mo
blib\lib\auto\share\dist\Padre\locale\pl.po -> blib\lib\auto\share\dist\Padre\locale\pl.mo
-blib\lib\auto\share\dist\Padre\locale\messages.pot
C:\strawberry\perl\bin\perl.exe "-MExtUtils::Command::MM" "-e" "test_harness(0, 'inc', 'blib\lib', 'blib\arch')" t/*.t t/perl/*.t t/python/*.t t/ruby/*.t t/java/*.t t/csharp/*.t xt/*.t
# Tests find Wx: 0.9921 wxWidgets 2.8.12
t/01_compile.t ............. ok
t/02_new.t ................. ok
t/03_db.t .................. ok
t/04_config.t .............. ok
t/05_project.t ............. ok
t/06_utils.t ............... ok
t/07_version.t ............. ok
t/08_style.t ............... ok
t/09_search.t .............. ok
t/10_delta.t ............... ok
t/11_svn.t ................. skipped: Not in an SVN checkout

#   Failed test '->detect(zerolengthsvn)'
#   at t/12_mime.t line 75.
#          got: 'text/plain'
#     expected: 'application/x-perl'
# Looks like you failed 1 test of 758.
t/12_mime.t ................ 
Dubious, test returned 1 (wstat 256, 0x100)
Failed 1/758 subtests 
	(less 3 skipped subtests: 754 okay)
t/13_findinfiles.t ......... ok
t/14_warnings.t ............ ok
t/15_locale.t .............. ok
t/16_locale_format.t ....... ok
t/17_messages.t ............ ok
t/18_newline.t ............. ok
t/19_search.t .............. ok
t/20_comment.t ............. ok
t/21_sloc.t ................ ok
t/31_task_queue.t .......... ok
t/32_task_worker.t ......... ok
t/33_task_chain.t .......... ok
t/34_task_master.t ......... ok
t/35_task_handle.t ......... ok
t/36_task_eval.t ........... ok
t/37_task_signal.t ......... ok
t/38_task_manager.t ........ ok
t/39_task_nothreads.t ...... ok
t/40_display.t ............. ok
t/41_editor.t .............. ok
t/42_document.t ............ ok
t/43_frame_html.t .......... ok
t/50_browser.t ............. skipped: Cannot run as root
t/61_directory_path.t ...... ok
t/74_history_combobox.t .... ok
t/75_autocomplete.t ........ ok

#   Failed test 'only one key defined in the diff'
#   at t/76_preferences.t line 49.
#          got: '2'
#     expected: '1'
# {
#   'default_projects_directory' => "C:\\Documents and Settings\\c\\\x{41c}\x{43e}\x{438} \x{434}\x{43e}\x{43a}\x{443}\x{43c}\x{435}\x{43d}\x{442}\x{44b}",
#   'editor_font' => 'ms shell dlg 2 windows-1251'
# }
# Looks like you failed 1 test of 10.
t/76_preferences.t ......... 
Dubious, test returned 1 (wstat 256, 0x100)
Failed 1/10 subtests 
t/82_plugin_manager.t ...... ok
t/83_autosave.t ............ ok
t/85_commandline.t ......... ok
t/90_autocomplete.t ........ ok
t/91_vi.t .................. ok
t/92_padre_file.t .......... ok
t/93_padre_filename_win.t .. ok
t/94_padre_file_remote.t ... ok
t/95_edit_patch.t .......... ok
t/96_help_about.t .......... ok
t/97_debug_debugger.t ...... ok
t/98_debug_breakpoints.t ... ok
t/99_debug_debugoutput.t ... ok
t/csharp/functionlist.t .... ok
t/java/functionlist.t ...... ok
t/perl/functionlist.t ...... ok
t/perl/general.t ........... ok
t/perl/project.t ........... ok
t/perl/project_temp.t ...... ok
t/perl/starter.t ........... ok
Useless use of '\'; doesn't escape metacharacter '{' at (eval 1928) line 6.
Useless use of '\'; doesn't escape metacharacter '{' at (eval 1928) line 9.
Useless use of '\'; doesn't escape metacharacter '{' at (eval 1928) line 45.
Useless use of '\'; doesn't escape metacharacter '{' at (eval 1928) line 54.
Useless use of '\'; doesn't escape metacharacter '{' at (eval 1928) line 57.
Useless use of '\'; doesn't escape metacharacter '{' at (eval 1928) line 85.
Useless use of '\'; doesn't escape metacharacter '{' at (eval 1928) line 136.
Useless use of '\'; doesn't escape metacharacter '{' at (eval 1928) line 177.
Useless use of '\'; doesn't escape metacharacter '{' at (eval 1928) line 177.
Useless use of '\'; doesn't escape metacharacter '{' at (eval 1928) line 187.
Useless use of '\'; doesn't escape metacharacter '{' at (eval 1928) line 187.
Useless use of '\'; doesn't escape metacharacter '{' at (eval 1928) line 196.
Useless use of '\'; doesn't escape metacharacter '{' at (eval 1928) line 313.
Useless use of '\'; doesn't escape metacharacter '{' at (eval 1928) line 404.
Useless use of '\'; doesn't escape metacharacter '{' at (eval 1928) line 880.
Useless use of '\'; doesn't escape metacharacter '{' at (eval 1928) line 979.
Useless use of '\'; doesn't escape metacharacter '{' at (eval 1928) line 1340.
Useless use of '\'; doesn't escape metacharacter '{' at (eval 1928) line 1669.
Useless use of '\'; doesn't escape metacharacter '{' at (eval 1928) line 1706.
Useless use of '\'; doesn't escape metacharacter '{' at (eval 1933) line 6.
Useless use of '\'; doesn't escape metacharacter '{' at (eval 1933) line 9.
Useless use of '\'; doesn't escape metacharacter '{' at (eval 1933) line 45.
Useless use of '\'; doesn't escape metacharacter '{' at (eval 1933) line 54.
Useless use of '\'; doesn't escape metacharacter '{' at (eval 1933) line 57.
Useless use of '\'; doesn't escape metacharacter '{' at (eval 1933) line 85.
Useless use of '\'; doesn't escape metacharacter '{' at (eval 1933) line 130.
Useless use of '\'; doesn't escape metacharacter '{' at (eval 1933) line 177.
Useless use of '\'; doesn't escape metacharacter '{' at (eval 1933) line 177.
Useless use of '\'; doesn't escape metacharacter '{' at (eval 1933) line 187.
Useless use of '\'; doesn't escape metacharacter '{' at (eval 1933) line 187.
Useless use of '\'; doesn't escape metacharacter '{' at (eval 1933) line 196.
Useless use of '\'; doesn't escape metacharacter '{' at (eval 1933) line 310.
Useless use of '\'; doesn't escape metacharacter '{' at (eval 1933) line 404.
Useless use of '\'; doesn't escape metacharacter '{' at (eval 1933) line 875.
Useless use of '\'; doesn't escape metacharacter '{' at (eval 1933) line 983.
Useless use of '\'; doesn't escape metacharacter '{' at (eval 1933) line 1352.
Useless use of '\'; doesn't escape metacharacter '{' at (eval 1933) line 1673.
Useless use of '\'; doesn't escape metacharacter '{' at (eval 1933) line 1697.
Useless use of '\'; doesn't escape metacharacter '{' at (eval 1938) line 6.
Useless use of '\'; doesn't escape metacharacter '{' at (eval 1938) line 9.
Useless use of '\'; doesn't escape metacharacter '{' at (eval 1938) line 45.
Useless use of '\'; doesn't escape metacharacter '{' at (eval 1938) line 54.
Useless use of '\'; doesn't escape metacharacter '{' at (eval 1938) line 57.
Useless use of '\'; doesn't escape metacharacter '{' at (eval 1938) line 85.
Useless use of '\'; doesn't escape metacharacter '{' at (eval 1938) line 130.
Useless use of '\'; doesn't escape metacharacter '{' at (eval 1938) line 177.
Useless use of '\'; doesn't escape metacharacter '{' at (eval 1938) line 177.
Useless use of '\'; doesn't escape metacharacter '{' at (eval 1938) line 184.
Useless use of '\'; doesn't escape metacharacter '{' at (eval 1938) line 184.
Useless use of '\'; doesn't escape metacharacter '{' at (eval 1938) line 196.
Useless use of '\'; doesn't escape metacharacter '{' at (eval 1938) line 310.
Useless use of '\'; doesn't escape metacharacter '{' at (eval 1938) line 404.
Useless use of '\'; doesn't escape metacharacter '{' at (eval 1938) line 872.
Useless use of '\'; doesn't escape metacharacter '{' at (eval 1938) line 983.
Useless use of '\'; doesn't escape metacharacter '{' at (eval 1938) line 1352.
Useless use of '\'; doesn't escape metacharacter '{' at (eval 1938) line 1673.
Useless use of '\'; doesn't escape metacharacter '{' at (eval 1938) line 1697.
Useless use of '\'; doesn't escape metacharacter '{' at (eval 1943) line 6.
Useless use of '\'; doesn't escape metacharacter '{' at (eval 1943) line 9.
Useless use of '\'; doesn't escape metacharacter '{' at (eval 1943) line 45.
Useless use of '\'; doesn't escape metacharacter '{' at (eval 1943) line 54.
Useless use of '\'; doesn't escape metacharacter '{' at (eval 1943) line 57.
Useless use of '\'; doesn't escape metacharacter '{' at (eval 1943) line 85.
Useless use of '\'; doesn't escape metacharacter '{' at (eval 1943) line 130.
Useless use of '\'; doesn't escape metacharacter '{' at (eval 1943) line 177.
Useless use of '\'; doesn't escape metacharacter '{' at (eval 1943) line 177.
Useless use of '\'; doesn't escape metacharacter '{' at (eval 1943) line 178.
Useless use of '\'; doesn't escape metacharacter '{' at (eval 1943) line 178.
Useless use of '\'; doesn't escape metacharacter '{' at (eval 1943) line 190.
Useless use of '\'; doesn't escape metacharacter '{' at (eval 1943) line 317.
Useless use of '\'; doesn't escape metacharacter '{' at (eval 1943) line 407.
Useless use of '\'; doesn't escape metacharacter '{' at (eval 1943) line 875.
Useless use of '\'; doesn't escape metacharacter '{' at (eval 1943) line 965.
Useless use of '\'; doesn't escape metacharacter '{' at (eval 1943) line 1342.
Useless use of '\'; doesn't escape metacharacter '{' at (eval 1943) line 1686.
Useless use of '\'; doesn't escape metacharacter '{' at (eval 1943) line 1687.
Useless use of '\'; doesn't escape metacharacter '{' at (eval 1948) line 6.
Useless use of '\'; doesn't escape metacharacter '{' at (eval 1948) line 9.
Useless use of '\'; doesn't escape metacharacter '{' at (eval 1948) line 45.
Useless use of '\'; doesn't escape metacharacter '{' at (eval 1948) line 54.
Useless use of '\'; doesn't escape metacharacter '{' at (eval 1948) line 57.
Useless use of '\'; doesn't escape metacharacter '{' at (eval 1948) line 88.
Useless use of '\'; doesn't escape metacharacter '{' at (eval 1948) line 136.
Useless use of '\'; doesn't escape metacharacter '{' at (eval 1948) line 176.
Useless use of '\'; doesn't escape metacharacter '{' at (eval 1948) line 176.
Useless use of '\'; doesn't escape metacharacter '{' at (eval 1948) line 178.
Useless use of '\'; doesn't escape metacharacter '{' at (eval 1948) line 187.
Useless use of '\'; doesn't escape metacharacter '{' at (eval 1948) line 187.
Useless use of '\'; doesn't escape metacharacter '{' at (eval 1948) line 325.
Useless use of '\'; doesn't escape metacharacter '{' at (eval 1948) line 395.
Useless use of '\'; doesn't escape metacharacter '{' at (eval 1948) line 860.
Useless use of '\'; doesn't escape metacharacter '{' at (eval 1948) line 933.
Useless use of '\'; doesn't escape metacharacter '{' at (eval 1948) line 1315.
Useless use of '\'; doesn't escape metacharacter '{' at (eval 1948) line 1682.
Useless use of '\'; doesn't escape metacharacter '{' at (eval 1948) line 1706.
Useless use of '\'; doesn't escape metacharacter '{' at (eval 1953) line 6.
Useless use of '\'; doesn't escape metacharacter '{' at (eval 1953) line 9.
Useless use of '\'; doesn't escape metacharacter '{' at (eval 1953) line 45.
Useless use of '\'; doesn't escape metacharacter '{' at (eval 1953) line 54.
Useless use of '\'; doesn't escape metacharacter '{' at (eval 1953) line 57.
Useless use of '\'; doesn't escape metacharacter '{' at (eval 1953) line 88.
Useless use of '\'; doesn't escape metacharacter '{' at (eval 1953) line 136.
Useless use of '\'; doesn't escape metacharacter '{' at (eval 1953) line 177.
Useless use of '\'; doesn't escape metacharacter '{' at (eval 1953) line 177.
Useless use of '\'; doesn't escape metacharacter '{' at (eval 1953) line 184.
Useless use of '\'; doesn't escape metacharacter '{' at (eval 1953) line 193.
Useless use of '\'; doesn't escape metacharacter '{' at (eval 1953) line 193.
Useless use of '\'; doesn't escape metacharacter '{' at (eval 1953) line 319.
Useless use of '\'; doesn't escape metacharacter '{' at (eval 1953) line 395.
Useless use of '\'; doesn't escape metacharacter '{' at (eval 1953) line 857.
Useless use of '\'; doesn't escape metacharacter '{' at (eval 1953) line 951.
Useless use of '\'; doesn't escape metacharacter '{' at (eval 1953) line 1323.
Useless use of '\'; doesn't escape metacharacter '{' at (eval 1953) line 1688.
Useless use of '\'; doesn't escape metacharacter '{' at (eval 1953) line 1693.
Useless use of '\'; doesn't escape metacharacter '{' at (eval 1958) line 6.
Useless use of '\'; doesn't escape metacharacter '{' at (eval 1958) line 9.
Useless use of '\'; doesn't escape metacharacter '{' at (eval 1958) line 45.
Useless use of '\'; doesn't escape metacharacter '{' at (eval 1958) line 54.
Useless use of '\'; doesn't escape metacharacter '{' at (eval 1958) line 57.
Useless use of '\'; doesn't escape metacharacter '{' at (eval 1958) line 88.
Useless use of '\'; doesn't escape metacharacter '{' at (eval 1958) line 136.
Useless use of '\'; doesn't escape metacharacter '{' at (eval 1958) line 176.
Useless use of '\'; doesn't escape metacharacter '{' at (eval 1958) line 176.
Useless use of '\'; doesn't escape metacharacter '{' at (eval 1958) line 178.
Useless use of '\'; doesn't escape metacharacter '{' at (eval 1958) line 187.
Useless use of '\'; doesn't escape metacharacter '{' at (eval 1958) line 187.
Useless use of '\'; doesn't escape metacharacter '{' at (eval 1958) line 325.
Useless use of '\'; doesn't escape metacharacter '{' at (eval 1958) line 395.
Useless use of '\'; doesn't escape metacharacter '{' at (eval 1958) line 860.
Useless use of '\'; doesn't escape metacharacter '{' at (eval 1958) line 933.
Useless use of '\'; doesn't escape metacharacter '{' at (eval 1958) line 1315.
Useless use of '\'; doesn't escape metacharacter '{' at (eval 1958) line 1682.
Useless use of '\'; doesn't escape metacharacter '{' at (eval 1958) line 1706.
Useless use of '\'; doesn't escape metacharacter '{' at (eval 1963) line 6.
Useless use of '\'; doesn't escape metacharacter '{' at (eval 1963) line 9.
Useless use of '\'; doesn't escape metacharacter '{' at (eval 1963) line 45.
Useless use of '\'; doesn't escape metacharacter '{' at (eval 1963) line 54.
Useless use of '\'; doesn't escape metacharacter '{' at (eval 1963) line 57.
Useless use of '\'; doesn't escape metacharacter '{' at (eval 1963) line 88.
Useless use of '\'; doesn't escape metacharacter '{' at (eval 1963) line 130.
Useless use of '\'; doesn't escape metacharacter '{' at (eval 1963) line 176.
Useless use of '\'; doesn't escape metacharacter '{' at (eval 1963) line 176.
Useless use of '\'; doesn't escape metacharacter '{' at (eval 1963) line 178.
Useless use of '\'; doesn't escape metacharacter '{' at (eval 1963) line 190.
Useless use of '\'; doesn't escape metacharacter '{' at (eval 1963) line 190.
Useless use of '\'; doesn't escape metacharacter '{' at (eval 1963) line 322.
Useless use of '\'; doesn't escape metacharacter '{' at (eval 1963) line 395.
Useless use of '\'; doesn't escape metacharacter '{' at (eval 1963) line 858.
Useless use of '\'; doesn't escape metacharacter '{' at (eval 1963) line 937.
Useless use of '\'; doesn't escape metacharacter '{' at (eval 1963) line 1327.
Useless use of '\'; doesn't escape metacharacter '{' at (eval 1963) line 1673.
Useless use of '\'; doesn't escape metacharacter '{' at (eval 1963) line 1710.
Useless use of '\'; doesn't escape metacharacter '{' at (eval 1968) line 6.
Useless use of '\'; doesn't escape metacharacter '{' at (eval 1968) line 9.
Useless use of '\'; doesn't escape metacharacter '{' at (eval 1968) line 45.
Useless use of '\'; doesn't escape metacharacter '{' at (eval 1968) line 54.
Useless use of '\'; doesn't escape metacharacter '{' at (eval 1968) line 57.
Useless use of '\'; doesn't escape metacharacter '{' at (eval 1968) line 88.
Useless use of '\'; doesn't escape metacharacter '{' at (eval 1968) line 136.
Useless use of '\'; doesn't escape metacharacter '{' at (eval 1968) line 177.
Useless use of '\'; doesn't escape metacharacter '{' at (eval 1968) line 177.
Useless use of '\'; doesn't escape metacharacter '{' at (eval 1968) line 178.
Useless use of '\'; doesn't escape metacharacter '{' at (eval 1968) line 190.
Useless use of '\'; doesn't escape metacharacter '{' at (eval 1968) line 190.
Useless use of '\'; doesn't escape metacharacter '{' at (eval 1968) line 326.
Useless use of '\'; doesn't escape metacharacter '{' at (eval 1968) line 398.
Useless use of '\'; doesn't escape metacharacter '{' at (eval 1968) line 863.
Useless use of '\'; doesn't escape metacharacter '{' at (eval 1968) line 933.
Useless use of '\'; doesn't escape metacharacter '{' at (eval 1968) line 1313.
Useless use of '\'; doesn't escape metacharacter '{' at (eval 1968) line 1678.
Useless use of '\'; doesn't escape metacharacter '{' at (eval 1968) line 1706.
t/perl/syntax.t ............ ok
t/python/functionlist.t .... ok
t/ruby/functionlist.t ...... ok
Use of uninitialized value $devpl in concatenation (.) or string at xt/actions.t line 53.
Use of uninitialized value $devpl in concatenation (.) or string at xt/actions.t line 53.
Use of uninitialized value $devpl in concatenation (.) or string at xt/actions.t line 53.
Use of uninitialized value $devpl in concatenation (.) or string at xt/actions.t line 53.
Use of uninitialized value $devpl in concatenation (.) or string at xt/actions.t line 53.
Use of uninitialized value $devpl in concatenation (.) or string at xt/actions.t line 53.
"--help" ­¥ ï¥âáï ¢­ãâ७­¥© ¨«¨ ¢­¥è­¥©
ª®¬ ­¤®©, ¨á¯®«­ï¥¬®© ¯à®£à ¬¬®© ¨«¨ ¯ ª¥â­ë¬ ä ©«®¬.
# Tests were run but no plan was declared and done_testing() was not seen.
xt/actions.t ............... skipped: Need some Perl for this test
Use of uninitialized value $devpl in concatenation (.) or string at xt/actiontest.t line 96.

#   Failed test 'Check output'
#   at xt/actiontest.t line 109.
#                   'Unrecognized switch: --invisible  (-h will show valid options).
# '
#     doesn't match '(?^:^\s*$)'

#   Failed test 'Check output'
#   at xt/actiontest.t line 109.
#                   'Unrecognized switch: --invisible  (-h will show valid options).
# '
#     doesn't match '(?^:^\s*$)'

#   Failed test 'Check output'
#   at xt/actiontest.t line 109.
#                   'Unrecognized switch: --invisible  (-h will show valid options).
# '
#     doesn't match '(?^:^\s*$)'

#   Failed test 'Check output'
#   at xt/actiontest.t line 109.
#                   'Unrecognized switch: --invisible  (-h will show valid options).
# '
#     doesn't match '(?^:^\s*$)'

#   Failed test 'Check output'
#   at xt/actiontest.t line 109.
#                   'Unrecognized switch: --invisible  (-h will show valid options).
# '
#     doesn't match '(?^:^\s*$)'

#   Failed test 'Check output'
#   at xt/actiontest.t line 109.
#                   'Unrecognized switch: --invisible  (-h will show valid options).
# '
#     doesn't match '(?^:^\s*$)'

#   Failed test 'Check output'
#   at xt/actiontest.t line 109.
#                   'Unrecognized switch: --invisible  (-h will show valid options).
# '
#     doesn't match '(?^:^\s*$)'

#   Failed test 'Check output'
#   at xt/actiontest.t line 109.
#                   'Unrecognized switch: --invisible  (-h will show valid options).
# '
#     doesn't match '(?^:^\s*$)'

#   Failed test 'Check output'
#   at xt/actiontest.t line 109.
#                   'Unrecognized switch: --invisible  (-h will show valid options).
# '
#     doesn't match '(?^:^\s*$)'

#   Failed test 'Check output'
#   at xt/actiontest.t line 109.
#                   'Unrecognized switch: --invisible  (-h will show valid options).
# '
#     doesn't match '(?^:^\s*$)'

#   Failed test 'Check output'
#   at xt/actiontest.t line 109.
#                   'Unrecognized switch: --invisible  (-h will show valid options).
# '
#     doesn't match '(?^:^\s*$)'

#   Failed test 'Check output'
#   at xt/actiontest.t line 109.
#                   'Unrecognized switch: --invisible  (-h will show valid options).
# '
#     doesn't match '(?^:^\s*$)'

#   Failed test 'Check output'
#   at xt/actiontest.t line 109.
#                   'Unrecognized switch: --invisible  (-h will show valid options).
# '
#     doesn't match '(?^:^\s*$)'

#   Failed test 'Check output'
#   at xt/actiontest.t line 109.
#                   'Unrecognized switch: --invisible  (-h will show valid options).
# '
#     doesn't match '(?^:^\s*$)'

#   Failed test 'Check output'
#   at xt/actiontest.t line 109.
#                   'Unrecognized switch: --invisible  (-h will show valid options).
# '
#     doesn't match '(?^:^\s*$)'

#   Failed test 'Check output'
#   at xt/actiontest.t line 109.
#                   'Unrecognized switch: --invisible  (-h will show valid options).
# '
#     doesn't match '(?^:^\s*$)'

#   Failed test 'Check output'
#   at xt/actiontest.t line 109.
#                   'Unrecognized switch: --invisible  (-h will show valid options).
# '
#     doesn't match '(?^:^\s*$)'

#   Failed test 'Check output'
#   at xt/actiontest.t line 109.
#                   'Unrecognized switch: --invisible  (-h will show valid options).
# '
#     doesn't match '(?^:^\s*$)'

#   Failed test 'Check output'
#   at xt/actiontest.t line 109.
#                   'Unrecognized switch: --invisible  (-h will show valid options).
# '
#     doesn't match '(?^:^\s*$)'

#   Failed test 'Check output'
#   at xt/actiontest.t line 109.
#                   'Unrecognized switch: --invisible  (-h will show valid options).
# '
#     doesn't match '(?^:^\s*$)'

#   Failed test 'Check output'
#   at xt/actiontest.t line 109.
#                   'Unrecognized switch: --invisible  (-h will show valid options).
# '
#     doesn't match '(?^:^\s*$)'

#   Failed test 'Check output'
#   at xt/actiontest.t line 109.
#                   'Unrecognized switch: --invisible  (-h will show valid options).
# '
#     doesn't match '(?^:^\s*$)'

#   Failed test 'Check output'
#   at xt/actiontest.t line 109.
#                   'Unrecognized switch: --invisible  (-h will show valid options).
# '
#     doesn't match '(?^:^\s*$)'

#   Failed test 'Check output'
#   at xt/actiontest.t line 109.
#                   'Unrecognized switch: --invisible  (-h will show valid options).
# '
#     doesn't match '(?^:^\s*$)'

#   Failed test 'Check output'
#   at xt/actiontest.t line 109.
#                   'Unrecognized switch: --invisible  (-h will show valid options).
# '
#     doesn't match '(?^:^\s*$)'

#   Failed test 'Check output'
#   at xt/actiontest.t line 109.
#                   'Unrecognized switch: --invisible  (-h will show valid options).
# '
#     doesn't match '(?^:^\s*$)'

#   Failed test 'Check output'
#   at xt/actiontest.t line 109.
#                   'Unrecognized switch: --invisible  (-h will show valid options).
# '
#     doesn't match '(?^:^\s*$)'

#   Failed test 'Check output'
#   at xt/actiontest.t line 109.
#                   'Unrecognized switch: --invisible  (-h will show valid options).
# '
#     doesn't match '(?^:^\s*$)'

#   Failed test 'Check output'
#   at xt/actiontest.t line 109.
#                   'Unrecognized switch: --invisible  (-h will show valid options).
# '
#     doesn't match '(?^:^\s*$)'

#   Failed test 'Check output'
#   at xt/actiontest.t line 109.
#                   'Unrecognized switch: --invisible  (-h will show valid options).
# '
#     doesn't match '(?^:^\s*$)'

#   Failed test 'Check output'
#   at xt/actiontest.t line 109.
#                   'Unrecognized switch: --invisible  (-h will show valid options).
# '
#     doesn't match '(?^:^\s*$)'

#   Failed test 'Check output'
#   at xt/actiontest.t line 109.
#                   'Unrecognized switch: --invisible  (-h will show valid options).
# '
#     doesn't match '(?^:^\s*$)'
# Looks like you failed 32 tests of 97.
xt/actiontest.t ............ 
Dubious, test returned 32 (wstat 8192, 0x2000)
Failed 32/97 subtests 
xt/badcode.t ............... ok
xt/blockers.t .............. ok
xt/compile.t ............... ok
xt/copyright.t ............. ok
xt/crashtest.t ............. skipped: Crashing currently blocks the entire test suite on Win32
xt/critic-core.t ........... skipped: Author tests not required for installation
xt/critic-util.t ........... skipped: Author tests not required for installation
xt/eol.t ................... ok
xt/meta.t .................. ok

#   Failed test 'broken.bin without filename'
#   at xt/mimetype.t line 116.
#          got: 'application/x-perl'
#     expected: ''
# Looks like you failed 1 test of 618.
xt/mimetype.t .............. 
Dubious, test returned 1 (wstat 256, 0x100)
Failed 1/618 subtests 
xt/perl-beginner.t ......... ok

#   Failed test 'lib/Padre/Document/Perl/Starter.pm'
#   at C:/strawberry/perl/site/lib/Test/MinimumVersion.pm line 104.
# lib/Padre/Document/Perl/Starter.pm requires 5.011 due to syntax

#   Failed test 'lib/Padre/Document/Perl/Starter/Style.pm'
#   at C:/strawberry/perl/site/lib/Test/MinimumVersion.pm line 104.
# lib/Padre/Document/Perl/Starter/Style.pm requires 5.011 due to syntax
# Looks like you failed 2 tests of 413.
xt/pmv.t ................... 
Dubious, test returned 2 (wstat 512, 0x200)
Failed 2/413 subtests 

#   Failed test 'POD test for blib/lib/Padre/Document.pm'
#   at C:/strawberry/perl/site/lib/Test/Pod.pm line 186.
Wide character in print at C:/strawberry/perl/lib/Test/Builder.pm line 1759.
# blib/lib/Padre/Document.pm (101): Non-ASCII character seen before =encoding in '–'. Assuming UTF-8

#   Failed test 'POD test for blib/lib/Padre/Plugin/Devel.pm'
#   at C:/strawberry/perl/site/lib/Test/Pod.pm line 186.
# blib/lib/Padre/Plugin/Devel.pm (311): Non-ASCII character seen before =encoding in 'Gábor'. Assuming UTF-8
# Looks like you failed 2 tests of 329.
xt/pod.t ................... 
Dubious, test returned 2 (wstat 512, 0x200)
Failed 2/329 subtests 
xt/pragmas.t ............... ok
xt/test-plugin.t ........... skipped: Required mechanism that violated encapsulation

Test Summary Report
-------------------
t/12_mime.t              (Wstat: 256 Tests: 758 Failed: 1)
  Failed test:  757
  Non-zero exit status: 1
t/76_preferences.t       (Wstat: 256 Tests: 10 Failed: 1)
  Failed test:  8
  Non-zero exit status: 1
xt/actions.t             (Wstat: 0 Tests: 1 Failed: 0)
  Parse errors: Bad plan.  You planned 0 tests but ran 1.
xt/actiontest.t          (Wstat: 8192 Tests: 97 Failed: 32)
  Failed tests:  4, 7, 10, 13, 16, 19, 22, 25, 28, 31, 34
                37, 40, 43, 46, 49, 52, 55, 58, 61, 64
                67, 70, 73, 76, 79, 82, 85, 88, 91, 94
                97
  Non-zero exit status: 32
xt/badcode.t             (Wstat: 0 Tests: 3628 Failed: 0)
  TODO passed:   1219, 1319, 1809
xt/mimetype.t            (Wstat: 256 Tests: 618 Failed: 1)
  Failed test:  617
  Non-zero exit status: 1
xt/pmv.t                 (Wstat: 512 Tests: 413 Failed: 2)
  Failed tests:  85, 89
  Non-zero exit status: 2
xt/pod.t                 (Wstat: 512 Tests: 329 Failed: 2)
  Failed tests:  40, 126
  Non-zero exit status: 2
Files=79, Tests=9912, 392 wallclock secs ( 0.51 usr +  2.43 sys =  2.94 CPU)
Result: FAIL
Failed 7/79 test programs. 39/9912 subtests failed.
dmake.exe:  Error code 255, while making 'test_dynamic'

------------------------------
PREREQUISITES
------------------------------

Prerequisite modules loaded:

requires:

    Module                   Need     Have      
    ------------------------ -------- ----------
    Algorithm::Diff          1.19     1.1902    
    App::cpanminus           0.9923   1.6103    
    B::Deparse               0        1.19      
    Capture::Tiny            0.06     0.22      
    CGI                      3.47     3.63      
    Class::Adapter           1.05     1.08      
    Class::Inspector         1.22     1.28      
    Class::XSAccessor        1.13     1.16      
    Cwd                      3.2701   3.40      
    Data::Dumper             2.101    2.145     
    DBD::SQLite              1.35     1.37      
    DBI                      1.58     1.625     
    Debug::Client            0.24     0.25      
    Devel::Dumpvar           0.04     1.06      
    Devel::Refactor          0.05     0.05      
    Encode                   2.26     2.49      
    ExtUtils::MakeMaker      6.56     6.65_01   
    ExtUtils::Manifest       1.56     1.63      
    File::Basename           0        2.84      
    File::Copy::Recursive    0.37     0.38      
    File::Find::Rule         0.30     0.33      
    File::Glob               0        1.19      
    File::Glob::Windows      v0.1.3   0.1.5     
    File::HomeDir            0.98     1.00      
    File::Path               2.08     2.09      
    File::pushd              1.00     1.005     
    File::Remove             1.49     1.52      
    File::ShareDir           1.00     1.03      
    File::Spec               3.2701   3.40      
    File::Spec::Functions    3.2701   3.40      
    File::Temp               0.20     0.2301    
    File::Which              1.08     1.09      
    FindBin                  0        1.51      
    Getopt::Long             0        2.39      
    HTML::Entities           3.57     3.69      
    HTML::Parser             3.58     3.70      
    IO::Scalar               2.110    2.110     
    IO::Socket               1.30     1.35      
    IO::String               1.08     1.08      
    IPC::Open2               0        1.04      
    IPC::Open3               0        1.13      
    IPC::Run                 0.83     0.92      
    JSON::XS                 2.29     2.33      
    List::MoreUtils          0.22     0.33      
    List::Util               1.18     1.27      
    LWP                      5.815    6.05      
    LWP::UserAgent           5.815    6.05      
    Module::Build            0.3603   0.4004    
    Module::CoreList         2.22     2.85      
    Module::Manifest         0.07     1.08      
    Module::Starter          1.60     1.60      
    ORLite                   1.98     1.98      
    ORLite::Migrate          1.10     1.10      
    Params::Util             0.33     1.07      
    Parse::ErrorString::Perl 0.14     0.15      
    Parse::ExuberantCTags    1.00     1.02      
    perl                     5.008005 5.017010  
    POD2::Base               0.043    0.043     
    Pod::Abstract            0.16     0.20      
    Pod::Functions           0        1.06      
    Pod::Perldoc             3.15     3.19      
    Pod::POM                 0.17     0.27      
    Pod::Simple              3.07     3.26      
    Pod::Simple::XHTML       3.04     3.26      
    POSIX                    0        1.32      
    PPI                      1.215    1.215     
    PPIx::EditorTools        0.18     0.18      
    PPIx::Regexp             0.011    0.033     
    Probe::Perl              0.01     0.01      
    Sort::Versions           1.5      1.5       
    Storable                 2.16     2.40      
    Template::Tiny           0.11     1.12      
    Term::ReadLine           0        1.12      
    Text::Balanced           2.01     2.02      
    Text::Diff               1.41     1.41      
    Text::FindIndent         0.10     0.10      
    Text::Patch              1.8      1.8       
    threads                  1.71     1.86      
    threads::shared          1.33     1.43      
    Time::HiRes              1.9718   1.9725    
    URI                      0        1.60      
    version                  0.80     0.9902    
    Win32                    0.31     0.47      
    Win32::Shortcut          0.07     0.07      
    Win32::TieRegistry       0.26     0.26      
    Wx                       0.9916   0.9921    
    Wx::Perl::ProcessStream  0.32     0.32      
    Wx::Scintilla            0.39     0.39      
    YAML::Tiny               1.32     1.51      

build_requires:

    Module                   Need     Have      
    ------------------------ -------- ----------
    Alien::wxWidgets         0.62     0.64      
    ExtUtils::Embed          1.250601 1.30      
    ExtUtils::MakeMaker      6.59     6.65_01   
    Locale::Msgfmt           0.15     0.15      
    Test::Exception          0.27     0.31      
    Test::MockObject         1.09     1.20120301
    Test::More               0.98     0.98      
    Test::NoWarnings         1.04     1.04      
    Test::Script             1.07     1.07      
    Test::Warn               0.24     0.24      

configure_requires:

    Module                   Need     Have      
    ------------------------ -------- ----------
    Alien::wxWidgets         0.62     0.64      
    ExtUtils::Embed          1.250601 1.30      
    ExtUtils::MakeMaker      6.59     6.65_01   


------------------------------
ENVIRONMENT AND OTHER CONTEXT
------------------------------

Environment variables:

    AUTOMATED_TESTING = 1
    COMSPEC = C:\WINDOWS\system32\cmd.exe
    NUMBER_OF_PROCESSORS = 1
    PATH = C:\Program Files\Far Manager\;C:\WINDOWS\system32;C:\WINDOWS;C:\WINDOWS\System32\Wbem;C:\strawberry\c\bin;C:\strawberry\perl\site\bin;C:\strawberry\perl\bin;C:\Git\cmd
    PERL5LIB = C:\strawberry\cpan\build\Wx-Perl-ProcessStream-0.32-3N9U3n/blib/arch;C:\strawberry\cpan\build\Wx-Perl-ProcessStream-0.32-3N9U3n/blib/lib;C:\strawberry\cpan\build\Wx-Scintilla-0.39-n3gTyl/blib/arch;C:\strawberry\cpan\build\Wx-Scintilla-0.39-n3gTyl/blib/lib;C:\strawberry\cpan\build\Wx-0.9921-kTEV17/blib/arch;C:\strawberry\cpan\build\Wx-0.9921-kTEV17/blib/lib
    PERL5OPT = 
    PERL5_CPANPLUS_IS_RUNNING = 892
    PERL5_CPAN_IS_RUNNING = 892
    PERL5_CPAN_IS_RUNNING_IN_RECURSION = 1772,892
    PERL_CR_SMOKER_CURRENT = Padre-Plugin-Experimento-0.02
    PERL_EXTUTILS_AUTOINSTALL = --defaultdeps
    PERL_MM_USE_DEFAULT = 1
    PROCESSOR_IDENTIFIER = x86 Family 16 Model 5 Stepping 3, AuthenticAMD
    TEMP = C:\DOCUME~1\c\LOCALS~1\Temp
    TERM = dumb

Perl special variables (and OS-specific diagnostics, for MSWin32):

    $^X = C:\strawberry\perl\bin\perl.exe
    $UID/$EUID = 0 / 0
    $GID = 0
    $EGID = 0
    Win32::GetOSName = WinXP/.Net
    Win32::GetOSVersion = Service Pack 3, 5, 1, 2600, 2, 3, 0, 256, 1
    Win32::FsType = NTFS
    Win32::IsAdminUser = 1

Perl module toolchain versions installed:

    Module              Have    
    ------------------- --------
    CPAN                2.00    
    CPAN::Meta          2.130880
    Cwd                 3.40    
    ExtUtils::CBuilder  0.280209
    ExtUtils::Command   1.17    
    ExtUtils::Install   1.59    
    ExtUtils::MakeMaker 6.65_01 
    ExtUtils::Manifest  1.63    
    ExtUtils::ParseXS   3.18    
    File::Spec          3.40    
    JSON                2.53    
    JSON::PP            2.27202 
    Module::Build       0.4004  
    Module::Signature   n/a     
    Parse::CPAN::Meta   1.4404  
    Test::Harness       3.26    
    Test::More          0.98    
    YAML                0.84    
    YAML::Syck          1.25    
    version             0.9902  


--

Summary of my perl5 (revision 5 version 17 subversion 10) configuration:
   
  Platform:
    osname=MSWin32, osvers=4.0, archname=MSWin32-x86-multi-thread-64int
    uname='Win32 strawberry-perl 5.18.0.1-beta1 #1 Mon Apr  1 23:03:07 2013 i386'
    config_args='undef'
    hint=recommended, useposix=true, d_sigaction=undef
    useithreads=define, usemultiplicity=define
    useperlio=define, d_sfio=undef, uselargefiles=define, usesocks=undef
    use64bitint=define, use64bitall=undef, uselongdouble=undef
    usemymalloc=n, bincompat5005=undef
  Compiler:
    cc='gcc', ccflags =' -s -O2 -DWIN32  -DPERL_TEXTMODE_SCRIPTS -DPERL_IMPLICIT_CONTEXT -DPERL_IMPLICIT_SYS -fno-strict-aliasing -mms-bitfields',
    optimize='-s -O2',
    cppflags='-DWIN32'
    ccversion='', gccversion='4.6.3', gccosandvers=''
    intsize=4, longsize=4, ptrsize=4, doublesize=8, byteorder=12345678
    d_longlong=define, longlongsize=8, d_longdbl=define, longdblsize=12
    ivtype='long long', ivsize=8, nvtype='double', nvsize=8, Off_t='long long', lseeksize=8
    alignbytes=8, prototype=define
  Linker and Libraries:
    ld='g++', ldflags ='-s -L"C:\strawberry\perl\lib\CORE" -L"C:\strawberry\c\lib"'
    libpth=C:\strawberry\c\lib C:\strawberry\c\i686-w64-mingw32\lib
    libs=-lmoldname -lkernel32 -luser32 -lgdi32 -lwinspool -lcomdlg32 -ladvapi32 -lshell32 -lole32 -loleaut32 -lnetapi32 -luuid -lws2_32 -lmpr -lwinmm -lversion -lodbc32 -lodbccp32 -lcomctl32
    perllibs=-lmoldname -lkernel32 -luser32 -lgdi32 -lwinspool -lcomdlg32 -ladvapi32 -lshell32 -lole32 -loleaut32 -lnetapi32 -luuid -lws2_32 -lmpr -lwinmm -lversion -lodbc32 -lodbccp32 -lcomctl32
    libc=, so=dll, useshrplib=true, libperl=libperl517.a
    gnulibc_version=''
  Dynamic Linking:
    dlsrc=dl_win32.xs, dlext=dll, d_dlsymun=undef, ccdlflags=' '
    cccdlflags=' ', lddlflags='-mdll -s -L"C:\strawberry\perl\lib\CORE" -L"C:\strawberry\c\lib"'


Characteristics of this binary (from libperl): 
  Compile-time options: HAS_TIMES HAVE_INTERP_INTERN MULTIPLICITY
                        PERLIO_LAYERS PERL_DONT_CREATE_GVSV
                        PERL_IMPLICIT_CONTEXT PERL_IMPLICIT_SYS
                        PERL_MALLOC_WRAP PERL_PRESERVE_IVUV PERL_SAWAMPERSAND
                        USE_64_BIT_INT USE_ITHREADS USE_LARGE_FILES
                        USE_LOCALE USE_LOCALE_COLLATE USE_LOCALE_CTYPE
                        USE_LOCALE_NUMERIC USE_PERLIO USE_PERL_ATOF
  Built under MSWin32
  Compiled at Apr  1 2013 23:13:43
  %ENV:
    PERL5LIB="C:\strawberry\cpan\build\Wx-Perl-ProcessStream-0.32-3N9U3n/blib/arch;C:\strawberry\cpan\build\Wx-Perl-ProcessStream-0.32-3N9U3n/blib/lib;C:\strawberry\cpan\build\Wx-Scintilla-0.39-n3gTyl/blib/arch;C:\strawberry\cpan\build\Wx-Scintilla-0.39-n3gTyl/blib/lib;C:\strawberry\cpan\build\Wx-0.9921-kTEV17/blib/arch;C:\strawberry\cpan\build\Wx-0.9921-kTEV17/blib/lib"
    PERL5_CPANPLUS_IS_RUNNING="892"
    PERL5_CPAN_IS_RUNNING="892"
    PERL5_CPAN_IS_RUNNING_IN_RECURSION="1772,892"
    PERL_CR_SMOKER_CURRENT="Padre-Plugin-Experimento-0.02"
    PERL_EXTUTILS_AUTOINSTALL="--defaultdeps"
    PERL_MM_USE_DEFAULT="1"
  @INC:
    C:\strawberry\cpan\build\Wx-Perl-ProcessStream-0.32-3N9U3n/blib/arch
    C:\strawberry\cpan\build\Wx-Perl-ProcessStream-0.32-3N9U3n/blib/lib
    C:\strawberry\cpan\build\Wx-Scintilla-0.39-n3gTyl/blib/arch
    C:\strawberry\cpan\build\Wx-Scintilla-0.39-n3gTyl/blib/lib
    C:\strawberry\cpan\build\Wx-0.9921-kTEV17/blib/arch
    C:\strawberry\cpan\build\Wx-0.9921-kTEV17/blib/lib
    C:/strawberry/perl/site/lib
    C:/strawberry/perl/vendor/lib
    C:/strawberry/perl/lib
    .