Template-Tiny-Strict v1.17 Perl 5 v5.8.9 x86_64-linux-thread-multi-ld

Status
Fail
From
Chris Williams (BINGOS)
Dist
Template-Tiny-Strict v1.17
Platform
Perl 5 v5.8.9 x86_64-linux-thread-multi-ld
Date
2021-05-08 11:32:45
ID
1c13015a-aff1-11eb-84bc-edd243e66a77
This distribution has been tested as part of the CPAN Testers
project, supporting the Perl programming language.  See
http://wiki.cpantesters.org/ for more information or email
questions to cpan-testers-discuss@perl.org


--

Dear OVID,

This is a computer-generated error report created automatically by
CPANPLUS, version 0.9910. Testers personal comments may appear
at the end of this report.


Thank you for uploading your work to CPAN.  However, it appears that
there were some problems testing your distribution.

TEST RESULTS:

Below is the error stack from stage 'make test':

PERL_DL_NONLAZY=1 "/home/cpan/pit/thr-ld/perl-5.8.9/bin/perl" "-MExtUtils::Command::MM" "-MTest::Harness" "-e" "undef *Test::Harness::Switches; test_harness(0, 'blib/lib', 'blib/arch')" t/*.t
# 
# Versions for all modules listed in MYMETA.json (including optional ones):
# 
# === Configure Requires ===
# 
#     Module              Want Have
#     ------------------- ---- ----
#     ExtUtils::MakeMaker  any 7.58
# 
# === Build Requires ===
# 
#     Module              Want Have
#     ------------------- ---- ----
#     ExtUtils::MakeMaker  any 7.58
# 
# === Test Requires ===
# 
#     Module              Want     Have
#     ------------------- ---- --------
#     ExtUtils::MakeMaker  any     7.58
#     File::Spec           any     3.75
#     Test::More           any 1.302183
# 
# === Test Recommends ===
# 
#     Module         Want     Have
#     ---------- -------- --------
#     CPAN::Meta 2.120900 2.150010
# 
t/00-report-prereqs.t .. ok
Possible unintended interpolation of @unused in string at /home/cpan/pit/thr-ld/conf/perl-5.8.9/.cpanplus/5.8.9/build/HPlpzZ1w2k/Template-Tiny-Strict-1.17/blib/lib/Template/Tiny/Strict.pm line 78.
Possible unintended interpolation of @unused in string at /home/cpan/pit/thr-ld/conf/perl-5.8.9/.cpanplus/5.8.9/build/HPlpzZ1w2k/Template-Tiny-Strict-1.17/blib/lib/Template/Tiny/Strict.pm line 78.
Possible unintended interpolation of @unused in string at /home/cpan/pit/thr-ld/conf/perl-5.8.9/.cpanplus/5.8.9/build/HPlpzZ1w2k/Template-Tiny-Strict-1.17/blib/lib/Template/Tiny/Strict.pm line 78.
Scalar found where operator expected at /home/cpan/pit/thr-ld/conf/perl-5.8.9/.cpanplus/5.8.9/build/HPlpzZ1w2k/Template-Tiny-Strict-1.17/blib/lib/Template/Tiny/Strict.pm line 162, near "$PREPARSE"
  (Might be a runaway multi-line // string starting on line 78)
Global symbol "$self" requires explicit package name at /home/cpan/pit/thr-ld/conf/perl-5.8.9/.cpanplus/5.8.9/build/HPlpzZ1w2k/Template-Tiny-Strict-1.17/blib/lib/Template/Tiny/Strict.pm line 78.
Global symbol "$text" requires explicit package name at /home/cpan/pit/thr-ld/conf/perl-5.8.9/.cpanplus/5.8.9/build/HPlpzZ1w2k/Template-Tiny-Strict-1.17/blib/lib/Template/Tiny/Strict.pm line 78.
Global symbol "$self" requires explicit package name at /home/cpan/pit/thr-ld/conf/perl-5.8.9/.cpanplus/5.8.9/build/HPlpzZ1w2k/Template-Tiny-Strict-1.17/blib/lib/Template/Tiny/Strict.pm line 78.
Global symbol "$text" requires explicit package name at /home/cpan/pit/thr-ld/conf/perl-5.8.9/.cpanplus/5.8.9/build/HPlpzZ1w2k/Template-Tiny-Strict-1.17/blib/lib/Template/Tiny/Strict.pm line 78.
Global symbol "$self" requires explicit package name at /home/cpan/pit/thr-ld/conf/perl-5.8.9/.cpanplus/5.8.9/build/HPlpzZ1w2k/Template-Tiny-Strict-1.17/blib/lib/Template/Tiny/Strict.pm line 78.
Global symbol "$copy" requires explicit package name at /home/cpan/pit/thr-ld/conf/perl-5.8.9/.cpanplus/5.8.9/build/HPlpzZ1w2k/Template-Tiny-Strict-1.17/blib/lib/Template/Tiny/Strict.pm line 78.
Global symbol "$stash" requires explicit package name at /home/cpan/pit/thr-ld/conf/perl-5.8.9/.cpanplus/5.8.9/build/HPlpzZ1w2k/Template-Tiny-Strict-1.17/blib/lib/Template/Tiny/Strict.pm line 78.
Global symbol "$self" requires explicit package name at /home/cpan/pit/thr-ld/conf/perl-5.8.9/.cpanplus/5.8.9/build/HPlpzZ1w2k/Template-Tiny-Strict-1.17/blib/lib/Template/Tiny/Strict.pm line 78.
Global symbol "$self" requires explicit package name at /home/cpan/pit/thr-ld/conf/perl-5.8.9/.cpanplus/5.8.9/build/HPlpzZ1w2k/Template-Tiny-Strict-1.17/blib/lib/Template/Tiny/Strict.pm line 78.
Global symbol "$self" requires explicit package name at /home/cpan/pit/thr-ld/conf/perl-5.8.9/.cpanplus/5.8.9/build/HPlpzZ1w2k/Template-Tiny-Strict-1.17/blib/lib/Template/Tiny/Strict.pm line 78.
Global symbol "$result" requires explicit package name at /home/cpan/pit/thr-ld/conf/perl-5.8.9/.cpanplus/5.8.9/build/HPlpzZ1w2k/Template-Tiny-Strict-1.17/blib/lib/Template/Tiny/Strict.pm line 78.
Global symbol "$self" requires explicit package name at /home/cpan/pit/thr-ld/conf/perl-5.8.9/.cpanplus/5.8.9/build/HPlpzZ1w2k/Template-Tiny-Strict-1.17/blib/lib/Template/Tiny/Strict.pm line 78.
Global symbol "$stash" requires explicit package name at /home/cpan/pit/thr-ld/conf/perl-5.8.9/.cpanplus/5.8.9/build/HPlpzZ1w2k/Template-Tiny-Strict-1.17/blib/lib/Template/Tiny/Strict.pm line 78.
Global symbol "$copy" requires explicit package name at /home/cpan/pit/thr-ld/conf/perl-5.8.9/.cpanplus/5.8.9/build/HPlpzZ1w2k/Template-Tiny-Strict-1.17/blib/lib/Template/Tiny/Strict.pm line 78.
Global symbol "$errors" requires explicit package name at /home/cpan/pit/thr-ld/conf/perl-5.8.9/.cpanplus/5.8.9/build/HPlpzZ1w2k/Template-Tiny-Strict-1.17/blib/lib/Template/Tiny/Strict.pm line 78.
Global symbol "$self" requires explicit package name at /home/cpan/pit/thr-ld/conf/perl-5.8.9/.cpanplus/5.8.9/build/HPlpzZ1w2k/Template-Tiny-Strict-1.17/blib/lib/Template/Tiny/Strict.pm line 78.
Global symbol "$self" requires explicit package name at /home/cpan/pit/thr-ld/conf/perl-5.8.9/.cpanplus/5.8.9/build/HPlpzZ1w2k/Template-Tiny-Strict-1.17/blib/lib/Template/Tiny/Strict.pm line 78.
Global symbol "$errors" requires explicit package name at /home/cpan/pit/thr-ld/conf/perl-5.8.9/.cpanplus/5.8.9/build/HPlpzZ1w2k/Template-Tiny-Strict-1.17/blib/lib/Template/Tiny/Strict.pm line 78.
Global symbol "$self" requires explicit package name at /home/cpan/pit/thr-ld/conf/perl-5.8.9/.cpanplus/5.8.9/build/HPlpzZ1w2k/Template-Tiny-Strict-1.17/blib/lib/Template/Tiny/Strict.pm line 78.
Global symbol "@unused" requires explicit package name at /home/cpan/pit/thr-ld/conf/perl-5.8.9/.cpanplus/5.8.9/build/HPlpzZ1w2k/Template-Tiny-Strict-1.17/blib/lib/Template/Tiny/Strict.pm line 78.
Global symbol "$var" requires explicit package name at /home/cpan/pit/thr-ld/conf/perl-5.8.9/.cpanplus/5.8.9/build/HPlpzZ1w2k/Template-Tiny-Strict-1.17/blib/lib/Template/Tiny/Strict.pm line 78.
Global symbol "$stash" requires explicit package name at /home/cpan/pit/thr-ld/conf/perl-5.8.9/.cpanplus/5.8.9/build/HPlpzZ1w2k/Template-Tiny-Strict-1.17/blib/lib/Template/Tiny/Strict.pm line 78.
Global symbol "$self" requires explicit package name at /home/cpan/pit/thr-ld/conf/perl-5.8.9/.cpanplus/5.8.9/build/HPlpzZ1w2k/Template-Tiny-Strict-1.17/blib/lib/Template/Tiny/Strict.pm line 78.
Global symbol "$var" requires explicit package name at /home/cpan/pit/thr-ld/conf/perl-5.8.9/.cpanplus/5.8.9/build/HPlpzZ1w2k/Template-Tiny-Strict-1.17/blib/lib/Template/Tiny/Strict.pm line 78.
Global symbol "@unused" requires explicit package name at /home/cpan/pit/thr-ld/conf/perl-5.8.9/.cpanplus/5.8.9/build/HPlpzZ1w2k/Template-Tiny-Strict-1.17/blib/lib/Template/Tiny/Strict.pm line 78.
Global symbol "$var" requires explicit package name at /home/cpan/pit/thr-ld/conf/perl-5.8.9/.cpanplus/5.8.9/build/HPlpzZ1w2k/Template-Tiny-Strict-1.17/blib/lib/Template/Tiny/Strict.pm line 78.
Global symbol "$unused" requires explicit package name at /home/cpan/pit/thr-ld/conf/perl-5.8.9/.cpanplus/5.8.9/build/HPlpzZ1w2k/Template-Tiny-Strict-1.17/blib/lib/Template/Tiny/Strict.pm line 78.
Global symbol "@unused" requires explicit package name at /home/cpan/pit/thr-ld/conf/perl-5.8.9/.cpanplus/5.8.9/build/HPlpzZ1w2k/Template-Tiny-Strict-1.17/blib/lib/Template/Tiny/Strict.pm line 78.
Global symbol "$errors" requires explicit package name at /home/cpan/pit/thr-ld/conf/perl-5.8.9/.cpanplus/5.8.9/build/HPlpzZ1w2k/Template-Tiny-Strict-1.17/blib/lib/Template/Tiny/Strict.pm line 78.
Global symbol "$unused" requires explicit package name at /home/cpan/pit/thr-ld/conf/perl-5.8.9/.cpanplus/5.8.9/build/HPlpzZ1w2k/Template-Tiny-Strict-1.17/blib/lib/Template/Tiny/Strict.pm line 78.
Global symbol "$errors" requires explicit package name at /home/cpan/pit/thr-ld/conf/perl-5.8.9/.cpanplus/5.8.9/build/HPlpzZ1w2k/Template-Tiny-Strict-1.17/blib/lib/Template/Tiny/Strict.pm line 78.
Global symbol "$name" requires explicit package name at /home/cpan/pit/thr-ld/conf/perl-5.8.9/.cpanplus/5.8.9/build/HPlpzZ1w2k/Template-Tiny-Strict-1.17/blib/lib/Template/Tiny/Strict.pm line 78.
Global symbol "$self" requires explicit package name at /home/cpan/pit/thr-ld/conf/perl-5.8.9/.cpanplus/5.8.9/build/HPlpzZ1w2k/Template-Tiny-Strict-1.17/blib/lib/Template/Tiny/Strict.pm line 78.
Global symbol "$self" requires explicit package name at /home/cpan/pit/thr-ld/conf/perl-5.8.9/.cpanplus/5.8.9/build/HPlpzZ1w2k/Template-Tiny-Strict-1.17/blib/lib/Template/Tiny/Strict.pm line 78.
Global symbol "$errors" requires explicit package name at /home/cpan/pit/thr-ld/conf/perl-5.8.9/.cpanplus/5.8.9/build/HPlpzZ1w2k/Template-Tiny-Strict-1.17/blib/lib/Template/Tiny/Strict.pm line 78.
Global symbol "$name" requires explicit package name at /home/cpan/pit/thr-ld/conf/perl-5.8.9/.cpanplus/5.8.9/build/HPlpzZ1w2k/Template-Tiny-Strict-1.17/blib/lib/Template/Tiny/Strict.pm line 78.
Global symbol "$errors" requires explicit package name at /home/cpan/pit/thr-ld/conf/perl-5.8.9/.cpanplus/5.8.9/build/HPlpzZ1w2k/Template-Tiny-Strict-1.17/blib/lib/Template/Tiny/Strict.pm line 78.
Global symbol "$errors" requires explicit package name at /home/cpan/pit/thr-ld/conf/perl-5.8.9/.cpanplus/5.8.9/build/HPlpzZ1w2k/Template-Tiny-Strict-1.17/blib/lib/Template/Tiny/Strict.pm line 78.
Global symbol "$result" requires explicit package name at /home/cpan/pit/thr-ld/conf/perl-5.8.9/.cpanplus/5.8.9/build/HPlpzZ1w2k/Template-Tiny-Strict-1.17/blib/lib/Template/Tiny/Strict.pm line 78.
Global symbol "$result" requires explicit package name at /home/cpan/pit/thr-ld/conf/perl-5.8.9/.cpanplus/5.8.9/build/HPlpzZ1w2k/Template-Tiny-Strict-1.17/blib/lib/Template/Tiny/Strict.pm line 78.
Global symbol "$result" requires explicit package name at /home/cpan/pit/thr-ld/conf/perl-5.8.9/.cpanplus/5.8.9/build/HPlpzZ1w2k/Template-Tiny-Strict-1.17/blib/lib/Template/Tiny/Strict.pm line 78.
Global symbol "$self" requires explicit package name at /home/cpan/pit/thr-ld/conf/perl-5.8.9/.cpanplus/5.8.9/build/HPlpzZ1w2k/Template-Tiny-Strict-1.17/blib/lib/Template/Tiny/Strict.pm line 78.
Global symbol "$copy" requires explicit package name at /home/cpan/pit/thr-ld/conf/perl-5.8.9/.cpanplus/5.8.9/build/HPlpzZ1w2k/Template-Tiny-Strict-1.17/blib/lib/Template/Tiny/Strict.pm line 78.
Global symbol "$id" requires explicit package name at /home/cpan/pit/thr-ld/conf/perl-5.8.9/.cpanplus/5.8.9/build/HPlpzZ1w2k/Template-Tiny-Strict-1.17/blib/lib/Template/Tiny/Strict.pm line 78.
Global symbol "$copy" requires explicit package name at /home/cpan/pit/thr-ld/conf/perl-5.8.9/.cpanplus/5.8.9/build/HPlpzZ1w2k/Template-Tiny-Strict-1.17/blib/lib/Template/Tiny/Strict.pm line 78.
/home/cpan/pit/thr-ld/conf/perl-5.8.9/.cpanplus/5.8.9/build/HPlpzZ1w2k/Template-Tiny-Strict-1.17/blib/lib/Template/Tiny/Strict.pm has too many errors.
Compilation failed in require at t/02_trivial.t line 10.
BEGIN failed--compilation aborted at t/02_trivial.t line 10.
# Looks like your test exited with 9 before it could output anything.
t/02_trivial.t ......... 
Dubious, test returned 9 (wstat 2304, 0x900)
Failed 1/1 subtests 
Possible unintended interpolation of @unused in string at /home/cpan/pit/thr-ld/conf/perl-5.8.9/.cpanplus/5.8.9/build/HPlpzZ1w2k/Template-Tiny-Strict-1.17/blib/lib/Template/Tiny/Strict.pm line 78.
Possible unintended interpolation of @unused in string at /home/cpan/pit/thr-ld/conf/perl-5.8.9/.cpanplus/5.8.9/build/HPlpzZ1w2k/Template-Tiny-Strict-1.17/blib/lib/Template/Tiny/Strict.pm line 78.
Possible unintended interpolation of @unused in string at /home/cpan/pit/thr-ld/conf/perl-5.8.9/.cpanplus/5.8.9/build/HPlpzZ1w2k/Template-Tiny-Strict-1.17/blib/lib/Template/Tiny/Strict.pm line 78.
Scalar found where operator expected at /home/cpan/pit/thr-ld/conf/perl-5.8.9/.cpanplus/5.8.9/build/HPlpzZ1w2k/Template-Tiny-Strict-1.17/blib/lib/Template/Tiny/Strict.pm line 162, near "$PREPARSE"
  (Might be a runaway multi-line // string starting on line 78)
Global symbol "$self" requires explicit package name at /home/cpan/pit/thr-ld/conf/perl-5.8.9/.cpanplus/5.8.9/build/HPlpzZ1w2k/Template-Tiny-Strict-1.17/blib/lib/Template/Tiny/Strict.pm line 78.
Global symbol "$text" requires explicit package name at /home/cpan/pit/thr-ld/conf/perl-5.8.9/.cpanplus/5.8.9/build/HPlpzZ1w2k/Template-Tiny-Strict-1.17/blib/lib/Template/Tiny/Strict.pm line 78.
Global symbol "$self" requires explicit package name at /home/cpan/pit/thr-ld/conf/perl-5.8.9/.cpanplus/5.8.9/build/HPlpzZ1w2k/Template-Tiny-Strict-1.17/blib/lib/Template/Tiny/Strict.pm line 78.
Global symbol "$text" requires explicit package name at /home/cpan/pit/thr-ld/conf/perl-5.8.9/.cpanplus/5.8.9/build/HPlpzZ1w2k/Template-Tiny-Strict-1.17/blib/lib/Template/Tiny/Strict.pm line 78.
Global symbol "$self" requires explicit package name at /home/cpan/pit/thr-ld/conf/perl-5.8.9/.cpanplus/5.8.9/build/HPlpzZ1w2k/Template-Tiny-Strict-1.17/blib/lib/Template/Tiny/Strict.pm line 78.
Global symbol "$copy" requires explicit package name at /home/cpan/pit/thr-ld/conf/perl-5.8.9/.cpanplus/5.8.9/build/HPlpzZ1w2k/Template-Tiny-Strict-1.17/blib/lib/Template/Tiny/Strict.pm line 78.
Global symbol "$stash" requires explicit package name at /home/cpan/pit/thr-ld/conf/perl-5.8.9/.cpanplus/5.8.9/build/HPlpzZ1w2k/Template-Tiny-Strict-1.17/blib/lib/Template/Tiny/Strict.pm line 78.
Global symbol "$self" requires explicit package name at /home/cpan/pit/thr-ld/conf/perl-5.8.9/.cpanplus/5.8.9/build/HPlpzZ1w2k/Template-Tiny-Strict-1.17/blib/lib/Template/Tiny/Strict.pm line 78.
Global symbol "$self" requires explicit package name at /home/cpan/pit/thr-ld/conf/perl-5.8.9/.cpanplus/5.8.9/build/HPlpzZ1w2k/Template-Tiny-Strict-1.17/blib/lib/Template/Tiny/Strict.pm line 78.
Global symbol "$self" requires explicit package name at /home/cpan/pit/thr-ld/conf/perl-5.8.9/.cpanplus/5.8.9/build/HPlpzZ1w2k/Template-Tiny-Strict-1.17/blib/lib/Template/Tiny/Strict.pm line 78.
Global symbol "$result" requires explicit package name at /home/cpan/pit/thr-ld/conf/perl-5.8.9/.cpanplus/5.8.9/build/HPlpzZ1w2k/Template-Tiny-Strict-1.17/blib/lib/Template/Tiny/Strict.pm line 78.
Global symbol "$self" requires explicit package name at /home/cpan/pit/thr-ld/conf/perl-5.8.9/.cpanplus/5.8.9/build/HPlpzZ1w2k/Template-Tiny-Strict-1.17/blib/lib/Template/Tiny/Strict.pm line 78.
Global symbol "$stash" requires explicit package name at /home/cpan/pit/thr-ld/conf/perl-5.8.9/.cpanplus/5.8.9/build/HPlpzZ1w2k/Template-Tiny-Strict-1.17/blib/lib/Template/Tiny/Strict.pm line 78.
Global symbol "$copy" requires explicit package name at /home/cpan/pit/thr-ld/conf/perl-5.8.9/.cpanplus/5.8.9/build/HPlpzZ1w2k/Template-Tiny-Strict-1.17/blib/lib/Template/Tiny/Strict.pm line 78.
Global symbol "$errors" requires explicit package name at /home/cpan/pit/thr-ld/conf/perl-5.8.9/.cpanplus/5.8.9/build/HPlpzZ1w2k/Template-Tiny-Strict-1.17/blib/lib/Template/Tiny/Strict.pm line 78.
Global symbol "$self" requires explicit package name at /home/cpan/pit/thr-ld/conf/perl-5.8.9/.cpanplus/5.8.9/build/HPlpzZ1w2k/Template-Tiny-Strict-1.17/blib/lib/Template/Tiny/Strict.pm line 78.
Global symbol "$self" requires explicit package name at /home/cpan/pit/thr-ld/conf/perl-5.8.9/.cpanplus/5.8.9/build/HPlpzZ1w2k/Template-Tiny-Strict-1.17/blib/lib/Template/Tiny/Strict.pm line 78.
Global symbol "$errors" requires explicit package name at /home/cpan/pit/thr-ld/conf/perl-5.8.9/.cpanplus/5.8.9/build/HPlpzZ1w2k/Template-Tiny-Strict-1.17/blib/lib/Template/Tiny/Strict.pm line 78.
Global symbol "$self" requires explicit package name at /home/cpan/pit/thr-ld/conf/perl-5.8.9/.cpanplus/5.8.9/build/HPlpzZ1w2k/Template-Tiny-Strict-1.17/blib/lib/Template/Tiny/Strict.pm line 78.
Global symbol "@unused" requires explicit package name at /home/cpan/pit/thr-ld/conf/perl-5.8.9/.cpanplus/5.8.9/build/HPlpzZ1w2k/Template-Tiny-Strict-1.17/blib/lib/Template/Tiny/Strict.pm line 78.
Global symbol "$var" requires explicit package name at /home/cpan/pit/thr-ld/conf/perl-5.8.9/.cpanplus/5.8.9/build/HPlpzZ1w2k/Template-Tiny-Strict-1.17/blib/lib/Template/Tiny/Strict.pm line 78.
Global symbol "$stash" requires explicit package name at /home/cpan/pit/thr-ld/conf/perl-5.8.9/.cpanplus/5.8.9/build/HPlpzZ1w2k/Template-Tiny-Strict-1.17/blib/lib/Template/Tiny/Strict.pm line 78.
Global symbol "$self" requires explicit package name at /home/cpan/pit/thr-ld/conf/perl-5.8.9/.cpanplus/5.8.9/build/HPlpzZ1w2k/Template-Tiny-Strict-1.17/blib/lib/Template/Tiny/Strict.pm line 78.
Global symbol "$var" requires explicit package name at /home/cpan/pit/thr-ld/conf/perl-5.8.9/.cpanplus/5.8.9/build/HPlpzZ1w2k/Template-Tiny-Strict-1.17/blib/lib/Template/Tiny/Strict.pm line 78.
Global symbol "@unused" requires explicit package name at /home/cpan/pit/thr-ld/conf/perl-5.8.9/.cpanplus/5.8.9/build/HPlpzZ1w2k/Template-Tiny-Strict-1.17/blib/lib/Template/Tiny/Strict.pm line 78.
Global symbol "$var" requires explicit package name at /home/cpan/pit/thr-ld/conf/perl-5.8.9/.cpanplus/5.8.9/build/HPlpzZ1w2k/Template-Tiny-Strict-1.17/blib/lib/Template/Tiny/Strict.pm line 78.
Global symbol "$unused" requires explicit package name at /home/cpan/pit/thr-ld/conf/perl-5.8.9/.cpanplus/5.8.9/build/HPlpzZ1w2k/Template-Tiny-Strict-1.17/blib/lib/Template/Tiny/Strict.pm line 78.
Global symbol "@unused" requires explicit package name at /home/cpan/pit/thr-ld/conf/perl-5.8.9/.cpanplus/5.8.9/build/HPlpzZ1w2k/Template-Tiny-Strict-1.17/blib/lib/Template/Tiny/Strict.pm line 78.
Global symbol "$errors" requires explicit package name at /home/cpan/pit/thr-ld/conf/perl-5.8.9/.cpanplus/5.8.9/build/HPlpzZ1w2k/Template-Tiny-Strict-1.17/blib/lib/Template/Tiny/Strict.pm line 78.
Global symbol "$unused" requires explicit package name at /home/cpan/pit/thr-ld/conf/perl-5.8.9/.cpanplus/5.8.9/build/HPlpzZ1w2k/Template-Tiny-Strict-1.17/blib/lib/Template/Tiny/Strict.pm line 78.
Global symbol "$errors" requires explicit package name at /home/cpan/pit/thr-ld/conf/perl-5.8.9/.cpanplus/5.8.9/build/HPlpzZ1w2k/Template-Tiny-Strict-1.17/blib/lib/Template/Tiny/Strict.pm line 78.
Global symbol "$name" requires explicit package name at /home/cpan/pit/thr-ld/conf/perl-5.8.9/.cpanplus/5.8.9/build/HPlpzZ1w2k/Template-Tiny-Strict-1.17/blib/lib/Template/Tiny/Strict.pm line 78.
Global symbol "$self" requires explicit package name at /home/cpan/pit/thr-ld/conf/perl-5.8.9/.cpanplus/5.8.9/build/HPlpzZ1w2k/Template-Tiny-Strict-1.17/blib/lib/Template/Tiny/Strict.pm line 78.
Global symbol "$self" requires explicit package name at /home/cpan/pit/thr-ld/conf/perl-5.8.9/.cpanplus/5.8.9/build/HPlpzZ1w2k/Template-Tiny-Strict-1.17/blib/lib/Template/Tiny/Strict.pm line 78.
Global symbol "$errors" requires explicit package name at /home/cpan/pit/thr-ld/conf/perl-5.8.9/.cpanplus/5.8.9/build/HPlpzZ1w2k/Template-Tiny-Strict-1.17/blib/lib/Template/Tiny/Strict.pm line 78.
Global symbol "$name" requires explicit package name at /home/cpan/pit/thr-ld/conf/perl-5.8.9/.cpanplus/5.8.9/build/HPlpzZ1w2k/Template-Tiny-Strict-1.17/blib/lib/Template/Tiny/Strict.pm line 78.
Global symbol "$errors" requires explicit package name at /home/cpan/pit/thr-ld/conf/perl-5.8.9/.cpanplus/5.8.9/build/HPlpzZ1w2k/Template-Tiny-Strict-1.17/blib/lib/Template/Tiny/Strict.pm line 78.
Global symbol "$errors" requires explicit package name at /home/cpan/pit/thr-ld/conf/perl-5.8.9/.cpanplus/5.8.9/build/HPlpzZ1w2k/Template-Tiny-Strict-1.17/blib/lib/Template/Tiny/Strict.pm line 78.
Global symbol "$result" requires explicit package name at /home/cpan/pit/thr-ld/conf/perl-5.8.9/.cpanplus/5.8.9/build/HPlpzZ1w2k/Template-Tiny-Strict-1.17/blib/lib/Template/Tiny/Strict.pm line 78.
Global symbol "$result" requires explicit package name at /home/cpan/pit/thr-ld/conf/perl-5.8.9/.cpanplus/5.8.9/build/HPlpzZ1w2k/Template-Tiny-Strict-1.17/blib/lib/Template/Tiny/Strict.pm line 78.
Global symbol "$result" requires explicit package name at /home/cpan/pit/thr-ld/conf/perl-5.8.9/.cpanplus/5.8.9/build/HPlpzZ1w2k/Template-Tiny-Strict-1.17/blib/lib/Template/Tiny/Strict.pm line 78.
Global symbol "$self" requires explicit package name at /home/cpan/pit/thr-ld/conf/perl-5.8.9/.cpanplus/5.8.9/build/HPlpzZ1w2k/Template-Tiny-Strict-1.17/blib/lib/Template/Tiny/Strict.pm line 78.
Global symbol "$copy" requires explicit package name at /home/cpan/pit/thr-ld/conf/perl-5.8.9/.cpanplus/5.8.9/build/HPlpzZ1w2k/Template-Tiny-Strict-1.17/blib/lib/Template/Tiny/Strict.pm line 78.
Global symbol "$id" requires explicit package name at /home/cpan/pit/thr-ld/conf/perl-5.8.9/.cpanplus/5.8.9/build/HPlpzZ1w2k/Template-Tiny-Strict-1.17/blib/lib/Template/Tiny/Strict.pm line 78.
Global symbol "$copy" requires explicit package name at /home/cpan/pit/thr-ld/conf/perl-5.8.9/.cpanplus/5.8.9/build/HPlpzZ1w2k/Template-Tiny-Strict-1.17/blib/lib/Template/Tiny/Strict.pm line 78.
/home/cpan/pit/thr-ld/conf/perl-5.8.9/.cpanplus/5.8.9/build/HPlpzZ1w2k/Template-Tiny-Strict-1.17/blib/lib/Template/Tiny/Strict.pm has too many errors.
Compilation failed in require at t/03_samples.t line 12.
BEGIN failed--compilation aborted at t/03_samples.t line 12.
t/03_samples.t ......... 
Dubious, test returned 9 (wstat 2304, 0x900)
No subtests run 
t/04_compat.t .......... skipped: Template Toolkit is not installed
Possible unintended interpolation of @unused in string at /home/cpan/pit/thr-ld/conf/perl-5.8.9/.cpanplus/5.8.9/build/HPlpzZ1w2k/Template-Tiny-Strict-1.17/blib/lib/Template/Tiny/Strict.pm line 78.
Possible unintended interpolation of @unused in string at /home/cpan/pit/thr-ld/conf/perl-5.8.9/.cpanplus/5.8.9/build/HPlpzZ1w2k/Template-Tiny-Strict-1.17/blib/lib/Template/Tiny/Strict.pm line 78.
Possible unintended interpolation of @unused in string at /home/cpan/pit/thr-ld/conf/perl-5.8.9/.cpanplus/5.8.9/build/HPlpzZ1w2k/Template-Tiny-Strict-1.17/blib/lib/Template/Tiny/Strict.pm line 78.
Scalar found where operator expected at /home/cpan/pit/thr-ld/conf/perl-5.8.9/.cpanplus/5.8.9/build/HPlpzZ1w2k/Template-Tiny-Strict-1.17/blib/lib/Template/Tiny/Strict.pm line 162, near "$PREPARSE"
  (Might be a runaway multi-line // string starting on line 78)
Global symbol "$self" requires explicit package name at /home/cpan/pit/thr-ld/conf/perl-5.8.9/.cpanplus/5.8.9/build/HPlpzZ1w2k/Template-Tiny-Strict-1.17/blib/lib/Template/Tiny/Strict.pm line 78.
Global symbol "$text" requires explicit package name at /home/cpan/pit/thr-ld/conf/perl-5.8.9/.cpanplus/5.8.9/build/HPlpzZ1w2k/Template-Tiny-Strict-1.17/blib/lib/Template/Tiny/Strict.pm line 78.
Global symbol "$self" requires explicit package name at /home/cpan/pit/thr-ld/conf/perl-5.8.9/.cpanplus/5.8.9/build/HPlpzZ1w2k/Template-Tiny-Strict-1.17/blib/lib/Template/Tiny/Strict.pm line 78.
Global symbol "$text" requires explicit package name at /home/cpan/pit/thr-ld/conf/perl-5.8.9/.cpanplus/5.8.9/build/HPlpzZ1w2k/Template-Tiny-Strict-1.17/blib/lib/Template/Tiny/Strict.pm line 78.
Global symbol "$self" requires explicit package name at /home/cpan/pit/thr-ld/conf/perl-5.8.9/.cpanplus/5.8.9/build/HPlpzZ1w2k/Template-Tiny-Strict-1.17/blib/lib/Template/Tiny/Strict.pm line 78.
Global symbol "$copy" requires explicit package name at /home/cpan/pit/thr-ld/conf/perl-5.8.9/.cpanplus/5.8.9/build/HPlpzZ1w2k/Template-Tiny-Strict-1.17/blib/lib/Template/Tiny/Strict.pm line 78.
Global symbol "$stash" requires explicit package name at /home/cpan/pit/thr-ld/conf/perl-5.8.9/.cpanplus/5.8.9/build/HPlpzZ1w2k/Template-Tiny-Strict-1.17/blib/lib/Template/Tiny/Strict.pm line 78.
Global symbol "$self" requires explicit package name at /home/cpan/pit/thr-ld/conf/perl-5.8.9/.cpanplus/5.8.9/build/HPlpzZ1w2k/Template-Tiny-Strict-1.17/blib/lib/Template/Tiny/Strict.pm line 78.
Global symbol "$self" requires explicit package name at /home/cpan/pit/thr-ld/conf/perl-5.8.9/.cpanplus/5.8.9/build/HPlpzZ1w2k/Template-Tiny-Strict-1.17/blib/lib/Template/Tiny/Strict.pm line 78.
Global symbol "$self" requires explicit package name at /home/cpan/pit/thr-ld/conf/perl-5.8.9/.cpanplus/5.8.9/build/HPlpzZ1w2k/Template-Tiny-Strict-1.17/blib/lib/Template/Tiny/Strict.pm line 78.
Global symbol "$result" requires explicit package name at /home/cpan/pit/thr-ld/conf/perl-5.8.9/.cpanplus/5.8.9/build/HPlpzZ1w2k/Template-Tiny-Strict-1.17/blib/lib/Template/Tiny/Strict.pm line 78.
Global symbol "$self" requires explicit package name at /home/cpan/pit/thr-ld/conf/perl-5.8.9/.cpanplus/5.8.9/build/HPlpzZ1w2k/Template-Tiny-Strict-1.17/blib/lib/Template/Tiny/Strict.pm line 78.
Global symbol "$stash" requires explicit package name at /home/cpan/pit/thr-ld/conf/perl-5.8.9/.cpanplus/5.8.9/build/HPlpzZ1w2k/Template-Tiny-Strict-1.17/blib/lib/Template/Tiny/Strict.pm line 78.
Global symbol "$copy" requires explicit package name at /home/cpan/pit/thr-ld/conf/perl-5.8.9/.cpanplus/5.8.9/build/HPlpzZ1w2k/Template-Tiny-Strict-1.17/blib/lib/Template/Tiny/Strict.pm line 78.
Global symbol "$errors" requires explicit package name at /home/cpan/pit/thr-ld/conf/perl-5.8.9/.cpanplus/5.8.9/build/HPlpzZ1w2k/Template-Tiny-Strict-1.17/blib/lib/Template/Tiny/Strict.pm line 78.
Global symbol "$self" requires explicit package name at /home/cpan/pit/thr-ld/conf/perl-5.8.9/.cpanplus/5.8.9/build/HPlpzZ1w2k/Template-Tiny-Strict-1.17/blib/lib/Template/Tiny/Strict.pm line 78.
Global symbol "$self" requires explicit package name at /home/cpan/pit/thr-ld/conf/perl-5.8.9/.cpanplus/5.8.9/build/HPlpzZ1w2k/Template-Tiny-Strict-1.17/blib/lib/Template/Tiny/Strict.pm line 78.
Global symbol "$errors" requires explicit package name at /home/cpan/pit/thr-ld/conf/perl-5.8.9/.cpanplus/5.8.9/build/HPlpzZ1w2k/Template-Tiny-Strict-1.17/blib/lib/Template/Tiny/Strict.pm line 78.
Global symbol "$self" requires explicit package name at /home/cpan/pit/thr-ld/conf/perl-5.8.9/.cpanplus/5.8.9/build/HPlpzZ1w2k/Template-Tiny-Strict-1.17/blib/lib/Template/Tiny/Strict.pm line 78.
Global symbol "@unused" requires explicit package name at /home/cpan/pit/thr-ld/conf/perl-5.8.9/.cpanplus/5.8.9/build/HPlpzZ1w2k/Template-Tiny-Strict-1.17/blib/lib/Template/Tiny/Strict.pm line 78.
Global symbol "$var" requires explicit package name at /home/cpan/pit/thr-ld/conf/perl-5.8.9/.cpanplus/5.8.9/build/HPlpzZ1w2k/Template-Tiny-Strict-1.17/blib/lib/Template/Tiny/Strict.pm line 78.
Global symbol "$stash" requires explicit package name at /home/cpan/pit/thr-ld/conf/perl-5.8.9/.cpanplus/5.8.9/build/HPlpzZ1w2k/Template-Tiny-Strict-1.17/blib/lib/Template/Tiny/Strict.pm line 78.
Global symbol "$self" requires explicit package name at /home/cpan/pit/thr-ld/conf/perl-5.8.9/.cpanplus/5.8.9/build/HPlpzZ1w2k/Template-Tiny-Strict-1.17/blib/lib/Template/Tiny/Strict.pm line 78.
Global symbol "$var" requires explicit package name at /home/cpan/pit/thr-ld/conf/perl-5.8.9/.cpanplus/5.8.9/build/HPlpzZ1w2k/Template-Tiny-Strict-1.17/blib/lib/Template/Tiny/Strict.pm line 78.
Global symbol "@unused" requires explicit package name at /home/cpan/pit/thr-ld/conf/perl-5.8.9/.cpanplus/5.8.9/build/HPlpzZ1w2k/Template-Tiny-Strict-1.17/blib/lib/Template/Tiny/Strict.pm line 78.
Global symbol "$var" requires explicit package name at /home/cpan/pit/thr-ld/conf/perl-5.8.9/.cpanplus/5.8.9/build/HPlpzZ1w2k/Template-Tiny-Strict-1.17/blib/lib/Template/Tiny/Strict.pm line 78.
Global symbol "$unused" requires explicit package name at /home/cpan/pit/thr-ld/conf/perl-5.8.9/.cpanplus/5.8.9/build/HPlpzZ1w2k/Template-Tiny-Strict-1.17/blib/lib/Template/Tiny/Strict.pm line 78.
Global symbol "@unused" requires explicit package name at /home/cpan/pit/thr-ld/conf/perl-5.8.9/.cpanplus/5.8.9/build/HPlpzZ1w2k/Template-Tiny-Strict-1.17/blib/lib/Template/Tiny/Strict.pm line 78.
Global symbol "$errors" requires explicit package name at /home/cpan/pit/thr-ld/conf/perl-5.8.9/.cpanplus/5.8.9/build/HPlpzZ1w2k/Template-Tiny-Strict-1.17/blib/lib/Template/Tiny/Strict.pm line 78.
Global symbol "$unused" requires explicit package name at /home/cpan/pit/thr-ld/conf/perl-5.8.9/.cpanplus/5.8.9/build/HPlpzZ1w2k/Template-Tiny-Strict-1.17/blib/lib/Template/Tiny/Strict.pm line 78.
Global symbol "$errors" requires explicit package name at /home/cpan/pit/thr-ld/conf/perl-5.8.9/.cpanplus/5.8.9/build/HPlpzZ1w2k/Template-Tiny-Strict-1.17/blib/lib/Template/Tiny/Strict.pm line 78.
Global symbol "$name" requires explicit package name at /home/cpan/pit/thr-ld/conf/perl-5.8.9/.cpanplus/5.8.9/build/HPlpzZ1w2k/Template-Tiny-Strict-1.17/blib/lib/Template/Tiny/Strict.pm line 78.
Global symbol "$self" requires explicit package name at /home/cpan/pit/thr-ld/conf/perl-5.8.9/.cpanplus/5.8.9/build/HPlpzZ1w2k/Template-Tiny-Strict-1.17/blib/lib/Template/Tiny/Strict.pm line 78.
Global symbol "$self" requires explicit package name at /home/cpan/pit/thr-ld/conf/perl-5.8.9/.cpanplus/5.8.9/build/HPlpzZ1w2k/Template-Tiny-Strict-1.17/blib/lib/Template/Tiny/Strict.pm line 78.
Global symbol "$errors" requires explicit package name at /home/cpan/pit/thr-ld/conf/perl-5.8.9/.cpanplus/5.8.9/build/HPlpzZ1w2k/Template-Tiny-Strict-1.17/blib/lib/Template/Tiny/Strict.pm line 78.
Global symbol "$name" requires explicit package name at /home/cpan/pit/thr-ld/conf/perl-5.8.9/.cpanplus/5.8.9/build/HPlpzZ1w2k/Template-Tiny-Strict-1.17/blib/lib/Template/Tiny/Strict.pm line 78.
Global symbol "$errors" requires explicit package name at /home/cpan/pit/thr-ld/conf/perl-5.8.9/.cpanplus/5.8.9/build/HPlpzZ1w2k/Template-Tiny-Strict-1.17/blib/lib/Template/Tiny/Strict.pm line 78.
Global symbol "$errors" requires explicit package name at /home/cpan/pit/thr-ld/conf/perl-5.8.9/.cpanplus/5.8.9/build/HPlpzZ1w2k/Template-Tiny-Strict-1.17/blib/lib/Template/Tiny/Strict.pm line 78.
Global symbol "$result" requires explicit package name at /home/cpan/pit/thr-ld/conf/perl-5.8.9/.cpanplus/5.8.9/build/HPlpzZ1w2k/Template-Tiny-Strict-1.17/blib/lib/Template/Tiny/Strict.pm line 78.
Global symbol "$result" requires explicit package name at /home/cpan/pit/thr-ld/conf/perl-5.8.9/.cpanplus/5.8.9/build/HPlpzZ1w2k/Template-Tiny-Strict-1.17/blib/lib/Template/Tiny/Strict.pm line 78.
Global symbol "$result" requires explicit package name at /home/cpan/pit/thr-ld/conf/perl-5.8.9/.cpanplus/5.8.9/build/HPlpzZ1w2k/Template-Tiny-Strict-1.17/blib/lib/Template/Tiny/Strict.pm line 78.
Global symbol "$self" requires explicit package name at /home/cpan/pit/thr-ld/conf/perl-5.8.9/.cpanplus/5.8.9/build/HPlpzZ1w2k/Template-Tiny-Strict-1.17/blib/lib/Template/Tiny/Strict.pm line 78.
Global symbol "$copy" requires explicit package name at /home/cpan/pit/thr-ld/conf/perl-5.8.9/.cpanplus/5.8.9/build/HPlpzZ1w2k/Template-Tiny-Strict-1.17/blib/lib/Template/Tiny/Strict.pm line 78.
Global symbol "$id" requires explicit package name at /home/cpan/pit/thr-ld/conf/perl-5.8.9/.cpanplus/5.8.9/build/HPlpzZ1w2k/Template-Tiny-Strict-1.17/blib/lib/Template/Tiny/Strict.pm line 78.
Global symbol "$copy" requires explicit package name at /home/cpan/pit/thr-ld/conf/perl-5.8.9/.cpanplus/5.8.9/build/HPlpzZ1w2k/Template-Tiny-Strict-1.17/blib/lib/Template/Tiny/Strict.pm line 78.
/home/cpan/pit/thr-ld/conf/perl-5.8.9/.cpanplus/5.8.9/build/HPlpzZ1w2k/Template-Tiny-Strict-1.17/blib/lib/Template/Tiny/Strict.pm has too many errors.
Compilation failed in require at t/05_preparse.t line 10.
BEGIN failed--compilation aborted at t/05_preparse.t line 10.
# Looks like your test exited with 9 before it could output anything.
t/05_preparse.t ........ 
Dubious, test returned 9 (wstat 2304, 0x900)
Failed 6/6 subtests 
Possible unintended interpolation of @unused in string at /home/cpan/pit/thr-ld/conf/perl-5.8.9/.cpanplus/5.8.9/build/HPlpzZ1w2k/Template-Tiny-Strict-1.17/blib/lib/Template/Tiny/Strict.pm line 78.
Possible unintended interpolation of @unused in string at /home/cpan/pit/thr-ld/conf/perl-5.8.9/.cpanplus/5.8.9/build/HPlpzZ1w2k/Template-Tiny-Strict-1.17/blib/lib/Template/Tiny/Strict.pm line 78.
Possible unintended interpolation of @unused in string at /home/cpan/pit/thr-ld/conf/perl-5.8.9/.cpanplus/5.8.9/build/HPlpzZ1w2k/Template-Tiny-Strict-1.17/blib/lib/Template/Tiny/Strict.pm line 78.
Scalar found where operator expected at /home/cpan/pit/thr-ld/conf/perl-5.8.9/.cpanplus/5.8.9/build/HPlpzZ1w2k/Template-Tiny-Strict-1.17/blib/lib/Template/Tiny/Strict.pm line 162, near "$PREPARSE"
  (Might be a runaway multi-line // string starting on line 78)
Global symbol "$self" requires explicit package name at /home/cpan/pit/thr-ld/conf/perl-5.8.9/.cpanplus/5.8.9/build/HPlpzZ1w2k/Template-Tiny-Strict-1.17/blib/lib/Template/Tiny/Strict.pm line 78.
Global symbol "$text" requires explicit package name at /home/cpan/pit/thr-ld/conf/perl-5.8.9/.cpanplus/5.8.9/build/HPlpzZ1w2k/Template-Tiny-Strict-1.17/blib/lib/Template/Tiny/Strict.pm line 78.
Global symbol "$self" requires explicit package name at /home/cpan/pit/thr-ld/conf/perl-5.8.9/.cpanplus/5.8.9/build/HPlpzZ1w2k/Template-Tiny-Strict-1.17/blib/lib/Template/Tiny/Strict.pm line 78.
Global symbol "$text" requires explicit package name at /home/cpan/pit/thr-ld/conf/perl-5.8.9/.cpanplus/5.8.9/build/HPlpzZ1w2k/Template-Tiny-Strict-1.17/blib/lib/Template/Tiny/Strict.pm line 78.
Global symbol "$self" requires explicit package name at /home/cpan/pit/thr-ld/conf/perl-5.8.9/.cpanplus/5.8.9/build/HPlpzZ1w2k/Template-Tiny-Strict-1.17/blib/lib/Template/Tiny/Strict.pm line 78.
Global symbol "$copy" requires explicit package name at /home/cpan/pit/thr-ld/conf/perl-5.8.9/.cpanplus/5.8.9/build/HPlpzZ1w2k/Template-Tiny-Strict-1.17/blib/lib/Template/Tiny/Strict.pm line 78.
Global symbol "$stash" requires explicit package name at /home/cpan/pit/thr-ld/conf/perl-5.8.9/.cpanplus/5.8.9/build/HPlpzZ1w2k/Template-Tiny-Strict-1.17/blib/lib/Template/Tiny/Strict.pm line 78.
Global symbol "$self" requires explicit package name at /home/cpan/pit/thr-ld/conf/perl-5.8.9/.cpanplus/5.8.9/build/HPlpzZ1w2k/Template-Tiny-Strict-1.17/blib/lib/Template/Tiny/Strict.pm line 78.
Global symbol "$self" requires explicit package name at /home/cpan/pit/thr-ld/conf/perl-5.8.9/.cpanplus/5.8.9/build/HPlpzZ1w2k/Template-Tiny-Strict-1.17/blib/lib/Template/Tiny/Strict.pm line 78.
Global symbol "$self" requires explicit package name at /home/cpan/pit/thr-ld/conf/perl-5.8.9/.cpanplus/5.8.9/build/HPlpzZ1w2k/Template-Tiny-Strict-1.17/blib/lib/Template/Tiny/Strict.pm line 78.
Global symbol "$result" requires explicit package name at /home/cpan/pit/thr-ld/conf/perl-5.8.9/.cpanplus/5.8.9/build/HPlpzZ1w2k/Template-Tiny-Strict-1.17/blib/lib/Template/Tiny/Strict.pm line 78.
Global symbol "$self" requires explicit package name at /home/cpan/pit/thr-ld/conf/perl-5.8.9/.cpanplus/5.8.9/build/HPlpzZ1w2k/Template-Tiny-Strict-1.17/blib/lib/Template/Tiny/Strict.pm line 78.
Global symbol "$stash" requires explicit package name at /home/cpan/pit/thr-ld/conf/perl-5.8.9/.cpanplus/5.8.9/build/HPlpzZ1w2k/Template-Tiny-Strict-1.17/blib/lib/Template/Tiny/Strict.pm line 78.
Global symbol "$copy" requires explicit package name at /home/cpan/pit/thr-ld/conf/perl-5.8.9/.cpanplus/5.8.9/build/HPlpzZ1w2k/Template-Tiny-Strict-1.17/blib/lib/Template/Tiny/Strict.pm line 78.
Global symbol "$errors" requires explicit package name at /home/cpan/pit/thr-ld/conf/perl-5.8.9/.cpanplus/5.8.9/build/HPlpzZ1w2k/Template-Tiny-Strict-1.17/blib/lib/Template/Tiny/Strict.pm line 78.
Global symbol "$self" requires explicit package name at /home/cpan/pit/thr-ld/conf/perl-5.8.9/.cpanplus/5.8.9/build/HPlpzZ1w2k/Template-Tiny-Strict-1.17/blib/lib/Template/Tiny/Strict.pm line 78.
Global symbol "$self" requires explicit package name at /home/cpan/pit/thr-ld/conf/perl-5.8.9/.cpanplus/5.8.9/build/HPlpzZ1w2k/Template-Tiny-Strict-1.17/blib/lib/Template/Tiny/Strict.pm line 78.
Global symbol "$errors" requires explicit package name at /home/cpan/pit/thr-ld/conf/perl-5.8.9/.cpanplus/5.8.9/build/HPlpzZ1w2k/Template-Tiny-Strict-1.17/blib/lib/Template/Tiny/Strict.pm line 78.
Global symbol "$self" requires explicit package name at /home/cpan/pit/thr-ld/conf/perl-5.8.9/.cpanplus/5.8.9/build/HPlpzZ1w2k/Template-Tiny-Strict-1.17/blib/lib/Template/Tiny/Strict.pm line 78.
Global symbol "@unused" requires explicit package name at /home/cpan/pit/thr-ld/conf/perl-5.8.9/.cpanplus/5.8.9/build/HPlpzZ1w2k/Template-Tiny-Strict-1.17/blib/lib/Template/Tiny/Strict.pm line 78.
Global symbol "$var" requires explicit package name at /home/cpan/pit/thr-ld/conf/perl-5.8.9/.cpanplus/5.8.9/build/HPlpzZ1w2k/Template-Tiny-Strict-1.17/blib/lib/Template/Tiny/Strict.pm line 78.
Global symbol "$stash" requires explicit package name at /home/cpan/pit/thr-ld/conf/perl-5.8.9/.cpanplus/5.8.9/build/HPlpzZ1w2k/Template-Tiny-Strict-1.17/blib/lib/Template/Tiny/Strict.pm line 78.
Global symbol "$self" requires explicit package name at /home/cpan/pit/thr-ld/conf/perl-5.8.9/.cpanplus/5.8.9/build/HPlpzZ1w2k/Template-Tiny-Strict-1.17/blib/lib/Template/Tiny/Strict.pm line 78.
Global symbol "$var" requires explicit package name at /home/cpan/pit/thr-ld/conf/perl-5.8.9/.cpanplus/5.8.9/build/HPlpzZ1w2k/Template-Tiny-Strict-1.17/blib/lib/Template/Tiny/Strict.pm line 78.
Global symbol "@unused" requires explicit package name at /home/cpan/pit/thr-ld/conf/perl-5.8.9/.cpanplus/5.8.9/build/HPlpzZ1w2k/Template-Tiny-Strict-1.17/blib/lib/Template/Tiny/Strict.pm line 78.
Global symbol "$var" requires explicit package name at /home/cpan/pit/thr-ld/conf/perl-5.8.9/.cpanplus/5.8.9/build/HPlpzZ1w2k/Template-Tiny-Strict-1.17/blib/lib/Template/Tiny/Strict.pm line 78.
Global symbol "$unused" requires explicit package name at /home/cpan/pit/thr-ld/conf/perl-5.8.9/.cpanplus/5.8.9/build/HPlpzZ1w2k/Template-Tiny-Strict-1.17/blib/lib/Template/Tiny/Strict.pm line 78.
Global symbol "@unused" requires explicit package name at /home/cpan/pit/thr-ld/conf/perl-5.8.9/.cpanplus/5.8.9/build/HPlpzZ1w2k/Template-Tiny-Strict-1.17/blib/lib/Template/Tiny/Strict.pm line 78.
Global symbol "$errors" requires explicit package name at /home/cpan/pit/thr-ld/conf/perl-5.8.9/.cpanplus/5.8.9/build/HPlpzZ1w2k/Template-Tiny-Strict-1.17/blib/lib/Template/Tiny/Strict.pm line 78.
Global symbol "$unused" requires explicit package name at /home/cpan/pit/thr-ld/conf/perl-5.8.9/.cpanplus/5.8.9/build/HPlpzZ1w2k/Template-Tiny-Strict-1.17/blib/lib/Template/Tiny/Strict.pm line 78.
Global symbol "$errors" requires explicit package name at /home/cpan/pit/thr-ld/conf/perl-5.8.9/.cpanplus/5.8.9/build/HPlpzZ1w2k/Template-Tiny-Strict-1.17/blib/lib/Template/Tiny/Strict.pm line 78.
Global symbol "$name" requires explicit package name at /home/cpan/pit/thr-ld/conf/perl-5.8.9/.cpanplus/5.8.9/build/HPlpzZ1w2k/Template-Tiny-Strict-1.17/blib/lib/Template/Tiny/Strict.pm line 78.
Global symbol "$self" requires explicit package name at /home/cpan/pit/thr-ld/conf/perl-5.8.9/.cpanplus/5.8.9/build/HPlpzZ1w2k/Template-Tiny-Strict-1.17/blib/lib/Template/Tiny/Strict.pm line 78.
Global symbol "$self" requires explicit package name at /home/cpan/pit/thr-ld/conf/perl-5.8.9/.cpanplus/5.8.9/build/HPlpzZ1w2k/Template-Tiny-Strict-1.17/blib/lib/Template/Tiny/Strict.pm line 78.
Global symbol "$errors" requires explicit package name at /home/cpan/pit/thr-ld/conf/perl-5.8.9/.cpanplus/5.8.9/build/HPlpzZ1w2k/Template-Tiny-Strict-1.17/blib/lib/Template/Tiny/Strict.pm line 78.
Global symbol "$name" requires explicit package name at /home/cpan/pit/thr-ld/conf/perl-5.8.9/.cpanplus/5.8.9/build/HPlpzZ1w2k/Template-Tiny-Strict-1.17/blib/lib/Template/Tiny/Strict.pm line 78.
Global symbol "$errors" requires explicit package name at /home/cpan/pit/thr-ld/conf/perl-5.8.9/.cpanplus/5.8.9/build/HPlpzZ1w2k/Template-Tiny-Strict-1.17/blib/lib/Template/Tiny/Strict.pm line 78.
Global symbol "$errors" requires explicit package name at /home/cpan/pit/thr-ld/conf/perl-5.8.9/.cpanplus/5.8.9/build/HPlpzZ1w2k/Template-Tiny-Strict-1.17/blib/lib/Template/Tiny/Strict.pm line 78.
Global symbol "$result" requires explicit package name at /home/cpan/pit/thr-ld/conf/perl-5.8.9/.cpanplus/5.8.9/build/HPlpzZ1w2k/Template-Tiny-Strict-1.17/blib/lib/Template/Tiny/Strict.pm line 78.
Global symbol "$result" requires explicit package name at /home/cpan/pit/thr-ld/conf/perl-5.8.9/.cpanplus/5.8.9/build/HPlpzZ1w2k/Template-Tiny-Strict-1.17/blib/lib/Template/Tiny/Strict.pm line 78.
Global symbol "$result" requires explicit package name at /home/cpan/pit/thr-ld/conf/perl-5.8.9/.cpanplus/5.8.9/build/HPlpzZ1w2k/Template-Tiny-Strict-1.17/blib/lib/Template/Tiny/Strict.pm line 78.
Global symbol "$self" requires explicit package name at /home/cpan/pit/thr-ld/conf/perl-5.8.9/.cpanplus/5.8.9/build/HPlpzZ1w2k/Template-Tiny-Strict-1.17/blib/lib/Template/Tiny/Strict.pm line 78.
Global symbol "$copy" requires explicit package name at /home/cpan/pit/thr-ld/conf/perl-5.8.9/.cpanplus/5.8.9/build/HPlpzZ1w2k/Template-Tiny-Strict-1.17/blib/lib/Template/Tiny/Strict.pm line 78.
Global symbol "$id" requires explicit package name at /home/cpan/pit/thr-ld/conf/perl-5.8.9/.cpanplus/5.8.9/build/HPlpzZ1w2k/Template-Tiny-Strict-1.17/blib/lib/Template/Tiny/Strict.pm line 78.
Global symbol "$copy" requires explicit package name at /home/cpan/pit/thr-ld/conf/perl-5.8.9/.cpanplus/5.8.9/build/HPlpzZ1w2k/Template-Tiny-Strict-1.17/blib/lib/Template/Tiny/Strict.pm line 78.
/home/cpan/pit/thr-ld/conf/perl-5.8.9/.cpanplus/5.8.9/build/HPlpzZ1w2k/Template-Tiny-Strict-1.17/blib/lib/Template/Tiny/Strict.pm has too many errors.
Compilation failed in require at t/strict.t line 10.
BEGIN failed--compilation aborted at t/strict.t line 10.
t/strict.t ............. 
Dubious, test returned 9 (wstat 2304, 0x900)
No subtests run 

Test Summary Report
-------------------
t/02_trivial.t       (Wstat: 2304 Tests: 0 Failed: 0)
  Non-zero exit status: 9
  Parse errors: Bad plan.  You planned 1 tests but ran 0.
t/03_samples.t       (Wstat: 2304 Tests: 0 Failed: 0)
  Non-zero exit status: 9
  Parse errors: No plan found in TAP output
t/05_preparse.t      (Wstat: 2304 Tests: 0 Failed: 0)
  Non-zero exit status: 9
  Parse errors: Bad plan.  You planned 6 tests but ran 0.
t/strict.t           (Wstat: 2304 Tests: 0 Failed: 0)
  Non-zero exit status: 9
  Parse errors: No plan found in TAP output
Files=6, Tests=1,  0 wallclock secs ( 0.01 usr  0.02 sys +  0.25 cusr  0.06 csys =  0.34 CPU)
Result: FAIL
Failed 4/6 test programs. 0/1 subtests failed.
make: *** [Makefile:848: test_dynamic] Error 9


PREREQUISITES:

Here is a list of prerequisites you specified and versions we
managed to load:

	  Module Name                        Have     Want
	  ExtUtils::MakeMaker                7.58        0
	  File::Spec                         3.75        0
	  Test::More                     1.302183        0

Perl module toolchain versions installed:
	Module Name                        Have
	CPANPLUS                         0.9910
	CPANPLUS::Dist::Build              0.90
	Cwd                                3.75
	ExtUtils::CBuilder             0.280235
	ExtUtils::Command                  7.58
	ExtUtils::Install                  2.20
	ExtUtils::MakeMaker                7.58
	ExtUtils::Manifest                 1.73
	ExtUtils::ParseXS                  3.35
	File::Spec                         3.75
	Module::Build                    0.4231
	Pod::Parser                        1.35
	Pod::Simple                        3.40
	Test2                          1.302183
	Test::Harness                      3.42
	Test::More                     1.302183
	version                          0.9928

******************************** NOTE ********************************
The comments above are created mechanically, possibly without manual
checking by the sender.  As there are many people performing automatic
tests on each upload to CPAN, it is likely that you will receive
identical messages about the same problem.

If you believe that the message is mistaken, please reply to the first
one with correction and/or additional informations, and do not take
it personally.  We appreciate your patience. :)
**********************************************************************

Additional comments:


This report was machine-generated by CPANPLUS::Dist::YACSmoke 1.08.
Powered by minismokebox version 0.68

CPANPLUS is prefering Build.PL

------------------------------
ENVIRONMENT AND OTHER CONTEXT
------------------------------

Environment variables:

    AUTOMATED_TESTING = 1
    LANG = en_GB.UTF-8
    LANGUAGE = en_GB:en
    NONINTERACTIVE_TESTING = 1
    PATH = /home/cpan/pit/jail/PvFx5SohCW/bin:/usr/local/sbin:/usr/local/bin:/usr/sbin:/usr/bin:/sbin:/bin:/usr/games:/usr/local/games:/snap/bin
    PERL5LIB = /home/cpan/pit/jail/PvFx5SohCW/lib/perl5:/home/cpan/pit/thr-ld/conf/perl-5.8.9/.cpanplus/5.8.9/build/HPlpzZ1w2k/Template-Tiny-Strict-1.17/blib/lib:/home/cpan/pit/thr-ld/conf/perl-5.8.9/.cpanplus/5.8.9/build/HPlpzZ1w2k/Template-Tiny-Strict-1.17/blib/arch
    PERL5_CPANPLUS_IS_RUNNING = 1128871
    PERL5_CPANPLUS_IS_VERSION = 0.9910
    PERL5_MINISMOKEBOX = 0.68
    PERL5_YACSMOKE_BASE = /home/cpan/pit/thr-ld/conf/perl-5.8.9
    PERL_EXTUTILS_AUTOINSTALL = --defaultdeps
    PERL_LOCAL_LIB_ROOT = /home/cpan/pit/jail/PvFx5SohCW
    PERL_MB_OPT = --install_base "/home/cpan/pit/jail/PvFx5SohCW"
    PERL_MM_OPT = INSTALL_BASE=/home/cpan/pit/jail/PvFx5SohCW
    PERL_MM_USE_DEFAULT = 1
    SHELL = /bin/bash
    TERM = screen

Perl special variables (and OS-specific diagnostics, for MSWin32):

    Perl: $^X = /home/cpan/pit/thr-ld/perl-5.8.9/bin/perl
    UID:  $<  = 1001
    EUID: $>  = 1001
    GID:  $(  = 1001 1001
    EGID: $)  = 1001 1001


-------------------------------


--

Summary of my perl5 (revision 5 version 8 subversion 9) configuration:
  Platform:
    osname=linux, osvers=5.4.0-26-generic, archname=x86_64-linux-thread-multi-ld
    uname='linux uchder 5.4.0-26-generic #30-ubuntu smp mon apr 20 16:58:30 utc 2020 x86_64 x86_64 x86_64 gnulinux '
    config_args='-des -Dprefix=/home/cpan/pit/thr-ld/perl-5.8.9 -Dusethreads -Duselongdouble'
    hint=recommended, useposix=true, d_sigaction=define
    usethreads=define use5005threads=undef useithreads=define usemultiplicity=define
    useperlio=define d_sfio=undef uselargefiles=define usesocks=undef
    use64bitint=define use64bitall=define uselongdouble=define
    usemymalloc=n, bincompat5005=undef
  Compiler:
    cc='cc', ccflags ='-D_REENTRANT -D_GNU_SOURCE -fwrapv -fno-strict-aliasing -pipe -I/usr/local/include -D_LARGEFILE_SOURCE -D_FILE_OFFSET_BITS=64',
    optimize='-O2',
    cppflags='-D_REENTRANT -D_GNU_SOURCE -fwrapv -fno-strict-aliasing -pipe -I/usr/local/include'
    ccversion='', gccversion='9.3.0', gccosandvers=''
    intsize=4, longsize=8, ptrsize=8, doublesize=8, byteorder=12345678
    d_longlong=define, longlongsize=8, d_longdbl=define, longdblsize=16
    ivtype='long', ivsize=8, nvtype='long double', nvsize=16, Off_t='off_t', lseeksize=8
    alignbytes=16, prototype=define
  Linker and Libraries:
    ld='cc', ldflags =' -L/usr/local/lib'
    libpth=/usr/local/lib /lib/x86_64-linux-gnu /lib/../lib /usr/lib/x86_64-linux-gnu /usr/lib/../lib /lib /usr/lib
    libs=-lnsl -lgdbm -ldl -lm -lcrypt -lutil -lpthread -lc
    perllibs=-lnsl -ldl -lm -lcrypt -lutil -lpthread -lc
    libc=libc-2.31.so, so=so, useshrplib=false, libperl=libperl.a
    gnulibc_version='2.31'
  Dynamic Linking:
    dlsrc=dl_dlopen.xs, dlext=so, d_dlsymun=undef, ccdlflags='-Wl,-E'
    cccdlflags='-fPIC', lddlflags='-shared -O2 -L/usr/local/lib'


Characteristics of this binary (from libperl): 
  Compile-time options: MULTIPLICITY PERL_IMPLICIT_CONTEXT PERL_MALLOC_WRAP
                        USE_64_BIT_ALL USE_64_BIT_INT USE_FAST_STDIO
                        USE_ITHREADS USE_LARGE_FILES USE_LONG_DOUBLE
                        USE_PERLIO USE_REENTRANT_API
  Locally applied patches:
	Devel::PatchPerl 1.92
  Built under linux
  Compiled at Apr 27 2020 23:09:47
  %ENV:
    PERL5LIB="/home/cpan/pit/jail/PvFx5SohCW/lib/perl5:/home/cpan/pit/thr-ld/conf/perl-5.8.9/.cpanplus/5.8.9/build/HPlpzZ1w2k/Template-Tiny-Strict-1.17/blib/lib:/home/cpan/pit/thr-ld/conf/perl-5.8.9/.cpanplus/5.8.9/build/HPlpzZ1w2k/Template-Tiny-Strict-1.17/blib/arch"
    PERL5_CPANPLUS_IS_RUNNING="1128871"
    PERL5_CPANPLUS_IS_VERSION="0.9910"
    PERL5_MINISMOKEBOX="0.68"
    PERL5_YACSMOKE_BASE="/home/cpan/pit/thr-ld/conf/perl-5.8.9"
    PERL_EXTUTILS_AUTOINSTALL="--defaultdeps"
    PERL_LOCAL_LIB_ROOT="/home/cpan/pit/jail/PvFx5SohCW"
    PERL_MB_OPT="--install_base "/home/cpan/pit/jail/PvFx5SohCW""
    PERL_MM_OPT="INSTALL_BASE=/home/cpan/pit/jail/PvFx5SohCW"
    PERL_MM_USE_DEFAULT="1"
  @INC:
    /home/cpan/pit/jail/PvFx5SohCW/lib/perl5/5.8.9/x86_64-linux-thread-multi-ld
    /home/cpan/pit/jail/PvFx5SohCW/lib/perl5/5.8.9
    /home/cpan/pit/jail/PvFx5SohCW/lib/perl5/x86_64-linux-thread-multi-ld
    /home/cpan/pit/jail/PvFx5SohCW/lib/perl5
    /home/cpan/pit/thr-ld/conf/perl-5.8.9/.cpanplus/5.8.9/build/HPlpzZ1w2k/Template-Tiny-Strict-1.17/blib/lib
    /home/cpan/pit/thr-ld/conf/perl-5.8.9/.cpanplus/5.8.9/build/HPlpzZ1w2k/Template-Tiny-Strict-1.17/blib/arch
    /home/cpan/pit/thr-ld/perl-5.8.9/lib/5.8.9/x86_64-linux-thread-multi-ld
    /home/cpan/pit/thr-ld/perl-5.8.9/lib/5.8.9
    /home/cpan/pit/thr-ld/perl-5.8.9/lib/site_perl/5.8.9/x86_64-linux-thread-multi-ld
    /home/cpan/pit/thr-ld/perl-5.8.9/lib/site_perl/5.8.9
    .