Report for Fey-ORM-0.38

Back
From: metabase:user:9820532a-708b-1014-9a05-b18a96298da1
Subject: FAIL Fey-ORM-0.38 v5.15.2 FreeBSD
Date: 2011-08-27T23:27:19Z

This distribution has been tested as part of the CPAN Testers
project, supporting the Perl programming language.  See
http://wiki.cpantesters.org/ for more information or email
questions to cpan-testers-discuss@perl.org


--
Dear Dave Rolsky,

This is a computer-generated report for Fey-ORM-0.38
on perl 5.15.2, created by CPAN-Reporter-1.2002.

Thank you for uploading your work to CPAN.  However, there was a problem
testing your distribution.

If you think this report is invalid, please consult the CPAN Testers Wiki
for suggestions on how to avoid getting FAIL reports for missing library
or binary dependencies, unsupported operating systems, and so on:

http://wiki.cpantesters.org/wiki/CPANAuthorNotes

Sections of this report:

    * Tester comments
    * Program output
    * Prerequisites
    * Environment and other context

------------------------------
TESTER COMMENTS
------------------------------

Additional comments from tester:

this report is from an automated smoke testing program
and was not reviewed by a human for accuracy

------------------------------
PROGRAM OUTPUT
------------------------------

Output from '/usr/bin/make test':

PERL_DL_NONLAZY=1 /home/test/perl5/perlbrew/perls/perl-5.15.2/bin/perl5.15.2 "-MExtUtils::Command::MM" "-e" "test_harness(0, 'blib/lib', 'blib/arch')" t/*.t t/Class/*.t t/Object/*.t t/Object/Iterator/*.t t/Object/Iterator/FromSelect/*.t
Can't locate MooseX/StrictConstructor/Role/Meta/Method/Constructor.pm in @INC (@INC contains: t/lib /usr/home/test/.cpan/build/Fey-ORM-0.38-ad4Z5n/blib/lib /usr/home/test/.cpan/build/Fey-ORM-0.38-ad4Z5n/blib/arch /home/test/perl5/perlbrew/perls/perl-5.15.2/lib/site_perl/5.15.2/amd64-freebsd /home/test/perl5/perlbrew/perls/perl-5.15.2/lib/site_perl/5.15.2 /home/test/perl5/perlbrew/perls/perl-5.15.2/lib/5.15.2/amd64-freebsd /home/test/perl5/perlbrew/perls/perl-5.15.2/lib/5.15.2 .). at /home/test/perl5/perlbrew/perls/perl-5.15.2/lib/site_perl/5.15.2/amd64-freebsd/Class/MOP.pm line 135
	Class::MOP::load_first_existing_class('MooseX::StrictConstructor::Role::Meta::Method::Constructor') called at /home/test/perl5/perlbrew/perls/perl-5.15.2/lib/site_perl/5.15.2/amd64-freebsd/Class/MOP.pm line 140
	Class::MOP::load_class('MooseX::StrictConstructor::Role::Meta::Method::Constructor', undef) called at /home/test/perl5/perlbrew/perls/perl-5.15.2/lib/site_perl/5.15.2/amd64-freebsd/Moose/Util.pm line 131
	Moose::Util::_apply_all_roles('Moose::Meta::Class=HASH(0x8041ec0d8)', undef, 'MooseX::StrictConstructor::Role::Meta::Method::Constructor') called at /home/test/perl5/perlbrew/perls/perl-5.15.2/lib/site_perl/5.15.2/amd64-freebsd/Moose/Util.pm line 98
	Moose::Util::apply_all_roles('Moose::Meta::Class=HASH(0x8041ec0d8)', 'MooseX::StrictConstructor::Role::Meta::Method::Constructor') called at /home/test/perl5/perlbrew/perls/perl-5.15.2/lib/site_perl/5.15.2/amd64-freebsd/Moose.pm line 65
	Moose::with('Moose::Meta::Class=HASH(0x8041ec0d8)', 'MooseX::StrictConstructor::Role::Meta::Method::Constructor') called at /home/test/perl5/perlbrew/perls/perl-5.15.2/lib/site_perl/5.15.2/amd64-freebsd/Moose/Exporter.pm line 356
	Moose::with('MooseX::StrictConstructor::Role::Meta::Method::Constructor') called at /usr/home/test/.cpan/build/Fey-ORM-0.38-ad4Z5n/blib/lib/Fey/Meta/Method/Constructor.pm line 14
	require Fey/Meta/Method/Constructor.pm called at /usr/home/test/.cpan/build/Fey-ORM-0.38-ad4Z5n/blib/lib/Fey/Meta/Class/Table.pm line 21
	Fey::Meta::Class::Table::BEGIN() called at /usr/home/test/.cpan/build/Fey-ORM-0.38-ad4Z5n/blib/lib/Fey/Meta/Method/Constructor.pm line 0
	eval {...} called at /usr/home/test/.cpan/build/Fey-ORM-0.38-ad4Z5n/blib/lib/Fey/Meta/Method/Constructor.pm line 0
	require Fey/Meta/Class/Table.pm called at /usr/home/test/.cpan/build/Fey-ORM-0.38-ad4Z5n/blib/lib/Fey/Object/Schema.pm line 10
	Fey::Object::Schema::BEGIN() called at /usr/home/test/.cpan/build/Fey-ORM-0.38-ad4Z5n/blib/lib/Fey/Meta/Method/Constructor.pm line 0
	eval {...} called at /usr/home/test/.cpan/build/Fey-ORM-0.38-ad4Z5n/blib/lib/Fey/Meta/Method/Constructor.pm line 0
	require Fey/Object/Schema.pm called at /usr/home/test/.cpan/build/Fey-ORM-0.38-ad4Z5n/blib/lib/Fey/ORM/Schema.pm line 11
	Fey::ORM::Schema::BEGIN() called at /usr/home/test/.cpan/build/Fey-ORM-0.38-ad4Z5n/blib/lib/Fey/Meta/Method/Constructor.pm line 0
	eval {...} called at /usr/home/test/.cpan/build/Fey-ORM-0.38-ad4Z5n/blib/lib/Fey/Meta/Method/Constructor.pm line 0
	require Fey/ORM/Schema.pm called at t/Class/Policy.t line 105
	Schema::BEGIN() called at /usr/home/test/.cpan/build/Fey-ORM-0.38-ad4Z5n/blib/lib/Fey/Meta/Method/Constructor.pm line 0
	eval {...} called at /usr/home/test/.cpan/build/Fey-ORM-0.38-ad4Z5n/blib/lib/Fey/Meta/Method/Constructor.pm line 0
Compilation failed in require at /usr/home/test/.cpan/build/Fey-ORM-0.38-ad4Z5n/blib/lib/Fey/Meta/Class/Table.pm line 21.
BEGIN failed--compilation aborted at /usr/home/test/.cpan/build/Fey-ORM-0.38-ad4Z5n/blib/lib/Fey/Meta/Class/Table.pm line 21.
Compilation failed in require at /usr/home/test/.cpan/build/Fey-ORM-0.38-ad4Z5n/blib/lib/Fey/Object/Schema.pm line 10.
BEGIN failed--compilation aborted at /usr/home/test/.cpan/build/Fey-ORM-0.38-ad4Z5n/blib/lib/Fey/Object/Schema.pm line 10.
Compilation failed in require at /usr/home/test/.cpan/build/Fey-ORM-0.38-ad4Z5n/blib/lib/Fey/ORM/Schema.pm line 11.
BEGIN failed--compilation aborted at /usr/home/test/.cpan/build/Fey-ORM-0.38-ad4Z5n/blib/lib/Fey/ORM/Schema.pm line 11.
Compilation failed in require at t/Class/Policy.t line 105.
BEGIN failed--compilation aborted at t/Class/Policy.t line 105.
t/Class/Policy.t ........................ 
Dubious, test returned 2 (wstat 512, 0x200)
No subtests run 
Can't locate MooseX/StrictConstructor/Role/Meta/Method/Constructor.pm in @INC (@INC contains: t/lib /usr/home/test/.cpan/build/Fey-ORM-0.38-ad4Z5n/blib/lib /usr/home/test/.cpan/build/Fey-ORM-0.38-ad4Z5n/blib/arch /home/test/perl5/perlbrew/perls/perl-5.15.2/lib/site_perl/5.15.2/amd64-freebsd /home/test/perl5/perlbrew/perls/perl-5.15.2/lib/site_perl/5.15.2 /home/test/perl5/perlbrew/perls/perl-5.15.2/lib/5.15.2/amd64-freebsd /home/test/perl5/perlbrew/perls/perl-5.15.2/lib/5.15.2 .). at /home/test/perl5/perlbrew/perls/perl-5.15.2/lib/site_perl/5.15.2/amd64-freebsd/Class/MOP.pm line 135
	Class::MOP::load_first_existing_class('MooseX::StrictConstructor::Role::Meta::Method::Constructor') called at /home/test/perl5/perlbrew/perls/perl-5.15.2/lib/site_perl/5.15.2/amd64-freebsd/Class/MOP.pm line 140
	Class::MOP::load_class('MooseX::StrictConstructor::Role::Meta::Method::Constructor', undef) called at /home/test/perl5/perlbrew/perls/perl-5.15.2/lib/site_perl/5.15.2/amd64-freebsd/Moose/Util.pm line 131
	Moose::Util::_apply_all_roles('Moose::Meta::Class=HASH(0x8041f5b58)', undef, 'MooseX::StrictConstructor::Role::Meta::Method::Constructor') called at /home/test/perl5/perlbrew/perls/perl-5.15.2/lib/site_perl/5.15.2/amd64-freebsd/Moose/Util.pm line 98
	Moose::Util::apply_all_roles('Moose::Meta::Class=HASH(0x8041f5b58)', 'MooseX::StrictConstructor::Role::Meta::Method::Constructor') called at /home/test/perl5/perlbrew/perls/perl-5.15.2/lib/site_perl/5.15.2/amd64-freebsd/Moose.pm line 65
	Moose::with('Moose::Meta::Class=HASH(0x8041f5b58)', 'MooseX::StrictConstructor::Role::Meta::Method::Constructor') called at /home/test/perl5/perlbrew/perls/perl-5.15.2/lib/site_perl/5.15.2/amd64-freebsd/Moose/Exporter.pm line 356
	Moose::with('MooseX::StrictConstructor::Role::Meta::Method::Constructor') called at /usr/home/test/.cpan/build/Fey-ORM-0.38-ad4Z5n/blib/lib/Fey/Meta/Method/Constructor.pm line 14
	require Fey/Meta/Method/Constructor.pm called at /usr/home/test/.cpan/build/Fey-ORM-0.38-ad4Z5n/blib/lib/Fey/Meta/Class/Table.pm line 21
	Fey::Meta::Class::Table::BEGIN() called at /usr/home/test/.cpan/build/Fey-ORM-0.38-ad4Z5n/blib/lib/Fey/Meta/Method/Constructor.pm line 0
	eval {...} called at /usr/home/test/.cpan/build/Fey-ORM-0.38-ad4Z5n/blib/lib/Fey/Meta/Method/Constructor.pm line 0
	require Fey/Meta/Class/Table.pm called at /usr/home/test/.cpan/build/Fey-ORM-0.38-ad4Z5n/blib/lib/Fey/Object/Schema.pm line 10
	Fey::Object::Schema::BEGIN() called at /usr/home/test/.cpan/build/Fey-ORM-0.38-ad4Z5n/blib/lib/Fey/Meta/Method/Constructor.pm line 0
	eval {...} called at /usr/home/test/.cpan/build/Fey-ORM-0.38-ad4Z5n/blib/lib/Fey/Meta/Method/Constructor.pm line 0
	require Fey/Object/Schema.pm called at /usr/home/test/.cpan/build/Fey-ORM-0.38-ad4Z5n/blib/lib/Fey/ORM/Schema.pm line 11
	Fey::ORM::Schema::BEGIN() called at /usr/home/test/.cpan/build/Fey-ORM-0.38-ad4Z5n/blib/lib/Fey/Meta/Method/Constructor.pm line 0
	eval {...} called at /usr/home/test/.cpan/build/Fey-ORM-0.38-ad4Z5n/blib/lib/Fey/Meta/Method/Constructor.pm line 0
	require Fey/ORM/Schema.pm called at t/Class/Schema.t line 16
	Schema::BEGIN() called at /usr/home/test/.cpan/build/Fey-ORM-0.38-ad4Z5n/blib/lib/Fey/Meta/Method/Constructor.pm line 0
	eval {...} called at /usr/home/test/.cpan/build/Fey-ORM-0.38-ad4Z5n/blib/lib/Fey/Meta/Method/Constructor.pm line 0
Compilation failed in require at /usr/home/test/.cpan/build/Fey-ORM-0.38-ad4Z5n/blib/lib/Fey/Meta/Class/Table.pm line 21.
BEGIN failed--compilation aborted at /usr/home/test/.cpan/build/Fey-ORM-0.38-ad4Z5n/blib/lib/Fey/Meta/Class/Table.pm line 21.
Compilation failed in require at /usr/home/test/.cpan/build/Fey-ORM-0.38-ad4Z5n/blib/lib/Fey/Object/Schema.pm line 10.
BEGIN failed--compilation aborted at /usr/home/test/.cpan/build/Fey-ORM-0.38-ad4Z5n/blib/lib/Fey/Object/Schema.pm line 10.
Compilation failed in require at /usr/home/test/.cpan/build/Fey-ORM-0.38-ad4Z5n/blib/lib/Fey/ORM/Schema.pm line 11.
BEGIN failed--compilation aborted at /usr/home/test/.cpan/build/Fey-ORM-0.38-ad4Z5n/blib/lib/Fey/ORM/Schema.pm line 11.
Compilation failed in require at t/Class/Schema.t line 16.
BEGIN failed--compilation aborted at t/Class/Schema.t line 16.
t/Class/Schema.t ........................ 
Dubious, test returned 2 (wstat 512, 0x200)
No subtests run 
Can't locate MooseX/StrictConstructor/Role/Meta/Method/Constructor.pm in @INC (@INC contains: t/lib /usr/home/test/.cpan/build/Fey-ORM-0.38-ad4Z5n/blib/lib /usr/home/test/.cpan/build/Fey-ORM-0.38-ad4Z5n/blib/arch /home/test/perl5/perlbrew/perls/perl-5.15.2/lib/site_perl/5.15.2/amd64-freebsd /home/test/perl5/perlbrew/perls/perl-5.15.2/lib/site_perl/5.15.2 /home/test/perl5/perlbrew/perls/perl-5.15.2/lib/5.15.2/amd64-freebsd /home/test/perl5/perlbrew/perls/perl-5.15.2/lib/5.15.2 .). at /home/test/perl5/perlbrew/perls/perl-5.15.2/lib/site_perl/5.15.2/amd64-freebsd/Class/MOP.pm line 135
	Class::MOP::load_first_existing_class('MooseX::StrictConstructor::Role::Meta::Method::Constructor') called at /home/test/perl5/perlbrew/perls/perl-5.15.2/lib/site_perl/5.15.2/amd64-freebsd/Class/MOP.pm line 140
	Class::MOP::load_class('MooseX::StrictConstructor::Role::Meta::Method::Constructor', undef) called at /home/test/perl5/perlbrew/perls/perl-5.15.2/lib/site_perl/5.15.2/amd64-freebsd/Moose/Util.pm line 131
	Moose::Util::_apply_all_roles('Moose::Meta::Class=HASH(0x8041f7b70)', undef, 'MooseX::StrictConstructor::Role::Meta::Method::Constructor') called at /home/test/perl5/perlbrew/perls/perl-5.15.2/lib/site_perl/5.15.2/amd64-freebsd/Moose/Util.pm line 98
	Moose::Util::apply_all_roles('Moose::Meta::Class=HASH(0x8041f7b70)', 'MooseX::StrictConstructor::Role::Meta::Method::Constructor') called at /home/test/perl5/perlbrew/perls/perl-5.15.2/lib/site_perl/5.15.2/amd64-freebsd/Moose.pm line 65
	Moose::with('Moose::Meta::Class=HASH(0x8041f7b70)', 'MooseX::StrictConstructor::Role::Meta::Method::Constructor') called at /home/test/perl5/perlbrew/perls/perl-5.15.2/lib/site_perl/5.15.2/amd64-freebsd/Moose/Exporter.pm line 356
	Moose::with('MooseX::StrictConstructor::Role::Meta::Method::Constructor') called at /usr/home/test/.cpan/build/Fey-ORM-0.38-ad4Z5n/blib/lib/Fey/Meta/Method/Constructor.pm line 14
	require Fey/Meta/Method/Constructor.pm called at /usr/home/test/.cpan/build/Fey-ORM-0.38-ad4Z5n/blib/lib/Fey/Meta/Class/Table.pm line 21
	Fey::Meta::Class::Table::BEGIN() called at /usr/home/test/.cpan/build/Fey-ORM-0.38-ad4Z5n/blib/lib/Fey/Meta/Method/Constructor.pm line 0
	eval {...} called at /usr/home/test/.cpan/build/Fey-ORM-0.38-ad4Z5n/blib/lib/Fey/Meta/Method/Constructor.pm line 0
	require Fey/Meta/Class/Table.pm called at /usr/home/test/.cpan/build/Fey-ORM-0.38-ad4Z5n/blib/lib/Fey/Object/Schema.pm line 10
	Fey::Object::Schema::BEGIN() called at /usr/home/test/.cpan/build/Fey-ORM-0.38-ad4Z5n/blib/lib/Fey/Meta/Method/Constructor.pm line 0
	eval {...} called at /usr/home/test/.cpan/build/Fey-ORM-0.38-ad4Z5n/blib/lib/Fey/Meta/Method/Constructor.pm line 0
	require Fey/Object/Schema.pm called at /usr/home/test/.cpan/build/Fey-ORM-0.38-ad4Z5n/blib/lib/Fey/ORM/Schema.pm line 11
	Fey::ORM::Schema::BEGIN() called at /usr/home/test/.cpan/build/Fey-ORM-0.38-ad4Z5n/blib/lib/Fey/Meta/Method/Constructor.pm line 0
	eval {...} called at /usr/home/test/.cpan/build/Fey-ORM-0.38-ad4Z5n/blib/lib/Fey/Meta/Method/Constructor.pm line 0
	require Fey/ORM/Schema.pm called at t/Class/Table-has_many.t line 17
	Schema::BEGIN() called at /usr/home/test/.cpan/build/Fey-ORM-0.38-ad4Z5n/blib/lib/Fey/Meta/Method/Constructor.pm line 0
	eval {...} called at /usr/home/test/.cpan/build/Fey-ORM-0.38-ad4Z5n/blib/lib/Fey/Meta/Method/Constructor.pm line 0
Compilation failed in require at /usr/home/test/.cpan/build/Fey-ORM-0.38-ad4Z5n/blib/lib/Fey/Meta/Class/Table.pm line 21.
BEGIN failed--compilation aborted at /usr/home/test/.cpan/build/Fey-ORM-0.38-ad4Z5n/blib/lib/Fey/Meta/Class/Table.pm line 21.
Compilation failed in require at /usr/home/test/.cpan/build/Fey-ORM-0.38-ad4Z5n/blib/lib/Fey/Object/Schema.pm line 10.
BEGIN failed--compilation aborted at /usr/home/test/.cpan/build/Fey-ORM-0.38-ad4Z5n/blib/lib/Fey/Object/Schema.pm line 10.
Compilation failed in require at /usr/home/test/.cpan/build/Fey-ORM-0.38-ad4Z5n/blib/lib/Fey/ORM/Schema.pm line 11.
BEGIN failed--compilation aborted at /usr/home/test/.cpan/build/Fey-ORM-0.38-ad4Z5n/blib/lib/Fey/ORM/Schema.pm line 11.
Compilation failed in require at t/Class/Table-has_many.t line 17.
BEGIN failed--compilation aborted at t/Class/Table-has_many.t line 17.
t/Class/Table-has_many.t ................ 
Dubious, test returned 2 (wstat 512, 0x200)
No subtests run 
Can't locate MooseX/StrictConstructor/Role/Meta/Method/Constructor.pm in @INC (@INC contains: t/lib /usr/home/test/.cpan/build/Fey-ORM-0.38-ad4Z5n/blib/lib /usr/home/test/.cpan/build/Fey-ORM-0.38-ad4Z5n/blib/arch /home/test/perl5/perlbrew/perls/perl-5.15.2/lib/site_perl/5.15.2/amd64-freebsd /home/test/perl5/perlbrew/perls/perl-5.15.2/lib/site_perl/5.15.2 /home/test/perl5/perlbrew/perls/perl-5.15.2/lib/5.15.2/amd64-freebsd /home/test/perl5/perlbrew/perls/perl-5.15.2/lib/5.15.2 .). at /home/test/perl5/perlbrew/perls/perl-5.15.2/lib/site_perl/5.15.2/amd64-freebsd/Class/MOP.pm line 135
	Class::MOP::load_first_existing_class('MooseX::StrictConstructor::Role::Meta::Method::Constructor') called at /home/test/perl5/perlbrew/perls/perl-5.15.2/lib/site_perl/5.15.2/amd64-freebsd/Class/MOP.pm line 140
	Class::MOP::load_class('MooseX::StrictConstructor::Role::Meta::Method::Constructor', undef) called at /home/test/perl5/perlbrew/perls/perl-5.15.2/lib/site_perl/5.15.2/amd64-freebsd/Moose/Util.pm line 131
	Moose::Util::_apply_all_roles('Moose::Meta::Class=HASH(0x8041f8b70)', undef, 'MooseX::StrictConstructor::Role::Meta::Method::Constructor') called at /home/test/perl5/perlbrew/perls/perl-5.15.2/lib/site_perl/5.15.2/amd64-freebsd/Moose/Util.pm line 98
	Moose::Util::apply_all_roles('Moose::Meta::Class=HASH(0x8041f8b70)', 'MooseX::StrictConstructor::Role::Meta::Method::Constructor') called at /home/test/perl5/perlbrew/perls/perl-5.15.2/lib/site_perl/5.15.2/amd64-freebsd/Moose.pm line 65
	Moose::with('Moose::Meta::Class=HASH(0x8041f8b70)', 'MooseX::StrictConstructor::Role::Meta::Method::Constructor') called at /home/test/perl5/perlbrew/perls/perl-5.15.2/lib/site_perl/5.15.2/amd64-freebsd/Moose/Exporter.pm line 356
	Moose::with('MooseX::StrictConstructor::Role::Meta::Method::Constructor') called at /usr/home/test/.cpan/build/Fey-ORM-0.38-ad4Z5n/blib/lib/Fey/Meta/Method/Constructor.pm line 14
	require Fey/Meta/Method/Constructor.pm called at /usr/home/test/.cpan/build/Fey-ORM-0.38-ad4Z5n/blib/lib/Fey/Meta/Class/Table.pm line 21
	Fey::Meta::Class::Table::BEGIN() called at /usr/home/test/.cpan/build/Fey-ORM-0.38-ad4Z5n/blib/lib/Fey/Meta/Method/Constructor.pm line 0
	eval {...} called at /usr/home/test/.cpan/build/Fey-ORM-0.38-ad4Z5n/blib/lib/Fey/Meta/Method/Constructor.pm line 0
	require Fey/Meta/Class/Table.pm called at /usr/home/test/.cpan/build/Fey-ORM-0.38-ad4Z5n/blib/lib/Fey/Object/Schema.pm line 10
	Fey::Object::Schema::BEGIN() called at /usr/home/test/.cpan/build/Fey-ORM-0.38-ad4Z5n/blib/lib/Fey/Meta/Method/Constructor.pm line 0
	eval {...} called at /usr/home/test/.cpan/build/Fey-ORM-0.38-ad4Z5n/blib/lib/Fey/Meta/Method/Constructor.pm line 0
	require Fey/Object/Schema.pm called at /usr/home/test/.cpan/build/Fey-ORM-0.38-ad4Z5n/blib/lib/Fey/ORM/Schema.pm line 11
	Fey::ORM::Schema::BEGIN() called at /usr/home/test/.cpan/build/Fey-ORM-0.38-ad4Z5n/blib/lib/Fey/Meta/Method/Constructor.pm line 0
	eval {...} called at /usr/home/test/.cpan/build/Fey-ORM-0.38-ad4Z5n/blib/lib/Fey/Meta/Method/Constructor.pm line 0
	require Fey/ORM/Schema.pm called at t/Class/Table-has_one.t line 17
	Schema::BEGIN() called at /usr/home/test/.cpan/build/Fey-ORM-0.38-ad4Z5n/blib/lib/Fey/Meta/Method/Constructor.pm line 0
	eval {...} called at /usr/home/test/.cpan/build/Fey-ORM-0.38-ad4Z5n/blib/lib/Fey/Meta/Method/Constructor.pm line 0
Compilation failed in require at /usr/home/test/.cpan/build/Fey-ORM-0.38-ad4Z5n/blib/lib/Fey/Meta/Class/Table.pm line 21.
BEGIN failed--compilation aborted at /usr/home/test/.cpan/build/Fey-ORM-0.38-ad4Z5n/blib/lib/Fey/Meta/Class/Table.pm line 21.
Compilation failed in require at /usr/home/test/.cpan/build/Fey-ORM-0.38-ad4Z5n/blib/lib/Fey/Object/Schema.pm line 10.
BEGIN failed--compilation aborted at /usr/home/test/.cpan/build/Fey-ORM-0.38-ad4Z5n/blib/lib/Fey/Object/Schema.pm line 10.
Compilation failed in require at /usr/home/test/.cpan/build/Fey-ORM-0.38-ad4Z5n/blib/lib/Fey/ORM/Schema.pm line 11.
BEGIN failed--compilation aborted at /usr/home/test/.cpan/build/Fey-ORM-0.38-ad4Z5n/blib/lib/Fey/ORM/Schema.pm line 11.
Compilation failed in require at t/Class/Table-has_one.t line 17.
BEGIN failed--compilation aborted at t/Class/Table-has_one.t line 17.
t/Class/Table-has_one.t ................. 
Dubious, test returned 2 (wstat 512, 0x200)
No subtests run 
Can't locate MooseX/StrictConstructor/Role/Meta/Method/Constructor.pm in @INC (@INC contains: t/lib /usr/home/test/.cpan/build/Fey-ORM-0.38-ad4Z5n/blib/lib /usr/home/test/.cpan/build/Fey-ORM-0.38-ad4Z5n/blib/arch /home/test/perl5/perlbrew/perls/perl-5.15.2/lib/site_perl/5.15.2/amd64-freebsd /home/test/perl5/perlbrew/perls/perl-5.15.2/lib/site_perl/5.15.2 /home/test/perl5/perlbrew/perls/perl-5.15.2/lib/5.15.2/amd64-freebsd /home/test/perl5/perlbrew/perls/perl-5.15.2/lib/5.15.2 .). at /home/test/perl5/perlbrew/perls/perl-5.15.2/lib/site_perl/5.15.2/amd64-freebsd/Class/MOP.pm line 135
	Class::MOP::load_first_existing_class('MooseX::StrictConstructor::Role::Meta::Method::Constructor') called at /home/test/perl5/perlbrew/perls/perl-5.15.2/lib/site_perl/5.15.2/amd64-freebsd/Class/MOP.pm line 140
	Class::MOP::load_class('MooseX::StrictConstructor::Role::Meta::Method::Constructor', undef) called at /home/test/perl5/perlbrew/perls/perl-5.15.2/lib/site_perl/5.15.2/amd64-freebsd/Moose/Util.pm line 131
	Moose::Util::_apply_all_roles('Moose::Meta::Class=HASH(0x8041da528)', undef, 'MooseX::StrictConstructor::Role::Meta::Method::Constructor') called at /home/test/perl5/perlbrew/perls/perl-5.15.2/lib/site_perl/5.15.2/amd64-freebsd/Moose/Util.pm line 98
	Moose::Util::apply_all_roles('Moose::Meta::Class=HASH(0x8041da528)', 'MooseX::StrictConstructor::Role::Meta::Method::Constructor') called at /home/test/perl5/perlbrew/perls/perl-5.15.2/lib/site_perl/5.15.2/amd64-freebsd/Moose.pm line 65
	Moose::with('Moose::Meta::Class=HASH(0x8041da528)', 'MooseX::StrictConstructor::Role::Meta::Method::Constructor') called at /home/test/perl5/perlbrew/perls/perl-5.15.2/lib/site_perl/5.15.2/amd64-freebsd/Moose/Exporter.pm line 356
	Moose::with('MooseX::StrictConstructor::Role::Meta::Method::Constructor') called at /usr/home/test/.cpan/build/Fey-ORM-0.38-ad4Z5n/blib/lib/Fey/Meta/Method/Constructor.pm line 14
	require Fey/Meta/Method/Constructor.pm called at /usr/home/test/.cpan/build/Fey-ORM-0.38-ad4Z5n/blib/lib/Fey/Meta/Class/Table.pm line 21
	Fey::Meta::Class::Table::BEGIN() called at /usr/home/test/.cpan/build/Fey-ORM-0.38-ad4Z5n/blib/lib/Fey/Meta/Method/Constructor.pm line 0
	eval {...} called at /usr/home/test/.cpan/build/Fey-ORM-0.38-ad4Z5n/blib/lib/Fey/Meta/Method/Constructor.pm line 0
	require Fey/Meta/Class/Table.pm called at /usr/home/test/.cpan/build/Fey-ORM-0.38-ad4Z5n/blib/lib/Fey/ORM/Table.pm line 11
	Fey::ORM::Table::BEGIN() called at /usr/home/test/.cpan/build/Fey-ORM-0.38-ad4Z5n/blib/lib/Fey/Meta/Method/Constructor.pm line 0
	eval {...} called at /usr/home/test/.cpan/build/Fey-ORM-0.38-ad4Z5n/blib/lib/Fey/Meta/Method/Constructor.pm line 0
	require Fey/ORM/Table.pm called at t/Class/Table.t line 15
	Group::BEGIN() called at /usr/home/test/.cpan/build/Fey-ORM-0.38-ad4Z5n/blib/lib/Fey/Meta/Method/Constructor.pm line 0
	eval {...} called at /usr/home/test/.cpan/build/Fey-ORM-0.38-ad4Z5n/blib/lib/Fey/Meta/Method/Constructor.pm line 0
Compilation failed in require at /usr/home/test/.cpan/build/Fey-ORM-0.38-ad4Z5n/blib/lib/Fey/Meta/Class/Table.pm line 21.
BEGIN failed--compilation aborted at /usr/home/test/.cpan/build/Fey-ORM-0.38-ad4Z5n/blib/lib/Fey/Meta/Class/Table.pm line 21.
Compilation failed in require at /usr/home/test/.cpan/build/Fey-ORM-0.38-ad4Z5n/blib/lib/Fey/ORM/Table.pm line 11.
BEGIN failed--compilation aborted at /usr/home/test/.cpan/build/Fey-ORM-0.38-ad4Z5n/blib/lib/Fey/ORM/Table.pm line 11.
Compilation failed in require at t/Class/Table.t line 15.
BEGIN failed--compilation aborted at t/Class/Table.t line 15.
t/Class/Table.t ......................... 
Dubious, test returned 2 (wstat 512, 0x200)
No subtests run 
Can't locate MooseX/StrictConstructor/Role/Meta/Method/Constructor.pm in @INC (@INC contains: t/lib /usr/home/test/.cpan/build/Fey-ORM-0.38-ad4Z5n/blib/lib /usr/home/test/.cpan/build/Fey-ORM-0.38-ad4Z5n/blib/arch /home/test/perl5/perlbrew/perls/perl-5.15.2/lib/site_perl/5.15.2/amd64-freebsd /home/test/perl5/perlbrew/perls/perl-5.15.2/lib/site_perl/5.15.2 /home/test/perl5/perlbrew/perls/perl-5.15.2/lib/5.15.2/amd64-freebsd /home/test/perl5/perlbrew/perls/perl-5.15.2/lib/5.15.2 .). at /home/test/perl5/perlbrew/perls/perl-5.15.2/lib/site_perl/5.15.2/amd64-freebsd/Class/MOP.pm line 135
	Class::MOP::load_first_existing_class('MooseX::StrictConstructor::Role::Meta::Method::Constructor') called at /home/test/perl5/perlbrew/perls/perl-5.15.2/lib/site_perl/5.15.2/amd64-freebsd/Class/MOP.pm line 140
	Class::MOP::load_class('MooseX::StrictConstructor::Role::Meta::Method::Constructor', undef) called at /home/test/perl5/perlbrew/perls/perl-5.15.2/lib/site_perl/5.15.2/amd64-freebsd/Moose/Util.pm line 131
	Moose::Util::_apply_all_roles('Moose::Meta::Class=HASH(0x8044ebe88)', undef, 'MooseX::StrictConstructor::Role::Meta::Method::Constructor') called at /home/test/perl5/perlbrew/perls/perl-5.15.2/lib/site_perl/5.15.2/amd64-freebsd/Moose/Util.pm line 98
	Moose::Util::apply_all_roles('Moose::Meta::Class=HASH(0x8044ebe88)', 'MooseX::StrictConstructor::Role::Meta::Method::Constructor') called at /home/test/perl5/perlbrew/perls/perl-5.15.2/lib/site_perl/5.15.2/amd64-freebsd/Moose.pm line 65
	Moose::with('Moose::Meta::Class=HASH(0x8044ebe88)', 'MooseX::StrictConstructor::Role::Meta::Method::Constructor') called at /home/test/perl5/perlbrew/perls/perl-5.15.2/lib/site_perl/5.15.2/amd64-freebsd/Moose/Exporter.pm line 356
	Moose::with('MooseX::StrictConstructor::Role::Meta::Method::Constructor') called at /usr/home/test/.cpan/build/Fey-ORM-0.38-ad4Z5n/blib/lib/Fey/Meta/Method/Constructor.pm line 14
	require Fey/Meta/Method/Constructor.pm called at /usr/home/test/.cpan/build/Fey-ORM-0.38-ad4Z5n/blib/lib/Fey/Meta/Class/Table.pm line 21
	Fey::Meta::Class::Table::BEGIN() called at /usr/home/test/.cpan/build/Fey-ORM-0.38-ad4Z5n/blib/lib/Fey/Meta/Method/Constructor.pm line 0
	eval {...} called at /usr/home/test/.cpan/build/Fey-ORM-0.38-ad4Z5n/blib/lib/Fey/Meta/Method/Constructor.pm line 0
	require Fey/Meta/Class/Table.pm called at /usr/home/test/.cpan/build/Fey-ORM-0.38-ad4Z5n/blib/lib/Fey/Object/Schema.pm line 10
	Fey::Object::Schema::BEGIN() called at /usr/home/test/.cpan/build/Fey-ORM-0.38-ad4Z5n/blib/lib/Fey/Meta/Method/Constructor.pm line 0
	eval {...} called at /usr/home/test/.cpan/build/Fey-ORM-0.38-ad4Z5n/blib/lib/Fey/Meta/Method/Constructor.pm line 0
	require Fey/Object/Schema.pm called at /usr/home/test/.cpan/build/Fey-ORM-0.38-ad4Z5n/blib/lib/Fey/ORM/Schema.pm line 11
	Fey::ORM::Schema::BEGIN() called at /usr/home/test/.cpan/build/Fey-ORM-0.38-ad4Z5n/blib/lib/Fey/Meta/Method/Constructor.pm line 0
	eval {...} called at /usr/home/test/.cpan/build/Fey-ORM-0.38-ad4Z5n/blib/lib/Fey/Meta/Method/Constructor.pm line 0
	require Fey/ORM/Schema.pm called at (eval 667) line 4
	Schema::BEGIN() called at /usr/home/test/.cpan/build/Fey-ORM-0.38-ad4Z5n/blib/lib/Fey/Meta/Method/Constructor.pm line 0
	eval {...} called at /usr/home/test/.cpan/build/Fey-ORM-0.38-ad4Z5n/blib/lib/Fey/Meta/Method/Constructor.pm line 0
	eval '{
    package Schema;

    use Fey::ORM::Schema;

    has_schema $schema;

    package User;

    use Fey::ORM::Table;

    has_table $schema->table(\'User\');

    package Message;

    use Fey::ORM::Table;

    has_table $schema->table(\'Message\');

    package UserGroup;

    use Fey::ORM::Table;

    has_table $schema->table(\'UserGroup\');
}

;' called at t/lib/Fey/ORM/Test.pm line 63
	Fey::ORM::Test::define_basic_classes() called at t/lib/Fey/ORM/Test/Iterator.pm line 22
	Fey::ORM::Test::Iterator::run_shared_tests('Fey::Object::Iterator::FromArray') called at t/Object/Iterator/FromArray.t line 15
Compilation failed in require at /usr/home/test/.cpan/build/Fey-ORM-0.38-ad4Z5n/blib/lib/Fey/Meta/Class/Table.pm line 21.
BEGIN failed--compilation aborted at /usr/home/test/.cpan/build/Fey-ORM-0.38-ad4Z5n/blib/lib/Fey/Meta/Class/Table.pm line 21.
Compilation failed in require at /usr/home/test/.cpan/build/Fey-ORM-0.38-ad4Z5n/blib/lib/Fey/Object/Schema.pm line 10.
BEGIN failed--compilation aborted at /usr/home/test/.cpan/build/Fey-ORM-0.38-ad4Z5n/blib/lib/Fey/Object/Schema.pm line 10.
Compilation failed in require at /usr/home/test/.cpan/build/Fey-ORM-0.38-ad4Z5n/blib/lib/Fey/ORM/Schema.pm line 11.
BEGIN failed--compilation aborted at /usr/home/test/.cpan/build/Fey-ORM-0.38-ad4Z5n/blib/lib/Fey/ORM/Schema.pm line 11.
Compilation failed in require at (eval 667) line 4.
BEGIN failed--compilation aborted at (eval 667) line 4.
t/Object/Iterator/FromArray.t ........... 
Dubious, test returned 2 (wstat 512, 0x200)
No subtests run 
Can't locate MooseX/StrictConstructor/Role/Meta/Method/Constructor.pm in @INC (@INC contains: t/lib /usr/home/test/.cpan/build/Fey-ORM-0.38-ad4Z5n/blib/lib /usr/home/test/.cpan/build/Fey-ORM-0.38-ad4Z5n/blib/arch /home/test/perl5/perlbrew/perls/perl-5.15.2/lib/site_perl/5.15.2/amd64-freebsd /home/test/perl5/perlbrew/perls/perl-5.15.2/lib/site_perl/5.15.2 /home/test/perl5/perlbrew/perls/perl-5.15.2/lib/5.15.2/amd64-freebsd /home/test/perl5/perlbrew/perls/perl-5.15.2/lib/5.15.2 .). at /home/test/perl5/perlbrew/perls/perl-5.15.2/lib/site_perl/5.15.2/amd64-freebsd/Class/MOP.pm line 135
	Class::MOP::load_first_existing_class('MooseX::StrictConstructor::Role::Meta::Method::Constructor') called at /home/test/perl5/perlbrew/perls/perl-5.15.2/lib/site_perl/5.15.2/amd64-freebsd/Class/MOP.pm line 140
	Class::MOP::load_class('MooseX::StrictConstructor::Role::Meta::Method::Constructor', undef) called at /home/test/perl5/perlbrew/perls/perl-5.15.2/lib/site_perl/5.15.2/amd64-freebsd/Moose/Util.pm line 131
	Moose::Util::_apply_all_roles('Moose::Meta::Class=HASH(0x8044b18a0)', undef, 'MooseX::StrictConstructor::Role::Meta::Method::Constructor') called at /home/test/perl5/perlbrew/perls/perl-5.15.2/lib/site_perl/5.15.2/amd64-freebsd/Moose/Util.pm line 98
	Moose::Util::apply_all_roles('Moose::Meta::Class=HASH(0x8044b18a0)', 'MooseX::StrictConstructor::Role::Meta::Method::Constructor') called at /home/test/perl5/perlbrew/perls/perl-5.15.2/lib/site_perl/5.15.2/amd64-freebsd/Moose.pm line 65
	Moose::with('Moose::Meta::Class=HASH(0x8044b18a0)', 'MooseX::StrictConstructor::Role::Meta::Method::Constructor') called at /home/test/perl5/perlbrew/perls/perl-5.15.2/lib/site_perl/5.15.2/amd64-freebsd/Moose/Exporter.pm line 356
	Moose::with('MooseX::StrictConstructor::Role::Meta::Method::Constructor') called at /usr/home/test/.cpan/build/Fey-ORM-0.38-ad4Z5n/blib/lib/Fey/Meta/Method/Constructor.pm line 14
	require Fey/Meta/Method/Constructor.pm called at /usr/home/test/.cpan/build/Fey-ORM-0.38-ad4Z5n/blib/lib/Fey/Meta/Class/Table.pm line 21
	Fey::Meta::Class::Table::BEGIN() called at /usr/home/test/.cpan/build/Fey-ORM-0.38-ad4Z5n/blib/lib/Fey/Meta/Method/Constructor.pm line 0
	eval {...} called at /usr/home/test/.cpan/build/Fey-ORM-0.38-ad4Z5n/blib/lib/Fey/Meta/Method/Constructor.pm line 0
	require Fey/Meta/Class/Table.pm called at /usr/home/test/.cpan/build/Fey-ORM-0.38-ad4Z5n/blib/lib/Fey/Object/Schema.pm line 10
	Fey::Object::Schema::BEGIN() called at /usr/home/test/.cpan/build/Fey-ORM-0.38-ad4Z5n/blib/lib/Fey/Meta/Method/Constructor.pm line 0
	eval {...} called at /usr/home/test/.cpan/build/Fey-ORM-0.38-ad4Z5n/blib/lib/Fey/Meta/Method/Constructor.pm line 0
	require Fey/Object/Schema.pm called at /usr/home/test/.cpan/build/Fey-ORM-0.38-ad4Z5n/blib/lib/Fey/ORM/Schema.pm line 11
	Fey::ORM::Schema::BEGIN() called at /usr/home/test/.cpan/build/Fey-ORM-0.38-ad4Z5n/blib/lib/Fey/Meta/Method/Constructor.pm line 0
	eval {...} called at /usr/home/test/.cpan/build/Fey-ORM-0.38-ad4Z5n/blib/lib/Fey/Meta/Method/Constructor.pm line 0
	require Fey/ORM/Schema.pm called at (eval 656) line 4
	Schema::BEGIN() called at /usr/home/test/.cpan/build/Fey-ORM-0.38-ad4Z5n/blib/lib/Fey/Meta/Method/Constructor.pm line 0
	eval {...} called at /usr/home/test/.cpan/build/Fey-ORM-0.38-ad4Z5n/blib/lib/Fey/Meta/Method/Constructor.pm line 0
	eval '{
    package Schema;

    use Fey::ORM::Schema;

    has_schema $schema;

    package User;

    use Fey::ORM::Table;

    has_table $schema->table(\'User\');

    package Message;

    use Fey::ORM::Table;

    has_table $schema->table(\'Message\');

    package UserGroup;

    use Fey::ORM::Table;

    has_table $schema->table(\'UserGroup\');
}

;' called at t/lib/Fey/ORM/Test.pm line 63
	Fey::ORM::Test::define_basic_classes() called at t/lib/Fey/ORM/Test/Iterator.pm line 22
	Fey::ORM::Test::Iterator::run_shared_tests('Fey::Object::Iterator::FromSelect') called at t/Object/Iterator/FromSelect.t line 15
Compilation failed in require at /usr/home/test/.cpan/build/Fey-ORM-0.38-ad4Z5n/blib/lib/Fey/Meta/Class/Table.pm line 21.
BEGIN failed--compilation aborted at /usr/home/test/.cpan/build/Fey-ORM-0.38-ad4Z5n/blib/lib/Fey/Meta/Class/Table.pm line 21.
Compilation failed in require at /usr/home/test/.cpan/build/Fey-ORM-0.38-ad4Z5n/blib/lib/Fey/Object/Schema.pm line 10.
BEGIN failed--compilation aborted at /usr/home/test/.cpan/build/Fey-ORM-0.38-ad4Z5n/blib/lib/Fey/Object/Schema.pm line 10.
Compilation failed in require at /usr/home/test/.cpan/build/Fey-ORM-0.38-ad4Z5n/blib/lib/Fey/ORM/Schema.pm line 11.
BEGIN failed--compilation aborted at /usr/home/test/.cpan/build/Fey-ORM-0.38-ad4Z5n/blib/lib/Fey/ORM/Schema.pm line 11.
Compilation failed in require at (eval 656) line 4.
BEGIN failed--compilation aborted at (eval 656) line 4.
t/Object/Iterator/FromSelect.t .......... 
Dubious, test returned 2 (wstat 512, 0x200)
No subtests run 
Can't locate MooseX/StrictConstructor/Role/Meta/Method/Constructor.pm in @INC (@INC contains: t/lib /usr/home/test/.cpan/build/Fey-ORM-0.38-ad4Z5n/blib/lib /usr/home/test/.cpan/build/Fey-ORM-0.38-ad4Z5n/blib/arch /home/test/perl5/perlbrew/perls/perl-5.15.2/lib/site_perl/5.15.2/amd64-freebsd /home/test/perl5/perlbrew/perls/perl-5.15.2/lib/site_perl/5.15.2 /home/test/perl5/perlbrew/perls/perl-5.15.2/lib/5.15.2/amd64-freebsd /home/test/perl5/perlbrew/perls/perl-5.15.2/lib/5.15.2 .). at /home/test/perl5/perlbrew/perls/perl-5.15.2/lib/site_perl/5.15.2/amd64-freebsd/Class/MOP.pm line 135
	Class::MOP::load_first_existing_class('MooseX::StrictConstructor::Role::Meta::Method::Constructor') called at /home/test/perl5/perlbrew/perls/perl-5.15.2/lib/site_perl/5.15.2/amd64-freebsd/Class/MOP.pm line 140
	Class::MOP::load_class('MooseX::StrictConstructor::Role::Meta::Method::Constructor', undef) called at /home/test/perl5/perlbrew/perls/perl-5.15.2/lib/site_perl/5.15.2/amd64-freebsd/Moose/Util.pm line 131
	Moose::Util::_apply_all_roles('Moose::Meta::Class=HASH(0x8044adca8)', undef, 'MooseX::StrictConstructor::Role::Meta::Method::Constructor') called at /home/test/perl5/perlbrew/perls/perl-5.15.2/lib/site_perl/5.15.2/amd64-freebsd/Moose/Util.pm line 98
	Moose::Util::apply_all_roles('Moose::Meta::Class=HASH(0x8044adca8)', 'MooseX::StrictConstructor::Role::Meta::Method::Constructor') called at /home/test/perl5/perlbrew/perls/perl-5.15.2/lib/site_perl/5.15.2/amd64-freebsd/Moose.pm line 65
	Moose::with('Moose::Meta::Class=HASH(0x8044adca8)', 'MooseX::StrictConstructor::Role::Meta::Method::Constructor') called at /home/test/perl5/perlbrew/perls/perl-5.15.2/lib/site_perl/5.15.2/amd64-freebsd/Moose/Exporter.pm line 356
	Moose::with('MooseX::StrictConstructor::Role::Meta::Method::Constructor') called at /usr/home/test/.cpan/build/Fey-ORM-0.38-ad4Z5n/blib/lib/Fey/Meta/Method/Constructor.pm line 14
	require Fey/Meta/Method/Constructor.pm called at /usr/home/test/.cpan/build/Fey-ORM-0.38-ad4Z5n/blib/lib/Fey/Meta/Class/Table.pm line 21
	Fey::Meta::Class::Table::BEGIN() called at /usr/home/test/.cpan/build/Fey-ORM-0.38-ad4Z5n/blib/lib/Fey/Meta/Method/Constructor.pm line 0
	eval {...} called at /usr/home/test/.cpan/build/Fey-ORM-0.38-ad4Z5n/blib/lib/Fey/Meta/Method/Constructor.pm line 0
	require Fey/Meta/Class/Table.pm called at /usr/home/test/.cpan/build/Fey-ORM-0.38-ad4Z5n/blib/lib/Fey/Object/Schema.pm line 10
	Fey::Object::Schema::BEGIN() called at /usr/home/test/.cpan/build/Fey-ORM-0.38-ad4Z5n/blib/lib/Fey/Meta/Method/Constructor.pm line 0
	eval {...} called at /usr/home/test/.cpan/build/Fey-ORM-0.38-ad4Z5n/blib/lib/Fey/Meta/Method/Constructor.pm line 0
	require Fey/Object/Schema.pm called at /usr/home/test/.cpan/build/Fey-ORM-0.38-ad4Z5n/blib/lib/Fey/ORM/Schema.pm line 11
	Fey::ORM::Schema::BEGIN() called at /usr/home/test/.cpan/build/Fey-ORM-0.38-ad4Z5n/blib/lib/Fey/Meta/Method/Constructor.pm line 0
	eval {...} called at /usr/home/test/.cpan/build/Fey-ORM-0.38-ad4Z5n/blib/lib/Fey/Meta/Method/Constructor.pm line 0
	require Fey/ORM/Schema.pm called at (eval 665) line 4
	Schema::BEGIN() called at /usr/home/test/.cpan/build/Fey-ORM-0.38-ad4Z5n/blib/lib/Fey/Meta/Method/Constructor.pm line 0
	eval {...} called at /usr/home/test/.cpan/build/Fey-ORM-0.38-ad4Z5n/blib/lib/Fey/Meta/Method/Constructor.pm line 0
	eval '{
    package Schema;

    use Fey::ORM::Schema;

    has_schema $schema;

    package User;

    use Fey::ORM::Table;

    has_table $schema->table(\'User\');

    package Message;

    use Fey::ORM::Table;

    has_table $schema->table(\'Message\');

    package UserGroup;

    use Fey::ORM::Table;

    has_table $schema->table(\'UserGroup\');
}

;' called at t/lib/Fey/ORM/Test.pm line 63
	Fey::ORM::Test::define_basic_classes() called at t/lib/Fey/ORM/Test/Iterator.pm line 22
	Fey::ORM::Test::Iterator::run_shared_tests('Fey::Object::Iterator::FromSelect::Caching') called at t/Object/Iterator/FromSelect/Caching.t line 13
Compilation failed in require at /usr/home/test/.cpan/build/Fey-ORM-0.38-ad4Z5n/blib/lib/Fey/Meta/Class/Table.pm line 21.
BEGIN failed--compilation aborted at /usr/home/test/.cpan/build/Fey-ORM-0.38-ad4Z5n/blib/lib/Fey/Meta/Class/Table.pm line 21.
Compilation failed in require at /usr/home/test/.cpan/build/Fey-ORM-0.38-ad4Z5n/blib/lib/Fey/Object/Schema.pm line 10.
BEGIN failed--compilation aborted at /usr/home/test/.cpan/build/Fey-ORM-0.38-ad4Z5n/blib/lib/Fey/Object/Schema.pm line 10.
Compilation failed in require at /usr/home/test/.cpan/build/Fey-ORM-0.38-ad4Z5n/blib/lib/Fey/ORM/Schema.pm line 11.
BEGIN failed--compilation aborted at /usr/home/test/.cpan/build/Fey-ORM-0.38-ad4Z5n/blib/lib/Fey/ORM/Schema.pm line 11.
Compilation failed in require at (eval 665) line 4.
BEGIN failed--compilation aborted at (eval 665) line 4.
t/Object/Iterator/FromSelect/Caching.t .. 
Dubious, test returned 2 (wstat 512, 0x200)
No subtests run 
Can't locate MooseX/StrictConstructor/Role/Meta/Method/Constructor.pm in @INC (@INC contains: t/lib /usr/home/test/.cpan/build/Fey-ORM-0.38-ad4Z5n/blib/lib /usr/home/test/.cpan/build/Fey-ORM-0.38-ad4Z5n/blib/arch /home/test/perl5/perlbrew/perls/perl-5.15.2/lib/site_perl/5.15.2/amd64-freebsd /home/test/perl5/perlbrew/perls/perl-5.15.2/lib/site_perl/5.15.2 /home/test/perl5/perlbrew/perls/perl-5.15.2/lib/5.15.2/amd64-freebsd /home/test/perl5/perlbrew/perls/perl-5.15.2/lib/5.15.2 .). at /home/test/perl5/perlbrew/perls/perl-5.15.2/lib/site_perl/5.15.2/amd64-freebsd/Class/MOP.pm line 135
	Class::MOP::load_first_existing_class('MooseX::StrictConstructor::Role::Meta::Method::Constructor') called at /home/test/perl5/perlbrew/perls/perl-5.15.2/lib/site_perl/5.15.2/amd64-freebsd/Class/MOP.pm line 140
	Class::MOP::load_class('MooseX::StrictConstructor::Role::Meta::Method::Constructor', undef) called at /home/test/perl5/perlbrew/perls/perl-5.15.2/lib/site_perl/5.15.2/amd64-freebsd/Moose/Util.pm line 131
	Moose::Util::_apply_all_roles('Moose::Meta::Class=HASH(0x8044555b8)', undef, 'MooseX::StrictConstructor::Role::Meta::Method::Constructor') called at /home/test/perl5/perlbrew/perls/perl-5.15.2/lib/site_perl/5.15.2/amd64-freebsd/Moose/Util.pm line 98
	Moose::Util::apply_all_roles('Moose::Meta::Class=HASH(0x8044555b8)', 'MooseX::StrictConstructor::Role::Meta::Method::Constructor') called at /home/test/perl5/perlbrew/perls/perl-5.15.2/lib/site_perl/5.15.2/amd64-freebsd/Moose.pm line 65
	Moose::with('Moose::Meta::Class=HASH(0x8044555b8)', 'MooseX::StrictConstructor::Role::Meta::Method::Constructor') called at /home/test/perl5/perlbrew/perls/perl-5.15.2/lib/site_perl/5.15.2/amd64-freebsd/Moose/Exporter.pm line 356
	Moose::with('MooseX::StrictConstructor::Role::Meta::Method::Constructor') called at /usr/home/test/.cpan/build/Fey-ORM-0.38-ad4Z5n/blib/lib/Fey/Meta/Method/Constructor.pm line 14
	require Fey/Meta/Method/Constructor.pm called at /usr/home/test/.cpan/build/Fey-ORM-0.38-ad4Z5n/blib/lib/Fey/Meta/Class/Table.pm line 21
	Fey::Meta::Class::Table::BEGIN() called at /usr/home/test/.cpan/build/Fey-ORM-0.38-ad4Z5n/blib/lib/Fey/Meta/Method/Constructor.pm line 0
	eval {...} called at /usr/home/test/.cpan/build/Fey-ORM-0.38-ad4Z5n/blib/lib/Fey/Meta/Method/Constructor.pm line 0
	require Fey/Meta/Class/Table.pm called at /usr/home/test/.cpan/build/Fey-ORM-0.38-ad4Z5n/blib/lib/Fey/Object/Schema.pm line 10
	Fey::Object::Schema::BEGIN() called at /usr/home/test/.cpan/build/Fey-ORM-0.38-ad4Z5n/blib/lib/Fey/Meta/Method/Constructor.pm line 0
	eval {...} called at /usr/home/test/.cpan/build/Fey-ORM-0.38-ad4Z5n/blib/lib/Fey/Meta/Method/Constructor.pm line 0
	require Fey/Object/Schema.pm called at /usr/home/test/.cpan/build/Fey-ORM-0.38-ad4Z5n/blib/lib/Fey/ORM/Schema.pm line 11
	Fey::ORM::Schema::BEGIN() called at /usr/home/test/.cpan/build/Fey-ORM-0.38-ad4Z5n/blib/lib/Fey/Meta/Method/Constructor.pm line 0
	eval {...} called at /usr/home/test/.cpan/build/Fey-ORM-0.38-ad4Z5n/blib/lib/Fey/Meta/Method/Constructor.pm line 0
	require Fey/ORM/Schema.pm called at (eval 618) line 4
	Schema::BEGIN() called at /usr/home/test/.cpan/build/Fey-ORM-0.38-ad4Z5n/blib/lib/Fey/Meta/Method/Constructor.pm line 0
	eval {...} called at /usr/home/test/.cpan/build/Fey-ORM-0.38-ad4Z5n/blib/lib/Fey/Meta/Method/Constructor.pm line 0
	eval '{
    package Schema;

    use Fey::ORM::Schema;

    has_schema $schema;

    package User;

    use Fey::ORM::Table;

    has_table $schema->table(\'User\');

    package Message;

    use Fey::ORM::Table;

    has_table $schema->table(\'Message\');

    package UserGroup;

    use Fey::ORM::Table;

    has_table $schema->table(\'UserGroup\');
}

;' called at t/lib/Fey/ORM/Test.pm line 63
	Fey::ORM::Test::define_basic_classes() called at t/lib/Fey/ORM/Test.pm line 95
	Fey::ORM::Test::define_live_classes() called at t/Object/Schema.t line 15
Compilation failed in require at /usr/home/test/.cpan/build/Fey-ORM-0.38-ad4Z5n/blib/lib/Fey/Meta/Class/Table.pm line 21.
BEGIN failed--compilation aborted at /usr/home/test/.cpan/build/Fey-ORM-0.38-ad4Z5n/blib/lib/Fey/Meta/Class/Table.pm line 21.
Compilation failed in require at /usr/home/test/.cpan/build/Fey-ORM-0.38-ad4Z5n/blib/lib/Fey/Object/Schema.pm line 10.
BEGIN failed--compilation aborted at /usr/home/test/.cpan/build/Fey-ORM-0.38-ad4Z5n/blib/lib/Fey/Object/Schema.pm line 10.
Compilation failed in require at /usr/home/test/.cpan/build/Fey-ORM-0.38-ad4Z5n/blib/lib/Fey/ORM/Schema.pm line 11.
BEGIN failed--compilation aborted at /usr/home/test/.cpan/build/Fey-ORM-0.38-ad4Z5n/blib/lib/Fey/ORM/Schema.pm line 11.
Compilation failed in require at (eval 618) line 4.
BEGIN failed--compilation aborted at (eval 618) line 4.
t/Object/Schema.t ....................... 
Dubious, test returned 2 (wstat 512, 0x200)
No subtests run 
Can't locate MooseX/StrictConstructor/Role/Meta/Method/Constructor.pm in @INC (@INC contains: t/lib /usr/home/test/.cpan/build/Fey-ORM-0.38-ad4Z5n/blib/lib /usr/home/test/.cpan/build/Fey-ORM-0.38-ad4Z5n/blib/arch /home/test/perl5/perlbrew/perls/perl-5.15.2/lib/site_perl/5.15.2/amd64-freebsd /home/test/perl5/perlbrew/perls/perl-5.15.2/lib/site_perl/5.15.2 /home/test/perl5/perlbrew/perls/perl-5.15.2/lib/5.15.2/amd64-freebsd /home/test/perl5/perlbrew/perls/perl-5.15.2/lib/5.15.2 .). at /home/test/perl5/perlbrew/perls/perl-5.15.2/lib/site_perl/5.15.2/amd64-freebsd/Class/MOP.pm line 135
	Class::MOP::load_first_existing_class('MooseX::StrictConstructor::Role::Meta::Method::Constructor') called at /home/test/perl5/perlbrew/perls/perl-5.15.2/lib/site_perl/5.15.2/amd64-freebsd/Class/MOP.pm line 140
	Class::MOP::load_class('MooseX::StrictConstructor::Role::Meta::Method::Constructor', undef) called at /home/test/perl5/perlbrew/perls/perl-5.15.2/lib/site_perl/5.15.2/amd64-freebsd/Moose/Util.pm line 131
	Moose::Util::_apply_all_roles('Moose::Meta::Class=HASH(0x80446aed0)', undef, 'MooseX::StrictConstructor::Role::Meta::Method::Constructor') called at /home/test/perl5/perlbrew/perls/perl-5.15.2/lib/site_perl/5.15.2/amd64-freebsd/Moose/Util.pm line 98
	Moose::Util::apply_all_roles('Moose::Meta::Class=HASH(0x80446aed0)', 'MooseX::StrictConstructor::Role::Meta::Method::Constructor') called at /home/test/perl5/perlbrew/perls/perl-5.15.2/lib/site_perl/5.15.2/amd64-freebsd/Moose.pm line 65
	Moose::with('Moose::Meta::Class=HASH(0x80446aed0)', 'MooseX::StrictConstructor::Role::Meta::Method::Constructor') called at /home/test/perl5/perlbrew/perls/perl-5.15.2/lib/site_perl/5.15.2/amd64-freebsd/Moose/Exporter.pm line 356
	Moose::with('MooseX::StrictConstructor::Role::Meta::Method::Constructor') called at /usr/home/test/.cpan/build/Fey-ORM-0.38-ad4Z5n/blib/lib/Fey/Meta/Method/Constructor.pm line 14
	require Fey/Meta/Method/Constructor.pm called at /usr/home/test/.cpan/build/Fey-ORM-0.38-ad4Z5n/blib/lib/Fey/Meta/Class/Table.pm line 21
	Fey::Meta::Class::Table::BEGIN() called at /usr/home/test/.cpan/build/Fey-ORM-0.38-ad4Z5n/blib/lib/Fey/Meta/Method/Constructor.pm line 0
	eval {...} called at /usr/home/test/.cpan/build/Fey-ORM-0.38-ad4Z5n/blib/lib/Fey/Meta/Method/Constructor.pm line 0
	require Fey/Meta/Class/Table.pm called at /usr/home/test/.cpan/build/Fey-ORM-0.38-ad4Z5n/blib/lib/Fey/Object/Schema.pm line 10
	Fey::Object::Schema::BEGIN() called at /usr/home/test/.cpan/build/Fey-ORM-0.38-ad4Z5n/blib/lib/Fey/Meta/Method/Constructor.pm line 0
	eval {...} called at /usr/home/test/.cpan/build/Fey-ORM-0.38-ad4Z5n/blib/lib/Fey/Meta/Method/Constructor.pm line 0
	require Fey/Object/Schema.pm called at /usr/home/test/.cpan/build/Fey-ORM-0.38-ad4Z5n/blib/lib/Fey/ORM/Schema.pm line 11
	Fey::ORM::Schema::BEGIN() called at /usr/home/test/.cpan/build/Fey-ORM-0.38-ad4Z5n/blib/lib/Fey/Meta/Method/Constructor.pm line 0
	eval {...} called at /usr/home/test/.cpan/build/Fey-ORM-0.38-ad4Z5n/blib/lib/Fey/Meta/Method/Constructor.pm line 0
	require Fey/ORM/Schema.pm called at (eval 617) line 4
	Schema::BEGIN() called at /usr/home/test/.cpan/build/Fey-ORM-0.38-ad4Z5n/blib/lib/Fey/Meta/Method/Constructor.pm line 0
	eval {...} called at /usr/home/test/.cpan/build/Fey-ORM-0.38-ad4Z5n/blib/lib/Fey/Meta/Method/Constructor.pm line 0
	eval '{
    package Schema;

    use Fey::ORM::Schema;

    has_schema $schema;

    package User;

    use Fey::ORM::Table;

    has_table $schema->table(\'User\');

    package Message;

    use Fey::ORM::Table;

    has_table $schema->table(\'Message\');

    package UserGroup;

    use Fey::ORM::Table;

    has_table $schema->table(\'UserGroup\');
}

;' called at t/lib/Fey/ORM/Test.pm line 63
	Fey::ORM::Test::define_basic_classes() called at t/lib/Fey/ORM/Test.pm line 95
	Fey::ORM::Test::define_live_classes() called at t/Object/Table-cache.t line 12
Compilation failed in require at /usr/home/test/.cpan/build/Fey-ORM-0.38-ad4Z5n/blib/lib/Fey/Meta/Class/Table.pm line 21.
BEGIN failed--compilation aborted at /usr/home/test/.cpan/build/Fey-ORM-0.38-ad4Z5n/blib/lib/Fey/Meta/Class/Table.pm line 21.
Compilation failed in require at /usr/home/test/.cpan/build/Fey-ORM-0.38-ad4Z5n/blib/lib/Fey/Object/Schema.pm line 10.
BEGIN failed--compilation aborted at /usr/home/test/.cpan/build/Fey-ORM-0.38-ad4Z5n/blib/lib/Fey/Object/Schema.pm line 10.
Compilation failed in require at /usr/home/test/.cpan/build/Fey-ORM-0.38-ad4Z5n/blib/lib/Fey/ORM/Schema.pm line 11.
BEGIN failed--compilation aborted at /usr/home/test/.cpan/build/Fey-ORM-0.38-ad4Z5n/blib/lib/Fey/ORM/Schema.pm line 11.
Compilation failed in require at (eval 617) line 4.
BEGIN failed--compilation aborted at (eval 617) line 4.
t/Object/Table-cache.t .................. 
Dubious, test returned 2 (wstat 512, 0x200)
No subtests run 
Can't locate MooseX/StrictConstructor/Role/Meta/Method/Constructor.pm in @INC (@INC contains: t/lib /usr/home/test/.cpan/build/Fey-ORM-0.38-ad4Z5n/blib/lib /usr/home/test/.cpan/build/Fey-ORM-0.38-ad4Z5n/blib/arch /home/test/perl5/perlbrew/perls/perl-5.15.2/lib/site_perl/5.15.2/amd64-freebsd /home/test/perl5/perlbrew/perls/perl-5.15.2/lib/site_perl/5.15.2 /home/test/perl5/perlbrew/perls/perl-5.15.2/lib/5.15.2/amd64-freebsd /home/test/perl5/perlbrew/perls/perl-5.15.2/lib/5.15.2 .). at /home/test/perl5/perlbrew/perls/perl-5.15.2/lib/site_perl/5.15.2/amd64-freebsd/Class/MOP.pm line 135
	Class::MOP::load_first_existing_class('MooseX::StrictConstructor::Role::Meta::Method::Constructor') called at /home/test/perl5/perlbrew/perls/perl-5.15.2/lib/site_perl/5.15.2/amd64-freebsd/Class/MOP.pm line 140
	Class::MOP::load_class('MooseX::StrictConstructor::Role::Meta::Method::Constructor', undef) called at /home/test/perl5/perlbrew/perls/perl-5.15.2/lib/site_perl/5.15.2/amd64-freebsd/Moose/Util.pm line 131
	Moose::Util::_apply_all_roles('Moose::Meta::Class=HASH(0x8041d64e0)', undef, 'MooseX::StrictConstructor::Role::Meta::Method::Constructor') called at /home/test/perl5/perlbrew/perls/perl-5.15.2/lib/site_perl/5.15.2/amd64-freebsd/Moose/Util.pm line 98
	Moose::Util::apply_all_roles('Moose::Meta::Class=HASH(0x8041d64e0)', 'MooseX::StrictConstructor::Role::Meta::Method::Constructor') called at /home/test/perl5/perlbrew/perls/perl-5.15.2/lib/site_perl/5.15.2/amd64-freebsd/Moose.pm line 65
	Moose::with('Moose::Meta::Class=HASH(0x8041d64e0)', 'MooseX::StrictConstructor::Role::Meta::Method::Constructor') called at /home/test/perl5/perlbrew/perls/perl-5.15.2/lib/site_perl/5.15.2/amd64-freebsd/Moose/Exporter.pm line 356
	Moose::with('MooseX::StrictConstructor::Role::Meta::Method::Constructor') called at /usr/home/test/.cpan/build/Fey-ORM-0.38-ad4Z5n/blib/lib/Fey/Meta/Method/Constructor.pm line 14
	require Fey/Meta/Method/Constructor.pm called at /usr/home/test/.cpan/build/Fey-ORM-0.38-ad4Z5n/blib/lib/Fey/Meta/Class/Table.pm line 21
	Fey::Meta::Class::Table::BEGIN() called at /usr/home/test/.cpan/build/Fey-ORM-0.38-ad4Z5n/blib/lib/Fey/Meta/Method/Constructor.pm line 0
	eval {...} called at /usr/home/test/.cpan/build/Fey-ORM-0.38-ad4Z5n/blib/lib/Fey/Meta/Method/Constructor.pm line 0
	require Fey/Meta/Class/Table.pm called at /usr/home/test/.cpan/build/Fey-ORM-0.38-ad4Z5n/blib/lib/Fey/ORM/Table.pm line 11
	Fey::ORM::Table::BEGIN() called at /usr/home/test/.cpan/build/Fey-ORM-0.38-ad4Z5n/blib/lib/Fey/Meta/Method/Constructor.pm line 0
	eval {...} called at /usr/home/test/.cpan/build/Fey-ORM-0.38-ad4Z5n/blib/lib/Fey/Meta/Method/Constructor.pm line 0
	require Fey/ORM/Table.pm called at t/Object/Table-has_many.t line 19
	User::BEGIN() called at /usr/home/test/.cpan/build/Fey-ORM-0.38-ad4Z5n/blib/lib/Fey/Meta/Method/Constructor.pm line 0
	eval {...} called at /usr/home/test/.cpan/build/Fey-ORM-0.38-ad4Z5n/blib/lib/Fey/Meta/Method/Constructor.pm line 0
Compilation failed in require at /usr/home/test/.cpan/build/Fey-ORM-0.38-ad4Z5n/blib/lib/Fey/Meta/Class/Table.pm line 21.
BEGIN failed--compilation aborted at /usr/home/test/.cpan/build/Fey-ORM-0.38-ad4Z5n/blib/lib/Fey/Meta/Class/Table.pm line 21.
Compilation failed in require at /usr/home/test/.cpan/build/Fey-ORM-0.38-ad4Z5n/blib/lib/Fey/ORM/Table.pm line 11.
BEGIN failed--compilation aborted at /usr/home/test/.cpan/build/Fey-ORM-0.38-ad4Z5n/blib/lib/Fey/ORM/Table.pm line 11.
Compilation failed in require at t/Object/Table-has_many.t line 19.
BEGIN failed--compilation aborted at t/Object/Table-has_many.t line 19.
t/Object/Table-has_many.t ............... 
Dubious, test returned 2 (wstat 512, 0x200)
No subtests run 
Can't locate MooseX/StrictConstructor/Role/Meta/Method/Constructor.pm in @INC (@INC contains: t/lib /usr/home/test/.cpan/build/Fey-ORM-0.38-ad4Z5n/blib/lib /usr/home/test/.cpan/build/Fey-ORM-0.38-ad4Z5n/blib/arch /home/test/perl5/perlbrew/perls/perl-5.15.2/lib/site_perl/5.15.2/amd64-freebsd /home/test/perl5/perlbrew/perls/perl-5.15.2/lib/site_perl/5.15.2 /home/test/perl5/perlbrew/perls/perl-5.15.2/lib/5.15.2/amd64-freebsd /home/test/perl5/perlbrew/perls/perl-5.15.2/lib/5.15.2 .). at /home/test/perl5/perlbrew/perls/perl-5.15.2/lib/site_perl/5.15.2/amd64-freebsd/Class/MOP.pm line 135
	Class::MOP::load_first_existing_class('MooseX::StrictConstructor::Role::Meta::Method::Constructor') called at /home/test/perl5/perlbrew/perls/perl-5.15.2/lib/site_perl/5.15.2/amd64-freebsd/Class/MOP.pm line 140
	Class::MOP::load_class('MooseX::StrictConstructor::Role::Meta::Method::Constructor', undef) called at /home/test/perl5/perlbrew/perls/perl-5.15.2/lib/site_perl/5.15.2/amd64-freebsd/Moose/Util.pm line 131
	Moose::Util::_apply_all_roles('Moose::Meta::Class=HASH(0x8041d64e0)', undef, 'MooseX::StrictConstructor::Role::Meta::Method::Constructor') called at /home/test/perl5/perlbrew/perls/perl-5.15.2/lib/site_perl/5.15.2/amd64-freebsd/Moose/Util.pm line 98
	Moose::Util::apply_all_roles('Moose::Meta::Class=HASH(0x8041d64e0)', 'MooseX::StrictConstructor::Role::Meta::Method::Constructor') called at /home/test/perl5/perlbrew/perls/perl-5.15.2/lib/site_perl/5.15.2/amd64-freebsd/Moose.pm line 65
	Moose::with('Moose::Meta::Class=HASH(0x8041d64e0)', 'MooseX::StrictConstructor::Role::Meta::Method::Constructor') called at /home/test/perl5/perlbrew/perls/perl-5.15.2/lib/site_perl/5.15.2/amd64-freebsd/Moose/Exporter.pm line 356
	Moose::with('MooseX::StrictConstructor::Role::Meta::Method::Constructor') called at /usr/home/test/.cpan/build/Fey-ORM-0.38-ad4Z5n/blib/lib/Fey/Meta/Method/Constructor.pm line 14
	require Fey/Meta/Method/Constructor.pm called at /usr/home/test/.cpan/build/Fey-ORM-0.38-ad4Z5n/blib/lib/Fey/Meta/Class/Table.pm line 21
	Fey::Meta::Class::Table::BEGIN() called at /usr/home/test/.cpan/build/Fey-ORM-0.38-ad4Z5n/blib/lib/Fey/Meta/Method/Constructor.pm line 0
	eval {...} called at /usr/home/test/.cpan/build/Fey-ORM-0.38-ad4Z5n/blib/lib/Fey/Meta/Method/Constructor.pm line 0
	require Fey/Meta/Class/Table.pm called at /usr/home/test/.cpan/build/Fey-ORM-0.38-ad4Z5n/blib/lib/Fey/ORM/Table.pm line 11
	Fey::ORM::Table::BEGIN() called at /usr/home/test/.cpan/build/Fey-ORM-0.38-ad4Z5n/blib/lib/Fey/Meta/Method/Constructor.pm line 0
	eval {...} called at /usr/home/test/.cpan/build/Fey-ORM-0.38-ad4Z5n/blib/lib/Fey/Meta/Method/Constructor.pm line 0
	require Fey/ORM/Table.pm called at t/Object/Table-has_one.t line 19
	Message::BEGIN() called at /usr/home/test/.cpan/build/Fey-ORM-0.38-ad4Z5n/blib/lib/Fey/Meta/Method/Constructor.pm line 0
	eval {...} called at /usr/home/test/.cpan/build/Fey-ORM-0.38-ad4Z5n/blib/lib/Fey/Meta/Method/Constructor.pm line 0
Compilation failed in require at /usr/home/test/.cpan/build/Fey-ORM-0.38-ad4Z5n/blib/lib/Fey/Meta/Class/Table.pm line 21.
BEGIN failed--compilation aborted at /usr/home/test/.cpan/build/Fey-ORM-0.38-ad4Z5n/blib/lib/Fey/Meta/Class/Table.pm line 21.
Compilation failed in require at /usr/home/test/.cpan/build/Fey-ORM-0.38-ad4Z5n/blib/lib/Fey/ORM/Table.pm line 11.
BEGIN failed--compilation aborted at /usr/home/test/.cpan/build/Fey-ORM-0.38-ad4Z5n/blib/lib/Fey/ORM/Table.pm line 11.
Compilation failed in require at t/Object/Table-has_one.t line 19.
BEGIN failed--compilation aborted at t/Object/Table-has_one.t line 19.
t/Object/Table-has_one.t ................ 
Dubious, test returned 2 (wstat 512, 0x200)
No subtests run 
Can't locate MooseX/StrictConstructor/Role/Meta/Method/Constructor.pm in @INC (@INC contains: t/lib /usr/home/test/.cpan/build/Fey-ORM-0.38-ad4Z5n/blib/lib /usr/home/test/.cpan/build/Fey-ORM-0.38-ad4Z5n/blib/arch /home/test/perl5/perlbrew/perls/perl-5.15.2/lib/site_perl/5.15.2/amd64-freebsd /home/test/perl5/perlbrew/perls/perl-5.15.2/lib/site_perl/5.15.2 /home/test/perl5/perlbrew/perls/perl-5.15.2/lib/5.15.2/amd64-freebsd /home/test/perl5/perlbrew/perls/perl-5.15.2/lib/5.15.2 .). at /home/test/perl5/perlbrew/perls/perl-5.15.2/lib/site_perl/5.15.2/amd64-freebsd/Class/MOP.pm line 135
	Class::MOP::load_first_existing_class('MooseX::StrictConstructor::Role::Meta::Method::Constructor') called at /home/test/perl5/perlbrew/perls/perl-5.15.2/lib/site_perl/5.15.2/amd64-freebsd/Class/MOP.pm line 140
	Class::MOP::load_class('MooseX::StrictConstructor::Role::Meta::Method::Constructor', undef) called at /home/test/perl5/perlbrew/perls/perl-5.15.2/lib/site_perl/5.15.2/amd64-freebsd/Moose/Util.pm line 131
	Moose::Util::_apply_all_roles('Moose::Meta::Class=HASH(0x8041d44e0)', undef, 'MooseX::StrictConstructor::Role::Meta::Method::Constructor') called at /home/test/perl5/perlbrew/perls/perl-5.15.2/lib/site_perl/5.15.2/amd64-freebsd/Moose/Util.pm line 98
	Moose::Util::apply_all_roles('Moose::Meta::Class=HASH(0x8041d44e0)', 'MooseX::StrictConstructor::Role::Meta::Method::Constructor') called at /home/test/perl5/perlbrew/perls/perl-5.15.2/lib/site_perl/5.15.2/amd64-freebsd/Moose.pm line 65
	Moose::with('Moose::Meta::Class=HASH(0x8041d44e0)', 'MooseX::StrictConstructor::Role::Meta::Method::Constructor') called at /home/test/perl5/perlbrew/perls/perl-5.15.2/lib/site_perl/5.15.2/amd64-freebsd/Moose/Exporter.pm line 356
	Moose::with('MooseX::StrictConstructor::Role::Meta::Method::Constructor') called at /usr/home/test/.cpan/build/Fey-ORM-0.38-ad4Z5n/blib/lib/Fey/Meta/Method/Constructor.pm line 14
	require Fey/Meta/Method/Constructor.pm called at /usr/home/test/.cpan/build/Fey-ORM-0.38-ad4Z5n/blib/lib/Fey/Meta/Class/Table.pm line 21
	Fey::Meta::Class::Table::BEGIN() called at /usr/home/test/.cpan/build/Fey-ORM-0.38-ad4Z5n/blib/lib/Fey/Meta/Method/Constructor.pm line 0
	eval {...} called at /usr/home/test/.cpan/build/Fey-ORM-0.38-ad4Z5n/blib/lib/Fey/Meta/Method/Constructor.pm line 0
	require Fey/Meta/Class/Table.pm called at /usr/home/test/.cpan/build/Fey-ORM-0.38-ad4Z5n/blib/lib/Fey/ORM/Table.pm line 11
	Fey::ORM::Table::BEGIN() called at /usr/home/test/.cpan/build/Fey-ORM-0.38-ad4Z5n/blib/lib/Fey/Meta/Method/Constructor.pm line 0
	eval {...} called at /usr/home/test/.cpan/build/Fey-ORM-0.38-ad4Z5n/blib/lib/Fey/Meta/Method/Constructor.pm line 0
	require Fey/ORM/Table.pm called at t/Object/Table-query-method.t line 18
	User::BEGIN() called at /usr/home/test/.cpan/build/Fey-ORM-0.38-ad4Z5n/blib/lib/Fey/Meta/Method/Constructor.pm line 0
	eval {...} called at /usr/home/test/.cpan/build/Fey-ORM-0.38-ad4Z5n/blib/lib/Fey/Meta/Method/Constructor.pm line 0
Compilation failed in require at /usr/home/test/.cpan/build/Fey-ORM-0.38-ad4Z5n/blib/lib/Fey/Meta/Class/Table.pm line 21.
BEGIN failed--compilation aborted at /usr/home/test/.cpan/build/Fey-ORM-0.38-ad4Z5n/blib/lib/Fey/Meta/Class/Table.pm line 21.
Compilation failed in require at /usr/home/test/.cpan/build/Fey-ORM-0.38-ad4Z5n/blib/lib/Fey/ORM/Table.pm line 11.
BEGIN failed--compilation aborted at /usr/home/test/.cpan/build/Fey-ORM-0.38-ad4Z5n/blib/lib/Fey/ORM/Table.pm line 11.
Compilation failed in require at t/Object/Table-query-method.t line 18.
BEGIN failed--compilation aborted at t/Object/Table-query-method.t line 18.
t/Object/Table-query-method.t ........... 
Dubious, test returned 2 (wstat 512, 0x200)
No subtests run 
Can't locate MooseX/StrictConstructor/Role/Meta/Method/Constructor.pm in @INC (@INC contains: t/lib /usr/home/test/.cpan/build/Fey-ORM-0.38-ad4Z5n/blib/lib /usr/home/test/.cpan/build/Fey-ORM-0.38-ad4Z5n/blib/arch /home/test/perl5/perlbrew/perls/perl-5.15.2/lib/site_perl/5.15.2/amd64-freebsd /home/test/perl5/perlbrew/perls/perl-5.15.2/lib/site_perl/5.15.2 /home/test/perl5/perlbrew/perls/perl-5.15.2/lib/5.15.2/amd64-freebsd /home/test/perl5/perlbrew/perls/perl-5.15.2/lib/5.15.2 .). at /home/test/perl5/perlbrew/perls/perl-5.15.2/lib/site_perl/5.15.2/amd64-freebsd/Class/MOP.pm line 135
	Class::MOP::load_first_existing_class('MooseX::StrictConstructor::Role::Meta::Method::Constructor') called at /home/test/perl5/perlbrew/perls/perl-5.15.2/lib/site_perl/5.15.2/amd64-freebsd/Class/MOP.pm line 140
	Class::MOP::load_class('MooseX::StrictConstructor::Role::Meta::Method::Constructor', undef) called at /home/test/perl5/perlbrew/perls/perl-5.15.2/lib/site_perl/5.15.2/amd64-freebsd/Moose/Util.pm line 131
	Moose::Util::_apply_all_roles('Moose::Meta::Class=HASH(0x8041d44e0)', undef, 'MooseX::StrictConstructor::Role::Meta::Method::Constructor') called at /home/test/perl5/perlbrew/perls/perl-5.15.2/lib/site_perl/5.15.2/amd64-freebsd/Moose/Util.pm line 98
	Moose::Util::apply_all_roles('Moose::Meta::Class=HASH(0x8041d44e0)', 'MooseX::StrictConstructor::Role::Meta::Method::Constructor') called at /home/test/perl5/perlbrew/perls/perl-5.15.2/lib/site_perl/5.15.2/amd64-freebsd/Moose.pm line 65
	Moose::with('Moose::Meta::Class=HASH(0x8041d44e0)', 'MooseX::StrictConstructor::Role::Meta::Method::Constructor') called at /home/test/perl5/perlbrew/perls/perl-5.15.2/lib/site_perl/5.15.2/amd64-freebsd/Moose/Exporter.pm line 356
	Moose::with('MooseX::StrictConstructor::Role::Meta::Method::Constructor') called at /usr/home/test/.cpan/build/Fey-ORM-0.38-ad4Z5n/blib/lib/Fey/Meta/Method/Constructor.pm line 14
	require Fey/Meta/Method/Constructor.pm called at /usr/home/test/.cpan/build/Fey-ORM-0.38-ad4Z5n/blib/lib/Fey/Meta/Class/Table.pm line 21
	Fey::Meta::Class::Table::BEGIN() called at /usr/home/test/.cpan/build/Fey-ORM-0.38-ad4Z5n/blib/lib/Fey/Meta/Method/Constructor.pm line 0
	eval {...} called at /usr/home/test/.cpan/build/Fey-ORM-0.38-ad4Z5n/blib/lib/Fey/Meta/Method/Constructor.pm line 0
	require Fey/Meta/Class/Table.pm called at /usr/home/test/.cpan/build/Fey-ORM-0.38-ad4Z5n/blib/lib/Fey/ORM/Table.pm line 11
	Fey::ORM::Table::BEGIN() called at /usr/home/test/.cpan/build/Fey-ORM-0.38-ad4Z5n/blib/lib/Fey/Meta/Method/Constructor.pm line 0
	eval {...} called at /usr/home/test/.cpan/build/Fey-ORM-0.38-ad4Z5n/blib/lib/Fey/Meta/Method/Constructor.pm line 0
	require Fey/ORM/Table.pm called at t/Object/Table-select-attr.t line 18
	User::BEGIN() called at /usr/home/test/.cpan/build/Fey-ORM-0.38-ad4Z5n/blib/lib/Fey/Meta/Method/Constructor.pm line 0
	eval {...} called at /usr/home/test/.cpan/build/Fey-ORM-0.38-ad4Z5n/blib/lib/Fey/Meta/Method/Constructor.pm line 0
Compilation failed in require at /usr/home/test/.cpan/build/Fey-ORM-0.38-ad4Z5n/blib/lib/Fey/Meta/Class/Table.pm line 21.
BEGIN failed--compilation aborted at /usr/home/test/.cpan/build/Fey-ORM-0.38-ad4Z5n/blib/lib/Fey/Meta/Class/Table.pm line 21.
Compilation failed in require at /usr/home/test/.cpan/build/Fey-ORM-0.38-ad4Z5n/blib/lib/Fey/ORM/Table.pm line 11.
BEGIN failed--compilation aborted at /usr/home/test/.cpan/build/Fey-ORM-0.38-ad4Z5n/blib/lib/Fey/ORM/Table.pm line 11.
Compilation failed in require at t/Object/Table-select-attr.t line 18.
BEGIN failed--compilation aborted at t/Object/Table-select-attr.t line 18.
t/Object/Table-select-attr.t ............ 
Dubious, test returned 2 (wstat 512, 0x200)
No subtests run 
Can't locate MooseX/StrictConstructor/Role/Meta/Method/Constructor.pm in @INC (@INC contains: t/lib /usr/home/test/.cpan/build/Fey-ORM-0.38-ad4Z5n/blib/lib /usr/home/test/.cpan/build/Fey-ORM-0.38-ad4Z5n/blib/arch /home/test/perl5/perlbrew/perls/perl-5.15.2/lib/site_perl/5.15.2/amd64-freebsd /home/test/perl5/perlbrew/perls/perl-5.15.2/lib/site_perl/5.15.2 /home/test/perl5/perlbrew/perls/perl-5.15.2/lib/5.15.2/amd64-freebsd /home/test/perl5/perlbrew/perls/perl-5.15.2/lib/5.15.2 .). at /home/test/perl5/perlbrew/perls/perl-5.15.2/lib/site_perl/5.15.2/amd64-freebsd/Class/MOP.pm line 135
	Class::MOP::load_first_existing_class('MooseX::StrictConstructor::Role::Meta::Method::Constructor') called at /home/test/perl5/perlbrew/perls/perl-5.15.2/lib/site_perl/5.15.2/amd64-freebsd/Class/MOP.pm line 140
	Class::MOP::load_class('MooseX::StrictConstructor::Role::Meta::Method::Constructor', undef) called at /home/test/perl5/perlbrew/perls/perl-5.15.2/lib/site_perl/5.15.2/amd64-freebsd/Moose/Util.pm line 131
	Moose::Util::_apply_all_roles('Moose::Meta::Class=HASH(0x8041f3918)', undef, 'MooseX::StrictConstructor::Role::Meta::Method::Constructor') called at /home/test/perl5/perlbrew/perls/perl-5.15.2/lib/site_perl/5.15.2/amd64-freebsd/Moose/Util.pm line 98
	Moose::Util::apply_all_roles('Moose::Meta::Class=HASH(0x8041f3918)', 'MooseX::StrictConstructor::Role::Meta::Method::Constructor') called at /home/test/perl5/perlbrew/perls/perl-5.15.2/lib/site_perl/5.15.2/amd64-freebsd/Moose.pm line 65
	Moose::with('Moose::Meta::Class=HASH(0x8041f3918)', 'MooseX::StrictConstructor::Role::Meta::Method::Constructor') called at /home/test/perl5/perlbrew/perls/perl-5.15.2/lib/site_perl/5.15.2/amd64-freebsd/Moose/Exporter.pm line 356
	Moose::with('MooseX::StrictConstructor::Role::Meta::Method::Constructor') called at /usr/home/test/.cpan/build/Fey-ORM-0.38-ad4Z5n/blib/lib/Fey/Meta/Method/Constructor.pm line 14
	require Fey/Meta/Method/Constructor.pm called at /usr/home/test/.cpan/build/Fey-ORM-0.38-ad4Z5n/blib/lib/Fey/Meta/Class/Table.pm line 21
	Fey::Meta::Class::Table::BEGIN() called at /usr/home/test/.cpan/build/Fey-ORM-0.38-ad4Z5n/blib/lib/Fey/Meta/Method/Constructor.pm line 0
	eval {...} called at /usr/home/test/.cpan/build/Fey-ORM-0.38-ad4Z5n/blib/lib/Fey/Meta/Method/Constructor.pm line 0
	require Fey/Meta/Class/Table.pm called at /usr/home/test/.cpan/build/Fey-ORM-0.38-ad4Z5n/blib/lib/Fey/ORM/Table.pm line 11
	Fey::ORM::Table::BEGIN() called at /usr/home/test/.cpan/build/Fey-ORM-0.38-ad4Z5n/blib/lib/Fey/Meta/Method/Constructor.pm line 0
	eval {...} called at /usr/home/test/.cpan/build/Fey-ORM-0.38-ad4Z5n/blib/lib/Fey/Meta/Method/Constructor.pm line 0
	require Fey/ORM/Table.pm called at t/Object/Table.t line 392
	User::BEGIN() called at /usr/home/test/.cpan/build/Fey-ORM-0.38-ad4Z5n/blib/lib/Fey/Meta/Method/Constructor.pm line 0
	eval {...} called at /usr/home/test/.cpan/build/Fey-ORM-0.38-ad4Z5n/blib/lib/Fey/Meta/Method/Constructor.pm line 0
Compilation failed in require at /usr/home/test/.cpan/build/Fey-ORM-0.38-ad4Z5n/blib/lib/Fey/Meta/Class/Table.pm line 21.
BEGIN failed--compilation aborted at /usr/home/test/.cpan/build/Fey-ORM-0.38-ad4Z5n/blib/lib/Fey/Meta/Class/Table.pm line 21.
Compilation failed in require at /usr/home/test/.cpan/build/Fey-ORM-0.38-ad4Z5n/blib/lib/Fey/ORM/Table.pm line 11.
BEGIN failed--compilation aborted at /usr/home/test/.cpan/build/Fey-ORM-0.38-ad4Z5n/blib/lib/Fey/ORM/Table.pm line 11.
Compilation failed in require at t/Object/Table.t line 392.
BEGIN failed--compilation aborted at t/Object/Table.t line 392.
t/Object/Table.t ........................ 
Dubious, test returned 2 (wstat 512, 0x200)
No subtests run 
t/release-eol.t ......................... skipped: these tests are for release candidate testing
t/release-kwalitee.t .................... skipped: these tests are for release candidate testing
t/release-no-tabs.t ..................... skipped: these tests are for release candidate testing

Test Summary Report
-------------------
t/Class/Policy.t                      (Wstat: 512 Tests: 0 Failed: 0)
  Non-zero exit status: 2
  Parse errors: No plan found in TAP output
t/Class/Schema.t                      (Wstat: 512 Tests: 0 Failed: 0)
  Non-zero exit status: 2
  Parse errors: No plan found in TAP output
t/Class/Table-has_many.t              (Wstat: 512 Tests: 0 Failed: 0)
  Non-zero exit status: 2
  Parse errors: No plan found in TAP output
t/Class/Table-has_one.t               (Wstat: 512 Tests: 0 Failed: 0)
  Non-zero exit status: 2
  Parse errors: No plan found in TAP output
t/Class/Table.t                       (Wstat: 512 Tests: 0 Failed: 0)
  Non-zero exit status: 2
  Parse errors: No plan found in TAP output
t/Object/Iterator/FromArray.t         (Wstat: 512 Tests: 0 Failed: 0)
  Non-zero exit status: 2
  Parse errors: No plan found in TAP output
t/Object/Iterator/FromSelect.t        (Wstat: 512 Tests: 0 Failed: 0)
  Non-zero exit status: 2
  Parse errors: No plan found in TAP output
t/Object/Iterator/FromSelect/Caching.t (Wstat: 512 Tests: 0 Failed: 0)
  Non-zero exit status: 2
  Parse errors: No plan found in TAP output
t/Object/Schema.t                     (Wstat: 512 Tests: 0 Failed: 0)
  Non-zero exit status: 2
  Parse errors: No plan found in TAP output
t/Object/Table-cache.t                (Wstat: 512 Tests: 0 Failed: 0)
  Non-zero exit status: 2
  Parse errors: No plan found in TAP output
t/Object/Table-has_many.t             (Wstat: 512 Tests: 0 Failed: 0)
  Non-zero exit status: 2
  Parse errors: No plan found in TAP output
t/Object/Table-has_one.t              (Wstat: 512 Tests: 0 Failed: 0)
  Non-zero exit status: 2
  Parse errors: No plan found in TAP output
t/Object/Table-query-method.t         (Wstat: 512 Tests: 0 Failed: 0)
  Non-zero exit status: 2
  Parse errors: No plan found in TAP output
t/Object/Table-select-attr.t          (Wstat: 512 Tests: 0 Failed: 0)
  Non-zero exit status: 2
  Parse errors: No plan found in TAP output
t/Object/Table.t                      (Wstat: 512 Tests: 0 Failed: 0)
  Non-zero exit status: 2
  Parse errors: No plan found in TAP output
Files=18, Tests=0, 30 wallclock secs ( 0.20 usr  0.25 sys + 18.17 cusr  2.41 csys = 21.02 CPU)
Result: FAIL
Failed 15/18 test programs. 0/0 subtests failed.
*** Error code 255

Stop in /usr/home/test/.cpan/build/Fey-ORM-0.38-ad4Z5n.

------------------------------
PREREQUISITES
------------------------------

Prerequisite modules loaded:

requires:

    Module                         Need Have  
    ------------------------------ ---- ------
    Devel::GlobalDestruction       0    0.04  
    Exception::Class               0    1.32  
    Fey                            0.39 0.40  
    Fey::DBIManager                0.07 0.16  
    List::AllUtils                 0    0.02  
    Moose                          1.15 2.0204
    MooseX::ClassAttribute         0.17 0.26  
    MooseX::SemiAffordanceAccessor 0    0.09  
    MooseX::StrictConstructor      0.08 0.16  
    namespace::autoclean           0    0.13  
    Object::ID                     0    v0.1.1
    Scalar::Util                   0    1.23  
    Sub::Exporter                  0    0.982 

build_requires:

    Module                         Need Have  
    ------------------------------ ---- ------
    Fey::Test                      0.05 0.09  
    Test::Exception                0    0.31  
    Test::More                     0.88 0.98  

configure_requires:

    Module                         Need Have  
    ------------------------------ ---- ------
    ExtUtils::MakeMaker            6.31 6.59  


------------------------------
ENVIRONMENT AND OTHER CONTEXT
------------------------------

Environment variables:

    AUTOMATED_TESTING = 1
    LANG = C
    LC_ALL = C
    PATH = /home/test/perl5/perlbrew/bin:/home/test/perl5/perlbrew/perls/perl-5.15.2/bin:~/bin:/sbin:/bin:/usr/sbin:/usr/bin:/usr/games:/usr/local/sbin:/usr/local/bin:/home/test/bin
    PATH_WITHOUT_PERLBREW = ~/bin:/sbin:/bin:/usr/sbin:/usr/bin:/usr/games:/usr/local/sbin:/usr/local/bin:/home/test/bin
    PERL5LIB = 
    PERL5OPT = 
    PERL5_CPANPLUS_IS_RUNNING = 43172
    PERL5_CPAN_IS_RUNNING = 43172
    PERL5_CPAN_IS_RUNNING_IN_RECURSION = 13034,43172
    PERLBREW_HOME = /home/test/.perlbrew
    PERLBREW_PATH = /home/test/perl5/perlbrew/bin:/home/test/perl5/perlbrew/perls/perl-5.15.2/bin
    PERLBREW_PERL = perl-5.15.2
    PERLBREW_ROOT = /home/test/perl5/perlbrew
    PERLBREW_VERSION = 0.28
    PERL_CPANM_OPT = --prompt --mirror http://172.16.1.3/cpan/
    PERL_CR_SMOKER_CURRENT = Fey-ORM-0.38
    PERL_EXTUTILS_AUTOINSTALL = --defaultdeps
    PERL_MM_USE_DEFAULT = 1
    SHELL = /usr/local/bin/bash
    TERM = linux

Perl special variables (and OS-specific diagnostics, for MSWin32):

    $^X = /home/test/perl5/perlbrew/perls/perl-5.15.2/bin/perl5.15.2
    $UID/$EUID = 1002 / 1002
    $GID = 1002 1002
    $EGID = 1002 1002

Perl module toolchain versions installed:

    Module              Have    
    ------------------- --------
    CPAN                1.9800  
    CPAN::Meta          2.112150
    Cwd                 3.37    
    ExtUtils::CBuilder  0.280202
    ExtUtils::Command   1.17    
    ExtUtils::Install   1.57    
    ExtUtils::MakeMaker 6.59    
    ExtUtils::Manifest  1.60    
    ExtUtils::ParseXS   3.04    
    File::Spec          3.34    
    JSON                2.53    
    JSON::PP            2.27200 
    Module::Build       0.39_01 
    Module::Signature   0.68    
    Parse::CPAN::Meta   1.4401  
    Test::Harness       3.23    
    Test::More          0.98    
    YAML                0.73    
    YAML::Syck          n/a     
    version             0.94    


--

Summary of my perl5 (revision 5 version 15 subversion 2) configuration:
   
  Platform:
    osname=freebsd, osvers=8.1-release, archname=amd64-freebsd
    uname='freebsd fbsd.local 8.1-release freebsd 8.1-release #0: mon jul 19 02:36:49 utc 2010 root@mason.cse.buffalo.edu:usrobjusrsrcsysgeneric amd64 '
    config_args='-de -Dprefix=/home/test/perl5/perlbrew/perls/perl-5.15.2 -Dusedevel'
    hint=recommended, useposix=true, d_sigaction=define
    useithreads=undef, usemultiplicity=undef
    useperlio=define, d_sfio=undef, uselargefiles=define, usesocks=undef
    use64bitint=define, use64bitall=define, uselongdouble=undef
    usemymalloc=n, bincompat5005=undef
  Compiler:
    cc='cc', ccflags ='-DHAS_FPSETMASK -DHAS_FLOATINGPOINT_H -fno-strict-aliasing -pipe -fstack-protector -I/usr/local/include',
    optimize='-O',
    cppflags='-DHAS_FPSETMASK -DHAS_FLOATINGPOINT_H -fno-strict-aliasing -pipe -fstack-protector -I/usr/local/include'
    ccversion='', gccversion='4.2.1 20070719  [FreeBSD]', gccosandvers=''
    intsize=4, longsize=8, ptrsize=8, doublesize=8, byteorder=12345678
    d_longlong=define, longlongsize=8, d_longdbl=define, longdblsize=16
    ivtype='long', ivsize=8, nvtype='double', nvsize=8, Off_t='off_t', lseeksize=8
    alignbytes=8, prototype=define
  Linker and Libraries:
    ld='cc', ldflags ='-Wl,-E  -fstack-protector -L/usr/local/lib'
    libpth=/usr/lib /usr/local/lib
    libs=-lm -lcrypt -lutil -lc
    perllibs=-lm -lcrypt -lutil -lc
    libc=, so=so, useshrplib=false, libperl=libperl.a
    gnulibc_version=''
  Dynamic Linking:
    dlsrc=dl_dlopen.xs, dlext=so, d_dlsymun=undef, ccdlflags=' '
    cccdlflags='-DPIC -fPIC', lddlflags='-shared  -L/usr/local/lib -fstack-protector'


Characteristics of this binary (from libperl): 
  Compile-time options: HAS_TIMES PERLIO_LAYERS PERL_DONT_CREATE_GVSV
                        PERL_MALLOC_WRAP PERL_PRESERVE_IVUV PERL_USE_DEVEL
                        USE_64_BIT_ALL USE_64_BIT_INT USE_LARGE_FILES
                        USE_LOCALE USE_LOCALE_COLLATE USE_LOCALE_CTYPE
                        USE_LOCALE_NUMERIC USE_PERLIO USE_PERL_ATOF
  Built under freebsd
  Compiled at Aug 25 2011 14:21:18
  %ENV:
    PERL5LIB=""
    PERL5OPT=""
    PERL5_CPANPLUS_IS_RUNNING="43172"
    PERL5_CPAN_IS_RUNNING="43172"
    PERL5_CPAN_IS_RUNNING_IN_RECURSION="13034,43172"
    PERLBREW_HOME="/home/test/.perlbrew"
    PERLBREW_PATH="/home/test/perl5/perlbrew/bin:/home/test/perl5/perlbrew/perls/perl-5.15.2/bin"
    PERLBREW_PERL="perl-5.15.2"
    PERLBREW_ROOT="/home/test/perl5/perlbrew"
    PERLBREW_VERSION="0.28"
    PERL_CPANM_OPT="--prompt --mirror http://172.16.1.3/cpan/"
    PERL_CR_SMOKER_CURRENT="Fey-ORM-0.38"
    PERL_EXTUTILS_AUTOINSTALL="--defaultdeps"
    PERL_MM_USE_DEFAULT="1"
  @INC:
    /home/test/perl5/perlbrew/perls/perl-5.15.2/lib/site_perl/5.15.2/amd64-freebsd
    /home/test/perl5/perlbrew/perls/perl-5.15.2/lib/site_perl/5.15.2
    /home/test/perl5/perlbrew/perls/perl-5.15.2/lib/5.15.2/amd64-freebsd
    /home/test/perl5/perlbrew/perls/perl-5.15.2/lib/5.15.2
    .