Test-Unit v0.25 Perl 5 v5.34.1 RC1 x86_64-linux-thread-multi
- Status
- Fail
- From
- Andreas J. König (ANDK)
- Dist
-
Test-Unit v0.25
- Platform
- Perl 5 v5.34.1 RC1 x86_64-linux-thread-multi
- Date
- 2022-03-04 10:44:40
- ID
- 1884a2b6-9ba8-11ec-a378-2e3cb7a1ffe7
This distribution has been tested as part of the CPAN Testers
project, supporting the Perl programming language. See
http://wiki.cpantesters.org/ for more information or email
questions to cpan-testers-discuss@perl.org
--
Dear Matthew Astley,
This is a computer-generated report for Test-Unit-0.25
on perl 5.34.1, created by CPAN-Reporter-1.2018.
Thank you for uploading your work to CPAN. However, there was a problem
testing your distribution.
If you think this report is invalid, please consult the CPAN Testers Wiki
for suggestions on how to avoid getting FAIL reports for missing library
or binary dependencies, unsupported operating systems, and so on:
http://wiki.cpantesters.org/wiki/CPANAuthorNotes
Sections of this report:
* Tester comments
* Program output
* Prerequisites
* Environment and other context
------------------------------
TESTER COMMENTS
------------------------------
Additional comments from tester:
this report is from an automated smoke testing program
and was not reviewed by a human for accuracy
------------------------------
PROGRAM OUTPUT
------------------------------
Output from '/usr/bin/make test':
PERL_DL_NONLAZY=1 "/tmp/basesmoker-reloperl-9FLL/bin/perl" "-MExtUtils::Command::MM" "-MTest::Harness" "-e" "undef *Test::Harness::Switches; test_harness(0, 'blib/lib', 'blib/arch')" t/*.t
Can't use 'defined(@array)' (Maybe you should just omit the defined()?) at /tmp/loop_over_bdir-3051709-3CLPcA/Test-Unit-0.25-0/blib/lib/Test/Unit/TestCase.pm line 106.
Compilation failed in require at /tmp/loop_over_bdir-3051709-3CLPcA/Test-Unit-0.25-0/blib/lib/Test/Unit/TestSuite.pm line 15.
BEGIN failed--compilation aborted at /tmp/loop_over_bdir-3051709-3CLPcA/Test-Unit-0.25-0/blib/lib/Test/Unit/TestSuite.pm line 15.
Compilation failed in require at /tmp/loop_over_bdir-3051709-3CLPcA/Test-Unit-0.25-0/blib/lib/Test/Unit/Loader.pm line 7.
BEGIN failed--compilation aborted at /tmp/loop_over_bdir-3051709-3CLPcA/Test-Unit-0.25-0/blib/lib/Test/Unit/Loader.pm line 7.
Compilation failed in require at /tmp/loop_over_bdir-3051709-3CLPcA/Test-Unit-0.25-0/blib/lib/Test/Unit/Listener.pm line 2.
BEGIN failed--compilation aborted at /tmp/loop_over_bdir-3051709-3CLPcA/Test-Unit-0.25-0/blib/lib/Test/Unit/Listener.pm line 2.
Compilation failed in require at /home/sand/src/perl/repoperls/installed-perls/host/k93msid/v5.34.1-RC1/1e0c/lib/5.34.1/base.pm line 137.
...propagated at /home/sand/src/perl/repoperls/installed-perls/host/k93msid/v5.34.1-RC1/1e0c/lib/5.34.1/base.pm line 159.
BEGIN failed--compilation aborted at /tmp/loop_over_bdir-3051709-3CLPcA/Test-Unit-0.25-0/blib/lib/Test/Unit/Runner.pm line 25.
Compilation failed in require at /home/sand/src/perl/repoperls/installed-perls/host/k93msid/v5.34.1-RC1/1e0c/lib/5.34.1/base.pm line 137.
...propagated at /home/sand/src/perl/repoperls/installed-perls/host/k93msid/v5.34.1-RC1/1e0c/lib/5.34.1/base.pm line 159.
BEGIN failed--compilation aborted at /tmp/loop_over_bdir-3051709-3CLPcA/Test-Unit-0.25-0/blib/lib/Test/Unit/HarnessUnit.pm line 6.
Compilation failed in require at t/all_tests.t line 6.
BEGIN failed--compilation aborted at t/all_tests.t line 6.
t/all_tests.t .....
Dubious, test returned 255 (wstat 65280, 0xff00)
No subtests run
Can't use 'defined(@array)' (Maybe you should just omit the defined()?) at /tmp/loop_over_bdir-3051709-3CLPcA/Test-Unit-0.25-0/blib/lib/Test/Unit/TestCase.pm line 106.
Compilation failed in require at /tmp/loop_over_bdir-3051709-3CLPcA/Test-Unit-0.25-0/blib/lib/Test/Unit/TestSuite.pm line 15.
BEGIN failed--compilation aborted at /tmp/loop_over_bdir-3051709-3CLPcA/Test-Unit-0.25-0/blib/lib/Test/Unit/TestSuite.pm line 15.
Compilation failed in require at /tmp/loop_over_bdir-3051709-3CLPcA/Test-Unit-0.25-0/blib/lib/Test/Unit/Loader.pm line 7.
BEGIN failed--compilation aborted at /tmp/loop_over_bdir-3051709-3CLPcA/Test-Unit-0.25-0/blib/lib/Test/Unit/Loader.pm line 7.
Compilation failed in require at /tmp/loop_over_bdir-3051709-3CLPcA/Test-Unit-0.25-0/blib/lib/Test/Unit/Listener.pm line 2.
BEGIN failed--compilation aborted at /tmp/loop_over_bdir-3051709-3CLPcA/Test-Unit-0.25-0/blib/lib/Test/Unit/Listener.pm line 2.
Compilation failed in require at /home/sand/src/perl/repoperls/installed-perls/host/k93msid/v5.34.1-RC1/1e0c/lib/5.34.1/base.pm line 137.
...propagated at /home/sand/src/perl/repoperls/installed-perls/host/k93msid/v5.34.1-RC1/1e0c/lib/5.34.1/base.pm line 159.
BEGIN failed--compilation aborted at /tmp/loop_over_bdir-3051709-3CLPcA/Test-Unit-0.25-0/blib/lib/Test/Unit/Runner.pm line 25.
Compilation failed in require at /home/sand/src/perl/repoperls/installed-perls/host/k93msid/v5.34.1-RC1/1e0c/lib/5.34.1/base.pm line 137.
...propagated at /home/sand/src/perl/repoperls/installed-perls/host/k93msid/v5.34.1-RC1/1e0c/lib/5.34.1/base.pm line 159.
BEGIN failed--compilation aborted at /tmp/loop_over_bdir-3051709-3CLPcA/Test-Unit-0.25-0/blib/lib/Test/Unit/HarnessUnit.pm line 6.
Compilation failed in require at t/assert.t line 5.
BEGIN failed--compilation aborted at t/assert.t line 5.
t/assert.t ........
Dubious, test returned 255 (wstat 65280, 0xff00)
No subtests run
# Test 1 got: "Can't use 'defined(@array)' (Maybe you should just omit the defined()?) at /tmp/loop_over_bdir-3051709-3CLPcA/Test-Unit-0.25-0/blib/lib/Test/Unit/TestCase.pm line 106.\n# Compilation failed in require at /tmp/loop_over_bdir-3051709-3CLPcA/Test-Unit-0.25-0/blib/lib/Test/Unit/TestSuite.pm line 15.\n# BEGIN failed--compilation aborted at /tmp/loop_over_bdir-3051709-3CLPcA/Test-Unit-0.25-0/blib/lib/Test/Unit/TestSuite.pm line 15.\n# Compilation failed in require at /tmp/loop_over_bdir-3051709-3CLPcA/Test-Unit-0.25-0/blib/lib/Test/Unit/Loader.pm line 7.\n# BEGIN failed--compilation aborted at /tmp/loop_over_bdir-3051709-3CLPcA/Test-Unit-0.25-0/blib/lib/Test/Unit/Loader.pm line 7.\n# Compilation failed in require at /tmp/loop_over_bdir-3051709-3CLPcA/Test-Unit-0.25-0/blib/lib/Test/Unit/Listener.pm line 2.\n# BEGIN failed--compilation aborted at /tmp/loop_over_bdir-3051709-3CLPcA/Test-Unit-0.25-0/blib/lib/Test/Unit/Listener.pm line 2.\n# Compilation failed in require at /home/sand/src/perl/repoperls/installed-perls/host/k93msid/v5.34.1-RC1/1e0c/lib/5.34.1/base.pm line 137.\n# \t...propagated at /home/sand/src/perl/repoperls/installed-perls/host/k93msid/v5.34.1-RC1/1e0c/lib/5.34.1/base.pm line 159.\n# BEGIN failed--compilation aborted at /tmp/loop_over_bdir-3051709-3CLPcA/Test-Unit-0.25-0/blib/lib/Test/Unit/Runner.pm line 25.\n# Compilation failed in require at /home/sand/src/perl/repoperls/installed-perls/host/k93msid/v5.34.1-RC1/1e0c/lib/5.34.1/base.pm line 137.\n# \t...propagated at /home/sand/src/perl/repoperls/installed-perls/host/k93msid/v5.34.1-RC1/1e0c/lib/5.34.1/base.pm line 159.\n# BEGIN failed--compilation aborted at /tmp/loop_over_bdir-3051709-3CLPcA/Test-Unit-0.25-0/blib/lib/Test/Unit/TestRunner.pm line 4.\n# Compilation failed in require at ./TestRunner.pl line 6.\n# BEGIN failed--compilation aborted at ./TestRunner.pl line 6.\n# " (t/try_examples.t at line 106)
# Expected: "Suite setup\n# TEST-RUN-SUMMARY\n# \n# TIME-SUMMARY\n# \n# !!!FAILURES!!!\n# Test Results:\n# Run: 2, Failures: 1, Errors: 0\n# \n# There was 1 failure:\n# 1) examples/fail_example.pm:19 - test_fail(fail_example)\n# Born to lose ...\n# \n# Test was not successful.\n# "
# Lines 1-14 are changed:
# - "Suite setup\n"
# + "Can't use 'defined(@array)' (Maybe you should just omit the defined()?) at /tmp/loop_over_bdir-3051709-3CLPcA/Test-Unit-0.25-0/blib/lib/Test/Unit/TestCase.pm line 106.\n"
# - "# TEST-RUN-SUMMARY\n"
# + "# Compilation failed in require at /tmp/loop_over_bdir-3051709-3CLPcA/Test-Unit-0.25-0/blib/lib/Test/Unit/TestSuite.pm line 15.\n"
# - "# \n"
# + "# BEGIN failed--compilation aborted at /tmp/loop_over_bdir-3051709-3CLPcA/Test-Unit-0.25-0/blib/lib/Test/Unit/TestSuite.pm line 15.\n"
# - "# TIME-SUMMARY\n"
# + "# Compilation failed in require at /tmp/loop_over_bdir-3051709-3CLPcA/Test-Unit-0.25-0/blib/lib/Test/Unit/Loader.pm line 7.\n"
# - "# \n"
# + "# BEGIN failed--compilation aborted at /tmp/loop_over_bdir-3051709-3CLPcA/Test-Unit-0.25-0/blib/lib/Test/Unit/Loader.pm line 7.\n"
# - "# !!!FAILURES!!!\n"
# + "# Compilation failed in require at /tmp/loop_over_bdir-3051709-3CLPcA/Test-Unit-0.25-0/blib/lib/Test/Unit/Listener.pm line 2.\n"
# - "# Test Results:\n"
# + "# BEGIN failed--compilation aborted at /tmp/loop_over_bdir-3051709-3CLPcA/Test-Unit-0.25-0/blib/lib/Test/Unit/Listener.pm line 2.\n"
# - "# Run: 2, Failures: 1, Errors: 0\n"
# + "# Compilation failed in require at /home/sand/src/perl/repoperls/installed-perls/host/k93msid/v5.34.1-RC1/1e0c/lib/5.34.1/base.pm line 137.\n"
# - "# \n"
# + "# \t...propagated at /home/sand/src/perl/repoperls/installed-perls/host/k93msid/v5.34.1-RC1/1e0c/lib/5.34.1/base.pm line 159.\n"
# - "# There was 1 failure:\n"
# + "# BEGIN failed--compilation aborted at /tmp/loop_over_bdir-3051709-3CLPcA/Test-Unit-0.25-0/blib/lib/Test/Unit/Runner.pm line 25.\n"
# - "# 1) examples/fail_example.pm:19 - test_fail(fail_example)\n"
# + "# Compilation failed in require at /home/sand/src/perl/repoperls/installed-perls/host/k93msid/v5.34.1-RC1/1e0c/lib/5.34.1/base.pm line 137.\n"
# - "# Born to lose ...\n"
# + "# \t...propagated at /home/sand/src/perl/repoperls/installed-perls/host/k93msid/v5.34.1-RC1/1e0c/lib/5.34.1/base.pm line 159.\n"
# - "# \n"
# + "# BEGIN failed--compilation aborted at /tmp/loop_over_bdir-3051709-3CLPcA/Test-Unit-0.25-0/blib/lib/Test/Unit/TestRunner.pm line 4.\n"
# - "# Test was not successful.\n"
# + "# Compilation failed in require at ./TestRunner.pl line 6.\n"
# Got 1 extra line at line 15:
# + "# BEGIN failed--compilation aborted at ./TestRunner.pl line 6.\n"
# t/try_examples.t line 106 is: ok($out, $guru_checked{$e});
# Test 2 got: "Can't use 'defined(@array)' (Maybe you should just omit the defined()?) at /tmp/loop_over_bdir-3051709-3CLPcA/Test-Unit-0.25-0/blib/lib/Test/Unit/TestCase.pm line 106.\n# Compilation failed in require at /tmp/loop_over_bdir-3051709-3CLPcA/Test-Unit-0.25-0/blib/lib/Test/Unit/TestSuite.pm line 15.\n# BEGIN failed--compilation aborted at /tmp/loop_over_bdir-3051709-3CLPcA/Test-Unit-0.25-0/blib/lib/Test/Unit/TestSuite.pm line 15.\n# Compilation failed in require at /tmp/loop_over_bdir-3051709-3CLPcA/Test-Unit-0.25-0/blib/lib/Test/Unit/Procedural.pm line 5.\n# BEGIN failed--compilation aborted at /tmp/loop_over_bdir-3051709-3CLPcA/Test-Unit-0.25-0/blib/lib/Test/Unit/Procedural.pm line 5.\n# Compilation failed in require at examples/patch100132 line 6.\n# BEGIN failed--compilation aborted at examples/patch100132 line 6.\n# " (t/try_examples.t at line 106 fail #2)
# Expected: "...\n# TIME-SUMMARY\n# \n# OK (3 tests)\n# "
# Lines 1-4 are changed:
# - "...\n"
# + "Can't use 'defined(@array)' (Maybe you should just omit the defined()?) at /tmp/loop_over_bdir-3051709-3CLPcA/Test-Unit-0.25-0/blib/lib/Test/Unit/TestCase.pm line 106.\n"
# - "# TIME-SUMMARY\n"
# + "# Compilation failed in require at /tmp/loop_over_bdir-3051709-3CLPcA/Test-Unit-0.25-0/blib/lib/Test/Unit/TestSuite.pm line 15.\n"
# - "# \n"
# + "# BEGIN failed--compilation aborted at /tmp/loop_over_bdir-3051709-3CLPcA/Test-Unit-0.25-0/blib/lib/Test/Unit/TestSuite.pm line 15.\n"
# - "# OK (3 tests)\n"
# + "# Compilation failed in require at /tmp/loop_over_bdir-3051709-3CLPcA/Test-Unit-0.25-0/blib/lib/Test/Unit/Procedural.pm line 5.\n"
# Got 3 extra lines at line 5:
# + "# BEGIN failed--compilation aborted at /tmp/loop_over_bdir-3051709-3CLPcA/Test-Unit-0.25-0/blib/lib/Test/Unit/Procedural.pm line 5.\n"
# + "# Compilation failed in require at examples/patch100132 line 6.\n"
# + "# BEGIN failed--compilation aborted at examples/patch100132 line 6.\n"
# Test 3 got: "Can't use 'defined(@array)' (Maybe you should just omit the defined()?) at /tmp/loop_over_bdir-3051709-3CLPcA/Test-Unit-0.25-0/blib/lib/Test/Unit/TestCase.pm line 106.\n# Compilation failed in require at /tmp/loop_over_bdir-3051709-3CLPcA/Test-Unit-0.25-0/blib/lib/Test/Unit/TestSuite.pm line 15.\n# BEGIN failed--compilation aborted at /tmp/loop_over_bdir-3051709-3CLPcA/Test-Unit-0.25-0/blib/lib/Test/Unit/TestSuite.pm line 15.\n# Compilation failed in require at /tmp/loop_over_bdir-3051709-3CLPcA/Test-Unit-0.25-0/blib/lib/Test/Unit/Procedural.pm line 5.\n# BEGIN failed--compilation aborted at /tmp/loop_over_bdir-3051709-3CLPcA/Test-Unit-0.25-0/blib/lib/Test/Unit/Procedural.pm line 5.\n# Compilation failed in require at examples/patch100132-1 line 6.\n# BEGIN failed--compilation aborted at examples/patch100132-1 line 6.\n# " (t/try_examples.t at line 106 fail #3)
# Expected: "...\n# TIME-SUMMARY\n# \n# OK (3 tests)\n# "
# Lines 1-4 are changed:
# - "...\n"
# + "Can't use 'defined(@array)' (Maybe you should just omit the defined()?) at /tmp/loop_over_bdir-3051709-3CLPcA/Test-Unit-0.25-0/blib/lib/Test/Unit/TestCase.pm line 106.\n"
# - "# TIME-SUMMARY\n"
# + "# Compilation failed in require at /tmp/loop_over_bdir-3051709-3CLPcA/Test-Unit-0.25-0/blib/lib/Test/Unit/TestSuite.pm line 15.\n"
# - "# \n"
# + "# BEGIN failed--compilation aborted at /tmp/loop_over_bdir-3051709-3CLPcA/Test-Unit-0.25-0/blib/lib/Test/Unit/TestSuite.pm line 15.\n"
# - "# OK (3 tests)\n"
# + "# Compilation failed in require at /tmp/loop_over_bdir-3051709-3CLPcA/Test-Unit-0.25-0/blib/lib/Test/Unit/Procedural.pm line 5.\n"
# Got 3 extra lines at line 5:
# + "# BEGIN failed--compilation aborted at /tmp/loop_over_bdir-3051709-3CLPcA/Test-Unit-0.25-0/blib/lib/Test/Unit/Procedural.pm line 5.\n"
# + "# Compilation failed in require at examples/patch100132-1 line 6.\n"
# + "# BEGIN failed--compilation aborted at examples/patch100132-1 line 6.\n"
# Test 4 got: "Can't use 'defined(@array)' (Maybe you should just omit the defined()?) at /tmp/loop_over_bdir-3051709-3CLPcA/Test-Unit-0.25-0/blib/lib/Test/Unit/TestCase.pm line 106.\n# Compilation failed in require at /tmp/loop_over_bdir-3051709-3CLPcA/Test-Unit-0.25-0/blib/lib/Test/Unit/TestSuite.pm line 15.\n# BEGIN failed--compilation aborted at /tmp/loop_over_bdir-3051709-3CLPcA/Test-Unit-0.25-0/blib/lib/Test/Unit/TestSuite.pm line 15.\n# Compilation failed in require at /tmp/loop_over_bdir-3051709-3CLPcA/Test-Unit-0.25-0/blib/lib/Test/Unit/Procedural.pm line 5.\n# BEGIN failed--compilation aborted at /tmp/loop_over_bdir-3051709-3CLPcA/Test-Unit-0.25-0/blib/lib/Test/Unit/Procedural.pm line 5.\n# Compilation failed in require at examples/patch100132-2 line 6.\n# BEGIN failed--compilation aborted at examples/patch100132-2 line 6.\n# " (t/try_examples.t at line 106 fail #4)
# Expected: "...\n# TIME-SUMMARY\n# \n# OK (3 tests)\n# "
# Lines 1-4 are changed:
# - "...\n"
# + "Can't use 'defined(@array)' (Maybe you should just omit the defined()?) at /tmp/loop_over_bdir-3051709-3CLPcA/Test-Unit-0.25-0/blib/lib/Test/Unit/TestCase.pm line 106.\n"
# - "# TIME-SUMMARY\n"
# + "# Compilation failed in require at /tmp/loop_over_bdir-3051709-3CLPcA/Test-Unit-0.25-0/blib/lib/Test/Unit/TestSuite.pm line 15.\n"
# - "# \n"
# + "# BEGIN failed--compilation aborted at /tmp/loop_over_bdir-3051709-3CLPcA/Test-Unit-0.25-0/blib/lib/Test/Unit/TestSuite.pm line 15.\n"
# - "# OK (3 tests)\n"
# + "# Compilation failed in require at /tmp/loop_over_bdir-3051709-3CLPcA/Test-Unit-0.25-0/blib/lib/Test/Unit/Procedural.pm line 5.\n"
# Got 3 extra lines at line 5:
# + "# BEGIN failed--compilation aborted at /tmp/loop_over_bdir-3051709-3CLPcA/Test-Unit-0.25-0/blib/lib/Test/Unit/Procedural.pm line 5.\n"
# + "# Compilation failed in require at examples/patch100132-2 line 6.\n"
# + "# BEGIN failed--compilation aborted at examples/patch100132-2 line 6.\n"
t/try_examples.t ..
Failed 4/4 subtests
Test Summary Report
-------------------
t/all_tests.t (Wstat: 65280 Tests: 0 Failed: 0)
Non-zero exit status: 255
Parse errors: No plan found in TAP output
t/assert.t (Wstat: 65280 Tests: 0 Failed: 0)
Non-zero exit status: 255
Parse errors: No plan found in TAP output
t/try_examples.t (Wstat: 0 Tests: 4 Failed: 4)
Failed tests: 1-4
Files=3, Tests=4, 1 wallclock secs ( 0.01 usr 0.01 sys + 0.16 cusr 0.06 csys = 0.24 CPU)
Result: FAIL
Failed 3/3 test programs. 4/4 subtests failed.
make: *** [Makefile:956: test_dynamic] Error 255
------------------------------
PREREQUISITES
------------------------------
Prerequisite modules loaded:
requires:
Module Need Have
------------------- ---- --------
base 1 2.27
Class::Inner 0 0.200001
Devel::Symdump 0 2.18
Error 0 0.17029
build_requires:
Module Need Have
------------------- ---- --------
ExtUtils::MakeMaker 0 7.64
------------------------------
ENVIRONMENT AND OTHER CONTEXT
------------------------------
Environment variables:
AUTOMATED_TESTING = 1
LANG = en_US.UTF-8
PATH = /home/sand/bin:/usr/local/bin:/usr/bin:/bin:/usr/games:/usr/local/perl/bin:/usr/X11/bin:/sbin:/usr/sbin
PERL5LIB =
PERL5OPT =
PERL5_CPANPLUS_IS_RUNNING = 3714751
PERL5_CPAN_IS_RUNNING = 3714751
PERL_CANARY_STABILITY_NOPROMPT = 1
PERL_MM_USE_DEFAULT = 1
PERL_USE_UNSAFE_INC = 1
SHELL = /usr/bin/zsh
TERM = screen
Perl special variables (and OS-specific diagnostics, for MSWin32):
$^X = /tmp/basesmoker-reloperl-9FLL/bin/perl
$UID/$EUID = 1005 / 1005
$GID = 1005 1005
$EGID = 1005 1005
Perl module toolchain versions installed:
Module Have
------------------- --------
CPAN 2.33
CPAN::Meta 2.150010
Cwd 3.80
ExtUtils::CBuilder 0.280236
ExtUtils::Command 7.64
ExtUtils::Install 2.20
ExtUtils::MakeMaker 7.64
ExtUtils::Manifest 1.73
ExtUtils::ParseXS 3.43
File::Spec 3.80
JSON 4.05
JSON::PP 4.07
Module::Build 0.4231
Module::Signature 0.88
Parse::CPAN::Meta 2.150010
Test::Harness 3.43
Test::More 1.302189
YAML 1.30
YAML::Syck 1.34
version 0.9929
--
Summary of my perl5 (revision 5 version 34 subversion 1) configuration:
Commit id: f53b4397a92bf48a5dd7b2ce75ae5f2de4be9254
Platform:
osname=linux
osvers=5.15.0-2-amd64
archname=x86_64-linux-thread-multi
uname='linux k93msid 5.15.0-2-amd64 #1 smp debian 5.15.5-2 (2021-12-18) x86_64 gnulinux '
config_args='-Dprefix=/home/sand/src/perl/repoperls/installed-perls/host/k93msid/v5.34.1-RC1/1e0c -Dmyhostname=k93msid -Dinstallusrbinperl=n -Uversiononly -Dusedevel -des -Ui_db -Dlibswanted=cl pthread socket inet nsl gdbm dbm malloc dl ld sun m crypt sec util c cposix posix ucb BSD gdbm_compat -Duseithreads -Uuselongdouble -DEBUGGING=-g'
hint=recommended
useposix=true
d_sigaction=define
useithreads=define
usemultiplicity=define
use64bitint=define
use64bitall=define
uselongdouble=undef
usemymalloc=n
default_inc_excludes_dot=define
Compiler:
cc='cc'
ccflags ='-D_REENTRANT -D_GNU_SOURCE -fwrapv -fno-strict-aliasing -pipe -fstack-protector-strong -I/usr/local/include -D_LARGEFILE_SOURCE -D_FILE_OFFSET_BITS=64 -D_FORTIFY_SOURCE=2'
optimize='-O2 -g'
cppflags='-D_REENTRANT -D_GNU_SOURCE -fwrapv -fno-strict-aliasing -pipe -fstack-protector-strong -I/usr/local/include'
ccversion=''
gccversion='11.2.0'
gccosandvers=''
intsize=4
longsize=8
ptrsize=8
doublesize=8
byteorder=12345678
doublekind=3
d_longlong=define
longlongsize=8
d_longdbl=define
longdblsize=16
longdblkind=3
ivtype='long'
ivsize=8
nvtype='double'
nvsize=8
Off_t='off_t'
lseeksize=8
alignbytes=8
prototype=define
Linker and Libraries:
ld='cc'
ldflags =' -fstack-protector-strong -L/usr/local/lib'
libpth=/usr/local/lib /usr/lib/x86_64-linux-gnu /usr/lib /lib/x86_64-linux-gnu /lib
libs=-lpthread -lnsl -ldl -lm -lcrypt -lutil -lc
perllibs=-lpthread -lnsl -ldl -lm -lcrypt -lutil -lc
libc=libc-2.33.so
so=so
useshrplib=false
libperl=libperl.a
gnulibc_version='2.33'
Dynamic Linking:
dlsrc=dl_dlopen.xs
dlext=so
d_dlsymun=undef
ccdlflags='-Wl,-E'
cccdlflags='-fPIC'
lddlflags='-shared -O2 -g -L/usr/local/lib -fstack-protector-strong'
Characteristics of this binary (from libperl):
Compile-time options:
HAS_TIMES
MULTIPLICITY
PERLIO_LAYERS
PERL_COPY_ON_WRITE
PERL_DONT_CREATE_GVSV
PERL_IMPLICIT_CONTEXT
PERL_MALLOC_WRAP
PERL_OP_PARENT
PERL_PRESERVE_IVUV
PERL_USE_DEVEL
USE_64_BIT_ALL
USE_64_BIT_INT
USE_ITHREADS
USE_LARGE_FILES
USE_LOCALE
USE_LOCALE_COLLATE
USE_LOCALE_CTYPE
USE_LOCALE_NUMERIC
USE_LOCALE_TIME
USE_PERLIO
USE_PERL_ATOF
USE_REENTRANT_API
USE_THREAD_SAFE_LOCALE
Locally applied patches:
RC1
Built under linux
Compiled at Feb 27 2022 16:59:04
%ENV:
PERL5LIB=""
PERL5OPT=""
PERL5_CPANPLUS_IS_RUNNING="3714751"
PERL5_CPAN_IS_RUNNING="3714751"
PERL_CANARY_STABILITY_NOPROMPT="1"
PERL_MM_USE_DEFAULT="1"
PERL_USE_UNSAFE_INC="1"
@INC:
/home/sand/src/perl/repoperls/installed-perls/host/k93msid/v5.34.1-RC1/1e0c/lib/site_perl/5.34.1/x86_64-linux-thread-multi
/home/sand/src/perl/repoperls/installed-perls/host/k93msid/v5.34.1-RC1/1e0c/lib/site_perl/5.34.1
/home/sand/src/perl/repoperls/installed-perls/host/k93msid/v5.34.1-RC1/1e0c/lib/5.34.1/x86_64-linux-thread-multi
/home/sand/src/perl/repoperls/installed-perls/host/k93msid/v5.34.1-RC1/1e0c/lib/5.34.1
.