Test-LectroTest v0.5001 Perl 5 v5.20.3 x86_64-linux
- Status
- Fail
- From
- Nigel Horne
- Dist
-
Test-LectroTest v0.5001
- Platform
- Perl 5 v5.20.3 x86_64-linux
- Date
- 2019-02-24 02:44:22
- ID
- 173f2448-37de-11e9-bf31-80c71e9d5857
This distribution has been tested as part of the CPAN Testers
project, supporting the Perl programming language. See
http://wiki.cpantesters.org/ for more information or email
questions to cpan-testers-discuss@perl.org
--
Dear Tom Moertel,
This is a computer-generated report for Test-LectroTest-0.5001
on perl 5.20.3, created by CPAN-Reporter-1.2018.
Thank you for uploading your work to CPAN. However, there was a problem
testing your distribution.
If you think this report is invalid, please consult the CPAN Testers Wiki
for suggestions on how to avoid getting FAIL reports for missing library
or binary dependencies, unsupported operating systems, and so on:
http://wiki.cpantesters.org/wiki/CPANAuthorNotes
Sections of this report:
* Tester comments
* Program output
* Prerequisites
* Environment and other context
------------------------------
TESTER COMMENTS
------------------------------
Additional comments from tester:
this report is from an automated smoke testing program
and was not reviewed by a human for accuracy
------------------------------
PROGRAM OUTPUT
------------------------------
Output from '/usr/bin/make test':
PERL_DL_NONLAZY=1 "/home/smoker/perl5/perlbrew/perls/perl-5.20.3/bin/perl" "-MExtUtils::Command::MM" "-MTest::Harness" "-e" "undef *Test::Harness::Switches; test_harness(0, 'blib/lib', 'blib/arch')" t/*.t
t/docs-eg.t ............... ok
t/compat.t ................ ok
t/harness.t ............... ok
t/pod-coverage.t .......... skipped: Test::Pod::Coverage 1.00 required for testing POD coverage
t/pod.t ................... skipped: Test::Pod 1.00 required for testing POD
# Failed test 'Sized{undef} Float(range=>[-2,6]) dist mean is 2 (z-score = -3.92)'
# at t/gens.t line 1177.
#
# ============================================================
#
# IMPORTANT! A TEST FAILURE MAY NOT REPRESENT A REAL PROBLEM.
#
# This test suite relies upon a number of randomized tests and
# statistical inferences. So, there is a small probability
# that some part of the suite will fail even if everything is
# actually fine. Therefore, re-run the test suite. You do
# not have a problem unless the suite fails repeatably.
#
# ============================================================
#
# '3.92442435851381'
# <
# '3.89'
t/props.t ................. ok
t/props2.t ................ ok
t/recorder.t .............. ok
t/release-pod-coverage.t .. skipped: these tests are for release candidate testing
t/release-pod-syntax.t .... skipped: these tests are for release candidate testing
t/runner.t ................ ok
# Looks like you failed 1 test of 248.
t/gens.t ..................
Dubious, test returned 1 (wstat 256, 0x100)
Failed 1/248 subtests
Test Summary Report
-------------------
t/gens.t (Wstat: 256 Tests: 248 Failed: 1)
Failed test: 87
Non-zero exit status: 1
Files=12, Tests=329, 18 wallclock secs ( 0.13 usr 0.03 sys + 11.54 cusr 0.76 csys = 12.46 CPU)
Result: FAIL
Failed 1/12 test programs. 1/329 subtests failed.
Makefile:869: recipe for target 'test_dynamic' failed
make: *** [test_dynamic] Error 1
------------------------------
PREREQUISITES
------------------------------
Prerequisite modules loaded:
requires:
Module Need Have
------------------- ---- --------
Carp 0 1.3301
Class::Struct 0 0.65
constant 0 1.31
Data::Dumper 0 2.151_01
Exporter 0 5.71
Filter::Util::Call 0 1.49
POSIX 0 1.38_03
Scalar::Util 0 1.38
strict 0 1.08
Test::Builder 0 1.302141
warnings 0 1.23
build_requires:
Module Need Have
------------------- ---- --------
File::Temp 0 0.2304
Test::More 0 1.302141
configure_requires:
Module Need Have
------------------- ---- --------
ExtUtils::MakeMaker 6.30 7.34
------------------------------
ENVIRONMENT AND OTHER CONTEXT
------------------------------
Environment variables:
AUTOMATED_TESTING = 1
HARNESS_OPTIONS = j2
NONINTERACTIVE_TESTING = 1
PATH = /home/smoker/perl5/perlbrew/bin:/home/smoker/perl5/perlbrew/perls/perl-5.20.3/bin:/usr/local/sbin:/usr/local/bin:/usr/sbin:/usr/bin:/sbin:/bin
PERL5LIB = /tmp/build/Params-Util-1.07-0/blib/arch:/tmp/build/Params-Util-1.07-0/blib/lib:/tmp/build/Devel-CheckOS-1.81-0/blib/arch:/tmp/build/Devel-CheckOS-1.81-0/blib/lib:/tmp/build/Data-Compare-1.25-0/blib/arch:/tmp/build/Data-Compare-1.25-0/blib/lib:/tmp/build/File-Find-Rule-0.34-0/blib/arch:/tmp/build/File-Find-Rule-0.34-0/blib/lib:/tmp/build/Text-Glob-0.11-0/blib/arch:/tmp/build/Text-Glob-0.11-0/blib/lib:/tmp/build/Number-Compare-0.03-0/blib/arch:/tmp/build/Number-Compare-0.03-0/blib/lib:/tmp/build/Class-XSAccessor-1.19-0/blib/arch:/tmp/build/Class-XSAccessor-1.19-0/blib/lib:/tmp/build/Iterator-Simple-Lookahead-0.08-0/blib/arch:/tmp/build/Iterator-Simple-Lookahead-0.08-0/blib/lib:/tmp/build/Iterator-Simple-0.07-0/blib/arch:/tmp/build/Iterator-Simple-0.07-0/blib/lib:/tmp/build/Class-Accessor-0.51-0/blib/arch:/tmp/build/Class-Accessor-0.51-0/blib/lib
PERL5OPT =
PERL5_CPANPLUS_IS_RUNNING = 16791
PERL5_CPAN_IS_RUNNING = 16791
PERLBREW_HOME = /home/smoker/.perlbrew
PERLBREW_MANPATH = /home/smoker/perl5/perlbrew/perls/perl-5.20.3/man
PERLBREW_PATH = /home/smoker/perl5/perlbrew/bin:/home/smoker/perl5/perlbrew/perls/perl-5.20.3/bin
PERLBREW_PERL = perl-5.20.3
PERLBREW_ROOT = /home/smoker/perl5/perlbrew
PERLBREW_SHELLRC_VERSION = 0.85
PERLBREW_VERSION = 0.85
PERL_MM_USE_DEFAULT = 1
SHELL = /bin/bash
TERM = xterm
TMPDIR = /tmp/testwrapper.16780
Perl special variables (and OS-specific diagnostics, for MSWin32):
$^X = /home/smoker/perl5/perlbrew/perls/perl-5.20.3/bin/perl
$UID/$EUID = 1000 / 1000
$GID = 1000
$EGID = 1000
Perl module toolchain versions installed:
Module Have
------------------- --------
CPAN 2.16
CPAN::Meta 2.143240
Cwd 3.75
ExtUtils::CBuilder 0.280217
ExtUtils::Command 7.34
ExtUtils::Install 2.06
ExtUtils::MakeMaker 7.34
ExtUtils::Manifest 1.70
ExtUtils::ParseXS 3.24
File::Spec 3.75
JSON 4.00
JSON::PP 2.27203
Module::Build 0.4224
Module::Signature n/a
Parse::CPAN::Meta 1.4414
Test::Harness 3.42
Test::More 1.302141
YAML 1.27
YAML::Syck 1.31
version 0.9909
--
Summary of my perl5 (revision 5 version 20 subversion 3) configuration:
Platform:
osname=linux, osvers=4.16.0-2-amd64, archname=x86_64-linux
uname='linux a491225a1364 4.16.0-2-amd64 #1 smp debian 4.16.16-2 (2018-06-22) x86_64 gnulinux '
config_args='-de -Dprefix=/home/smoker/perl5/perlbrew/perls/perl-5.20.3 -Accflags=-O2 -pipe -Wall -Wextra -mtune=native -march=native -Aeval:scriptdir=/home/smoker/perl5/perlbrew/perls/perl-5.20.3/bin'
hint=recommended, useposix=true, d_sigaction=define
useithreads=undef, usemultiplicity=undef
use64bitint=define, use64bitall=define, uselongdouble=undef
usemymalloc=n, bincompat5005=undef
Compiler:
cc='cc', ccflags ='-O2 -pipe -Wall -Wextra -mtune=native -march=native -fwrapv -fno-strict-aliasing -fstack-protector -I/usr/local/include -D_LARGEFILE_SOURCE -D_FILE_OFFSET_BITS=64',
optimize='-O2',
cppflags='-O2 -pipe -Wall -Wextra -mtune=native -march=native -fwrapv -fno-strict-aliasing -fstack-protector -I/usr/local/include'
ccversion='', gccversion='6.3.0 20170516', gccosandvers=''
intsize=4, longsize=8, ptrsize=8, doublesize=8, byteorder=12345678
d_longlong=define, longlongsize=8, d_longdbl=define, longdblsize=16
ivtype='long', ivsize=8, nvtype='double', nvsize=8, Off_t='off_t', lseeksize=8
alignbytes=8, prototype=define
Linker and Libraries:
ld='cc', ldflags =' -fstack-protector -L/usr/local/lib'
libpth=/usr/local/lib /usr/lib/gcc/x86_64-linux-gnu/6/include-fixed /usr/include/x86_64-linux-gnu /usr/lib /lib/x86_64-linux-gnu /lib/../lib /usr/lib/x86_64-linux-gnu /usr/lib/../lib /lib
libs=-lpthread -lnsl -ldl -lm -lcrypt -lutil -lc
perllibs=-lpthread -lnsl -ldl -lm -lcrypt -lutil -lc
libc=libc-2.24.so, so=so, useshrplib=false, libperl=libperl.a
gnulibc_version='2.24'
Dynamic Linking:
dlsrc=dl_dlopen.xs, dlext=so, d_dlsymun=undef, ccdlflags='-Wl,-E'
cccdlflags='-fPIC', lddlflags='-shared -O2 -L/usr/local/lib -fstack-protector'
Characteristics of this binary (from libperl):
Compile-time options: HAS_TIMES PERLIO_LAYERS PERL_DONT_CREATE_GVSV
PERL_HASH_FUNC_ONE_AT_A_TIME_HARD PERL_MALLOC_WRAP
PERL_NEW_COPY_ON_WRITE PERL_PRESERVE_IVUV
USE_64_BIT_ALL USE_64_BIT_INT USE_LARGE_FILES
USE_LOCALE USE_LOCALE_COLLATE USE_LOCALE_CTYPE
USE_LOCALE_NUMERIC USE_PERLIO USE_PERL_ATOF
Locally applied patches:
Devel::PatchPerl 1.52
Built under linux
Compiled at Dec 17 2018 01:47:19
%ENV:
PERL5LIB="/tmp/build/Params-Util-1.07-0/blib/arch:/tmp/build/Params-Util-1.07-0/blib/lib:/tmp/build/Devel-CheckOS-1.81-0/blib/arch:/tmp/build/Devel-CheckOS-1.81-0/blib/lib:/tmp/build/Data-Compare-1.25-0/blib/arch:/tmp/build/Data-Compare-1.25-0/blib/lib:/tmp/build/File-Find-Rule-0.34-0/blib/arch:/tmp/build/File-Find-Rule-0.34-0/blib/lib:/tmp/build/Text-Glob-0.11-0/blib/arch:/tmp/build/Text-Glob-0.11-0/blib/lib:/tmp/build/Number-Compare-0.03-0/blib/arch:/tmp/build/Number-Compare-0.03-0/blib/lib:/tmp/build/Class-XSAccessor-1.19-0/blib/arch:/tmp/build/Class-XSAccessor-1.19-0/blib/lib:/tmp/build/Iterator-Simple-Lookahead-0.08-0/blib/arch:/tmp/build/Iterator-Simple-Lookahead-0.08-0/blib/lib:/tmp/build/Iterator-Simple-0.07-0/blib/arch:/tmp/build/Iterator-Simple-0.07-0/blib/lib:/tmp/build/Class-Accessor-0.51-0/blib/arch:/tmp/build/Class-Accessor-0.51-0/blib/lib"
PERL5OPT=""
PERL5_CPANPLUS_IS_RUNNING="16791"
PERL5_CPAN_IS_RUNNING="16791"
PERLBREW_HOME="/home/smoker/.perlbrew"
PERLBREW_MANPATH="/home/smoker/perl5/perlbrew/perls/perl-5.20.3/man"
PERLBREW_PATH="/home/smoker/perl5/perlbrew/bin:/home/smoker/perl5/perlbrew/perls/perl-5.20.3/bin"
PERLBREW_PERL="perl-5.20.3"
PERLBREW_ROOT="/home/smoker/perl5/perlbrew"
PERLBREW_SHELLRC_VERSION="0.85"
PERLBREW_VERSION="0.85"
PERL_MM_USE_DEFAULT="1"
@INC:
/tmp/build/Params-Util-1.07-0/blib/arch
/tmp/build/Params-Util-1.07-0/blib/lib
/tmp/build/Devel-CheckOS-1.81-0/blib/arch
/tmp/build/Devel-CheckOS-1.81-0/blib/lib
/tmp/build/Data-Compare-1.25-0/blib/arch
/tmp/build/Data-Compare-1.25-0/blib/lib
/tmp/build/File-Find-Rule-0.34-0/blib/arch
/tmp/build/File-Find-Rule-0.34-0/blib/lib
/tmp/build/Text-Glob-0.11-0/blib/arch
/tmp/build/Text-Glob-0.11-0/blib/lib
/tmp/build/Number-Compare-0.03-0/blib/arch
/tmp/build/Number-Compare-0.03-0/blib/lib
/tmp/build/Class-XSAccessor-1.19-0/blib/arch
/tmp/build/Class-XSAccessor-1.19-0/blib/lib
/tmp/build/Iterator-Simple-Lookahead-0.08-0/blib/arch
/tmp/build/Iterator-Simple-Lookahead-0.08-0/blib/lib
/tmp/build/Iterator-Simple-0.07-0/blib/arch
/tmp/build/Iterator-Simple-0.07-0/blib/lib
/tmp/build/Class-Accessor-0.51-0/blib/arch
/tmp/build/Class-Accessor-0.51-0/blib/lib
/home/smoker/perl5/perlbrew/perls/perl-5.20.3/lib/site_perl/5.20.3/x86_64-linux
/home/smoker/perl5/perlbrew/perls/perl-5.20.3/lib/site_perl/5.20.3
/home/smoker/perl5/perlbrew/perls/perl-5.20.3/lib/5.20.3/x86_64-linux
/home/smoker/perl5/perlbrew/perls/perl-5.20.3/lib/5.20.3
.