Report for rpm-build-perl-0.82

Back
From: metabase:user:20a45eae-6c1a-1014-abaf-4bc2b30e56df
Subject: FAIL rpm-build-perl-0.82 v5.18.2 Windows (Cygwin)
Date: 2015-06-14T22:31:25Z

This distribution has been tested as part of the CPAN Testers
project, supporting the Perl programming language.  See
http://wiki.cpantesters.org/ for more information or email
questions to cpan-testers-discuss@perl.org


--
Dear Alexey Tourbin,

This is a computer-generated report for rpm-build-perl-0.82
on perl 5.18.2, created by CPAN-Reporter-1.2014.

Thank you for uploading your work to CPAN.  However, there was a problem
testing your distribution.

If you think this report is invalid, please consult the CPAN Testers Wiki
for suggestions on how to avoid getting FAIL reports for missing library
or binary dependencies, unsupported operating systems, and so on:

http://wiki.cpantesters.org/wiki/CPANAuthorNotes

Sections of this report:

    * Tester comments
    * Program output
    * Prerequisites
    * Environment and other context

------------------------------
TESTER COMMENTS
------------------------------

Additional comments from tester:

this report is from an automated smoke testing program
and was not reviewed by a human for accuracy

------------------------------
PROGRAM OUTPUT
------------------------------

Output from '/usr/bin/make test':

make[1]: Entering directory '/cygdrive/e/opt/perl5/cygwin_nt-6.1/2.0.2/x86_64/cpan/5.18.2/cygwin-multi/build/rpm-build-perl-0.82-FTT6G5/ConstOptree'
make[1]: Leaving directory '/cygdrive/e/opt/perl5/cygwin_nt-6.1/2.0.2/x86_64/cpan/5.18.2/cygwin-multi/build/rpm-build-perl-0.82-FTT6G5/ConstOptree'
PERL_DL_NONLAZY=1 /cygdrive/e/opt/perl5/cygwin_nt-6.1/2.0.2/x86_64/perl/5.18.2/cygwin-multi/bin/perl.exe "-MExtUtils::Command::MM" "-e" "test_harness(0, 'blib/lib', 'blib/arch')" t/*.t

#   Failed test at t/01-B-PerlReq.t line 53.
#          got: 'perl(Data/Dumper.pm)'
#     expected: ''
dying at -e line 1
 at /cygdrive/e/opt/perl5/cygwin_nt-6.1/2.0.2/x86_64/cpan/5.18.2/cygwin-multi/build/rpm-build-perl-0.82-FTT6G5/blib/lib/B/PerlReq.pm line 388.
	B::PerlReq::__ANON__("Can't locate object method \"padix\" via package \"B::SVOP\" at /"...) called at /cygdrive/e/opt/perl5/cygwin_nt-6.1/2.0.2/x86_64/cpan/5.18.2/cygwin-multi/build/rpm-build-perl-0.82-FTT6G5/blib/lib/B/PerlReq.pm line 319
	B::PerlReq::grok_entersub(B::UNOP=SCALAR(0x6002df010)) called at /cygdrive/e/opt/perl5/cygwin_nt-6.1/2.0.2/x86_64/cpan/5.18.2/cygwin-multi/build/rpm-build-perl-0.82-FTT6G5/blib/lib/B/Walker.pm line 56
	B::Walker::walk_root(B::UNOP=SCALAR(0x6002df010)) called at /cygdrive/e/opt/perl5/cygwin_nt-6.1/2.0.2/x86_64/cpan/5.18.2/cygwin-multi/build/rpm-build-perl-0.82-FTT6G5/blib/lib/B/Walker.pm line 64
	B::Walker::walk_root(B::LISTOP=SCALAR(0x6002defb0)) called at /cygdrive/e/opt/perl5/cygwin_nt-6.1/2.0.2/x86_64/cpan/5.18.2/cygwin-multi/build/rpm-build-perl-0.82-FTT6G5/blib/lib/B/Walker.pm line 105
	B::Walker::walk_main() called at /cygdrive/e/opt/perl5/cygwin_nt-6.1/2.0.2/x86_64/cpan/5.18.2/cygwin-multi/build/rpm-build-perl-0.82-FTT6G5/blib/lib/B/PerlReq.pm line 391
	B::PerlReq::__ANON__() called at (eval 2) line 31
	O::CHECK() called at -e line 0
	eval {...} called at -e line 0
Can't locate object method "padix" via package "B::SVOP" at /cygdrive/e/opt/perl5/cygwin_nt-6.1/2.0.2/x86_64/cpan/5.18.2/cygwin-multi/build/rpm-build-perl-0.82-FTT6G5/blib/lib/B/PerlReq.pm line 319.
CHECK failed--call queue aborted.

#   Failed test at t/01-B-PerlReq.t line 93.
#          got: 'perl(Try/Tiny.pm)
# perl(Bar.pm)'
#     expected: ''

#   Failed test at t/01-B-PerlReq.t line 94.
#          got: 'perl(Try/Tiny.pm)
# perl(Bar.pm)'
#     expected: 'perl(Try/Tiny.pm)'
dying at -e line 1
 at /cygdrive/e/opt/perl5/cygwin_nt-6.1/2.0.2/x86_64/cpan/5.18.2/cygwin-multi/build/rpm-build-perl-0.82-FTT6G5/blib/lib/B/PerlReq.pm line 388.
	B::PerlReq::__ANON__("Can't locate object method \"padix\" via package \"B::SVOP\" at /"...) called at /cygdrive/e/opt/perl5/cygwin_nt-6.1/2.0.2/x86_64/cpan/5.18.2/cygwin-multi/build/rpm-build-perl-0.82-FTT6G5/blib/lib/B/PerlReq.pm line 319
	B::PerlReq::grok_entersub(B::UNOP=SCALAR(0x6002a6d00)) called at /cygdrive/e/opt/perl5/cygwin_nt-6.1/2.0.2/x86_64/cpan/5.18.2/cygwin-multi/build/rpm-build-perl-0.82-FTT6G5/blib/lib/B/Walker.pm line 56
	B::Walker::walk_root(B::UNOP=SCALAR(0x6002a6d00)) called at /cygdrive/e/opt/perl5/cygwin_nt-6.1/2.0.2/x86_64/cpan/5.18.2/cygwin-multi/build/rpm-build-perl-0.82-FTT6G5/blib/lib/B/Walker.pm line 64
	B::Walker::walk_root(B::LISTOP=SCALAR(0x6002df188)) called at /cygdrive/e/opt/perl5/cygwin_nt-6.1/2.0.2/x86_64/cpan/5.18.2/cygwin-multi/build/rpm-build-perl-0.82-FTT6G5/blib/lib/B/Walker.pm line 105
	B::Walker::walk_main() called at /cygdrive/e/opt/perl5/cygwin_nt-6.1/2.0.2/x86_64/cpan/5.18.2/cygwin-multi/build/rpm-build-perl-0.82-FTT6G5/blib/lib/B/PerlReq.pm line 391
	B::PerlReq::__ANON__() called at (eval 2) line 31
	O::CHECK() called at -e line 0
	eval {...} called at -e line 0
Can't locate object method "padix" via package "B::SVOP" at /cygdrive/e/opt/perl5/cygwin_nt-6.1/2.0.2/x86_64/cpan/5.18.2/cygwin-multi/build/rpm-build-perl-0.82-FTT6G5/blib/lib/B/PerlReq.pm line 319.
CHECK failed--call queue aborted.

#   Failed test at t/01-B-PerlReq.t line 95.
#          got: 'perl(Try/Tiny.pm)
# perl(Baz.pm)'
#     expected: ''
# Looks like you failed 4 tests of 78.
t/01-B-PerlReq.t .. 
Dubious, test returned 4 (wstat 1024, 0x400)
Failed 4/78 subtests 

#   Failed test 'Exporter.pm dependencies'
#   at t/02-perlreq.t line 32.
#          got: ''
#     expected: 'perl(Exporter/Heavy.pm)'
# Looks like you failed 1 test of 4.
t/02-perlreq.t .... 
Dubious, test returned 1 (wstat 256, 0x100)
Failed 1/4 subtests 
t/03-perlprov.t ... ok

Test Summary Report
-------------------
t/01-B-PerlReq.t (Wstat: 1024 Tests: 78 Failed: 4)
  Failed tests:  11, 46-48
  Non-zero exit status: 4
t/02-perlreq.t  (Wstat: 256 Tests: 4 Failed: 1)
  Failed test:  3
  Non-zero exit status: 1
Files=3, Tests=112, 21 wallclock secs ( 0.06 usr  0.02 sys +  6.34 cusr 13.54 csys = 19.96 CPU)
Result: FAIL
Failed 2/3 test programs. 5/112 subtests failed.
Makefile:968: recipe for target 'test_dynamic' failed
make: *** [test_dynamic] Error 255

------------------------------
PREREQUISITES
------------------------------

Prerequisite modules loaded:

requires:

    Module              Need Have    
    ------------------- ---- --------
    B                   0    1.42_02 
    Encode              0    2.49    
    O                   0    1.01    
    Safe                0    2.35    
    Test::More          0    1.001014

build_requires:

    Module              Need Have    
    ------------------- ---- --------
    ExtUtils::MakeMaker 0    6.66    

configure_requires:

    Module              Need Have    
    ------------------- ---- --------
    ExtUtils::MakeMaker 0    6.66    


------------------------------
ENVIRONMENT AND OTHER CONTEXT
------------------------------

Environment variables:

    AUTOMATED_TESTING = 1
    COMSPEC = C:\Windows\system32\cmd.exe
    LD_LIBRARY_PATH = 
    NUMBER_OF_PROCESSORS = 8
    PATH = /opt/perl5/cygwin_nt-6.1/2.0.2/x86_64/bin/5.18.2/cygwin-multi:/opt/perl5/cygwin_nt-6.1/2.0.2/x86_64/perl/5.18.2/cygwin-multi/local/bin:/opt/perl5/cygwin_nt-6.1/2.0.2/x86_64/perl/5.18.2/cygwin-multi/bin:/usr/local/bin:/usr/bin
    PERL5LIB = /opt/perl5/cygwin_nt-6.1/2.0.2/x86_64/perl/5.18.2/cygwin-multi/local/lib/site_perl/5.18.2:/opt/perl5/cygwin_nt-6.1/2.0.2/x86_64/perl/5.18.2/cygwin-multi/local/lib/5.18.2:/opt/perl5/cygwin_nt-6.1/2.0.2/x86_64/perl/5.18.2/cygwin-multi/local/lib/perl5
    PERL5OPT = 
    PERL5_CPANPLUS_IS_RUNNING = 2272
    PERL5_CPAN_IS_RUNNING = 2272
    PERL_CPAN_REPORTER_CONFIG = /opt/perl5/cygwin_nt-6.1/2.0.2/x86_64/cpan/5.18.2/cygwin-multi/reporter/config.ini
    PERL_CPAN_REPORTER_DIR = /opt/perl5/cygwin_nt-6.1/2.0.2/x86_64/cpan/5.18.2/cygwin-multi/reporter
    PERL_EXTUTILS_AUTOINSTALL = 1
    PERL_MM_USE_DEFAULT = 1
    PERL_MY_PREFIX = /opt/perl5
    PERL_MY_SOURCE_DIR = /cygdrive/e/src/perl
    PERL_TEST_CRITIC = 1
    PERL_TEST_CRITIC = 1
    PERL_TEST_POD = 1
    PERL_TEST_POD = 1
    POD_TESTING = 1
    POD_TESTS = 1
    PROCESSOR_IDENTIFIER = Intel64 Family 6 Model 42 Stepping 7, GenuineIntel
    SHELL = /usr/bin/bash
    TEMP = /tmp
    TERM = xterm

Perl special variables (and OS-specific diagnostics, for MSWin32):

    $^X = /cygdrive/e/opt/perl5/cygwin_nt-6.1/2.0.2/x86_64/perl/5.18.2/cygwin-multi/bin/perl
    $UID/$EUID = 1006 / 1006
    $GID = 513 513 1003 545 4 66049 11 15 113 4095 66048 262154 401408
    $EGID = 513 513 1003 545 4 66049 11 15 113 4095 66048 262154 401408

Perl module toolchain versions installed:

    Module              Have    
    ------------------- --------
    CPAN                2.00    
    CPAN::Meta          2.150001
    Cwd                 3.40    
    ExtUtils::CBuilder  0.280210
    ExtUtils::Command   1.17    
    ExtUtils::Install   1.59    
    ExtUtils::MakeMaker 6.66    
    ExtUtils::Manifest  1.63    
    ExtUtils::ParseXS   3.18    
    File::Spec          3.40    
    JSON                n/a     
    JSON::PP            2.27202 
    Module::Build       0.4212  
    Module::Signature   n/a     
    Parse::CPAN::Meta   1.4414  
    Test::Harness       3.35    
    Test::More          1.001014
    YAML                1.15    
    YAML::Syck          n/a     
    version             0.9902  


--

Summary of my perl5 (revision 5 version 18 subversion 2) configuration:
   
  Platform:
    osname=cygwin, osvers=2.0.2(0.28753), archname=cygwin-multi
    uname='cygwin_nt-6.1 rigel 2.0.2(0.28753) 2015-05-08 17:00 x86_64 cygwin '
    config_args='-de -Dmksymlinks -Dcc=gcc -Dld=g++ -Uinc_version_list -Uinstallusrbinperl -Uusethreads -Dusemultiplicity -Duse64bitint -Uuselongdouble -Dprefix=/opt/perl5/cygwin_nt-6.1/2.0.2/x86_64/perl/5.18.2/cygwin-multi'
    hint=recommended, useposix=true, d_sigaction=define
    useithreads=undef, usemultiplicity=define
    useperlio=define, d_sfio=undef, uselargefiles=define, usesocks=undef
    use64bitint=define, use64bitall=define, uselongdouble=undef
    usemymalloc=n, bincompat5005=undef
  Compiler:
    cc='gcc', ccflags ='-DPERL_USE_SAFE_PUTENV -U__STRICT_ANSI__ -fno-strict-aliasing -pipe -fstack-protector',
    optimize='-O3',
    cppflags='-DPERL_USE_SAFE_PUTENV -U__STRICT_ANSI__ -fno-strict-aliasing -pipe -fstack-protector'
    ccversion='', gccversion='4.9.2', gccosandvers=''
    intsize=4, longsize=8, ptrsize=8, doublesize=8, byteorder=12345678
    d_longlong=define, longlongsize=8, d_longdbl=define, longdblsize=16
    ivtype='long', ivsize=8, nvtype='double', nvsize=8, Off_t='off_t', lseeksize=8
    alignbytes=8, prototype=define
  Linker and Libraries:
    ld='g++', ldflags =' -Wl,--enable-auto-import -Wl,--export-all-symbols -Wl,--enable-auto-image-base -fstack-protector -L/usr/local/lib'
    libpth=/usr/local/lib /usr/lib /lib
    libs=-ldb -ldl -lcrypt
    perllibs=-ldl -lcrypt
    libc=/usr/lib/libc.a, so=dll, useshrplib=true, libperl=cygperl5_18_2.dll
    gnulibc_version=''
  Dynamic Linking:
    dlsrc=dl_dlopen.xs, dlext=dll, d_dlsymun=undef, ccdlflags=' '
    cccdlflags=' ', lddlflags=' --shared  -Wl,--enable-auto-import -Wl,--export-all-symbols -Wl,--enable-auto-image-base -L/usr/local/lib -fstack-protector'


Characteristics of this binary (from libperl): 
  Compile-time options: HAS_TIMES MULTIPLICITY PERLIO_LAYERS
                        PERL_DONT_CREATE_GVSV
                        PERL_HASH_FUNC_ONE_AT_A_TIME_HARD
                        PERL_IMPLICIT_CONTEXT PERL_PRESERVE_IVUV
                        PERL_SAWAMPERSAND PERL_USE_SAFE_PUTENV USE_64_BIT_ALL
                        USE_64_BIT_INT USE_LARGE_FILES USE_LOCALE
                        USE_LOCALE_COLLATE USE_LOCALE_CTYPE
                        USE_LOCALE_NUMERIC USE_PERLIO USE_PERL_ATOF
  Built under cygwin
  Compiled at Jun  9 2015 15:41:33
  %ENV:
    PERL5LIB="/opt/perl5/cygwin_nt-6.1/2.0.2/x86_64/perl/5.18.2/cygwin-multi/local/lib/site_perl/5.18.2:/opt/perl5/cygwin_nt-6.1/2.0.2/x86_64/perl/5.18.2/cygwin-multi/local/lib/5.18.2:/opt/perl5/cygwin_nt-6.1/2.0.2/x86_64/perl/5.18.2/cygwin-multi/local/lib/perl5"
    PERL5OPT=""
    PERL5_CPANPLUS_IS_RUNNING="2272"
    PERL5_CPAN_IS_RUNNING="2272"
    PERL_CPAN_REPORTER_CONFIG="/opt/perl5/cygwin_nt-6.1/2.0.2/x86_64/cpan/5.18.2/cygwin-multi/reporter/config.ini"
    PERL_CPAN_REPORTER_DIR="/opt/perl5/cygwin_nt-6.1/2.0.2/x86_64/cpan/5.18.2/cygwin-multi/reporter"
    PERL_EXTUTILS_AUTOINSTALL="1"
    PERL_MM_USE_DEFAULT="1"
    PERL_MY_PREFIX="/opt/perl5"
    PERL_MY_SOURCE_DIR="/cygdrive/e/src/perl"
    PERL_TEST_CRITIC="1"
    PERL_TEST_POD="1"
    CYGWIN="codepage:utf8 nodosfilewarning"
  @INC:
    /opt/perl5/cygwin_nt-6.1/2.0.2/x86_64/perl/5.18.2/cygwin-multi/local/lib/site_perl/5.18.2/cygwin-multi
    /opt/perl5/cygwin_nt-6.1/2.0.2/x86_64/perl/5.18.2/cygwin-multi/local/lib/site_perl/5.18.2
    /opt/perl5/cygwin_nt-6.1/2.0.2/x86_64/perl/5.18.2/cygwin-multi/local/lib/5.18.2/cygwin-multi
    /opt/perl5/cygwin_nt-6.1/2.0.2/x86_64/perl/5.18.2/cygwin-multi/local/lib/5.18.2
    /opt/perl5/cygwin_nt-6.1/2.0.2/x86_64/perl/5.18.2/cygwin-multi/local/lib/perl5/cygwin-multi
    /opt/perl5/cygwin_nt-6.1/2.0.2/x86_64/perl/5.18.2/cygwin-multi/local/lib/perl5
    /opt/perl5/cygwin_nt-6.1/2.0.2/x86_64/perl/5.18.2/cygwin-multi/lib/site_perl/5.18.2/cygwin-multi
    /opt/perl5/cygwin_nt-6.1/2.0.2/x86_64/perl/5.18.2/cygwin-multi/lib/site_perl/5.18.2
    /opt/perl5/cygwin_nt-6.1/2.0.2/x86_64/perl/5.18.2/cygwin-multi/lib/5.18.2/cygwin-multi
    /opt/perl5/cygwin_nt-6.1/2.0.2/x86_64/perl/5.18.2/cygwin-multi/lib/5.18.2
    .