Report for Konstrukt-0.5-beta6

Back
From: metabase:user:3215efbe-2aae-11df-837a-5e0a49663a4f
Subject: FAIL Konstrukt-0.5-beta6 v5.12.3 GNU/Linux
Date: 2011-06-07T14:54:43Z

This distribution has been tested as part of the CPAN Testers
project, supporting the Perl programming language.  See
http://wiki.cpantesters.org/ for more information or email
questions to cpan-testers-discuss@perl.org


--
Dear Thomas Wittek,

This is a computer-generated report for Konstrukt-0.5-beta6
on perl 5.12.3, created by CPAN-Reporter-1.1902.

Thank you for uploading your work to CPAN.  However, there was a problem
testing your distribution.

If you think this report is invalid, please consult the CPAN Testers Wiki
for suggestions on how to avoid getting FAIL reports for missing library
or binary dependencies, unsupported operating systems, and so on:

http://wiki.cpantesters.org/wiki/CPANAuthorNotes

Sections of this report:

    * Tester comments
    * Program output
    * Prerequisites
    * Environment and other context

------------------------------
TESTER COMMENTS
------------------------------

Additional comments from tester:

this report is from an automated smoke testing program
and was not reviewed by a human for accuracy

------------------------------
PROGRAM OUTPUT
------------------------------

Output from './Build test':

Subroutine HTTP::BrowserDetect::iceweasel redefined at /opt/perls/nothreads/perl-5.12.3/lib/site_perl/5.12.3/HTTP/BrowserDetect.pm line 142.

#   Failed test 'use Konstrukt::Plugin::wiki::backend::image::DBI;'
#   at t/001_load.t line 116.
#     Tried to use 'Konstrukt::Plugin::wiki::backend::image::DBI'.
#     Error:  Can't locate Image/Magick.pm in @INC (@INC contains: /home/tf/.cpan/build/Konstrukt-0.5-PgkKQG/blib/lib /home/tf/.cpan/build/Konstrukt-0.5-PgkKQG/blib/arch /opt/perls/nothreads/perl-5.12.3/lib/site_perl/5.12.3/armv5tel-linux /opt/perls/nothreads/perl-5.12.3/lib/site_perl/5.12.3 /opt/perls/nothreads/perl-5.12.3/lib/5.12.3/armv5tel-linux /opt/perls/nothreads/perl-5.12.3/lib/5.12.3 .) at /home/tf/.cpan/build/Konstrukt-0.5-PgkKQG/blib/lib/Konstrukt/Plugin/wiki/backend/image/DBI.pm line 51.
# BEGIN failed--compilation aborted at /home/tf/.cpan/build/Konstrukt-0.5-PgkKQG/blib/lib/Konstrukt/Plugin/wiki/backend/image/DBI.pm line 51.
# Compilation failed in require at (eval 89) line 2.
# BEGIN failed--compilation aborted at (eval 89) line 2.
# Looks like you failed 1 test of 96.
t/001_load.t ............................ 
Dubious, test returned 1 (wstat 256, 0x100)
Failed 1/96 subtests 
	(less 2 skipped subtests: 93 okay)
t/002_core_001_file.t ................... ok
t/002_core_002_settings.t ............... ok
t/002_core_003_debug.t .................. ok
t/002_core_004_lib.t .................... ok
t/002_core_005_taghandler.t ............. ok
t/002_core_005_taghandler_001_plugin.t .. ok
t/002_core_006_parser_node.t ............ ok
t/002_core_007_parser.t ................. ok
t/002_core_008_event.t .................. ok
t/002_core_009_request.t ................ ok
t/002_core_010_response.t ............... ok
t/002_core_011_printredirector.t ........ ok
t/002_core_012_session.t ................ ok
t/002_core_013_cache.t .................. ok
t/002_core_014_dbi.t .................... ok
t/002_core_015_handler.t ................ ok
t/002_core_016_handler_001_file.t ....... ok
t/002_core_016_handler_002_cgi.t ........ ok
Can't use string ("") as a HASH ref while "strict refs" in use at /opt/perls/nothreads/perl-5.12.3/lib/5.12.3/CGI/Cookie.pm line 76.
# Looks like your test exited with 255 before it could output anything.
t/002_core_016_handler_003_apache.t ..... 
Dubious, test returned 255 (wstat 65280, 0xff00)
Failed 4/4 subtests 
t/003_plugin_001_template.t ............. ok
t/003_plugins.t ......................... ok
t/004_pod_001_pod.t ..................... ok
Subroutine HTTP::BrowserDetect::iceweasel redefined at /opt/perls/nothreads/perl-5.12.3/lib/site_perl/5.12.3/HTTP/BrowserDetect.pm line 142.
t/004_pod_002_pod_coverage.t ............ ok

Test Summary Report
-------------------
t/001_load.t                          (Wstat: 256 Tests: 96 Failed: 1)
  Failed test:  67
  Non-zero exit status: 1
t/002_core_016_handler_003_apache.t   (Wstat: 65280 Tests: 0 Failed: 0)
  Non-zero exit status: 255
  Parse errors: Bad plan.  You planned 4 tests but ran 0.
Files=24, Tests=452, 34 wallclock secs ( 1.11 usr  0.23 sys + 26.13 cusr  0.79 csys = 28.26 CPU)
Result: FAIL
Failed 2/24 test programs. 1/452 subtests failed.

------------------------------
PREREQUISITES
------------------------------

Prerequisite modules loaded:

requires:

    Module              Need   Have    
    ------------------- ------ --------
    CGI                 3      3.55    
    Clone               0.2    0.31    
    Cwd                 0      3.33    
    Date::Calc          5.4    6.3     
    DBI                 1.4    1.616   
    Devel::UseAnyFunc   1      1       
    Digest::SHA         5.32   5.62    
    MIME::Base64        3      3.13    
    perl                v5.6.1 5.012003
    POSIX               1      1.19    
    Storable            2.1    2.25    
    Time::HiRes         1.5    1.9722  
    Time::Local         1      1.2000  
    Time::Zone          2      2.24    

build_requires:

    Module              Need   Have    
    ------------------- ------ --------
    Cwd                 0      3.33    
    Module::Build       0.26   0.3800  
    Test::More          0      0.98    
    Test::Pod           0      1.45    
    Test::Pod::Coverage 0      1.08    


------------------------------
ENVIRONMENT AND OTHER CONTEXT
------------------------------

Environment variables:

    AUTOMATED_TESTING = 1
    LANG = C
    PATH = /usr/local/bin:/usr/bin:/bin:/usr/local/games:/usr/games
    PERL5LIB = 
    PERL5OPT = 
    PERL5_CPANPLUS_IS_RUNNING = 10517
    PERL5_CPAN_IS_RUNNING = 10517
    PERL5_CPAN_IS_RUNNING_IN_RECURSION = 1239,10517
    PERL_CR_SMOKER_CURRENT = Konstrukt-0.5-beta6
    PERL_EXTUTILS_AUTOINSTALL = --defaultdeps
    PERL_MM_USE_DEFAULT = 1
    SHELL = /bin/bash
    TERM = xterm

Perl special variables (and OS-specific diagnostics, for MSWin32):

    $^X = /opt/perls/nothreads/perl-5.12.3/bin/perl
    $UID/$EUID = 1000 / 1000
    $GID = 1000 24 25 27 29 30 44 46 1000
    $EGID = 1000 24 25 27 29 30 44 46 1000

Perl module toolchain versions installed:

    Module              Have    
    ------------------- --------
    CPAN                1.9600  
    Cwd                 3.33    
    ExtUtils::CBuilder  0.280202
    ExtUtils::Command   1.17    
    ExtUtils::Install   1.52    
    ExtUtils::MakeMaker 6.57_11 
    ExtUtils::Manifest  1.58    
    ExtUtils::ParseXS   2.2206  
    File::Spec          3.33    
    Module::Build       0.3800  
    Module::Signature   0.68    
    Test::Harness       3.23    
    Test::More          0.98    
    YAML                0.73    
    YAML::Syck          1.17    
    version             0.91    


--

Summary of my perl5 (revision 5 version 12 subversion 3) configuration:
   
  Platform:
    osname=linux, osvers=2.6.32-5-kirkwood, archname=armv5tel-linux
    uname='linux plugpc 2.6.32-5-kirkwood #1 tue mar 8 10:56:14 utc 2011 armv5tel gnulinux '
    config_args='-des -Dprefix=/opt/perls/nothreads/perl-5.12.3'
    hint=recommended, useposix=true, d_sigaction=define
    useithreads=undef, usemultiplicity=undef
    useperlio=define, d_sfio=undef, uselargefiles=define, usesocks=undef
    use64bitint=undef, use64bitall=undef, uselongdouble=undef
    usemymalloc=n, bincompat5005=undef
  Compiler:
    cc='cc', ccflags ='-fno-strict-aliasing -pipe -fstack-protector -I/usr/local/include -D_LARGEFILE_SOURCE -D_FILE_OFFSET_BITS=64',
    optimize='-O2',
    cppflags='-fno-strict-aliasing -pipe -fstack-protector -I/usr/local/include'
    ccversion='', gccversion='4.4.5', gccosandvers=''
    intsize=4, longsize=4, ptrsize=4, doublesize=8, byteorder=1234
    d_longlong=define, longlongsize=8, d_longdbl=define, longdblsize=8
    ivtype='long', ivsize=4, nvtype='double', nvsize=8, Off_t='off_t', lseeksize=8
    alignbytes=8, prototype=define
  Linker and Libraries:
    ld='cc', ldflags =' -fstack-protector -L/usr/local/lib'
    libpth=/usr/local/lib /lib /usr/lib
    libs=-lnsl -lgdbm -ldb -ldl -lm -lcrypt -lutil -lc -lgdbm_compat
    perllibs=-lnsl -ldl -lm -lcrypt -lutil -lc
    libc=/lib/libc-2.11.2.so, so=so, useshrplib=false, libperl=libperl.a
    gnulibc_version='2.11.2'
  Dynamic Linking:
    dlsrc=dl_dlopen.xs, dlext=so, d_dlsymun=undef, ccdlflags='-Wl,-E'
    cccdlflags='-fPIC', lddlflags='-shared -O2 -L/usr/local/lib -fstack-protector'


Characteristics of this binary (from libperl): 
  Compile-time options: PERL_DONT_CREATE_GVSV PERL_MALLOC_WRAP
                        USE_LARGE_FILES USE_PERLIO USE_PERL_ATOF
  Built under linux
  Compiled at Apr  8 2011 10:25:52
  %ENV:
    PERL5LIB=""
    PERL5OPT=""
    PERL5_CPANPLUS_IS_RUNNING="10517"
    PERL5_CPAN_IS_RUNNING="10517"
    PERL5_CPAN_IS_RUNNING_IN_RECURSION="1239,10517"
    PERL_CR_SMOKER_CURRENT="Konstrukt-0.5-beta6"
    PERL_EXTUTILS_AUTOINSTALL="--defaultdeps"
    PERL_MM_USE_DEFAULT="1"
  @INC:
    /opt/perls/nothreads/perl-5.12.3/lib/site_perl/5.12.3/armv5tel-linux
    /opt/perls/nothreads/perl-5.12.3/lib/site_perl/5.12.3
    /opt/perls/nothreads/perl-5.12.3/lib/5.12.3/armv5tel-linux
    /opt/perls/nothreads/perl-5.12.3/lib/5.12.3
    .