YAML v1.27 Perl 5 v5.8.6 x86_64-linux-thread-multi

Status
Fail
From
Nigel Horne
Dist
YAML v1.27
Platform
Perl 5 v5.8.6 x86_64-linux-thread-multi
Date
2018-11-03 13:47:56
ID
11625e18-df6f-11e8-afbf-aec3b07506ca
This distribution has been tested as part of the CPAN Testers
project, supporting the Perl programming language.  See
http://wiki.cpantesters.org/ for more information or email
questions to cpan-testers-discuss@perl.org


--
Dear Tina Muller,

This is a computer-generated report for YAML-1.27
on perl 5.8.6, created by CPAN-Reporter-1.2018.

Thank you for uploading your work to CPAN.  However, there was a problem
testing your distribution.

If you think this report is invalid, please consult the CPAN Testers Wiki
for suggestions on how to avoid getting FAIL reports for missing library
or binary dependencies, unsupported operating systems, and so on:

http://wiki.cpantesters.org/wiki/CPANAuthorNotes

Sections of this report:

    * Tester comments
    * Program output
    * Prerequisites
    * Environment and other context

------------------------------
TESTER COMMENTS
------------------------------

Additional comments from tester:

this report is from an automated smoke testing program
and was not reviewed by a human for accuracy

------------------------------
PROGRAM OUTPUT
------------------------------

Output from '/usr/bin/make test':

PERL_DL_NONLAZY=1 "/home/njh/perl5/perlbrew/perls/perl-5.8.6/bin/perl" "-MExtUtils::Command::MM" "-MTest::Harness" "-e" "undef *Test::Harness::Switches; test_harness(0, 'blib/lib', 'blib/arch')" t/*.t
t/2-scalars.t ...................... ok
t/author-pod-syntax.t .............. skipped: these tests are for testing by the author
t/000-compile-modules.t ............ ok
t/basic-tests.t .................... ok
t/bugs-emailed.t ................... ok
t/changes.t ........................ ok
t/bugs-rt.t ........................ ok
t/dump-basics.t .................... ok
t/dump-blessed-glob.t .............. ok
t/dump-blessed.t ................... ok

#   Failed test 'a code ref (n->y)'
#   at /home/njh/perl5/perlbrew/perls/perl-5.8.6/lib/site_perl/5.8.6/Test/YAML.pm line 63.
#          got: '--- !!perl/code |
# {
#     use warnings;
#     use strict 'refs';
#     'Something at least 30 chars';
# }
# '
#     expected: '--- !!perl/code |
# {
#     BEGIN {${^WARNING_BITS} = "UUUUUUUUUUUU\001"}
#     use strict 'refs';
#     'Something at least 30 chars';
# }
# '

#   Failed test 'an array of the same code ref (n->y)'
#   at /home/njh/perl5/perlbrew/perls/perl-5.8.6/lib/site_perl/5.8.6/Test/YAML.pm line 63.
#          got: '---
# - &1 !!perl/code |
#   {
#       use warnings;
#       use strict 'refs';
#       'Something at least 30 chars';
#   }
# - *1
# - *1
# '
#     expected: '---
# - &1 !!perl/code |
#   {
#       BEGIN {${^WARNING_BITS} = "UUUUUUUUUUUU\001"}
#       use strict 'refs';
#       'Something at least 30 chars';
#   }
# - *1
# - *1
# '

#   Failed test 'blessed code ref (n->y)'
#   at /home/njh/perl5/perlbrew/perls/perl-5.8.6/lib/site_perl/5.8.6/Test/YAML.pm line 63.
#          got: '--- !!perl/code:Foo::Bar |
# {
#     use warnings;
#     use strict 'refs';
#     'Something at least 30 chars';
# }
# '
#     expected: '--- !!perl/code:Foo::Bar |
# {
#     BEGIN {${^WARNING_BITS} = "UUUUUUUUUUUU\001"}
#     use strict 'refs';
#     'Something at least 30 chars';
# }
# '
# Looks like you failed 3 tests of 7.
t/dump-code.t ...................... 
Dubious, test returned 3 (wstat 768, 0x300)
Failed 3/7 subtests 
t/dump-file-utf8.t ................. ok
t/dump-file.t ...................... ok
t/dump-nested.t .................... ok
t/dump-opts.t ...................... ok
t/dump-perl-types-512.t ............ ok
t/dump-perl-types-514.t ............ skipped: test only for perls v5.13.5-11-gfb85c04 or later
t/dump-stringify.t ................. ok

#   Failed test 'Code'
#   at t/dump-perl-types.t line 20.
#          got: '--- !!perl/code |
# {
#     use warnings;
#     use strict 'refs';
#     print "Hello, world\n";
# }
# '
#     expected: '--- !!perl/code |
# {
#     BEGIN {${^WARNING_BITS} = "UUUUUUUUUUUU\001"}
#     use strict 'refs';
#     print "Hello, world\n";
# }
# '

#   Failed test 'Code Glob'
#   at t/dump-perl-types.t line 20.
#          got: '--- !!perl/glob:
# PACKAGE: main
# NAME: var3
# CODE: !!perl/code |
#   {
#       use warnings;
#       use strict 'refs';
#       print "Hello, world\n";
#   }
# '
#     expected: '--- !!perl/glob:
# PACKAGE: main
# NAME: var3
# CODE: !!perl/code |
#   {
#       BEGIN {${^WARNING_BITS} = "UUUUUUUUUUUU\001"}
#       use strict 'refs';
#       print "Hello, world\n";
#   }
# '
# Looks like you failed 2 tests of 14.
t/dump-perl-types.t ................ 
Dubious, test returned 2 (wstat 512, 0x200)
Failed 2/14 subtests 
t/dump-synopsis.t .................. ok
t/dump-stringy-numbers.t ........... ok
t/dump-tests-514.t ................. skipped: test only for perls v5.13.5-11-gfb85c04 or later
t/dump-tests-512.t ................. ok
t/dump-works.t ..................... ok
t/dump-tests.t ..................... ok
t/export.t ......................... ok
t/errors.t ......................... ok
t/freeze-thaw.t .................... ok
t/global-api.t ..................... ok
t/inbox.t .......................... ok
t/issue-149.t ...................... ok
t/issue-69.t ....................... ok
t/io-handle.t ...................... ok
t/load-fails.t ..................... ok
t/load-code.t ...................... ok
t/load-passes.t .................... ok
t/load-slides.t .................... ok
t/load-spec.t ...................... ok
t/load-works.t ..................... ok
t/load-tests.t ..................... ok
t/marshall.t ....................... ok
t/no-load-blessed.t ................ ok
t/node-info.t ...................... ok
t/numify.t ......................... ok
t/preserve.t ....................... ok
t/pugs-objects.t ................... ok
t/references.t ..................... ok
t/roundtrip.t ...................... ok
t/regexp.t ......................... ok
t/rt-90593.t ....................... skipped: Skip old perls
t/test.t ........................... ok
t/trailing-comments-content.t ...... ok
t/trailing-comments-non-content.t .. ok
t/svk.t ............................ ok

Test Summary Report
-------------------
t/dump-code.t                    (Wstat: 768 Tests: 7 Failed: 3)
  Failed tests:  1, 3, 7
  Non-zero exit status: 3
t/dump-perl-types.t              (Wstat: 512 Tests: 14 Failed: 2)
  Failed tests:  4, 8
  Non-zero exit status: 2
Files=54, Tests=538,  3 wallclock secs ( 0.41 usr  0.18 sys +  5.23 cusr  0.77 csys =  6.59 CPU)
Result: FAIL
Failed 2/54 test programs. 5/538 subtests failed.
make: *** [Makefile:908: test_dynamic] Error 255

------------------------------
PREREQUISITES
------------------------------

Prerequisite modules loaded:

requires:

    Module              Need     Have    
    ------------------- -------- --------
    perl                5.008001 5.008006

build_requires:

    Module              Need     Have    
    ------------------- -------- --------
    Encode              0        2.64    
    ExtUtils::MakeMaker 0        7.22    
    Test::Deep          0        0.113   
    Test::More          0.88     1.001014
    Test::YAML          1.05     1.05    

configure_requires:

    Module              Need     Have    
    ------------------- -------- --------
    ExtUtils::MakeMaker 0        7.22    


------------------------------
ENVIRONMENT AND OTHER CONTEXT
------------------------------

Environment variables:

    AUTOMATED_TESTING = 1
    HARNESS_OPTIONS = j2
    LANG = en_GB.UTF-8
    LANGUAGE = en_GB:en
    PATH = /home/njh/perl5/perlbrew/bin:/home/njh/perl5/perlbrew/perls/perl-5.8.6/bin:/home/njh/src/njh/smoker/bin:/usr/bin:/bin
    PERL5LIB = 
    PERL5OPT = 
    PERL5_CPANPLUS_IS_RUNNING = 21778
    PERL5_CPAN_IS_RUNNING = 21778
    PERLBREW_HOME = /home/njh/.perlbrew
    PERLBREW_MANPATH = /home/njh/perl5/perlbrew/perls/perl-5.8.6/man
    PERLBREW_PATH = /home/njh/perl5/perlbrew/bin:/home/njh/perl5/perlbrew/perls/perl-5.8.6/bin
    PERLBREW_PERL = perl-5.8.6
    PERLBREW_ROOT = /home/njh/perl5/perlbrew
    PERLBREW_SHELLRC_VERSION = 0.83
    PERLBREW_VERSION = 0.83
    SHELL = /bin/sh
    TEMP = /tmp/user/1000
    TMPDIR = /tmp/user/1000/testwrapper.21764

Perl special variables (and OS-specific diagnostics, for MSWin32):

    $^X = /home/njh/perl5/perlbrew/perls/perl-5.8.6/bin/perl
    $UID/$EUID = 1000 / 1000
    $GID = 1000 1000 127 116 108 103 46 44 30 29 25 24 4
    $EGID = 1000 1000 127 116 108 103 46 44 30 29 25 24 4

Perl module toolchain versions installed:

    Module              Have    
    ------------------- --------
    CPAN                2.16    
    CPAN::Meta          2.150005
    Cwd                 3.47    
    ExtUtils::CBuilder  0.280220
    ExtUtils::Command   7.22    
    ExtUtils::Install   1.54    
    ExtUtils::MakeMaker 7.22    
    ExtUtils::Manifest  1.70    
    ExtUtils::ParseXS   3.30    
    File::Spec          3.47    
    JSON                2.90    
    JSON::PP            2.27400 
    Module::Build       0.4210  
    Module::Signature   n/a     
    Parse::CPAN::Meta   1.4422  
    Test::Harness       3.36    
    Test::More          1.001014
    YAML                n/a     
    YAML::Syck          1.30    
    version             0.9909  


--

Summary of my perl5 (revision 5 version 8 subversion 6) configuration:
  Platform:
    osname=linux, osvers=3.16-3-amd64, archname=x86_64-linux-thread-multi
    uname='linux compaq 3.16-3-amd64 #1 smp debian 3.16.5-1 (2014-10-10) x86_64 gnulinux '
    config_args='-de -Dprefix=/home/njh/perl5/perlbrew/perls/perl-5.8.6 -Duseithreads -Dusemultiplicity -Dusedevel -Accflags= -Aeval:scriptdir=/home/njh/perl5/perlbrew/perls/perl-5.8.6/bin'
    hint=recommended, useposix=true, d_sigaction=define
    usethreads=define use5005threads=undef useithreads=define usemultiplicity=define
    useperlio=define d_sfio=undef uselargefiles=define usesocks=undef
    use64bitint=define use64bitall=define uselongdouble=undef
    usemymalloc=n, bincompat5005=undef
  Compiler:
    cc='cc', ccflags ='-D_REENTRANT -D_GNU_SOURCE -fno-strict-aliasing -pipe -I/usr/local/include -D_LARGEFILE_SOURCE -D_FILE_OFFSET_BITS=64',
    optimize='-O2',
    cppflags='-D_REENTRANT -D_GNU_SOURCE -fno-strict-aliasing -pipe -I/usr/local/include'
    ccversion='', gccversion='4.9.2', gccosandvers=''
    intsize=4, longsize=8, ptrsize=8, doublesize=8, byteorder=12345678
    d_longlong=define, longlongsize=8, d_longdbl=define, longdblsize=16
    ivtype='long', ivsize=8, nvtype='double', nvsize=8, Off_t='off_t', lseeksize=8
    alignbytes=8, prototype=define
  Linker and Libraries:
    ld='cc', ldflags =' -L/usr/local/lib'
    libpth=/usr/local/lib /lib/x86_64-linux-gnu /lib/../lib /usr/lib/x86_64-linux-gnu /usr/lib/../lib /lib /usr/lib
    libs=-lnsl -lgdbm -ldb -ldl -lm -lcrypt -lutil -lpthread -lc -lgdbm_compat
    perllibs=-lnsl -ldl -lm -lcrypt -lutil -lpthread -lc -lgdbm_compat
    libc=, so=so, useshrplib=false, libperl=libperl.a
    gnulibc_version='2.19'
  Dynamic Linking:
    dlsrc=dl_dlopen.xs, dlext=so, d_dlsymun=undef, ccdlflags='-Wl,-E'
    cccdlflags='-fpic', lddlflags='-shared -L/usr/local/lib'


Characteristics of this binary (from libperl): 
  Compile-time options: MULTIPLICITY USE_ITHREADS USE_64_BIT_INT USE_64_BIT_ALL USE_LARGE_FILES PERL_IMPLICIT_CONTEXT
  Built under linux
  Compiled at Nov 15 2014 04:44:48
  %ENV:
    PERL5LIB=""
    PERL5OPT=""
    PERL5_CPANPLUS_IS_RUNNING="21778"
    PERL5_CPAN_IS_RUNNING="21778"
    PERLBREW_HOME="/home/njh/.perlbrew"
    PERLBREW_MANPATH="/home/njh/perl5/perlbrew/perls/perl-5.8.6/man"
    PERLBREW_PATH="/home/njh/perl5/perlbrew/bin:/home/njh/perl5/perlbrew/perls/perl-5.8.6/bin"
    PERLBREW_PERL="perl-5.8.6"
    PERLBREW_ROOT="/home/njh/perl5/perlbrew"
    PERLBREW_SHELLRC_VERSION="0.83"
    PERLBREW_VERSION="0.83"
  @INC:
    /home/njh/perl5/perlbrew/perls/perl-5.8.6/lib/5.8.6/x86_64-linux-thread-multi
    /home/njh/perl5/perlbrew/perls/perl-5.8.6/lib/5.8.6
    /home/njh/perl5/perlbrew/perls/perl-5.8.6/lib/site_perl/5.8.6/x86_64-linux-thread-multi
    /home/njh/perl5/perlbrew/perls/perl-5.8.6/lib/site_perl/5.8.6
    /home/njh/perl5/perlbrew/perls/perl-5.8.6/lib/site_perl
    .