SReview v0.5.1 Perl 5 v5.16.3 amd64-freebsd-thread-multi
- Status
- Fail
- From
- Slaven Rezić (SREZIC)
- Dist
-
SReview v0.5.1
- Platform
- Perl 5 v5.16.3 amd64-freebsd-thread-multi
- Date
- 2020-01-26 11:50:34
- ID
- 10052454-4032-11ea-8fff-ea4a1f24ea8f
This distribution has been tested as part of the CPAN Testers
project, supporting the Perl programming language. See
http://wiki.cpantesters.org/ for more information or email
questions to cpan-testers-discuss@perl.org
--
Dear Wouter Verhelst,
This is a computer-generated report for SReview-0.5.1
on perl 5.16.3, created by CPAN-Reporter-1.2018.
Thank you for uploading your work to CPAN. However, there was a problem
testing your distribution.
If you think this report is invalid, please consult the CPAN Testers Wiki
for suggestions on how to avoid getting FAIL reports for missing library
or binary dependencies, unsupported operating systems, and so on:
http://wiki.cpantesters.org/wiki/CPANAuthorNotes
Sections of this report:
* Tester comments
* Program output
* Prerequisites
* Environment and other context
------------------------------
TESTER COMMENTS
------------------------------
Additional comments from tester:
none provided
------------------------------
PROGRAM OUTPUT
------------------------------
Output from '/usr/bin/make test':
PERL_DL_NONLAZY=1 "/usr/perl5.16.3t/bin/perl" "-MExtUtils::Command::MM" "-MTest::Harness" "-e" "undef *Test::Harness::Switches; test_harness(0, 'blib/lib', 'blib/arch')" t/*.t
t/010-config.t ...... ok
Unknown encoder 'libopus'
# Failed test 'The output file exists'
# at t/020-convert.t line 17.
Use of uninitialized value in string eq at t/020-convert.t line 20.
# Failed test 'The video was generated with the correct output size'
# at t/020-convert.t line 20.
Use of uninitialized value in string eq at t/020-convert.t line 21.
# Failed test 'The video is encoded using VP9'
# at t/020-convert.t line 21.
Use of uninitialized value in string eq at t/020-convert.t line 22.
# Failed test 'The audio is encoded using Opus'
# at t/020-convert.t line 22.
# Looks like you failed 4 tests of 10.
t/020-convert.t .....
Dubious, test returned 4 (wstat 1024, 0x400)
Failed 4/10 subtests
t/030-copy.t ........ ok
t/040-db.t .......... ok
t/050-probe.t ....... ok
t/060-profiles.t .... ok
Codec AVOption speed () specified for output file #0 (t/testvids/out.ts) has not been used for any stream. The most likely reason is either wrong type (e.g. a video option with no video streams) or that it is a private option of some encoder which was not actually used for any stream.
t/070-reporting.t ... ok
t/080-runthrough.t .. ok
Warning: could not find configuration file /etc/sreview/config.pm, falling back to defaults at /usr/home/cpansand/.cpan/build/2020012609/SReview-0.5.1-2/blib/lib/SReview/Config/Common.pm line 30.
t/090-talk.t ........ ok
Warning: could not find configuration file /etc/sreview/config.pm, falling back to defaults at /usr/home/cpansand/.cpan/build/2020012609/SReview-0.5.1-2/blib/lib/SReview/Config/Common.pm line 30.
t/095-files.t ....... ok
Warning: could not find configuration file /etc/sreview/config.pm, falling back to defaults at /usr/home/cpansand/.cpan/build/2020012609/SReview-0.5.1-2/blib/lib/SReview/Config/Common.pm line 30.
t/100-mojo.t ........ ok
Test Summary Report
-------------------
t/020-convert.t (Wstat: 1024 Tests: 10 Failed: 4)
Failed tests: 6, 8-10
Non-zero exit status: 4
Files=11, Tests=139, 15 wallclock secs ( 0.02 usr 0.08 sys + 8.98 cusr 3.35 csys = 12.44 CPU)
Result: FAIL
Failed 1/11 test programs. 4/139 subtests failed.
*** [test_dynamic] Error code 255
Stop in /usr/home/cpansand/.cpan/build/2020012609/SReview-0.5.1-2.
------------------------------
PREREQUISITES
------------------------------
Prerequisite modules loaded:
requires:
Module Need Have
----------------------------------- ---- --------
DateTime 0 1.51
DateTime::Format::ISO8601 0 0.08
Mojo::JSON 0 0
Mojo::Pg 0 4.15
Mojolicious::Plugin::OAuth2::Server 0 0.44
Moose 0 2.2011
Net::Amazon::S3 0 0.87
build_requires:
Module Need Have
----------------------------------- ---- --------
ExtUtils::MakeMaker 0 7.44
Test::More 0 1.302171
configure_requires:
Module Need Have
----------------------------------- ---- --------
ExtUtils::MakeMaker 0 7.44
------------------------------
ENVIRONMENT AND OTHER CONTEXT
------------------------------
Environment variables:
LC_ALL = de_DE.ISO8859-1
PATH = /usr/local/bin:/usr/bin:/bin:/usr/local/sbin:/usr/sbin:/sbin:/home/cpansand/bin/freebsd9.3:/home/cpansand/bin/sh:/home/cpansand/bin:/usr/games:/home/cpansand/devel:/usr/home/eserte/src/srezic-misc/scripts
PERL5LIB =
PERL5OPT =
PERL5_CPANPLUS_IS_RUNNING = 12254
PERL5_CPAN_IS_RUNNING = 12254
PERL5_CPAN_IS_RUNNING_IN_RECURSION = 11537,12254
PERLDOC = -MPod::Perldoc::ToTextOverstrike
PERL_BATCH = yes
PERL_CANARY_STABILITY_NOPROMPT = 1
PERL_CPAN_REPORTER_CONFIG = /var/tmp/cpansmoker-1023/2020012609/cpanreporter_000_config.ini
PERL_EXTUTILS_AUTOINSTALL = --defaultdeps
PERL_USE_UNSAFE_INC = 1
SHELL = /usr/local/bin/zsh
TERM = screen
TMPDIR = /var/tmp/cpansmoker-1023/2020012609
Perl special variables (and OS-specific diagnostics, for MSWin32):
$^X = /usr/perl5.16.3t/bin/perl
$UID/$EUID = 1023 / 1023
$GID = 1023 1023
$EGID = 1023 1023
Perl module toolchain versions installed:
Module Have
------------------- --------
CPAN 2.27
CPAN::Meta 2.150010
Cwd 3.75
ExtUtils::CBuilder 0.280231
ExtUtils::Command 7.44
ExtUtils::Install 2.14
ExtUtils::MakeMaker 7.44
ExtUtils::Manifest 1.72
ExtUtils::ParseXS 3.35
File::Spec 3.75
JSON 4.02
JSON::PP 4.04
Module::Build 0.4229
Module::Signature 0.83
Parse::CPAN::Meta 2.150010
Test::Harness 3.42
Test::More 1.302171
YAML 1.29
YAML::Syck 1.31
version 0.9924
--
Summary of my perl5 (revision 5 version 16 subversion 3) configuration:
Platform:
osname=freebsd, osvers=9.2-release-p4, archname=amd64-freebsd-thread-multi
uname='freebsd cvrsnica-freebsd-92 9.2-release-p4 freebsd 9.2-release-p4 #0: tue apr 8 18:08:22 utc 2014 root@amd64-builder.daemonology.net:usrobjusrsrcsysgeneric amd64 '
config_args='-ds -e -Dprefix=/usr/perl5.16.3t -Dusethreads'
hint=recommended, useposix=true, d_sigaction=define
useithreads=define, usemultiplicity=define
useperlio=define, d_sfio=undef, uselargefiles=define, usesocks=undef
use64bitint=define, use64bitall=define, uselongdouble=undef
usemymalloc=n, bincompat5005=undef
Compiler:
cc='cc', ccflags ='-DHAS_FPSETMASK -DHAS_FLOATINGPOINT_H -fno-strict-aliasing -pipe -fstack-protector -I/usr/local/include',
optimize='-O',
cppflags='-DHAS_FPSETMASK -DHAS_FLOATINGPOINT_H -fno-strict-aliasing -pipe -fstack-protector -I/usr/local/include'
ccversion='', gccversion='4.2.1 20070831 patched [FreeBSD]', gccosandvers=''
intsize=4, longsize=8, ptrsize=8, doublesize=8, byteorder=12345678
d_longlong=define, longlongsize=8, d_longdbl=define, longdblsize=16
ivtype='long', ivsize=8, nvtype='double', nvsize=8, Off_t='off_t', lseeksize=8
alignbytes=8, prototype=define
Linker and Libraries:
ld='cc', ldflags ='-pthread -Wl,-E -fstack-protector -L/usr/local/lib'
libpth=/usr/lib /usr/local/lib
libs=-lgdbm -lm -lcrypt
perllibs=-lm -lcrypt
libc=, so=so, useshrplib=false, libperl=libperl.a
gnulibc_version=''
Dynamic Linking:
dlsrc=dl_dlopen.xs, dlext=so, d_dlsymun=undef, ccdlflags=' '
cccdlflags='-DPIC -fPIC', lddlflags='-shared -L/usr/local/lib -fstack-protector'
Characteristics of this binary (from libperl):
Compile-time options: HAS_TIMES MULTIPLICITY PERLIO_LAYERS
PERL_DONT_CREATE_GVSV PERL_IMPLICIT_CONTEXT
PERL_MALLOC_WRAP PERL_PRESERVE_IVUV USE_64_BIT_ALL
USE_64_BIT_INT USE_ITHREADS USE_LARGE_FILES
USE_LOCALE USE_LOCALE_COLLATE USE_LOCALE_CTYPE
USE_LOCALE_NUMERIC USE_PERLIO USE_PERL_ATOF
USE_REENTRANT_API
Built under freebsd
Compiled at May 16 2014 07:49:48
%ENV:
PERL5LIB=""
PERL5OPT=""
PERL5_CPANPLUS_IS_RUNNING="12254"
PERL5_CPAN_IS_RUNNING="12254"
PERL5_CPAN_IS_RUNNING_IN_RECURSION="11537,12254"
PERLDOC="-MPod::Perldoc::ToTextOverstrike"
PERL_BATCH="yes"
PERL_CANARY_STABILITY_NOPROMPT="1"
PERL_CPAN_REPORTER_CONFIG="/var/tmp/cpansmoker-1023/2020012609/cpanreporter_000_config.ini"
PERL_EXTUTILS_AUTOINSTALL="--defaultdeps"
PERL_USE_UNSAFE_INC="1"
@INC:
/usr/perl5.16.3t/lib/site_perl/5.16.3/amd64-freebsd-thread-multi
/usr/perl5.16.3t/lib/site_perl/5.16.3
/usr/perl5.16.3t/lib/5.16.3/amd64-freebsd-thread-multi
/usr/perl5.16.3t/lib/5.16.3
.