Report for DBIx-Class-Validation-Structure-0.10

Back
From: metabase:user:314402c4-2aae-11df-837a-5e0a49663a4f
Subject: FAIL DBIx-Class-Validation-Structure-0.10 v5.10.1 FreeBSD
Date: 2014-08-11T14:01:58Z

This distribution has been tested as part of the CPAN Testers
project, supporting the Perl programming language.  See
http://wiki.cpantesters.org/ for more information or email
questions to cpan-testers-discuss@perl.org


--
Dear Sean Zellmer,

This is a computer-generated report for DBIx-Class-Validation-Structure-0.10
on perl 5.10.1, created by CPAN-Reporter-1.2011.

Thank you for uploading your work to CPAN.  However, there was a problem
testing your distribution.

If you think this report is invalid, please consult the CPAN Testers Wiki
for suggestions on how to avoid getting FAIL reports for missing library
or binary dependencies, unsupported operating systems, and so on:

http://wiki.cpantesters.org/wiki/CPANAuthorNotes

Sections of this report:

    * Tester comments
    * Program output
    * Prerequisites
    * Environment and other context

------------------------------
TESTER COMMENTS
------------------------------

Additional comments from tester:

none provided

------------------------------
PROGRAM OUTPUT
------------------------------

Output from './Build test':


#   Failed test 'use DBIx::Class::Validation::Structure;'
#   at t/001-basic.t line 8.
#     Tried to use 'DBIx::Class::Validation::Structure'.
#     Error:  Type of arg 1 to values must be hash (not scalar dereference) at /usr/home/eserte/.cpan/build/DBIx-Class-Validation-Structure-0.10-3NsTiR/blib/lib/DBIx/Class/Validation/Structure.pm line 153, near "$_ }"
# Compilation failed in require at t/001-basic.t line 8.
# BEGIN failed--compilation aborted at t/001-basic.t line 8.
# Looks like you failed 1 test of 2.
t/001-basic.t ........... 
Dubious, test returned 1 (wstat 256, 0x100)
Failed 1/2 subtests 
Type of arg 1 to values must be hash (not scalar dereference) at /usr/home/eserte/.cpan/build/DBIx-Class-Validation-Structure-0.10-3NsTiR/blib/lib/DBIx/Class/Validation/Structure.pm line 153, near "$_ }"
Compilation failed in require at t/002-validators.t line 8.
BEGIN failed--compilation aborted at t/002-validators.t line 8.
t/002-validators.t ...... 
Dubious, test returned 9 (wstat 2304, 0x900)
No subtests run 
# Can't initialize a schema with the given configuration
# Returned Error: {UNKNOWN}: {UNKNOWN}: Type of arg 1 to values must be hash (not scalar dereference) at /usr/home/eserte/.cpan/build/DBIx-Class-Validation-Structure-0.10-3NsTiR/blib/lib/DBIx/Class/Validation/Structure.pm line 153, near "$_ }"
# Compilation failed in require at /usr/perl5.10.1/lib/site_perl/5.10.1/Class/C3/Componentised.pm line 150. at /usr/perl5.10.1/lib/site_perl/5.10.1/Class/C3/Componentised.pm line 155
# Compilation failed in require at /usr/perl5.10.1/lib/site_perl/5.10.1/Class/C3/Componentised.pm line 150. at /usr/perl5.10.1/lib/site_perl/5.10.1/Class/C3/Componentised.pm line 155
# Compilation failed in require at /usr/perl5.10.1/lib/site_perl/5.10.1/Module/Runtime.pm line 317.
# configuration: {
#   'fixture_sets' => {},
#   'schema_class' => 'test::Schema'
# }
The plan was already output at /usr/perl5.10.1/lib/5.10.1/Test/Builder.pm line 756.
t/003-validate.t ........ 
Failed 6/6 subtests 
t/release-pod-syntax.t .. skipped: these tests are for release candidate testing

Test Summary Report
-------------------
t/001-basic.t         (Wstat: 256 Tests: 2 Failed: 1)
  Failed test:  2
  Non-zero exit status: 1
t/002-validators.t    (Wstat: 2304 Tests: 0 Failed: 0)
  Non-zero exit status: 9
  Parse errors: No plan found in TAP output
t/003-validate.t      (Wstat: 0 Tests: 0 Failed: 0)
  Parse errors: More than one plan found in TAP output
                Bad plan.  You planned 6 tests but ran 0.
Files=4, Tests=2,  3 wallclock secs ( 0.03 usr  0.02 sys +  1.60 cusr  0.27 csys =  1.93 CPU)
Result: FAIL

------------------------------
PREREQUISITES
------------------------------

Prerequisite modules loaded:

requires:

    Module              Need     Have    
    ------------------- -------- --------
    DBIx::Class         0        0.08270 
    Email::Valid        0        1.194   
    HTML::TagFilter     0        1.03    
    perl                5.008005 5.010001

build_requires:

    Module              Need     Have    
    ------------------- -------- --------
    Test::DBIx::Class   0        0.41    
    Test::More          0.88     1.001003
    Test::Warnings      0        0.016   

configure_requires:

    Module              Need     Have    
    ------------------- -------- --------
    Module::Build::Tiny 0.035    0.037   


------------------------------
ENVIRONMENT AND OTHER CONTEXT
------------------------------

Environment variables:

    DBIC_NO_WARN_BAD_PERL = 1
    LC_ALL = de_DE.ISO8859-1
    PATH = /usr/local/bin:/usr/bin:/bin:/usr/local/sbin:/usr/sbin:/sbin:/home/cpansand/bin/freebsd9.1:/home/cpansand/bin/sh:/home/cpansand/bin:/usr/games:/home/cpansand/devel:/usr/home/eserte/src/srezic-misc/scripts
    PERL5LIB = 
    PERL5OPT = 
    PERL5_CPANPLUS_IS_RUNNING = 52198
    PERL5_CPAN_IS_RUNNING = 52198
    PERL5_CPAN_IS_RUNNING_IN_RECURSION = 52176,52198
    PERLDOC = -MPod::Perldoc::ToTextOverstrike
    PERL_BATCH = yes
    PERL_CPAN_REPORTER_CONFIG = /var/tmp/cpansmoker-1023/1YjutjpyqX_config.ini
    PERL_EXTUTILS_AUTOINSTALL = --defaultdeps
    PERL_HTML_DISPLAY_CLASS = HTML::Display::Mozilla
    SHELL = /usr/local/bin/zsh
    TERM = screen
    TMPDIR = /var/tmp/cpansmoker-1023

Perl special variables (and OS-specific diagnostics, for MSWin32):

    $^X = /usr/perl5.10.1/bin/perl
    $UID/$EUID = 1023 / 1023
    $GID = 1023 1023
    $EGID = 1023 1023

Perl module toolchain versions installed:

    Module              Have    
    ------------------- --------
    CPAN                1.9402  
    CPAN::Meta          2.142060
    Cwd                 3.47    
    ExtUtils::CBuilder  0.280216
    ExtUtils::Command   1.16    
    ExtUtils::Install   1.68    
    ExtUtils::MakeMaker 6.98    
    ExtUtils::Manifest  1.60    
    ExtUtils::ParseXS   3.24    
    File::Spec          3.47    
    JSON                2.90    
    JSON::PP            2.27203 
    Module::Build       0.4206  
    Module::Signature   0.73    
    Parse::CPAN::Meta   1.4414  
    Test::Harness       3.32    
    Test::More          1.001003
    YAML                1.01    
    YAML::Syck          1.27    
    version             0.9908  


--

Summary of my perl5 (revision 5 version 10 subversion 1) configuration:
   
  Platform:
    osname=freebsd, osvers=9.2-release-p4, archname=amd64-freebsd
    uname='freebsd cvrsnica-freebsd-92 9.2-release-p4 freebsd 9.2-release-p4 #0: tue apr 8 18:08:22 utc 2014 root@amd64-builder.daemonology.net:usrobjusrsrcsysgeneric amd64 '
    config_args='-ds -e -Dprefix=/usr/perl5.10.1'
    hint=recommended, useposix=true, d_sigaction=define
    useithreads=undef, usemultiplicity=undef
    useperlio=define, d_sfio=undef, uselargefiles=define, usesocks=undef
    use64bitint=define, use64bitall=define, uselongdouble=undef
    usemymalloc=n, bincompat5005=undef
  Compiler:
    cc='cc', ccflags ='-DHAS_FPSETMASK -DHAS_FLOATINGPOINT_H -fno-strict-aliasing -pipe -fstack-protector -I/usr/local/include',
    optimize='-O',
    cppflags='-DHAS_FPSETMASK -DHAS_FLOATINGPOINT_H -fno-strict-aliasing -pipe -fstack-protector -I/usr/local/include'
    ccversion='', gccversion='4.2.1 20070831 patched [FreeBSD]', gccosandvers=''
    intsize=4, longsize=8, ptrsize=8, doublesize=8, byteorder=12345678
    d_longlong=define, longlongsize=8, d_longdbl=define, longdblsize=16
    ivtype='long', ivsize=8, nvtype='double', nvsize=8, Off_t='off_t', lseeksize=8
    alignbytes=8, prototype=define
  Linker and Libraries:
    ld='cc', ldflags ='-Wl,-E  -fstack-protector -L/usr/local/lib'
    libpth=/usr/lib /usr/local/lib
    libs=-lgdbm -lm -lcrypt -lutil -lc
    perllibs=-lm -lcrypt -lutil -lc
    libc=, so=so, useshrplib=false, libperl=libperl.a
    gnulibc_version=''
  Dynamic Linking:
    dlsrc=dl_dlopen.xs, dlext=so, d_dlsymun=undef, ccdlflags=' '
    cccdlflags='-DPIC -fPIC', lddlflags='-shared  -L/usr/local/lib -fstack-protector'


Characteristics of this binary (from libperl): 
  Compile-time options: PERL_DONT_CREATE_GVSV PERL_MALLOC_WRAP USE_64_BIT_ALL
                        USE_64_BIT_INT USE_LARGE_FILES USE_PERLIO
  Built under freebsd
  Compiled at May 15 2014 23:30:26
  %ENV:
    PERL5LIB=""
    PERL5OPT=""
    PERL5_CPANPLUS_IS_RUNNING="52198"
    PERL5_CPAN_IS_RUNNING="52198"
    PERL5_CPAN_IS_RUNNING_IN_RECURSION="52176,52198"
    PERLDOC="-MPod::Perldoc::ToTextOverstrike"
    PERL_BATCH="yes"
    PERL_CPAN_REPORTER_CONFIG="/var/tmp/cpansmoker-1023/1YjutjpyqX_config.ini"
    PERL_EXTUTILS_AUTOINSTALL="--defaultdeps"
    PERL_HTML_DISPLAY_CLASS="HTML::Display::Mozilla"
  @INC:
    /usr/perl5.10.1/lib/5.10.1/amd64-freebsd
    /usr/perl5.10.1/lib/5.10.1
    /usr/perl5.10.1/lib/site_perl/5.10.1/amd64-freebsd
    /usr/perl5.10.1/lib/site_perl/5.10.1
    .