Bot-IRC v1.40 Perl 5 v5.28.3 x86_64-linux

Status
Fail
From
Chris Williams (BINGOS)
Dist
Bot-IRC v1.40
Platform
Perl 5 v5.28.3 x86_64-linux
Date
2023-08-22T03:36:16
ID
0cbb6230-409d-11ee-98b0-b3c3213a625c
This distribution has been tested as part of the CPAN Testers
project, supporting the Perl programming language.  See
http://wiki.cpantesters.org/ for more information or email
questions to cpan-testers-discuss@perl.org


--

Dear GRYPHON,

This is a computer-generated error report created automatically by
CPANPLUS, version 0.9914. Testers personal comments may appear
at the end of this report.


Thank you for uploading your work to CPAN.  However, it appears that
there were some problems testing your distribution.

TEST RESULTS:

Below is the error stack from stage 'make test':

PERL_DL_NONLAZY=1 "/home/cpan/pit/bare/perl-5.28.3/bin/perl" "-MExtUtils::Command::MM" "-MTest::Harness" "-e" "undef *Test::Harness::Switches; test_harness(0, 'blib/lib', 'blib/arch')" t/*.t
t/00-compile.t ........... ok
t/author-eol.t ........... skipped: these tests are for testing by the author
t/author-no-tabs.t ....... skipped: these tests are for testing by the author
t/author-pod-coverage.t .. skipped: these tests are for testing by the author
t/author-pod-syntax.t .... skipped: these tests are for testing by the author
t/author-portability.t ... skipped: these tests are for testing by the author
t/author-synopsis.t ...... skipped: these tests are for testing by the author
t/bot-irc-api.t .......... ok
t/bot-irc-run.t .......... ok
"my" variable $self masks earlier declaration in same statement at /home/cpan/pit/bare/conf/perl-5.28.3/.cpanplus/5.28.3/build/lLfkd_1eBl/Bot-IRC-1.40/t/lib/TestCommon.pm line 18.
"my" variable $orig masks earlier declaration in same statement at /home/cpan/pit/bare/conf/perl-5.28.3/.cpanplus/5.28.3/build/lLfkd_1eBl/Bot-IRC-1.40/t/lib/TestCommon.pm line 18.
"my" variable $self masks earlier declaration in same statement at /home/cpan/pit/bare/conf/perl-5.28.3/.cpanplus/5.28.3/build/lLfkd_1eBl/Bot-IRC-1.40/t/lib/TestCommon.pm line 18.
"my" variable $self masks earlier declaration in same scope at /home/cpan/pit/bare/conf/perl-5.28.3/.cpanplus/5.28.3/build/lLfkd_1eBl/Bot-IRC-1.40/t/lib/TestCommon.pm line 20.
"my" variable $self masks earlier declaration in same scope at /home/cpan/pit/bare/conf/perl-5.28.3/.cpanplus/5.28.3/build/lLfkd_1eBl/Bot-IRC-1.40/t/lib/TestCommon.pm line 27.
"my" variable $self masks earlier declaration in same scope at /home/cpan/pit/bare/conf/perl-5.28.3/.cpanplus/5.28.3/build/lLfkd_1eBl/Bot-IRC-1.40/t/lib/TestCommon.pm line 38.
"my" variable $self masks earlier declaration in same scope at /home/cpan/pit/bare/conf/perl-5.28.3/.cpanplus/5.28.3/build/lLfkd_1eBl/Bot-IRC-1.40/t/lib/TestCommon.pm line 40.
syntax error at /home/cpan/pit/bare/conf/perl-5.28.3/.cpanplus/5.28.3/build/lLfkd_1eBl/Bot-IRC-1.40/t/lib/TestCommon.pm line 15, near "around new"
syntax error at /home/cpan/pit/bare/conf/perl-5.28.3/.cpanplus/5.28.3/build/lLfkd_1eBl/Bot-IRC-1.40/t/lib/TestCommon.pm line 41, near "}"
Compilation failed in require at t/convert.t line 3.
BEGIN failed--compilation aborted at t/convert.t line 3.
t/convert.t .............. 
Dubious, test returned 255 (wstat 65280, 0xff00)
No subtests run 
"my" variable $self masks earlier declaration in same statement at /home/cpan/pit/bare/conf/perl-5.28.3/.cpanplus/5.28.3/build/lLfkd_1eBl/Bot-IRC-1.40/t/lib/TestCommon.pm line 18.
"my" variable $orig masks earlier declaration in same statement at /home/cpan/pit/bare/conf/perl-5.28.3/.cpanplus/5.28.3/build/lLfkd_1eBl/Bot-IRC-1.40/t/lib/TestCommon.pm line 18.
"my" variable $self masks earlier declaration in same statement at /home/cpan/pit/bare/conf/perl-5.28.3/.cpanplus/5.28.3/build/lLfkd_1eBl/Bot-IRC-1.40/t/lib/TestCommon.pm line 18.
"my" variable $self masks earlier declaration in same scope at /home/cpan/pit/bare/conf/perl-5.28.3/.cpanplus/5.28.3/build/lLfkd_1eBl/Bot-IRC-1.40/t/lib/TestCommon.pm line 20.
"my" variable $self masks earlier declaration in same scope at /home/cpan/pit/bare/conf/perl-5.28.3/.cpanplus/5.28.3/build/lLfkd_1eBl/Bot-IRC-1.40/t/lib/TestCommon.pm line 27.
"my" variable $self masks earlier declaration in same scope at /home/cpan/pit/bare/conf/perl-5.28.3/.cpanplus/5.28.3/build/lLfkd_1eBl/Bot-IRC-1.40/t/lib/TestCommon.pm line 38.
"my" variable $self masks earlier declaration in same scope at /home/cpan/pit/bare/conf/perl-5.28.3/.cpanplus/5.28.3/build/lLfkd_1eBl/Bot-IRC-1.40/t/lib/TestCommon.pm line 40.
syntax error at /home/cpan/pit/bare/conf/perl-5.28.3/.cpanplus/5.28.3/build/lLfkd_1eBl/Bot-IRC-1.40/t/lib/TestCommon.pm line 15, near "around new"
syntax error at /home/cpan/pit/bare/conf/perl-5.28.3/.cpanplus/5.28.3/build/lLfkd_1eBl/Bot-IRC-1.40/t/lib/TestCommon.pm line 41, near "}"
Compilation failed in require at t/functions.t line 3.
BEGIN failed--compilation aborted at t/functions.t line 3.
t/functions.t ............ 
Dubious, test returned 255 (wstat 65280, 0xff00)
No subtests run 
"my" variable $self masks earlier declaration in same statement at /home/cpan/pit/bare/conf/perl-5.28.3/.cpanplus/5.28.3/build/lLfkd_1eBl/Bot-IRC-1.40/t/lib/TestCommon.pm line 18.
"my" variable $orig masks earlier declaration in same statement at /home/cpan/pit/bare/conf/perl-5.28.3/.cpanplus/5.28.3/build/lLfkd_1eBl/Bot-IRC-1.40/t/lib/TestCommon.pm line 18.
"my" variable $self masks earlier declaration in same statement at /home/cpan/pit/bare/conf/perl-5.28.3/.cpanplus/5.28.3/build/lLfkd_1eBl/Bot-IRC-1.40/t/lib/TestCommon.pm line 18.
"my" variable $self masks earlier declaration in same scope at /home/cpan/pit/bare/conf/perl-5.28.3/.cpanplus/5.28.3/build/lLfkd_1eBl/Bot-IRC-1.40/t/lib/TestCommon.pm line 20.
"my" variable $self masks earlier declaration in same scope at /home/cpan/pit/bare/conf/perl-5.28.3/.cpanplus/5.28.3/build/lLfkd_1eBl/Bot-IRC-1.40/t/lib/TestCommon.pm line 27.
"my" variable $self masks earlier declaration in same scope at /home/cpan/pit/bare/conf/perl-5.28.3/.cpanplus/5.28.3/build/lLfkd_1eBl/Bot-IRC-1.40/t/lib/TestCommon.pm line 38.
"my" variable $self masks earlier declaration in same scope at /home/cpan/pit/bare/conf/perl-5.28.3/.cpanplus/5.28.3/build/lLfkd_1eBl/Bot-IRC-1.40/t/lib/TestCommon.pm line 40.
syntax error at /home/cpan/pit/bare/conf/perl-5.28.3/.cpanplus/5.28.3/build/lLfkd_1eBl/Bot-IRC-1.40/t/lib/TestCommon.pm line 15, near "around new"
syntax error at /home/cpan/pit/bare/conf/perl-5.28.3/.cpanplus/5.28.3/build/lLfkd_1eBl/Bot-IRC-1.40/t/lib/TestCommon.pm line 41, near "}"
Compilation failed in require at t/greeting.t line 3.
BEGIN failed--compilation aborted at t/greeting.t line 3.
t/greeting.t ............. 
Dubious, test returned 255 (wstat 65280, 0xff00)
No subtests run 
"my" variable $self masks earlier declaration in same statement at /home/cpan/pit/bare/conf/perl-5.28.3/.cpanplus/5.28.3/build/lLfkd_1eBl/Bot-IRC-1.40/t/lib/TestCommon.pm line 18.
"my" variable $orig masks earlier declaration in same statement at /home/cpan/pit/bare/conf/perl-5.28.3/.cpanplus/5.28.3/build/lLfkd_1eBl/Bot-IRC-1.40/t/lib/TestCommon.pm line 18.
"my" variable $self masks earlier declaration in same statement at /home/cpan/pit/bare/conf/perl-5.28.3/.cpanplus/5.28.3/build/lLfkd_1eBl/Bot-IRC-1.40/t/lib/TestCommon.pm line 18.
"my" variable $self masks earlier declaration in same scope at /home/cpan/pit/bare/conf/perl-5.28.3/.cpanplus/5.28.3/build/lLfkd_1eBl/Bot-IRC-1.40/t/lib/TestCommon.pm line 20.
"my" variable $self masks earlier declaration in same scope at /home/cpan/pit/bare/conf/perl-5.28.3/.cpanplus/5.28.3/build/lLfkd_1eBl/Bot-IRC-1.40/t/lib/TestCommon.pm line 27.
"my" variable $self masks earlier declaration in same scope at /home/cpan/pit/bare/conf/perl-5.28.3/.cpanplus/5.28.3/build/lLfkd_1eBl/Bot-IRC-1.40/t/lib/TestCommon.pm line 38.
"my" variable $self masks earlier declaration in same scope at /home/cpan/pit/bare/conf/perl-5.28.3/.cpanplus/5.28.3/build/lLfkd_1eBl/Bot-IRC-1.40/t/lib/TestCommon.pm line 40.
syntax error at /home/cpan/pit/bare/conf/perl-5.28.3/.cpanplus/5.28.3/build/lLfkd_1eBl/Bot-IRC-1.40/t/lib/TestCommon.pm line 15, near "around new"
syntax error at /home/cpan/pit/bare/conf/perl-5.28.3/.cpanplus/5.28.3/build/lLfkd_1eBl/Bot-IRC-1.40/t/lib/TestCommon.pm line 41, near "}"
Compilation failed in require at t/history.t line 3.
BEGIN failed--compilation aborted at t/history.t line 3.
t/history.t .............. 
Dubious, test returned 255 (wstat 65280, 0xff00)
No subtests run 
"my" variable $self masks earlier declaration in same statement at /home/cpan/pit/bare/conf/perl-5.28.3/.cpanplus/5.28.3/build/lLfkd_1eBl/Bot-IRC-1.40/t/lib/TestCommon.pm line 18.
"my" variable $orig masks earlier declaration in same statement at /home/cpan/pit/bare/conf/perl-5.28.3/.cpanplus/5.28.3/build/lLfkd_1eBl/Bot-IRC-1.40/t/lib/TestCommon.pm line 18.
"my" variable $self masks earlier declaration in same statement at /home/cpan/pit/bare/conf/perl-5.28.3/.cpanplus/5.28.3/build/lLfkd_1eBl/Bot-IRC-1.40/t/lib/TestCommon.pm line 18.
"my" variable $self masks earlier declaration in same scope at /home/cpan/pit/bare/conf/perl-5.28.3/.cpanplus/5.28.3/build/lLfkd_1eBl/Bot-IRC-1.40/t/lib/TestCommon.pm line 20.
"my" variable $self masks earlier declaration in same scope at /home/cpan/pit/bare/conf/perl-5.28.3/.cpanplus/5.28.3/build/lLfkd_1eBl/Bot-IRC-1.40/t/lib/TestCommon.pm line 27.
"my" variable $self masks earlier declaration in same scope at /home/cpan/pit/bare/conf/perl-5.28.3/.cpanplus/5.28.3/build/lLfkd_1eBl/Bot-IRC-1.40/t/lib/TestCommon.pm line 38.
"my" variable $self masks earlier declaration in same scope at /home/cpan/pit/bare/conf/perl-5.28.3/.cpanplus/5.28.3/build/lLfkd_1eBl/Bot-IRC-1.40/t/lib/TestCommon.pm line 40.
syntax error at /home/cpan/pit/bare/conf/perl-5.28.3/.cpanplus/5.28.3/build/lLfkd_1eBl/Bot-IRC-1.40/t/lib/TestCommon.pm line 15, near "around new"
syntax error at /home/cpan/pit/bare/conf/perl-5.28.3/.cpanplus/5.28.3/build/lLfkd_1eBl/Bot-IRC-1.40/t/lib/TestCommon.pm line 41, near "}"
Compilation failed in require at t/infobot.t line 3.
BEGIN failed--compilation aborted at t/infobot.t line 3.
t/infobot.t .............. 
Dubious, test returned 255 (wstat 65280, 0xff00)
No subtests run 
"my" variable $self masks earlier declaration in same statement at /home/cpan/pit/bare/conf/perl-5.28.3/.cpanplus/5.28.3/build/lLfkd_1eBl/Bot-IRC-1.40/t/lib/TestCommon.pm line 18.
"my" variable $orig masks earlier declaration in same statement at /home/cpan/pit/bare/conf/perl-5.28.3/.cpanplus/5.28.3/build/lLfkd_1eBl/Bot-IRC-1.40/t/lib/TestCommon.pm line 18.
"my" variable $self masks earlier declaration in same statement at /home/cpan/pit/bare/conf/perl-5.28.3/.cpanplus/5.28.3/build/lLfkd_1eBl/Bot-IRC-1.40/t/lib/TestCommon.pm line 18.
"my" variable $self masks earlier declaration in same scope at /home/cpan/pit/bare/conf/perl-5.28.3/.cpanplus/5.28.3/build/lLfkd_1eBl/Bot-IRC-1.40/t/lib/TestCommon.pm line 20.
"my" variable $self masks earlier declaration in same scope at /home/cpan/pit/bare/conf/perl-5.28.3/.cpanplus/5.28.3/build/lLfkd_1eBl/Bot-IRC-1.40/t/lib/TestCommon.pm line 27.
"my" variable $self masks earlier declaration in same scope at /home/cpan/pit/bare/conf/perl-5.28.3/.cpanplus/5.28.3/build/lLfkd_1eBl/Bot-IRC-1.40/t/lib/TestCommon.pm line 38.
"my" variable $self masks earlier declaration in same scope at /home/cpan/pit/bare/conf/perl-5.28.3/.cpanplus/5.28.3/build/lLfkd_1eBl/Bot-IRC-1.40/t/lib/TestCommon.pm line 40.
syntax error at /home/cpan/pit/bare/conf/perl-5.28.3/.cpanplus/5.28.3/build/lLfkd_1eBl/Bot-IRC-1.40/t/lib/TestCommon.pm line 15, near "around new"
syntax error at /home/cpan/pit/bare/conf/perl-5.28.3/.cpanplus/5.28.3/build/lLfkd_1eBl/Bot-IRC-1.40/t/lib/TestCommon.pm line 41, near "}"
Compilation failed in require at t/join.t line 3.
BEGIN failed--compilation aborted at t/join.t line 3.
t/join.t ................. 
Dubious, test returned 255 (wstat 65280, 0xff00)
No subtests run 
"my" variable $self masks earlier declaration in same statement at /home/cpan/pit/bare/conf/perl-5.28.3/.cpanplus/5.28.3/build/lLfkd_1eBl/Bot-IRC-1.40/t/lib/TestCommon.pm line 18.
"my" variable $orig masks earlier declaration in same statement at /home/cpan/pit/bare/conf/perl-5.28.3/.cpanplus/5.28.3/build/lLfkd_1eBl/Bot-IRC-1.40/t/lib/TestCommon.pm line 18.
"my" variable $self masks earlier declaration in same statement at /home/cpan/pit/bare/conf/perl-5.28.3/.cpanplus/5.28.3/build/lLfkd_1eBl/Bot-IRC-1.40/t/lib/TestCommon.pm line 18.
"my" variable $self masks earlier declaration in same scope at /home/cpan/pit/bare/conf/perl-5.28.3/.cpanplus/5.28.3/build/lLfkd_1eBl/Bot-IRC-1.40/t/lib/TestCommon.pm line 20.
"my" variable $self masks earlier declaration in same scope at /home/cpan/pit/bare/conf/perl-5.28.3/.cpanplus/5.28.3/build/lLfkd_1eBl/Bot-IRC-1.40/t/lib/TestCommon.pm line 27.
"my" variable $self masks earlier declaration in same scope at /home/cpan/pit/bare/conf/perl-5.28.3/.cpanplus/5.28.3/build/lLfkd_1eBl/Bot-IRC-1.40/t/lib/TestCommon.pm line 38.
"my" variable $self masks earlier declaration in same scope at /home/cpan/pit/bare/conf/perl-5.28.3/.cpanplus/5.28.3/build/lLfkd_1eBl/Bot-IRC-1.40/t/lib/TestCommon.pm line 40.
syntax error at /home/cpan/pit/bare/conf/perl-5.28.3/.cpanplus/5.28.3/build/lLfkd_1eBl/Bot-IRC-1.40/t/lib/TestCommon.pm line 15, near "around new"
syntax error at /home/cpan/pit/bare/conf/perl-5.28.3/.cpanplus/5.28.3/build/lLfkd_1eBl/Bot-IRC-1.40/t/lib/TestCommon.pm line 41, near "}"
Compilation failed in require at t/karma.t line 3.
BEGIN failed--compilation aborted at t/karma.t line 3.
t/karma.t ................ 
Dubious, test returned 255 (wstat 65280, 0xff00)
No subtests run 
"my" variable $self masks earlier declaration in same statement at /home/cpan/pit/bare/conf/perl-5.28.3/.cpanplus/5.28.3/build/lLfkd_1eBl/Bot-IRC-1.40/t/lib/TestCommon.pm line 18.
"my" variable $orig masks earlier declaration in same statement at /home/cpan/pit/bare/conf/perl-5.28.3/.cpanplus/5.28.3/build/lLfkd_1eBl/Bot-IRC-1.40/t/lib/TestCommon.pm line 18.
"my" variable $self masks earlier declaration in same statement at /home/cpan/pit/bare/conf/perl-5.28.3/.cpanplus/5.28.3/build/lLfkd_1eBl/Bot-IRC-1.40/t/lib/TestCommon.pm line 18.
"my" variable $self masks earlier declaration in same scope at /home/cpan/pit/bare/conf/perl-5.28.3/.cpanplus/5.28.3/build/lLfkd_1eBl/Bot-IRC-1.40/t/lib/TestCommon.pm line 20.
"my" variable $self masks earlier declaration in same scope at /home/cpan/pit/bare/conf/perl-5.28.3/.cpanplus/5.28.3/build/lLfkd_1eBl/Bot-IRC-1.40/t/lib/TestCommon.pm line 27.
"my" variable $self masks earlier declaration in same scope at /home/cpan/pit/bare/conf/perl-5.28.3/.cpanplus/5.28.3/build/lLfkd_1eBl/Bot-IRC-1.40/t/lib/TestCommon.pm line 38.
"my" variable $self masks earlier declaration in same scope at /home/cpan/pit/bare/conf/perl-5.28.3/.cpanplus/5.28.3/build/lLfkd_1eBl/Bot-IRC-1.40/t/lib/TestCommon.pm line 40.
syntax error at /home/cpan/pit/bare/conf/perl-5.28.3/.cpanplus/5.28.3/build/lLfkd_1eBl/Bot-IRC-1.40/t/lib/TestCommon.pm line 15, near "around new"
syntax error at /home/cpan/pit/bare/conf/perl-5.28.3/.cpanplus/5.28.3/build/lLfkd_1eBl/Bot-IRC-1.40/t/lib/TestCommon.pm line 41, near "}"
Compilation failed in require at t/math.t line 3.
BEGIN failed--compilation aborted at t/math.t line 3.
t/math.t ................. 
Dubious, test returned 255 (wstat 65280, 0xff00)
No subtests run 
"my" variable $self masks earlier declaration in same statement at /home/cpan/pit/bare/conf/perl-5.28.3/.cpanplus/5.28.3/build/lLfkd_1eBl/Bot-IRC-1.40/t/lib/TestCommon.pm line 18.
"my" variable $orig masks earlier declaration in same statement at /home/cpan/pit/bare/conf/perl-5.28.3/.cpanplus/5.28.3/build/lLfkd_1eBl/Bot-IRC-1.40/t/lib/TestCommon.pm line 18.
"my" variable $self masks earlier declaration in same statement at /home/cpan/pit/bare/conf/perl-5.28.3/.cpanplus/5.28.3/build/lLfkd_1eBl/Bot-IRC-1.40/t/lib/TestCommon.pm line 18.
"my" variable $self masks earlier declaration in same scope at /home/cpan/pit/bare/conf/perl-5.28.3/.cpanplus/5.28.3/build/lLfkd_1eBl/Bot-IRC-1.40/t/lib/TestCommon.pm line 20.
"my" variable $self masks earlier declaration in same scope at /home/cpan/pit/bare/conf/perl-5.28.3/.cpanplus/5.28.3/build/lLfkd_1eBl/Bot-IRC-1.40/t/lib/TestCommon.pm line 27.
"my" variable $self masks earlier declaration in same scope at /home/cpan/pit/bare/conf/perl-5.28.3/.cpanplus/5.28.3/build/lLfkd_1eBl/Bot-IRC-1.40/t/lib/TestCommon.pm line 38.
"my" variable $self masks earlier declaration in same scope at /home/cpan/pit/bare/conf/perl-5.28.3/.cpanplus/5.28.3/build/lLfkd_1eBl/Bot-IRC-1.40/t/lib/TestCommon.pm line 40.
syntax error at /home/cpan/pit/bare/conf/perl-5.28.3/.cpanplus/5.28.3/build/lLfkd_1eBl/Bot-IRC-1.40/t/lib/TestCommon.pm line 15, near "around new"
syntax error at /home/cpan/pit/bare/conf/perl-5.28.3/.cpanplus/5.28.3/build/lLfkd_1eBl/Bot-IRC-1.40/t/lib/TestCommon.pm line 41, near "}"
Compilation failed in require at t/ping.t line 3.
BEGIN failed--compilation aborted at t/ping.t line 3.
t/ping.t ................. 
Dubious, test returned 255 (wstat 65280, 0xff00)
No subtests run 
t/release-kwalitee.t ..... skipped: these tests are for release candidate testing
"my" variable $self masks earlier declaration in same statement at /home/cpan/pit/bare/conf/perl-5.28.3/.cpanplus/5.28.3/build/lLfkd_1eBl/Bot-IRC-1.40/t/lib/TestCommon.pm line 18.
"my" variable $orig masks earlier declaration in same statement at /home/cpan/pit/bare/conf/perl-5.28.3/.cpanplus/5.28.3/build/lLfkd_1eBl/Bot-IRC-1.40/t/lib/TestCommon.pm line 18.
"my" variable $self masks earlier declaration in same statement at /home/cpan/pit/bare/conf/perl-5.28.3/.cpanplus/5.28.3/build/lLfkd_1eBl/Bot-IRC-1.40/t/lib/TestCommon.pm line 18.
"my" variable $self masks earlier declaration in same scope at /home/cpan/pit/bare/conf/perl-5.28.3/.cpanplus/5.28.3/build/lLfkd_1eBl/Bot-IRC-1.40/t/lib/TestCommon.pm line 20.
"my" variable $self masks earlier declaration in same scope at /home/cpan/pit/bare/conf/perl-5.28.3/.cpanplus/5.28.3/build/lLfkd_1eBl/Bot-IRC-1.40/t/lib/TestCommon.pm line 27.
"my" variable $self masks earlier declaration in same scope at /home/cpan/pit/bare/conf/perl-5.28.3/.cpanplus/5.28.3/build/lLfkd_1eBl/Bot-IRC-1.40/t/lib/TestCommon.pm line 38.
"my" variable $self masks earlier declaration in same scope at /home/cpan/pit/bare/conf/perl-5.28.3/.cpanplus/5.28.3/build/lLfkd_1eBl/Bot-IRC-1.40/t/lib/TestCommon.pm line 40.
syntax error at /home/cpan/pit/bare/conf/perl-5.28.3/.cpanplus/5.28.3/build/lLfkd_1eBl/Bot-IRC-1.40/t/lib/TestCommon.pm line 15, near "around new"
syntax error at /home/cpan/pit/bare/conf/perl-5.28.3/.cpanplus/5.28.3/build/lLfkd_1eBl/Bot-IRC-1.40/t/lib/TestCommon.pm line 41, near "}"
Compilation failed in require at t/seen.t line 3.
BEGIN failed--compilation aborted at t/seen.t line 3.
t/seen.t ................. 
Dubious, test returned 255 (wstat 65280, 0xff00)
No subtests run 
t/store-sqlite.t ......... ok
t/store.t ................ ok

Test Summary Report
-------------------
t/convert.t            (Wstat: 65280 (exited 255) Tests: 0 Failed: 0)
  Non-zero exit status: 255
  Parse errors: No plan found in TAP output
t/functions.t          (Wstat: 65280 (exited 255) Tests: 0 Failed: 0)
  Non-zero exit status: 255
  Parse errors: No plan found in TAP output
t/greeting.t           (Wstat: 65280 (exited 255) Tests: 0 Failed: 0)
  Non-zero exit status: 255
  Parse errors: No plan found in TAP output
t/history.t            (Wstat: 65280 (exited 255) Tests: 0 Failed: 0)
  Non-zero exit status: 255
  Parse errors: No plan found in TAP output
t/infobot.t            (Wstat: 65280 (exited 255) Tests: 0 Failed: 0)
  Non-zero exit status: 255
  Parse errors: No plan found in TAP output
t/join.t               (Wstat: 65280 (exited 255) Tests: 0 Failed: 0)
  Non-zero exit status: 255
  Parse errors: No plan found in TAP output
t/karma.t              (Wstat: 65280 (exited 255) Tests: 0 Failed: 0)
  Non-zero exit status: 255
  Parse errors: No plan found in TAP output
t/math.t               (Wstat: 65280 (exited 255) Tests: 0 Failed: 0)
  Non-zero exit status: 255
  Parse errors: No plan found in TAP output
t/ping.t               (Wstat: 65280 (exited 255) Tests: 0 Failed: 0)
  Non-zero exit status: 255
  Parse errors: No plan found in TAP output
t/seen.t               (Wstat: 65280 (exited 255) Tests: 0 Failed: 0)
  Non-zero exit status: 255
  Parse errors: No plan found in TAP output
Files=22, Tests=41,  4 wallclock secs ( 0.05 usr  0.02 sys +  2.95 cusr  0.51 csys =  3.53 CPU)
Result: FAIL
Failed 10/22 test programs. 0/41 subtests failed.
make: *** [Makefile:960: test_dynamic] Error 255


PREREQUISITES:

Here is a list of prerequisites you specified and versions we
managed to load:

	  Module Name                        Have     Want
	  DBD::SQLite                        1.72        0
	  DBI                               1.643        0
	  Daemon::Device                     1.10        0
	  Date::Format                       2.24        0
	  Date::Parse                        2.33        0
	  DateTime                           1.59        0
	  DateTime::Format::Human::Duration     0.64        0
	  Email::Mailer                      1.19        0
	  Email::Valid                      1.203        0
	  Encode                             3.19        0
	  Encode::Detect::Detector           1.01        0
	  ExtUtils::MakeMaker                7.70        0
	  File::Grep                         0.02        0
	  File::Spec                         3.75        0
	  IO::Handle                         1.39        0
	  IO::Socket::IP                     0.39        0
	  IO::Socket::SSL                   2.083        0
	  IPC::Open3                         1.20        0
	  JSON::XS                           4.03        0
	  Math::Expression                   1.48        0
	  Math::Units                         1.3        0
	  Test2::Mock                    0.000155        0
	  Test2::V0                      0.000155        0
	  Test::Lib                         0.003        0
	  Test::More                     1.302195        0
	  Test::Output                      1.034        0
	  Time::Crontab                      0.04        0
	  YAML::XS                           0.88        0
	  exact                              1.21     1.14
	  exact::class                       1.17     1.10
	  strict                             1.11        0
	  warnings                           1.42        0

Perl module toolchain versions installed:
	Module Name                        Have
	CPANPLUS                         0.9914
	CPANPLUS::Dist::Build              0.90
	Cwd                                3.75
	ExtUtils::CBuilder             0.280236
	ExtUtils::Command                  7.70
	ExtUtils::Install                  2.22
	ExtUtils::MakeMaker                7.70
	ExtUtils::Manifest                 1.75
	ExtUtils::ParseXS                  3.44
	File::Spec                         3.75
	Module::Build                    0.4234
	Pod::Parser                        1.63
	Pod::Simple                        3.35
	Test2                          1.302195
	Test::Harness                      3.44
	Test::More                     1.302195
	version                          0.9929

******************************** NOTE ********************************
The comments above are created mechanically, possibly without manual
checking by the sender.  As there are many people performing automatic
tests on each upload to CPAN, it is likely that you will receive
identical messages about the same problem.

If you believe that the message is mistaken, please reply to the first
one with correction and/or additional informations, and do not take
it personally.  We appreciate your patience. :)
**********************************************************************

Additional comments:


This report was machine-generated by CPANPLUS::Dist::YACSmoke 1.08.
Powered by minismokebox version 0.68

CPANPLUS is prefering Build.PL

------------------------------
ENVIRONMENT AND OTHER CONTEXT
------------------------------

Environment variables:

    AUTOMATED_TESTING = 1
    LANG = en_GB.UTF-8
    LANGUAGE = en_GB:en
    NONINTERACTIVE_TESTING = 1
    PATH = /usr/local/sbin:/usr/local/bin:/usr/sbin:/usr/bin:/sbin:/bin:/usr/games:/usr/local/games:/snap/bin
    PERL5LIB = /home/cpan/pit/jail/1n_vXsZqKJ/lib/perl5:/home/cpan/pit/bare/conf/perl-5.28.3/.cpanplus/5.28.3/build/lLfkd_1eBl/Bot-IRC-1.40/blib/lib:/home/cpan/pit/bare/conf/perl-5.28.3/.cpanplus/5.28.3/build/lLfkd_1eBl/Bot-IRC-1.40/blib/arch
    PERL5_CPANPLUS_IS_RUNNING = 2336541
    PERL5_CPANPLUS_IS_VERSION = 0.9914
    PERL5_MINISMOKEBOX = 0.68
    PERL5_YACSMOKE_BASE = /home/cpan/pit/bare/conf/perl-5.28.3
    PERL_EXTUTILS_AUTOINSTALL = --defaultdeps
    PERL_LOCAL_LIB_ROOT = /home/cpan/pit/jail/1n_vXsZqKJ
    PERL_MB_OPT = --install_base "/home/cpan/pit/jail/1n_vXsZqKJ"
    PERL_MM_OPT = INSTALL_BASE=/home/cpan/pit/jail/1n_vXsZqKJ
    PERL_MM_USE_DEFAULT = 1
    SHELL = /bin/bash
    TERM = screen.xterm-256color

Perl special variables (and OS-specific diagnostics, for MSWin32):

    Perl: $^X = /home/cpan/pit/bare/perl-5.28.3/bin/perl
    UID:  $<  = 1001
    EUID: $>  = 1001
    GID:  $(  = 1001 1001
    EGID: $)  = 1001 1001


-------------------------------


--

Summary of my perl5 (revision 5 version 28 subversion 3) configuration:
   
  Platform:
    osname=linux
    osvers=5.4.0-26-generic
    archname=x86_64-linux
    uname='linux uchder 5.4.0-26-generic #30-ubuntu smp mon apr 20 16:58:30 utc 2020 x86_64 x86_64 x86_64 gnulinux '
    config_args='-des -Dprefix=/home/cpan/pit/bare/perl-5.28.3'
    hint=recommended
    useposix=true
    d_sigaction=define
    useithreads=undef
    usemultiplicity=undef
    use64bitint=define
    use64bitall=define
    uselongdouble=undef
    usemymalloc=n
    default_inc_excludes_dot=define
    bincompat5005=undef
  Compiler:
    cc='cc'
    ccflags ='-fwrapv -fno-strict-aliasing -pipe -fstack-protector-strong -I/usr/local/include -D_LARGEFILE_SOURCE -D_FILE_OFFSET_BITS=64'
    optimize='-O2'
    cppflags='-fwrapv -fno-strict-aliasing -pipe -fstack-protector-strong -I/usr/local/include'
    ccversion=''
    gccversion='9.3.0'
    gccosandvers=''
    intsize=4
    longsize=8
    ptrsize=8
    doublesize=8
    byteorder=12345678
    doublekind=3
    d_longlong=define
    longlongsize=8
    d_longdbl=define
    longdblsize=16
    longdblkind=3
    ivtype='long'
    ivsize=8
    nvtype='double'
    nvsize=8
    Off_t='off_t'
    lseeksize=8
    alignbytes=8
    prototype=define
  Linker and Libraries:
    ld='cc'
    ldflags =' -fstack-protector-strong -L/usr/local/lib'
    libpth=/usr/local/lib /usr/include/x86_64-linux-gnu /usr/lib /lib/x86_64-linux-gnu /lib/../lib /usr/lib/x86_64-linux-gnu /usr/lib/../lib /lib
    libs=-lpthread -lnsl -lgdbm -ldl -lm -lcrypt -lutil -lc
    perllibs=-lpthread -lnsl -ldl -lm -lcrypt -lutil -lc
    libc=libc-2.31.so
    so=so
    useshrplib=false
    libperl=libperl.a
    gnulibc_version='2.31'
  Dynamic Linking:
    dlsrc=dl_dlopen.xs
    dlext=so
    d_dlsymun=undef
    ccdlflags='-Wl,-E'
    cccdlflags='-fPIC'
    lddlflags='-shared -O2 -L/usr/local/lib -fstack-protector-strong'


Characteristics of this binary (from libperl): 
  Compile-time options:
    HAS_TIMES
    PERLIO_LAYERS
    PERL_COPY_ON_WRITE
    PERL_DONT_CREATE_GVSV
    PERL_MALLOC_WRAP
    PERL_OP_PARENT
    PERL_PRESERVE_IVUV
    USE_64_BIT_ALL
    USE_64_BIT_INT
    USE_LARGE_FILES
    USE_LOCALE
    USE_LOCALE_COLLATE
    USE_LOCALE_CTYPE
    USE_LOCALE_NUMERIC
    USE_LOCALE_TIME
    USE_PERLIO
    USE_PERL_ATOF
  Locally applied patches:
    Devel::PatchPerl 1.98
  Built under linux
  Compiled at Jun  1 2020 23:05:06
  %ENV:
    PERL5LIB="/home/cpan/pit/jail/1n_vXsZqKJ/lib/perl5:/home/cpan/pit/bare/conf/perl-5.28.3/.cpanplus/5.28.3/build/lLfkd_1eBl/Bot-IRC-1.40/blib/lib:/home/cpan/pit/bare/conf/perl-5.28.3/.cpanplus/5.28.3/build/lLfkd_1eBl/Bot-IRC-1.40/blib/arch"
    PERL5_CPANPLUS_IS_RUNNING="2336541"
    PERL5_CPANPLUS_IS_VERSION="0.9914"
    PERL5_MINISMOKEBOX="0.68"
    PERL5_YACSMOKE_BASE="/home/cpan/pit/bare/conf/perl-5.28.3"
    PERL_EXTUTILS_AUTOINSTALL="--defaultdeps"
    PERL_LOCAL_LIB_ROOT="/home/cpan/pit/jail/1n_vXsZqKJ"
    PERL_MB_OPT="--install_base "/home/cpan/pit/jail/1n_vXsZqKJ""
    PERL_MM_OPT="INSTALL_BASE=/home/cpan/pit/jail/1n_vXsZqKJ"
    PERL_MM_USE_DEFAULT="1"
  @INC:
    /home/cpan/pit/jail/1n_vXsZqKJ/lib/perl5/5.28.3/x86_64-linux
    /home/cpan/pit/jail/1n_vXsZqKJ/lib/perl5/5.28.3
    /home/cpan/pit/jail/1n_vXsZqKJ/lib/perl5/x86_64-linux
    /home/cpan/pit/jail/1n_vXsZqKJ/lib/perl5
    /home/cpan/pit/bare/conf/perl-5.28.3/.cpanplus/5.28.3/build/lLfkd_1eBl/Bot-IRC-1.40/blib/lib
    /home/cpan/pit/bare/conf/perl-5.28.3/.cpanplus/5.28.3/build/lLfkd_1eBl/Bot-IRC-1.40/blib/arch
    /home/cpan/pit/bare/perl-5.28.3/lib/site_perl/5.28.3/x86_64-linux
    /home/cpan/pit/bare/perl-5.28.3/lib/site_perl/5.28.3
    /home/cpan/pit/bare/perl-5.28.3/lib/5.28.3/x86_64-linux
    /home/cpan/pit/bare/perl-5.28.3/lib/5.28.3