Report for App-Pipeline-Simple-0.9.1

Back
From: metabase:user:314402c4-2aae-11df-837a-5e0a49663a4f
Subject: FAIL App-Pipeline-Simple-0.9.1 v5.10.1 FreeBSD
Date: 2012-10-22T17:29:35Z

This distribution has been tested as part of the CPAN Testers
project, supporting the Perl programming language.  See
http://wiki.cpantesters.org/ for more information or email
questions to cpan-testers-discuss@perl.org


--
Dear Heikki Lehvaslaiho,

This is a computer-generated report for App-Pipeline-Simple-0.9.1
on perl 5.10.1, created by CPAN-Reporter-1.2006.

Thank you for uploading your work to CPAN.  However, there was a problem
testing your distribution.

If you think this report is invalid, please consult the CPAN Testers Wiki
for suggestions on how to avoid getting FAIL reports for missing library
or binary dependencies, unsupported operating systems, and so on:

http://wiki.cpantesters.org/wiki/CPANAuthorNotes

Sections of this report:

    * Tester comments
    * Program output
    * Prerequisites
    * Environment and other context

------------------------------
TESTER COMMENTS
------------------------------

Additional comments from tester:

none provided

------------------------------
PROGRAM OUTPUT
------------------------------

Output from '/usr/bin/make test':

PERL_DL_NONLAZY=1 /usr/perl5.10.1/bin/perl5.10.1 "-MExtUtils::Command::MM" "-e" "test_harness(0, 'blib/lib', 'blib/arch')" t/*.t
t/00-compile.t ............ ok
# Testing App::Pipeline::Simple methods in memory
t/00-load.t ............... ok
# Testing App::Pipeline::Simple run from file
Error: Could not find/open font
Error: Could not find/open font
Error: Could not find/open font
Error: Could not find/open font
Error: Could not find/open font
Error: Could not find/open font
Error: Could not find/open font
Error: Could not find/open font
Error: Could not find/open font
Error: Could not find/open font
Error: Could not find/open font
Error: Could not find/open font
Error: Could not find/open font
Error: Could not find/open font
Error: Could not find/open font
Error: Could not find/open font
Error: Could not find/open font
Error: Could not find/open font
Error: Could not find/open font
t/01-run.t ................ ok
# Testing spipe from command line

#   Failed test 'die without config'
#   at t/02-cmdline.t line 15.
Can't locate Log/Log4perl.pm in @INC (@INC contains: /var/tmp/CPAN-build/App-Pipeline-Simple-0.9.1-lQlycB/blib/lib /var/tmp/CPAN-build/App-Pipeline-Simple-0.9.1-lQlycB/blib/arch /usr/local/lib/perl5/5.8.9/BSDPAN /usr/local/lib/perl5/site_perl/5.8.9/mach /usr/local/lib/perl5/site_perl/5.8.9 /usr/local/lib/perl5/5.8.9/mach /usr/local/lib/perl5/5.8.9 .) at /var/tmp/CPAN-build/App-Pipeline-Simple-0.9.1-lQlycB/blib/lib/App/Pipeline/Simple.pm line 18.
BEGIN failed--compilation aborted at /var/tmp/CPAN-build/App-Pipeline-Simple-0.9.1-lQlycB/blib/lib/App/Pipeline/Simple.pm line 18.
Compilation failed in require at /var/tmp/CPAN-build/App-Pipeline-Simple-0.9.1-lQlycB/t/../bin/spipe line 3.
BEGIN failed--compilation aborted at /var/tmp/CPAN-build/App-Pipeline-Simple-0.9.1-lQlycB/t/../bin/spipe line 3.

#   Failed test '--version'
#   at t/02-cmdline.t line 16.
Can't locate Log/Log4perl.pm in @INC (@INC contains: /var/tmp/CPAN-build/App-Pipeline-Simple-0.9.1-lQlycB/blib/lib /var/tmp/CPAN-build/App-Pipeline-Simple-0.9.1-lQlycB/blib/arch /usr/local/lib/perl5/5.8.9/BSDPAN /usr/local/lib/perl5/site_perl/5.8.9/mach /usr/local/lib/perl5/site_perl/5.8.9 /usr/local/lib/perl5/5.8.9/mach /usr/local/lib/perl5/5.8.9 .) at /var/tmp/CPAN-build/App-Pipeline-Simple-0.9.1-lQlycB/blib/lib/App/Pipeline/Simple.pm line 18.
BEGIN failed--compilation aborted at /var/tmp/CPAN-build/App-Pipeline-Simple-0.9.1-lQlycB/blib/lib/App/Pipeline/Simple.pm line 18.
Compilation failed in require at /var/tmp/CPAN-build/App-Pipeline-Simple-0.9.1-lQlycB/t/../bin/spipe line 3.
BEGIN failed--compilation aborted at /var/tmp/CPAN-build/App-Pipeline-Simple-0.9.1-lQlycB/t/../bin/spipe line 3.

#   Failed test '--help'
#   at t/02-cmdline.t line 17.
Can't locate Log/Log4perl.pm in @INC (@INC contains: /var/tmp/CPAN-build/App-Pipeline-Simple-0.9.1-lQlycB/blib/lib /var/tmp/CPAN-build/App-Pipeline-Simple-0.9.1-lQlycB/blib/arch /usr/local/lib/perl5/5.8.9/BSDPAN /usr/local/lib/perl5/site_perl/5.8.9/mach /usr/local/lib/perl5/site_perl/5.8.9 /usr/local/lib/perl5/5.8.9/mach /usr/local/lib/perl5/5.8.9 .) at /var/tmp/CPAN-build/App-Pipeline-Simple-0.9.1-lQlycB/blib/lib/App/Pipeline/Simple.pm line 18.
BEGIN failed--compilation aborted at /var/tmp/CPAN-build/App-Pipeline-Simple-0.9.1-lQlycB/blib/lib/App/Pipeline/Simple.pm line 18.
Compilation failed in require at /var/tmp/CPAN-build/App-Pipeline-Simple-0.9.1-lQlycB/t/../bin/spipe line 3.
BEGIN failed--compilation aborted at /var/tmp/CPAN-build/App-Pipeline-Simple-0.9.1-lQlycB/t/../bin/spipe line 3.

#   Failed test '--debug'
#   at t/02-cmdline.t line 18.
Can't locate Log/Log4perl.pm in @INC (@INC contains: /var/tmp/CPAN-build/App-Pipeline-Simple-0.9.1-lQlycB/blib/lib /var/tmp/CPAN-build/App-Pipeline-Simple-0.9.1-lQlycB/blib/arch /usr/local/lib/perl5/5.8.9/BSDPAN /usr/local/lib/perl5/site_perl/5.8.9/mach /usr/local/lib/perl5/site_perl/5.8.9 /usr/local/lib/perl5/5.8.9/mach /usr/local/lib/perl5/5.8.9 .) at /var/tmp/CPAN-build/App-Pipeline-Simple-0.9.1-lQlycB/blib/lib/App/Pipeline/Simple.pm line 18.
BEGIN failed--compilation aborted at /var/tmp/CPAN-build/App-Pipeline-Simple-0.9.1-lQlycB/blib/lib/App/Pipeline/Simple.pm line 18.
Compilation failed in require at /var/tmp/CPAN-build/App-Pipeline-Simple-0.9.1-lQlycB/t/../bin/spipe line 3.
BEGIN failed--compilation aborted at /var/tmp/CPAN-build/App-Pipeline-Simple-0.9.1-lQlycB/t/../bin/spipe line 3.
cat: s1_string.txt: No such file or directory

#   Failed test 'command line input'
#   at t/02-cmdline.t line 23.
#          got: ''
#     expected: 'ABC
# '
cat: s1_string.txt: No such file or directory
# Looks like you failed 5 tests of 5.
t/02-cmdline.t ............ 
Dubious, test returned 5 (wstat 1280, 0x500)
Failed 5/5 subtests 
t/author-critic.t ......... skipped: these tests are for testing by the author
t/author-pod-spell.t ...... skipped: these tests are for testing by the author
t/author-test-eol.t ....... skipped: these tests are for testing by the author
t/release-distmeta.t ...... skipped: these tests are for release candidate testing
t/release-pod-coverage.t .. skipped: these tests are for release candidate testing
t/release-pod-syntax.t .... skipped: these tests are for release candidate testing

Test Summary Report
-------------------
t/02-cmdline.t          (Wstat: 1280 Tests: 5 Failed: 5)
  Failed tests:  1-5
  Non-zero exit status: 5
Files=10, Tests=27,  2 wallclock secs ( 0.03 usr  0.05 sys +  1.01 cusr  0.18 csys =  1.27 CPU)
Result: FAIL
Failed 1/10 test programs. 5/27 subtests failed.
*** Error code 255

Stop in /var/tmp/CPAN-build/App-Pipeline-Simple-0.9.1-lQlycB.

------------------------------
PREREQUISITES
------------------------------

Prerequisite modules loaded:

requires:

    Module              Need   Have  
    ------------------- ------ ------
    autodie             0      2.12  
    Carp                0      1.26  
    constant            0      1.21  
    File::Basename      0      2.77  
    File::Copy          0      2.14  
    Getopt::Long        0      2.38  
    GraphViz            0      2.07  
    Log::Log4perl       0      1.37  
    strict              0      1.04  
    warnings            0      1.06  
    YAML::Syck          0      1.20  

build_requires:

    Module              Need   Have  
    ------------------- ------ ------
    Data::Dumper        0      2.136 
    File::Find          0      1.14  
    File::Spec          0      3.33  
    File::Temp          0      0.22  
    FindBin             0      1.50  
    Module::Build       0.3601 0.4003
    Test::More          0      0.98  

configure_requires:

    Module              Need   Have  
    ------------------- ------ ------
    ExtUtils::MakeMaker 6.30   6.62  
    Module::Build       0.3601 0.4003


------------------------------
ENVIRONMENT AND OTHER CONTEXT
------------------------------

Environment variables:

    DBIC_NO_WARN_BAD_PERL = 1
    PATH = /usr/local/bin:/usr/X11R6/bin:/usr/X11/bin:/usr/perl5.8.0/bin:/usr/bin:/bin:/usr/local/sbin:/usr/sbin:/sbin:/usr/local/pilot/bin:/home/cpansand/bin/freebsd8.0:/home/cpansand/bin/sh:/home/cpansand/bin:/usr/X386/bin:/usr/games:/home/cpansand/devel:/usr/home/e/eserte/work/srezic-misc/scripts
    PERL5LIB = 
    PERL5OPT = 
    PERL5_CPANPLUS_IS_RUNNING = 46187
    PERL5_CPAN_IS_RUNNING = 46187
    PERL5_CPAN_IS_RUNNING_IN_RECURSION = 46161,46187
    PERL_BATCH = yes
    PERL_CPAN_REPORTER_CONFIG = /var/tmp/cpansmoker-1023/TQlHIirHlN_config.ini
    PERL_EXTUTILS_AUTOINSTALL = --defaultdeps
    PERL_HTML_DISPLAY_CLASS = HTML::Display::Mozilla
    SHELL = /usr/local/bin/zsh
    TERM = screen
    TMPDIR = /var/tmp/cpansmoker-1023

Perl special variables (and OS-specific diagnostics, for MSWin32):

    $^X = /usr/perl5.10.1/bin/perl5.10.1
    $UID/$EUID = 1023 / 1023
    $GID = 1023 1023
    $EGID = 1023 1023

Perl module toolchain versions installed:

    Module              Have    
    ------------------- --------
    CPAN                1.9800  
    CPAN::Meta          2.112150
    Cwd                 3.33    
    ExtUtils::CBuilder  0.280205
    ExtUtils::Command   1.17    
    ExtUtils::Install   1.54    
    ExtUtils::MakeMaker 6.62    
    ExtUtils::Manifest  1.60    
    ExtUtils::ParseXS   3.15    
    File::Spec          3.33    
    JSON                2.53    
    JSON::PP            2.27200 
    Module::Build       0.4003  
    Module::Signature   0.68    
    Parse::CPAN::Meta   1.4403  
    Test::Harness       3.23    
    Test::More          0.98    
    YAML                0.84    
    YAML::Syck          1.20    
    version             0.9901  


--

Summary of my perl5 (revision 5 version 10 subversion 1) configuration:
   
  Platform:
    osname=freebsd, osvers=8.0-release, archname=i386-freebsd
    uname='freebsd biokovo.herceg.de 8.0-release freebsd 8.0-release #0: sat nov 21 15:48:17 utc 2009 root@almeida.cse.buffalo.edu:usrobjusrsrcsysgeneric i386 '
    config_args='-Dprefix=/usr/perl5.10.1 -Dusemymalloc=n -D cc=ccache cc -Dgccansipedantic -Duse64bit -de -D hintfile=myfreebsd'
    hint=recommended, useposix=true, d_sigaction=define
    useithreads=undef, usemultiplicity=undef
    useperlio=define, d_sfio=undef, uselargefiles=define, usesocks=undef
    use64bitint=undef, use64bitall=undef, uselongdouble=undef
    usemymalloc=n, bincompat5005=undef
  Compiler:
    cc='ccache cc', ccflags ='-DHAS_FPSETMASK -DHAS_FLOATINGPOINT_H -fno-strict-aliasing -pipe -fstack-protector -I/usr/local/include',
    optimize='-O2 -mtune=athlon64 -pipe',
    cppflags='-DHAS_FPSETMASK -DHAS_FLOATINGPOINT_H -fno-strict-aliasing -pipe -fstack-protector -I/usr/local/include'
    ccversion='', gccversion='4.2.1 20070719  [FreeBSD]', gccosandvers=''
    intsize=4, longsize=4, ptrsize=4, doublesize=8, byteorder=1234
    d_longlong=define, longlongsize=8, d_longdbl=define, longdblsize=12
    ivtype='long', ivsize=4, nvtype='double', nvsize=8, Off_t='off_t', lseeksize=8
    alignbytes=4, prototype=define
  Linker and Libraries:
    ld='ccache cc', ldflags ='-Wl,-E  -fstack-protector -L/usr/local/lib'
    libpth=/usr/lib /usr/local/lib
    libs=-lgdbm -lm -lcrypt -lutil -lc
    perllibs=-lm -lcrypt -lutil -lc
    libc=, so=so, useshrplib=false, libperl=libperl.a
    gnulibc_version=''
  Dynamic Linking:
    dlsrc=dl_dlopen.xs, dlext=so, d_dlsymun=undef, ccdlflags=' '
    cccdlflags='-DPIC -fPIC', lddlflags='-shared  -L/usr/local/lib -fstack-protector'


Characteristics of this binary (from libperl): 
  Compile-time options: PERL_DONT_CREATE_GVSV PERL_MALLOC_WRAP PERL_USE_DEVEL
                        USE_LARGE_FILES USE_PERLIO
  Built under freebsd
  Compiled at Feb  6 2010 13:47:51
  %ENV:
    PERL5LIB=""
    PERL5OPT=""
    PERL5_CPANPLUS_IS_RUNNING="46187"
    PERL5_CPAN_IS_RUNNING="46187"
    PERL5_CPAN_IS_RUNNING_IN_RECURSION="46161,46187"
    PERL_BATCH="yes"
    PERL_CPAN_REPORTER_CONFIG="/var/tmp/cpansmoker-1023/TQlHIirHlN_config.ini"
    PERL_EXTUTILS_AUTOINSTALL="--defaultdeps"
    PERL_HTML_DISPLAY_CLASS="HTML::Display::Mozilla"
  @INC:
    /usr/perl5.10.1/lib/5.10.1/i386-freebsd
    /usr/perl5.10.1/lib/5.10.1
    /usr/perl5.10.1/lib/site_perl/5.10.1/i386-freebsd
    /usr/perl5.10.1/lib/site_perl/5.10.1
    .