Template-Tiny-Strict v1.17 Perl 5 v5.8.9 darwin-2level

Status
Fail
From
Neil Bowers
Dist
Template-Tiny-Strict v1.17
Platform
Perl 5 v5.8.9 darwin-2level
Date
2021-05-17 11:28:47
ID
0bae4270-b703-11eb-8869-36bde559c3fa
This distribution has been tested as part of the CPAN Testers
project, supporting the Perl programming language.  See
http://wiki.cpantesters.org/ for more information or email
questions to cpan-testers-discuss@perl.org


--
Dear Curtis 'Ovid' Poe,

This is a computer-generated report for Template-Tiny-Strict-1.17
on perl 5.8.9, created by CPAN-Reporter-1.2018.

Thank you for uploading your work to CPAN.  However, there was a problem
testing your distribution.

If you think this report is invalid, please consult the CPAN Testers Wiki
for suggestions on how to avoid getting FAIL reports for missing library
or binary dependencies, unsupported operating systems, and so on:

http://wiki.cpantesters.org/wiki/CPANAuthorNotes

Sections of this report:

    * Tester comments
    * Program output
    * Prerequisites
    * Environment and other context

------------------------------
TESTER COMMENTS
------------------------------

Additional comments from tester:

none provided

------------------------------
PROGRAM OUTPUT
------------------------------

Output from '/usr/bin/make test':

PERL_DL_NONLAZY=1 /usr/local/perl/589/bin/perl "-MExtUtils::Command::MM" "-MTest::Harness" "-e" "undef *Test::Harness::Switches; test_harness(0, 'blib/lib', 'blib/arch')" t/*.t
# 
# Versions for all modules listed in MYMETA.json (including optional ones):
# 
# === Configure Requires ===
# 
#     Module              Want Have
#     ------------------- ---- ----
#     ExtUtils::MakeMaker  any 6.98
# 
# === Build Requires ===
# 
#     Module              Want Have
#     ------------------- ---- ----
#     ExtUtils::MakeMaker  any 6.98
# 
# === Test Requires ===
# 
#     Module              Want     Have
#     ------------------- ---- --------
#     ExtUtils::MakeMaker  any     6.98
#     File::Spec           any     3.40
#     Test::More           any 1.302177
# 
# === Test Recommends ===
# 
#     Module         Want     Have
#     ---------- -------- --------
#     CPAN::Meta 2.120900 2.141170
# 
t/00-report-prereqs.t .. ok
Possible unintended interpolation of @unused in string at /private/var/root/.cpan/build/Template-Tiny-Strict-1.17-qtzHpy/blib/lib/Template/Tiny/Strict.pm line 78.
Possible unintended interpolation of @unused in string at /private/var/root/.cpan/build/Template-Tiny-Strict-1.17-qtzHpy/blib/lib/Template/Tiny/Strict.pm line 78.
Possible unintended interpolation of @unused in string at /private/var/root/.cpan/build/Template-Tiny-Strict-1.17-qtzHpy/blib/lib/Template/Tiny/Strict.pm line 78.
Scalar found where operator expected at /private/var/root/.cpan/build/Template-Tiny-Strict-1.17-qtzHpy/blib/lib/Template/Tiny/Strict.pm line 162, near "$PREPARSE"
  (Might be a runaway multi-line // string starting on line 78)
Global symbol "$self" requires explicit package name at /private/var/root/.cpan/build/Template-Tiny-Strict-1.17-qtzHpy/blib/lib/Template/Tiny/Strict.pm line 78.
Global symbol "$text" requires explicit package name at /private/var/root/.cpan/build/Template-Tiny-Strict-1.17-qtzHpy/blib/lib/Template/Tiny/Strict.pm line 78.
Global symbol "$self" requires explicit package name at /private/var/root/.cpan/build/Template-Tiny-Strict-1.17-qtzHpy/blib/lib/Template/Tiny/Strict.pm line 78.
Global symbol "$text" requires explicit package name at /private/var/root/.cpan/build/Template-Tiny-Strict-1.17-qtzHpy/blib/lib/Template/Tiny/Strict.pm line 78.
Global symbol "$self" requires explicit package name at /private/var/root/.cpan/build/Template-Tiny-Strict-1.17-qtzHpy/blib/lib/Template/Tiny/Strict.pm line 78.
Global symbol "$copy" requires explicit package name at /private/var/root/.cpan/build/Template-Tiny-Strict-1.17-qtzHpy/blib/lib/Template/Tiny/Strict.pm line 78.
Global symbol "$stash" requires explicit package name at /private/var/root/.cpan/build/Template-Tiny-Strict-1.17-qtzHpy/blib/lib/Template/Tiny/Strict.pm line 78.
Global symbol "$self" requires explicit package name at /private/var/root/.cpan/build/Template-Tiny-Strict-1.17-qtzHpy/blib/lib/Template/Tiny/Strict.pm line 78.
Global symbol "$self" requires explicit package name at /private/var/root/.cpan/build/Template-Tiny-Strict-1.17-qtzHpy/blib/lib/Template/Tiny/Strict.pm line 78.
Global symbol "$self" requires explicit package name at /private/var/root/.cpan/build/Template-Tiny-Strict-1.17-qtzHpy/blib/lib/Template/Tiny/Strict.pm line 78.
Global symbol "$result" requires explicit package name at /private/var/root/.cpan/build/Template-Tiny-Strict-1.17-qtzHpy/blib/lib/Template/Tiny/Strict.pm line 78.
Global symbol "$self" requires explicit package name at /private/var/root/.cpan/build/Template-Tiny-Strict-1.17-qtzHpy/blib/lib/Template/Tiny/Strict.pm line 78.
Global symbol "$stash" requires explicit package name at /private/var/root/.cpan/build/Template-Tiny-Strict-1.17-qtzHpy/blib/lib/Template/Tiny/Strict.pm line 78.
Global symbol "$copy" requires explicit package name at /private/var/root/.cpan/build/Template-Tiny-Strict-1.17-qtzHpy/blib/lib/Template/Tiny/Strict.pm line 78.
Global symbol "$errors" requires explicit package name at /private/var/root/.cpan/build/Template-Tiny-Strict-1.17-qtzHpy/blib/lib/Template/Tiny/Strict.pm line 78.
Global symbol "$self" requires explicit package name at /private/var/root/.cpan/build/Template-Tiny-Strict-1.17-qtzHpy/blib/lib/Template/Tiny/Strict.pm line 78.
Global symbol "$self" requires explicit package name at /private/var/root/.cpan/build/Template-Tiny-Strict-1.17-qtzHpy/blib/lib/Template/Tiny/Strict.pm line 78.
Global symbol "$errors" requires explicit package name at /private/var/root/.cpan/build/Template-Tiny-Strict-1.17-qtzHpy/blib/lib/Template/Tiny/Strict.pm line 78.
Global symbol "$self" requires explicit package name at /private/var/root/.cpan/build/Template-Tiny-Strict-1.17-qtzHpy/blib/lib/Template/Tiny/Strict.pm line 78.
Global symbol "@unused" requires explicit package name at /private/var/root/.cpan/build/Template-Tiny-Strict-1.17-qtzHpy/blib/lib/Template/Tiny/Strict.pm line 78.
Global symbol "$var" requires explicit package name at /private/var/root/.cpan/build/Template-Tiny-Strict-1.17-qtzHpy/blib/lib/Template/Tiny/Strict.pm line 78.
Global symbol "$stash" requires explicit package name at /private/var/root/.cpan/build/Template-Tiny-Strict-1.17-qtzHpy/blib/lib/Template/Tiny/Strict.pm line 78.
Global symbol "$self" requires explicit package name at /private/var/root/.cpan/build/Template-Tiny-Strict-1.17-qtzHpy/blib/lib/Template/Tiny/Strict.pm line 78.
Global symbol "$var" requires explicit package name at /private/var/root/.cpan/build/Template-Tiny-Strict-1.17-qtzHpy/blib/lib/Template/Tiny/Strict.pm line 78.
Global symbol "@unused" requires explicit package name at /private/var/root/.cpan/build/Template-Tiny-Strict-1.17-qtzHpy/blib/lib/Template/Tiny/Strict.pm line 78.
Global symbol "$var" requires explicit package name at /private/var/root/.cpan/build/Template-Tiny-Strict-1.17-qtzHpy/blib/lib/Template/Tiny/Strict.pm line 78.
Global symbol "$unused" requires explicit package name at /private/var/root/.cpan/build/Template-Tiny-Strict-1.17-qtzHpy/blib/lib/Template/Tiny/Strict.pm line 78.
Global symbol "@unused" requires explicit package name at /private/var/root/.cpan/build/Template-Tiny-Strict-1.17-qtzHpy/blib/lib/Template/Tiny/Strict.pm line 78.
Global symbol "$errors" requires explicit package name at /private/var/root/.cpan/build/Template-Tiny-Strict-1.17-qtzHpy/blib/lib/Template/Tiny/Strict.pm line 78.
Global symbol "$unused" requires explicit package name at /private/var/root/.cpan/build/Template-Tiny-Strict-1.17-qtzHpy/blib/lib/Template/Tiny/Strict.pm line 78.
Global symbol "$errors" requires explicit package name at /private/var/root/.cpan/build/Template-Tiny-Strict-1.17-qtzHpy/blib/lib/Template/Tiny/Strict.pm line 78.
Global symbol "$name" requires explicit package name at /private/var/root/.cpan/build/Template-Tiny-Strict-1.17-qtzHpy/blib/lib/Template/Tiny/Strict.pm line 78.
Global symbol "$self" requires explicit package name at /private/var/root/.cpan/build/Template-Tiny-Strict-1.17-qtzHpy/blib/lib/Template/Tiny/Strict.pm line 78.
Global symbol "$self" requires explicit package name at /private/var/root/.cpan/build/Template-Tiny-Strict-1.17-qtzHpy/blib/lib/Template/Tiny/Strict.pm line 78.
Global symbol "$errors" requires explicit package name at /private/var/root/.cpan/build/Template-Tiny-Strict-1.17-qtzHpy/blib/lib/Template/Tiny/Strict.pm line 78.
Global symbol "$name" requires explicit package name at /private/var/root/.cpan/build/Template-Tiny-Strict-1.17-qtzHpy/blib/lib/Template/Tiny/Strict.pm line 78.
Global symbol "$errors" requires explicit package name at /private/var/root/.cpan/build/Template-Tiny-Strict-1.17-qtzHpy/blib/lib/Template/Tiny/Strict.pm line 78.
Global symbol "$errors" requires explicit package name at /private/var/root/.cpan/build/Template-Tiny-Strict-1.17-qtzHpy/blib/lib/Template/Tiny/Strict.pm line 78.
Global symbol "$result" requires explicit package name at /private/var/root/.cpan/build/Template-Tiny-Strict-1.17-qtzHpy/blib/lib/Template/Tiny/Strict.pm line 78.
Global symbol "$result" requires explicit package name at /private/var/root/.cpan/build/Template-Tiny-Strict-1.17-qtzHpy/blib/lib/Template/Tiny/Strict.pm line 78.
Global symbol "$result" requires explicit package name at /private/var/root/.cpan/build/Template-Tiny-Strict-1.17-qtzHpy/blib/lib/Template/Tiny/Strict.pm line 78.
Global symbol "$self" requires explicit package name at /private/var/root/.cpan/build/Template-Tiny-Strict-1.17-qtzHpy/blib/lib/Template/Tiny/Strict.pm line 78.
Global symbol "$copy" requires explicit package name at /private/var/root/.cpan/build/Template-Tiny-Strict-1.17-qtzHpy/blib/lib/Template/Tiny/Strict.pm line 78.
Global symbol "$id" requires explicit package name at /private/var/root/.cpan/build/Template-Tiny-Strict-1.17-qtzHpy/blib/lib/Template/Tiny/Strict.pm line 78.
Global symbol "$copy" requires explicit package name at /private/var/root/.cpan/build/Template-Tiny-Strict-1.17-qtzHpy/blib/lib/Template/Tiny/Strict.pm line 78.
/private/var/root/.cpan/build/Template-Tiny-Strict-1.17-qtzHpy/blib/lib/Template/Tiny/Strict.pm has too many errors.
Compilation failed in require at t/02_trivial.t line 10.
BEGIN failed--compilation aborted at t/02_trivial.t line 10.
# Looks like your test exited with 255 before it could output anything.
t/02_trivial.t ......... 
Dubious, test returned 255 (wstat 65280, 0xff00)
Failed 1/1 subtests 
Possible unintended interpolation of @unused in string at /private/var/root/.cpan/build/Template-Tiny-Strict-1.17-qtzHpy/blib/lib/Template/Tiny/Strict.pm line 78.
Possible unintended interpolation of @unused in string at /private/var/root/.cpan/build/Template-Tiny-Strict-1.17-qtzHpy/blib/lib/Template/Tiny/Strict.pm line 78.
Possible unintended interpolation of @unused in string at /private/var/root/.cpan/build/Template-Tiny-Strict-1.17-qtzHpy/blib/lib/Template/Tiny/Strict.pm line 78.
Scalar found where operator expected at /private/var/root/.cpan/build/Template-Tiny-Strict-1.17-qtzHpy/blib/lib/Template/Tiny/Strict.pm line 162, near "$PREPARSE"
  (Might be a runaway multi-line // string starting on line 78)
Global symbol "$self" requires explicit package name at /private/var/root/.cpan/build/Template-Tiny-Strict-1.17-qtzHpy/blib/lib/Template/Tiny/Strict.pm line 78.
Global symbol "$text" requires explicit package name at /private/var/root/.cpan/build/Template-Tiny-Strict-1.17-qtzHpy/blib/lib/Template/Tiny/Strict.pm line 78.
Global symbol "$self" requires explicit package name at /private/var/root/.cpan/build/Template-Tiny-Strict-1.17-qtzHpy/blib/lib/Template/Tiny/Strict.pm line 78.
Global symbol "$text" requires explicit package name at /private/var/root/.cpan/build/Template-Tiny-Strict-1.17-qtzHpy/blib/lib/Template/Tiny/Strict.pm line 78.
Global symbol "$self" requires explicit package name at /private/var/root/.cpan/build/Template-Tiny-Strict-1.17-qtzHpy/blib/lib/Template/Tiny/Strict.pm line 78.
Global symbol "$copy" requires explicit package name at /private/var/root/.cpan/build/Template-Tiny-Strict-1.17-qtzHpy/blib/lib/Template/Tiny/Strict.pm line 78.
Global symbol "$stash" requires explicit package name at /private/var/root/.cpan/build/Template-Tiny-Strict-1.17-qtzHpy/blib/lib/Template/Tiny/Strict.pm line 78.
Global symbol "$self" requires explicit package name at /private/var/root/.cpan/build/Template-Tiny-Strict-1.17-qtzHpy/blib/lib/Template/Tiny/Strict.pm line 78.
Global symbol "$self" requires explicit package name at /private/var/root/.cpan/build/Template-Tiny-Strict-1.17-qtzHpy/blib/lib/Template/Tiny/Strict.pm line 78.
Global symbol "$self" requires explicit package name at /private/var/root/.cpan/build/Template-Tiny-Strict-1.17-qtzHpy/blib/lib/Template/Tiny/Strict.pm line 78.
Global symbol "$result" requires explicit package name at /private/var/root/.cpan/build/Template-Tiny-Strict-1.17-qtzHpy/blib/lib/Template/Tiny/Strict.pm line 78.
Global symbol "$self" requires explicit package name at /private/var/root/.cpan/build/Template-Tiny-Strict-1.17-qtzHpy/blib/lib/Template/Tiny/Strict.pm line 78.
Global symbol "$stash" requires explicit package name at /private/var/root/.cpan/build/Template-Tiny-Strict-1.17-qtzHpy/blib/lib/Template/Tiny/Strict.pm line 78.
Global symbol "$copy" requires explicit package name at /private/var/root/.cpan/build/Template-Tiny-Strict-1.17-qtzHpy/blib/lib/Template/Tiny/Strict.pm line 78.
Global symbol "$errors" requires explicit package name at /private/var/root/.cpan/build/Template-Tiny-Strict-1.17-qtzHpy/blib/lib/Template/Tiny/Strict.pm line 78.
Global symbol "$self" requires explicit package name at /private/var/root/.cpan/build/Template-Tiny-Strict-1.17-qtzHpy/blib/lib/Template/Tiny/Strict.pm line 78.
Global symbol "$self" requires explicit package name at /private/var/root/.cpan/build/Template-Tiny-Strict-1.17-qtzHpy/blib/lib/Template/Tiny/Strict.pm line 78.
Global symbol "$errors" requires explicit package name at /private/var/root/.cpan/build/Template-Tiny-Strict-1.17-qtzHpy/blib/lib/Template/Tiny/Strict.pm line 78.
Global symbol "$self" requires explicit package name at /private/var/root/.cpan/build/Template-Tiny-Strict-1.17-qtzHpy/blib/lib/Template/Tiny/Strict.pm line 78.
Global symbol "@unused" requires explicit package name at /private/var/root/.cpan/build/Template-Tiny-Strict-1.17-qtzHpy/blib/lib/Template/Tiny/Strict.pm line 78.
Global symbol "$var" requires explicit package name at /private/var/root/.cpan/build/Template-Tiny-Strict-1.17-qtzHpy/blib/lib/Template/Tiny/Strict.pm line 78.
Global symbol "$stash" requires explicit package name at /private/var/root/.cpan/build/Template-Tiny-Strict-1.17-qtzHpy/blib/lib/Template/Tiny/Strict.pm line 78.
Global symbol "$self" requires explicit package name at /private/var/root/.cpan/build/Template-Tiny-Strict-1.17-qtzHpy/blib/lib/Template/Tiny/Strict.pm line 78.
Global symbol "$var" requires explicit package name at /private/var/root/.cpan/build/Template-Tiny-Strict-1.17-qtzHpy/blib/lib/Template/Tiny/Strict.pm line 78.
Global symbol "@unused" requires explicit package name at /private/var/root/.cpan/build/Template-Tiny-Strict-1.17-qtzHpy/blib/lib/Template/Tiny/Strict.pm line 78.
Global symbol "$var" requires explicit package name at /private/var/root/.cpan/build/Template-Tiny-Strict-1.17-qtzHpy/blib/lib/Template/Tiny/Strict.pm line 78.
Global symbol "$unused" requires explicit package name at /private/var/root/.cpan/build/Template-Tiny-Strict-1.17-qtzHpy/blib/lib/Template/Tiny/Strict.pm line 78.
Global symbol "@unused" requires explicit package name at /private/var/root/.cpan/build/Template-Tiny-Strict-1.17-qtzHpy/blib/lib/Template/Tiny/Strict.pm line 78.
Global symbol "$errors" requires explicit package name at /private/var/root/.cpan/build/Template-Tiny-Strict-1.17-qtzHpy/blib/lib/Template/Tiny/Strict.pm line 78.
Global symbol "$unused" requires explicit package name at /private/var/root/.cpan/build/Template-Tiny-Strict-1.17-qtzHpy/blib/lib/Template/Tiny/Strict.pm line 78.
Global symbol "$errors" requires explicit package name at /private/var/root/.cpan/build/Template-Tiny-Strict-1.17-qtzHpy/blib/lib/Template/Tiny/Strict.pm line 78.
Global symbol "$name" requires explicit package name at /private/var/root/.cpan/build/Template-Tiny-Strict-1.17-qtzHpy/blib/lib/Template/Tiny/Strict.pm line 78.
Global symbol "$self" requires explicit package name at /private/var/root/.cpan/build/Template-Tiny-Strict-1.17-qtzHpy/blib/lib/Template/Tiny/Strict.pm line 78.
Global symbol "$self" requires explicit package name at /private/var/root/.cpan/build/Template-Tiny-Strict-1.17-qtzHpy/blib/lib/Template/Tiny/Strict.pm line 78.
Global symbol "$errors" requires explicit package name at /private/var/root/.cpan/build/Template-Tiny-Strict-1.17-qtzHpy/blib/lib/Template/Tiny/Strict.pm line 78.
Global symbol "$name" requires explicit package name at /private/var/root/.cpan/build/Template-Tiny-Strict-1.17-qtzHpy/blib/lib/Template/Tiny/Strict.pm line 78.
Global symbol "$errors" requires explicit package name at /private/var/root/.cpan/build/Template-Tiny-Strict-1.17-qtzHpy/blib/lib/Template/Tiny/Strict.pm line 78.
Global symbol "$errors" requires explicit package name at /private/var/root/.cpan/build/Template-Tiny-Strict-1.17-qtzHpy/blib/lib/Template/Tiny/Strict.pm line 78.
Global symbol "$result" requires explicit package name at /private/var/root/.cpan/build/Template-Tiny-Strict-1.17-qtzHpy/blib/lib/Template/Tiny/Strict.pm line 78.
Global symbol "$result" requires explicit package name at /private/var/root/.cpan/build/Template-Tiny-Strict-1.17-qtzHpy/blib/lib/Template/Tiny/Strict.pm line 78.
Global symbol "$result" requires explicit package name at /private/var/root/.cpan/build/Template-Tiny-Strict-1.17-qtzHpy/blib/lib/Template/Tiny/Strict.pm line 78.
Global symbol "$self" requires explicit package name at /private/var/root/.cpan/build/Template-Tiny-Strict-1.17-qtzHpy/blib/lib/Template/Tiny/Strict.pm line 78.
Global symbol "$copy" requires explicit package name at /private/var/root/.cpan/build/Template-Tiny-Strict-1.17-qtzHpy/blib/lib/Template/Tiny/Strict.pm line 78.
Global symbol "$id" requires explicit package name at /private/var/root/.cpan/build/Template-Tiny-Strict-1.17-qtzHpy/blib/lib/Template/Tiny/Strict.pm line 78.
Global symbol "$copy" requires explicit package name at /private/var/root/.cpan/build/Template-Tiny-Strict-1.17-qtzHpy/blib/lib/Template/Tiny/Strict.pm line 78.
/private/var/root/.cpan/build/Template-Tiny-Strict-1.17-qtzHpy/blib/lib/Template/Tiny/Strict.pm has too many errors.
Compilation failed in require at t/03_samples.t line 12.
BEGIN failed--compilation aborted at t/03_samples.t line 12.
t/03_samples.t ......... 
Dubious, test returned 255 (wstat 65280, 0xff00)
No subtests run 
t/04_compat.t .......... ok
Possible unintended interpolation of @unused in string at /private/var/root/.cpan/build/Template-Tiny-Strict-1.17-qtzHpy/blib/lib/Template/Tiny/Strict.pm line 78.
Possible unintended interpolation of @unused in string at /private/var/root/.cpan/build/Template-Tiny-Strict-1.17-qtzHpy/blib/lib/Template/Tiny/Strict.pm line 78.
Possible unintended interpolation of @unused in string at /private/var/root/.cpan/build/Template-Tiny-Strict-1.17-qtzHpy/blib/lib/Template/Tiny/Strict.pm line 78.
Scalar found where operator expected at /private/var/root/.cpan/build/Template-Tiny-Strict-1.17-qtzHpy/blib/lib/Template/Tiny/Strict.pm line 162, near "$PREPARSE"
  (Might be a runaway multi-line // string starting on line 78)
Global symbol "$self" requires explicit package name at /private/var/root/.cpan/build/Template-Tiny-Strict-1.17-qtzHpy/blib/lib/Template/Tiny/Strict.pm line 78.
Global symbol "$text" requires explicit package name at /private/var/root/.cpan/build/Template-Tiny-Strict-1.17-qtzHpy/blib/lib/Template/Tiny/Strict.pm line 78.
Global symbol "$self" requires explicit package name at /private/var/root/.cpan/build/Template-Tiny-Strict-1.17-qtzHpy/blib/lib/Template/Tiny/Strict.pm line 78.
Global symbol "$text" requires explicit package name at /private/var/root/.cpan/build/Template-Tiny-Strict-1.17-qtzHpy/blib/lib/Template/Tiny/Strict.pm line 78.
Global symbol "$self" requires explicit package name at /private/var/root/.cpan/build/Template-Tiny-Strict-1.17-qtzHpy/blib/lib/Template/Tiny/Strict.pm line 78.
Global symbol "$copy" requires explicit package name at /private/var/root/.cpan/build/Template-Tiny-Strict-1.17-qtzHpy/blib/lib/Template/Tiny/Strict.pm line 78.
Global symbol "$stash" requires explicit package name at /private/var/root/.cpan/build/Template-Tiny-Strict-1.17-qtzHpy/blib/lib/Template/Tiny/Strict.pm line 78.
Global symbol "$self" requires explicit package name at /private/var/root/.cpan/build/Template-Tiny-Strict-1.17-qtzHpy/blib/lib/Template/Tiny/Strict.pm line 78.
Global symbol "$self" requires explicit package name at /private/var/root/.cpan/build/Template-Tiny-Strict-1.17-qtzHpy/blib/lib/Template/Tiny/Strict.pm line 78.
Global symbol "$self" requires explicit package name at /private/var/root/.cpan/build/Template-Tiny-Strict-1.17-qtzHpy/blib/lib/Template/Tiny/Strict.pm line 78.
Global symbol "$result" requires explicit package name at /private/var/root/.cpan/build/Template-Tiny-Strict-1.17-qtzHpy/blib/lib/Template/Tiny/Strict.pm line 78.
Global symbol "$self" requires explicit package name at /private/var/root/.cpan/build/Template-Tiny-Strict-1.17-qtzHpy/blib/lib/Template/Tiny/Strict.pm line 78.
Global symbol "$stash" requires explicit package name at /private/var/root/.cpan/build/Template-Tiny-Strict-1.17-qtzHpy/blib/lib/Template/Tiny/Strict.pm line 78.
Global symbol "$copy" requires explicit package name at /private/var/root/.cpan/build/Template-Tiny-Strict-1.17-qtzHpy/blib/lib/Template/Tiny/Strict.pm line 78.
Global symbol "$errors" requires explicit package name at /private/var/root/.cpan/build/Template-Tiny-Strict-1.17-qtzHpy/blib/lib/Template/Tiny/Strict.pm line 78.
Global symbol "$self" requires explicit package name at /private/var/root/.cpan/build/Template-Tiny-Strict-1.17-qtzHpy/blib/lib/Template/Tiny/Strict.pm line 78.
Global symbol "$self" requires explicit package name at /private/var/root/.cpan/build/Template-Tiny-Strict-1.17-qtzHpy/blib/lib/Template/Tiny/Strict.pm line 78.
Global symbol "$errors" requires explicit package name at /private/var/root/.cpan/build/Template-Tiny-Strict-1.17-qtzHpy/blib/lib/Template/Tiny/Strict.pm line 78.
Global symbol "$self" requires explicit package name at /private/var/root/.cpan/build/Template-Tiny-Strict-1.17-qtzHpy/blib/lib/Template/Tiny/Strict.pm line 78.
Global symbol "@unused" requires explicit package name at /private/var/root/.cpan/build/Template-Tiny-Strict-1.17-qtzHpy/blib/lib/Template/Tiny/Strict.pm line 78.
Global symbol "$var" requires explicit package name at /private/var/root/.cpan/build/Template-Tiny-Strict-1.17-qtzHpy/blib/lib/Template/Tiny/Strict.pm line 78.
Global symbol "$stash" requires explicit package name at /private/var/root/.cpan/build/Template-Tiny-Strict-1.17-qtzHpy/blib/lib/Template/Tiny/Strict.pm line 78.
Global symbol "$self" requires explicit package name at /private/var/root/.cpan/build/Template-Tiny-Strict-1.17-qtzHpy/blib/lib/Template/Tiny/Strict.pm line 78.
Global symbol "$var" requires explicit package name at /private/var/root/.cpan/build/Template-Tiny-Strict-1.17-qtzHpy/blib/lib/Template/Tiny/Strict.pm line 78.
Global symbol "@unused" requires explicit package name at /private/var/root/.cpan/build/Template-Tiny-Strict-1.17-qtzHpy/blib/lib/Template/Tiny/Strict.pm line 78.
Global symbol "$var" requires explicit package name at /private/var/root/.cpan/build/Template-Tiny-Strict-1.17-qtzHpy/blib/lib/Template/Tiny/Strict.pm line 78.
Global symbol "$unused" requires explicit package name at /private/var/root/.cpan/build/Template-Tiny-Strict-1.17-qtzHpy/blib/lib/Template/Tiny/Strict.pm line 78.
Global symbol "@unused" requires explicit package name at /private/var/root/.cpan/build/Template-Tiny-Strict-1.17-qtzHpy/blib/lib/Template/Tiny/Strict.pm line 78.
Global symbol "$errors" requires explicit package name at /private/var/root/.cpan/build/Template-Tiny-Strict-1.17-qtzHpy/blib/lib/Template/Tiny/Strict.pm line 78.
Global symbol "$unused" requires explicit package name at /private/var/root/.cpan/build/Template-Tiny-Strict-1.17-qtzHpy/blib/lib/Template/Tiny/Strict.pm line 78.
Global symbol "$errors" requires explicit package name at /private/var/root/.cpan/build/Template-Tiny-Strict-1.17-qtzHpy/blib/lib/Template/Tiny/Strict.pm line 78.
Global symbol "$name" requires explicit package name at /private/var/root/.cpan/build/Template-Tiny-Strict-1.17-qtzHpy/blib/lib/Template/Tiny/Strict.pm line 78.
Global symbol "$self" requires explicit package name at /private/var/root/.cpan/build/Template-Tiny-Strict-1.17-qtzHpy/blib/lib/Template/Tiny/Strict.pm line 78.
Global symbol "$self" requires explicit package name at /private/var/root/.cpan/build/Template-Tiny-Strict-1.17-qtzHpy/blib/lib/Template/Tiny/Strict.pm line 78.
Global symbol "$errors" requires explicit package name at /private/var/root/.cpan/build/Template-Tiny-Strict-1.17-qtzHpy/blib/lib/Template/Tiny/Strict.pm line 78.
Global symbol "$name" requires explicit package name at /private/var/root/.cpan/build/Template-Tiny-Strict-1.17-qtzHpy/blib/lib/Template/Tiny/Strict.pm line 78.
Global symbol "$errors" requires explicit package name at /private/var/root/.cpan/build/Template-Tiny-Strict-1.17-qtzHpy/blib/lib/Template/Tiny/Strict.pm line 78.
Global symbol "$errors" requires explicit package name at /private/var/root/.cpan/build/Template-Tiny-Strict-1.17-qtzHpy/blib/lib/Template/Tiny/Strict.pm line 78.
Global symbol "$result" requires explicit package name at /private/var/root/.cpan/build/Template-Tiny-Strict-1.17-qtzHpy/blib/lib/Template/Tiny/Strict.pm line 78.
Global symbol "$result" requires explicit package name at /private/var/root/.cpan/build/Template-Tiny-Strict-1.17-qtzHpy/blib/lib/Template/Tiny/Strict.pm line 78.
Global symbol "$result" requires explicit package name at /private/var/root/.cpan/build/Template-Tiny-Strict-1.17-qtzHpy/blib/lib/Template/Tiny/Strict.pm line 78.
Global symbol "$self" requires explicit package name at /private/var/root/.cpan/build/Template-Tiny-Strict-1.17-qtzHpy/blib/lib/Template/Tiny/Strict.pm line 78.
Global symbol "$copy" requires explicit package name at /private/var/root/.cpan/build/Template-Tiny-Strict-1.17-qtzHpy/blib/lib/Template/Tiny/Strict.pm line 78.
Global symbol "$id" requires explicit package name at /private/var/root/.cpan/build/Template-Tiny-Strict-1.17-qtzHpy/blib/lib/Template/Tiny/Strict.pm line 78.
Global symbol "$copy" requires explicit package name at /private/var/root/.cpan/build/Template-Tiny-Strict-1.17-qtzHpy/blib/lib/Template/Tiny/Strict.pm line 78.
/private/var/root/.cpan/build/Template-Tiny-Strict-1.17-qtzHpy/blib/lib/Template/Tiny/Strict.pm has too many errors.
Compilation failed in require at t/05_preparse.t line 10.
BEGIN failed--compilation aborted at t/05_preparse.t line 10.
# Looks like your test exited with 255 before it could output anything.
t/05_preparse.t ........ 
Dubious, test returned 255 (wstat 65280, 0xff00)
Failed 6/6 subtests 
Possible unintended interpolation of @unused in string at /private/var/root/.cpan/build/Template-Tiny-Strict-1.17-qtzHpy/blib/lib/Template/Tiny/Strict.pm line 78.
Possible unintended interpolation of @unused in string at /private/var/root/.cpan/build/Template-Tiny-Strict-1.17-qtzHpy/blib/lib/Template/Tiny/Strict.pm line 78.
Possible unintended interpolation of @unused in string at /private/var/root/.cpan/build/Template-Tiny-Strict-1.17-qtzHpy/blib/lib/Template/Tiny/Strict.pm line 78.
Scalar found where operator expected at /private/var/root/.cpan/build/Template-Tiny-Strict-1.17-qtzHpy/blib/lib/Template/Tiny/Strict.pm line 162, near "$PREPARSE"
  (Might be a runaway multi-line // string starting on line 78)
Global symbol "$self" requires explicit package name at /private/var/root/.cpan/build/Template-Tiny-Strict-1.17-qtzHpy/blib/lib/Template/Tiny/Strict.pm line 78.
Global symbol "$text" requires explicit package name at /private/var/root/.cpan/build/Template-Tiny-Strict-1.17-qtzHpy/blib/lib/Template/Tiny/Strict.pm line 78.
Global symbol "$self" requires explicit package name at /private/var/root/.cpan/build/Template-Tiny-Strict-1.17-qtzHpy/blib/lib/Template/Tiny/Strict.pm line 78.
Global symbol "$text" requires explicit package name at /private/var/root/.cpan/build/Template-Tiny-Strict-1.17-qtzHpy/blib/lib/Template/Tiny/Strict.pm line 78.
Global symbol "$self" requires explicit package name at /private/var/root/.cpan/build/Template-Tiny-Strict-1.17-qtzHpy/blib/lib/Template/Tiny/Strict.pm line 78.
Global symbol "$copy" requires explicit package name at /private/var/root/.cpan/build/Template-Tiny-Strict-1.17-qtzHpy/blib/lib/Template/Tiny/Strict.pm line 78.
Global symbol "$stash" requires explicit package name at /private/var/root/.cpan/build/Template-Tiny-Strict-1.17-qtzHpy/blib/lib/Template/Tiny/Strict.pm line 78.
Global symbol "$self" requires explicit package name at /private/var/root/.cpan/build/Template-Tiny-Strict-1.17-qtzHpy/blib/lib/Template/Tiny/Strict.pm line 78.
Global symbol "$self" requires explicit package name at /private/var/root/.cpan/build/Template-Tiny-Strict-1.17-qtzHpy/blib/lib/Template/Tiny/Strict.pm line 78.
Global symbol "$self" requires explicit package name at /private/var/root/.cpan/build/Template-Tiny-Strict-1.17-qtzHpy/blib/lib/Template/Tiny/Strict.pm line 78.
Global symbol "$result" requires explicit package name at /private/var/root/.cpan/build/Template-Tiny-Strict-1.17-qtzHpy/blib/lib/Template/Tiny/Strict.pm line 78.
Global symbol "$self" requires explicit package name at /private/var/root/.cpan/build/Template-Tiny-Strict-1.17-qtzHpy/blib/lib/Template/Tiny/Strict.pm line 78.
Global symbol "$stash" requires explicit package name at /private/var/root/.cpan/build/Template-Tiny-Strict-1.17-qtzHpy/blib/lib/Template/Tiny/Strict.pm line 78.
Global symbol "$copy" requires explicit package name at /private/var/root/.cpan/build/Template-Tiny-Strict-1.17-qtzHpy/blib/lib/Template/Tiny/Strict.pm line 78.
Global symbol "$errors" requires explicit package name at /private/var/root/.cpan/build/Template-Tiny-Strict-1.17-qtzHpy/blib/lib/Template/Tiny/Strict.pm line 78.
Global symbol "$self" requires explicit package name at /private/var/root/.cpan/build/Template-Tiny-Strict-1.17-qtzHpy/blib/lib/Template/Tiny/Strict.pm line 78.
Global symbol "$self" requires explicit package name at /private/var/root/.cpan/build/Template-Tiny-Strict-1.17-qtzHpy/blib/lib/Template/Tiny/Strict.pm line 78.
Global symbol "$errors" requires explicit package name at /private/var/root/.cpan/build/Template-Tiny-Strict-1.17-qtzHpy/blib/lib/Template/Tiny/Strict.pm line 78.
Global symbol "$self" requires explicit package name at /private/var/root/.cpan/build/Template-Tiny-Strict-1.17-qtzHpy/blib/lib/Template/Tiny/Strict.pm line 78.
Global symbol "@unused" requires explicit package name at /private/var/root/.cpan/build/Template-Tiny-Strict-1.17-qtzHpy/blib/lib/Template/Tiny/Strict.pm line 78.
Global symbol "$var" requires explicit package name at /private/var/root/.cpan/build/Template-Tiny-Strict-1.17-qtzHpy/blib/lib/Template/Tiny/Strict.pm line 78.
Global symbol "$stash" requires explicit package name at /private/var/root/.cpan/build/Template-Tiny-Strict-1.17-qtzHpy/blib/lib/Template/Tiny/Strict.pm line 78.
Global symbol "$self" requires explicit package name at /private/var/root/.cpan/build/Template-Tiny-Strict-1.17-qtzHpy/blib/lib/Template/Tiny/Strict.pm line 78.
Global symbol "$var" requires explicit package name at /private/var/root/.cpan/build/Template-Tiny-Strict-1.17-qtzHpy/blib/lib/Template/Tiny/Strict.pm line 78.
Global symbol "@unused" requires explicit package name at /private/var/root/.cpan/build/Template-Tiny-Strict-1.17-qtzHpy/blib/lib/Template/Tiny/Strict.pm line 78.
Global symbol "$var" requires explicit package name at /private/var/root/.cpan/build/Template-Tiny-Strict-1.17-qtzHpy/blib/lib/Template/Tiny/Strict.pm line 78.
Global symbol "$unused" requires explicit package name at /private/var/root/.cpan/build/Template-Tiny-Strict-1.17-qtzHpy/blib/lib/Template/Tiny/Strict.pm line 78.
Global symbol "@unused" requires explicit package name at /private/var/root/.cpan/build/Template-Tiny-Strict-1.17-qtzHpy/blib/lib/Template/Tiny/Strict.pm line 78.
Global symbol "$errors" requires explicit package name at /private/var/root/.cpan/build/Template-Tiny-Strict-1.17-qtzHpy/blib/lib/Template/Tiny/Strict.pm line 78.
Global symbol "$unused" requires explicit package name at /private/var/root/.cpan/build/Template-Tiny-Strict-1.17-qtzHpy/blib/lib/Template/Tiny/Strict.pm line 78.
Global symbol "$errors" requires explicit package name at /private/var/root/.cpan/build/Template-Tiny-Strict-1.17-qtzHpy/blib/lib/Template/Tiny/Strict.pm line 78.
Global symbol "$name" requires explicit package name at /private/var/root/.cpan/build/Template-Tiny-Strict-1.17-qtzHpy/blib/lib/Template/Tiny/Strict.pm line 78.
Global symbol "$self" requires explicit package name at /private/var/root/.cpan/build/Template-Tiny-Strict-1.17-qtzHpy/blib/lib/Template/Tiny/Strict.pm line 78.
Global symbol "$self" requires explicit package name at /private/var/root/.cpan/build/Template-Tiny-Strict-1.17-qtzHpy/blib/lib/Template/Tiny/Strict.pm line 78.
Global symbol "$errors" requires explicit package name at /private/var/root/.cpan/build/Template-Tiny-Strict-1.17-qtzHpy/blib/lib/Template/Tiny/Strict.pm line 78.
Global symbol "$name" requires explicit package name at /private/var/root/.cpan/build/Template-Tiny-Strict-1.17-qtzHpy/blib/lib/Template/Tiny/Strict.pm line 78.
Global symbol "$errors" requires explicit package name at /private/var/root/.cpan/build/Template-Tiny-Strict-1.17-qtzHpy/blib/lib/Template/Tiny/Strict.pm line 78.
Global symbol "$errors" requires explicit package name at /private/var/root/.cpan/build/Template-Tiny-Strict-1.17-qtzHpy/blib/lib/Template/Tiny/Strict.pm line 78.
Global symbol "$result" requires explicit package name at /private/var/root/.cpan/build/Template-Tiny-Strict-1.17-qtzHpy/blib/lib/Template/Tiny/Strict.pm line 78.
Global symbol "$result" requires explicit package name at /private/var/root/.cpan/build/Template-Tiny-Strict-1.17-qtzHpy/blib/lib/Template/Tiny/Strict.pm line 78.
Global symbol "$result" requires explicit package name at /private/var/root/.cpan/build/Template-Tiny-Strict-1.17-qtzHpy/blib/lib/Template/Tiny/Strict.pm line 78.
Global symbol "$self" requires explicit package name at /private/var/root/.cpan/build/Template-Tiny-Strict-1.17-qtzHpy/blib/lib/Template/Tiny/Strict.pm line 78.
Global symbol "$copy" requires explicit package name at /private/var/root/.cpan/build/Template-Tiny-Strict-1.17-qtzHpy/blib/lib/Template/Tiny/Strict.pm line 78.
Global symbol "$id" requires explicit package name at /private/var/root/.cpan/build/Template-Tiny-Strict-1.17-qtzHpy/blib/lib/Template/Tiny/Strict.pm line 78.
Global symbol "$copy" requires explicit package name at /private/var/root/.cpan/build/Template-Tiny-Strict-1.17-qtzHpy/blib/lib/Template/Tiny/Strict.pm line 78.
/private/var/root/.cpan/build/Template-Tiny-Strict-1.17-qtzHpy/blib/lib/Template/Tiny/Strict.pm has too many errors.
Compilation failed in require at t/strict.t line 10.
BEGIN failed--compilation aborted at t/strict.t line 10.
t/strict.t ............. 
Dubious, test returned 255 (wstat 65280, 0xff00)
No subtests run 

Test Summary Report
-------------------
t/02_trivial.t       (Wstat: 65280 Tests: 0 Failed: 0)
  Non-zero exit status: 255
  Parse errors: Bad plan.  You planned 1 tests but ran 0.
t/03_samples.t       (Wstat: 65280 Tests: 0 Failed: 0)
  Non-zero exit status: 255
  Parse errors: No plan found in TAP output
t/05_preparse.t      (Wstat: 65280 Tests: 0 Failed: 0)
  Non-zero exit status: 255
  Parse errors: Bad plan.  You planned 6 tests but ran 0.
t/strict.t           (Wstat: 65280 Tests: 0 Failed: 0)
  Non-zero exit status: 255
  Parse errors: No plan found in TAP output
Files=6, Tests=64,  1 wallclock secs ( 0.03 usr  0.02 sys +  0.37 cusr  0.10 csys =  0.52 CPU)
Result: FAIL
Failed 4/6 test programs. 0/64 subtests failed.
make: *** [test_dynamic] Error 255

------------------------------
PREREQUISITES
------------------------------

Prerequisite modules loaded:

build_requires:

    Module              Need Have    
    ------------------- ---- --------
    ExtUtils::MakeMaker 0    6.98    
    File::Spec          0    3.40    
    Test::More          0    1.302177

configure_requires:

    Module              Need Have    
    ------------------- ---- --------
    ExtUtils::MakeMaker 0    6.98    


------------------------------
ENVIRONMENT AND OTHER CONTEXT
------------------------------

Environment variables:

    PATH = /usr/local/apache/bin:/usr/local/bin:/usr/local/bin:/usr/bin:/bin:/usr/sbin:/sbin:/Applications/VMware Fusion.app/Contents/Public:/usr/local/go/bin:/opt/X11/bin:/usr/local/git/bin
    PERL5LIB = 
    PERL5OPT = 
    PERL5_CPANPLUS_IS_RUNNING = 68425
    PERL5_CPAN_IS_RUNNING = 68425
    SHELL = /bin/sh
    TERM = xterm

Perl special variables (and OS-specific diagnostics, for MSWin32):

    $^X = /usr/local/perl/589/bin/perl
    $UID/$EUID = 0 / 0
    $GID = 0 0 1 2 3 4 5 8 9 12 20 29 61 80 701 702 33
    $EGID = 0 0 1 2 3 4 5 8 9 12 20 29 61 80 701 702 33

Perl module toolchain versions installed:

    Module              Have    
    ------------------- --------
    CPAN                2.05    
    CPAN::Meta          2.141170
    Cwd                 3.40    
    ExtUtils::CBuilder  0.280216
    ExtUtils::Command   1.16    
    ExtUtils::Install   1.67    
    ExtUtils::MakeMaker 6.98    
    ExtUtils::Manifest  1.60    
    ExtUtils::ParseXS   3.24    
    File::Spec          3.40    
    JSON                2.90    
    JSON::PP            2.27203 
    Module::Build       0.4205  
    Module::Signature   n/a     
    Parse::CPAN::Meta   1.4414  
    Test::Harness       3.30    
    Test::More          1.302177
    YAML                0.90    
    YAML::Syck          n/a     
    version             0.9908  


--

Summary of my perl5 (revision 5 version 8 subversion 9) configuration:
  Platform:
    osname=darwin, osvers=12.5.0, archname=darwin-2level
    uname='darwin tucumcari.local 12.5.0 darwin kernel version 12.5.0: sun sep 29 13:33:47 pdt 2013; root:xnu-2050.48.12~1release_x86_64 x86_64 '
    config_args='-Dprefix=/usr/local/perl/589'
    hint=recommended, useposix=true, d_sigaction=define
    usethreads=undef use5005threads=undef useithreads=undef usemultiplicity=undef
    useperlio=define d_sfio=undef uselargefiles=define usesocks=undef
    use64bitint=define use64bitall=define uselongdouble=undef
    usemymalloc=n, bincompat5005=undef
  Compiler:
    cc='gcc', ccflags ='-fno-common -DPERL_DARWIN -no-cpp-precomp -fno-strict-aliasing -pipe -I/usr/local/include -I/opt/local/include',
    optimize='-O3',
    cppflags='-no-cpp-precomp -fno-common -DPERL_DARWIN -no-cpp-precomp -fno-strict-aliasing -pipe -I/usr/local/include -I/opt/local/include'
    ccversion='', gccversion='4.2.1 (Based on Apple Inc. build 5658) (LLVM build 2336.11.00)', gccosandvers=''
    intsize=4, longsize=8, ptrsize=8, doublesize=8, byteorder=12345678
    d_longlong=define, longlongsize=8, d_longdbl=define, longdblsize=16
    ivtype='long', ivsize=8, nvtype='double', nvsize=8, Off_t='off_t', lseeksize=8
    alignbytes=8, prototype=define
  Linker and Libraries:
    ld='env MACOSX_DEPLOYMENT_TARGET=10.3 gcc', ldflags =' -L/usr/local/lib -L/opt/local/lib'
    libpth=/usr/local/lib /opt/local/lib /usr/lib
    libs=-lgdbm -ldbm -ldl -lm -lutil -lc
    perllibs=-ldl -lm -lutil -lc
    libc=, so=dylib, useshrplib=false, libperl=libperl.a
    gnulibc_version=''
  Dynamic Linking:
    dlsrc=dl_dlopen.xs, dlext=bundle, d_dlsymun=undef, ccdlflags=' '
    cccdlflags=' ', lddlflags=' -bundle -undefined dynamic_lookup -L/usr/local/lib -L/opt/local/lib'


Characteristics of this binary (from libperl): 
  Compile-time options: PERL_MALLOC_WRAP USE_64_BIT_ALL USE_64_BIT_INT
                        USE_FAST_STDIO USE_LARGE_FILES USE_PERLIO
  Built under darwin
  Compiled at May 14 2014 14:41:40
  %ENV:
    PERL5LIB=""
    PERL5OPT=""
    PERL5_CPANPLUS_IS_RUNNING="68425"
    PERL5_CPAN_IS_RUNNING="68425"
  @INC:
    /usr/local/perl/589/lib/5.8.9/darwin-2level
    /usr/local/perl/589/lib/5.8.9
    /usr/local/perl/589/lib/site_perl/5.8.9/darwin-2level
    /usr/local/perl/589/lib/site_perl/5.8.9
    .