Back
From: metabase:user:917c2b6a-77f3-11e5-af78-c9d573d1e3cf
Subject: FAIL PlotCalendar-1.4 v5.18.1 GNU/Linux
Date: 2015-12-05T03:34:09Z
This distribution has been tested as part of the CPAN Testers
project, supporting the Perl programming language. See
http://wiki.cpantesters.org/ for more information or email
questions to cpan-testers-discuss@perl.org
--
Dear Alan K. Jackson,
This is a computer-generated report for PlotCalendar-1.4
on perl 5.18.1, created by CPAN-Reporter-1.2015.
Thank you for uploading your work to CPAN. However, there was a problem
testing your distribution.
If you think this report is invalid, please consult the CPAN Testers Wiki
for suggestions on how to avoid getting FAIL reports for missing library
or binary dependencies, unsupported operating systems, and so on:
http://wiki.cpantesters.org/wiki/CPANAuthorNotes
Sections of this report:
* Tester comments
* Program output
* Prerequisites
* Environment and other context
------------------------------
TESTER COMMENTS
------------------------------
Additional comments from tester:
this report is from an automated smoke testing program
and was not reviewed by a human for accuracy
------------------------------
PROGRAM OUTPUT
------------------------------
Output from '/usr/bin/make test':
PERL_DL_NONLAZY=1 "/usr/bin/perl5.18.1" "-MExtUtils::Command::MM" "-MTest::Harness" "-e" "undef *Test::Harness::Switches; test_harness(0, 'blib/lib', 'blib/arch')" t/*.t
Undefined subroutine &PlotCalendar::DateTools::julian_day called at /home/petr/.local/share/.cpan/build/PlotCalendar-1.4-fiTRgJ/blib/lib/PlotCalendar/DateTools.pm line 102, <DATA> line 17.
t/datedesc.t ...
Dubious, test returned 255 (wstat 65280, 0xff00)
Failed 17/17 subtests
Undefined subroutine &PlotCalendar::DateTools::julian_day called at /home/petr/.local/share/.cpan/build/PlotCalendar-1.4-fiTRgJ/blib/lib/PlotCalendar/DateTools.pm line 72.
t/datetools.t ..
Dubious, test returned 255 (wstat 65280, 0xff00)
Failed 8/8 subtests
t/day.t ........ ok
Undefined subroutine &PlotCalendar::DateTools::days_in called at /home/petr/.local/share/.cpan/build/PlotCalendar-1.4-fiTRgJ/blib/lib/PlotCalendar/DateTools.pm line 82.
t/month.t ......
Dubious, test returned 255 (wstat 65280, 0xff00)
Failed 2/2 subtests
t/require.t .... ok
Test Summary Report
-------------------
t/datedesc.t (Wstat: 65280 Tests: 0 Failed: 0)
Non-zero exit status: 255
Parse errors: Bad plan. You planned 17 tests but ran 0.
t/datetools.t (Wstat: 65280 Tests: 0 Failed: 0)
Non-zero exit status: 255
Parse errors: Bad plan. You planned 8 tests but ran 0.
t/month.t (Wstat: 65280 Tests: 0 Failed: 0)
Non-zero exit status: 255
Parse errors: Bad plan. You planned 2 tests but ran 0.
Files=5, Tests=7, 0 wallclock secs ( 0.04 usr 0.01 sys + 0.05 cusr 0.01 csys = 0.11 CPU)
Result: FAIL
Failed 3/5 test programs. 0/7 subtests failed.
make: *** [test_dynamic] Error 255
------------------------------
PREREQUISITES
------------------------------
Prerequisite modules loaded:
requires:
Module Need Have
------------------- ---- ---------
Time::DaysInMonth 1 99.1117
Time::JulianDay 1 2011.0505
build_requires:
Module Need Have
------------------- ---- ---------
ExtUtils::MakeMaker 0 7.10
------------------------------
ENVIRONMENT AND OTHER CONTEXT
------------------------------
Environment variables:
AUTOMATED_TESTING = 1
LANG = cs_CZ.UTF-8
LC_ALL = cs_CZ.UTF-8
LC_COLLATE = C
LC_CTYPE = cs_CZ.UTF-8
PATH = /home/petr/perl5/bin:/usr/local/bin:/usr/bin:/bin:/usr/games:/usr/lib/qt/bin:/usr/share/texmf/bin:/home/petr/bin
PERL5LIB = /home/petr/.local/share/.cpan/build/Time-ParseDate-2015.103-XWNOls/blib/arch:/home/petr/.local/share/.cpan/build/Time-ParseDate-2015.103-XWNOls/blib/lib:/home/petr/perl5/lib/perl5
PERL5OPT =
PERL5_CPANPLUS_IS_RUNNING = 13446
PERL5_CPAN_IS_RUNNING = 13446
PERL5_CPAN_IS_RUNNING_IN_RECURSION = 936,13446
PERL_CR_SMOKER_CURRENT = PlotCalendar-1.4
PERL_EXTUTILS_AUTOINSTALL = --defaultdeps
PERL_LOCAL_LIB_ROOT = /home/petr/perl5
PERL_LWP_SSL_CA_PATH = /etc/ssl/certs
PERL_MB_OPT = --install_base "/home/petr/perl5"
PERL_MM_OPT = INSTALL_BASE=/home/petr/perl5
PERL_MM_USE_DEFAULT = 1
SHELL = /bin/bash
TERM = screen
Perl special variables (and OS-specific diagnostics, for MSWin32):
$^X = /usr/bin/perl5.18.1
$UID/$EUID = 1001 / 1001
$GID = 100 7 10 11 17 18 19 93 100
$EGID = 100 7 10 11 17 18 19 93 100
Perl module toolchain versions installed:
Module Have
------------------- --------
CPAN 2.10
CPAN::Meta 2.150005
Cwd 3.40
ExtUtils::CBuilder 0.280210
ExtUtils::Command 7.10
ExtUtils::Install 1.59
ExtUtils::MakeMaker 7.10
ExtUtils::Manifest 1.65
ExtUtils::ParseXS 3.18
File::Spec 3.40
JSON 2.90
JSON::PP 2.27203
Module::Build 0.4214
Module::Signature n/a
Parse::CPAN::Meta 1.4417
Test::Harness 3.26
Test::More 1.001014
YAML n/a
YAML::Syck n/a
version 0.9902
--
Summary of my perl5 (revision 5 version 18 subversion 1) configuration:
Platform:
osname=linux, osvers=3.10.9-smp, archname=i486-linux-thread-multi
uname='linux hive 3.10.9-smp #1 smp wed aug 21 15:27:17 cdt 2013 i686 amd phenom(tm) ii x6 1100t processor authenticamd gnulinux '
config_args='-de -Dprefix=/usr -Dsiteprefix=/usr/local -Dsitelib=/usr/local/share/perl5 -Dsitearch=/usr/local/lib/perl5 -Darchlib=/usr/lib/perl5 -Dvendorprefix=/usr -Dprivlib=/usr/share/perl5 -Dvendorlib=/usr/share/perl5/vendor_perl -Dvendorarch=/usr/lib/perl5/vendor_perl -Dscriptdir=/usr/bin -Dcccdlflags=-fPIC -Dinstallprefix=/usr -Dlibpth=/usr/local/lib /usr/lib /lib -Doptimize=-O2 -march=i486 -mtune=i686 -Dusethreads -Duseithreads -Duseshrplib -Ubincompat5005 -Uversiononly -Dpager=/usr/bin/less -isr -Darchname=i486-linux'
hint=recommended, useposix=true, d_sigaction=define
useithreads=define, usemultiplicity=define
useperlio=define, d_sfio=undef, uselargefiles=define, usesocks=undef
use64bitint=undef, use64bitall=undef, uselongdouble=undef
usemymalloc=n, bincompat5005=undef
Compiler:
cc='cc', ccflags ='-D_REENTRANT -D_GNU_SOURCE -fno-strict-aliasing -pipe -fstack-protector -I/usr/local/include -D_LARGEFILE_SOURCE -D_FILE_OFFSET_BITS=64',
optimize='-O2 -march=i486 -mtune=i686',
cppflags='-D_REENTRANT -D_GNU_SOURCE -fno-strict-aliasing -pipe -fstack-protector -I/usr/local/include'
ccversion='', gccversion='4.8.1', gccosandvers=''
intsize=4, longsize=4, ptrsize=4, doublesize=8, byteorder=1234
d_longlong=define, longlongsize=8, d_longdbl=define, longdblsize=12
ivtype='long', ivsize=4, nvtype='double', nvsize=8, Off_t='off_t', lseeksize=8
alignbytes=4, prototype=define
Linker and Libraries:
ld='cc', ldflags =' -fstack-protector -L/usr/local/lib'
libpth=/usr/local/lib /usr/lib /lib
libs=-lnsl -lgdbm -ldb -ldl -lm -lcrypt -lutil -lpthread -lc
perllibs=-lnsl -ldl -lm -lcrypt -lutil -lpthread -lc
libc=/lib/libc-2.17.so, so=so, useshrplib=true, libperl=libperl.so
gnulibc_version='2.17'
Dynamic Linking:
dlsrc=dl_dlopen.xs, dlext=so, d_dlsymun=undef, ccdlflags='-Wl,-E -Wl,-rpath,/usr/lib/perl5/CORE'
cccdlflags='-fPIC', lddlflags='-shared -O2 -march=i486 -mtune=i686 -L/usr/local/lib -fstack-protector'
Characteristics of this binary (from libperl):
Compile-time options: HAS_TIMES MULTIPLICITY PERLIO_LAYERS
PERL_DONT_CREATE_GVSV
PERL_HASH_FUNC_ONE_AT_A_TIME_HARD
PERL_IMPLICIT_CONTEXT PERL_MALLOC_WRAP
PERL_PRESERVE_IVUV PERL_SAWAMPERSAND USE_ITHREADS
USE_LARGE_FILES USE_LOCALE USE_LOCALE_COLLATE
USE_LOCALE_CTYPE USE_LOCALE_NUMERIC USE_PERLIO
USE_PERL_ATOF USE_REENTRANT_API
Built under linux
Compiled at Sep 5 2013 22:01:10
%ENV:
PERL5LIB="/home/petr/.local/share/.cpan/build/Time-ParseDate-2015.103-XWNOls/blib/arch:/home/petr/.local/share/.cpan/build/Time-ParseDate-2015.103-XWNOls/blib/lib:/home/petr/perl5/lib/perl5"
PERL5OPT=""
PERL5_CPANPLUS_IS_RUNNING="13446"
PERL5_CPAN_IS_RUNNING="13446"
PERL5_CPAN_IS_RUNNING_IN_RECURSION="936,13446"
PERL_CR_SMOKER_CURRENT="PlotCalendar-1.4"
PERL_EXTUTILS_AUTOINSTALL="--defaultdeps"
PERL_LOCAL_LIB_ROOT="/home/petr/perl5"
PERL_LWP_SSL_CA_PATH="/etc/ssl/certs"
PERL_MB_OPT="--install_base "/home/petr/perl5""
PERL_MM_OPT="INSTALL_BASE=/home/petr/perl5"
PERL_MM_USE_DEFAULT="1"
@INC:
/home/petr/.local/share/.cpan/build/Time-ParseDate-2015.103-XWNOls/blib/arch
/home/petr/.local/share/.cpan/build/Time-ParseDate-2015.103-XWNOls/blib/lib
/home/petr/perl5/lib/perl5/5.18.1/i486-linux-thread-multi
/home/petr/perl5/lib/perl5/5.18.1
/home/petr/perl5/lib/perl5/i486-linux-thread-multi
/home/petr/perl5/lib/perl5
/usr/local/lib/perl5
/usr/local/share/perl5
/usr/lib/perl5/vendor_perl
/usr/share/perl5/vendor_perl
/usr/lib/perl5
/usr/share/perl5
.