Proc-Daemon v0.23 Perl 5 v5.20.3 x86_64-linux

Status
Fail
From
Nigel Horne
Dist
Proc-Daemon v0.23
Platform
Perl 5 v5.20.3 x86_64-linux
Date
2017-10-18 09:02:17
ID
0a513e54-b3e3-11e7-9be1-bbe64cf6c7cd
This distribution has been tested as part of the CPAN Testers
project, supporting the Perl programming language.  See
http://wiki.cpantesters.org/ for more information or email
questions to cpan-testers-discuss@perl.org


--
Dear Pavel Denisov,

This is a computer-generated report for Proc-Daemon-0.23
on perl 5.20.3, created by CPAN-Reporter-1.2018.

Thank you for uploading your work to CPAN.  However, there was a problem
testing your distribution.

If you think this report is invalid, please consult the CPAN Testers Wiki
for suggestions on how to avoid getting FAIL reports for missing library
or binary dependencies, unsupported operating systems, and so on:

http://wiki.cpantesters.org/wiki/CPANAuthorNotes

Sections of this report:

    * Tester comments
    * Program output
    * Prerequisites
    * Environment and other context

------------------------------
TESTER COMMENTS
------------------------------

Additional comments from tester:

this report is from an automated smoke testing program
and was not reviewed by a human for accuracy

------------------------------
PROGRAM OUTPUT
------------------------------

Output from '/usr/bin/make test':

PERL_DL_NONLAZY=1 "/home/njh/perl5/perlbrew/perls/perl-5.20.3/bin/perl" "-MExtUtils::Command::MM" "-MTest::Harness" "-e" "undef *Test::Harness::Switches; test_harness(0, 'blib/lib', 'blib/arch')" t/*.t
t/01_loadmodule.t .. ok

#   Failed test 'the 'pid.file' contains the right PID: 4684'
#   at t/02_testmodule.t line 76.

#   Failed test 'child_1 has created a 'pid.file''
#   at /home/njh/.cpan/build/Proc-Daemon-0.23-23/t/02_testmodule.t line 74.

#   Failed test 'child_1 has created a 'output.file''
#   at /home/njh/.cpan/build/Proc-Daemon-0.23-23/t/02_testmodule.t line 81.

#   Failed test 'child_1 has created a 'error.file''
#   at /home/njh/.cpan/build/Proc-Daemon-0.23-23/t/02_testmodule.t line 88.
# Proc::ProcessTable is installed and did find the right PID for 'perl /home/njh/.cpan/build/Proc-Daemon-0.23-23/t/kid.pl': 4688

#   Failed test ''kid.pl' daemon is still running'
#   at t/02_testmodule.t line 121.
# 4690 != 4688
# STDOUT:
# STDERR:
# /home/njh/.cpan/build/Proc-Daemon-0.23-23/t:
# total 28
# -rw------- 1 njh njh    1 Oct 18 10:02 pid_1.file
# -rw------- 1 njh njh    0 Oct 18 10:02 error_1.file
# -rw-r--r-- 1 njh njh    0 Oct 18 10:02 umask.file
# -rw------- 1 njh njh    0 Oct 18 10:02 output_1.file
# -rw-r--r-- 1 njh njh  192 Oct 18 10:02 kid.pl
# -rw-r--r-- 1 njh njh  159 Jan  1  2016 01_loadmodule.t
# -rw-r--r-- 1 njh njh 6303 Jan  1  2016 02_testmodule.t
# -rw-r--r-- 1 njh njh  292 Jan  1  2016 03_taintmode.t
# -rw-r--r-- 1 njh njh   13 Jan  1  2016 testrules.yml
Use of uninitialized value in numeric eq (==) at t/02_testmodule.t line 143.

#   Failed test 'the 'umask.file' has right permissions'
#   at t/02_testmodule.t line 143.
Use of uninitialized value in numeric eq (==) at t/02_testmodule.t line 168.

#   Failed test 'the 'pid2.file' has right permissions via file_umask'
#   at t/02_testmodule.t line 168.
# Looks like you failed 4 tests of 19.
t/02_testmodule.t .. 
Dubious, test returned 4 (wstat 1024, 0x400)
Failed 4/19 subtests 
# Looks like you planned 19 tests but ran 16.
# Looks like you failed 3 tests of 16 run.
t/03_taintmode.t ... 
Dubious, test returned 3 (wstat 768, 0x300)
Failed 6/19 subtests 

Test Summary Report
-------------------
t/02_testmodule.t (Wstat: 1024 Tests: 19 Failed: 4)
  Failed tests:  4, 15, 18-19
  Non-zero exit status: 4
t/03_taintmode.t (Wstat: 768 Tests: 16 Failed: 3)
  Failed tests:  3-5
  Non-zero exit status: 3
  Parse errors: Bad plan.  You planned 19 tests but ran 16.
Files=3, Tests=36,  4 wallclock secs ( 0.03 usr  0.00 sys +  0.13 cusr  0.06 csys =  0.22 CPU)
Result: FAIL
Failed 2/3 test programs. 7/36 subtests failed.
Makefile:846: recipe for target 'test_dynamic' failed
make: *** [test_dynamic] Error 3

------------------------------
PREREQUISITES
------------------------------

Prerequisite modules loaded:

requires:

    Module              Need Have   
    ------------------- ---- -------
    POSIX               0    1.38_03

build_requires:

    Module              Need Have   
    ------------------- ---- -------
    Proc::ProcessTable  0    0.53   

configure_requires:

    Module              Need Have   
    ------------------- ---- -------
    ExtUtils::MakeMaker 6.30 7.30   


------------------------------
ENVIRONMENT AND OTHER CONTEXT
------------------------------

Environment variables:

    AUTOMATED_TESTING = 1
    HARNESS_OPTIONS = j4
    LANG = en_GB.UTF-8
    LANGUAGE = en_GB:en
    PATH = /home/njh/perl5/perlbrew/bin:/home/njh/perl5/perlbrew/perls/perl-5.20.3/bin:/home/njh/perl5/perlbrew/bin:/usr/bin:/bin
    PERL5LIB = /home/njh/.cpan/build/Log-Log4perl-1.49-0/blib/arch:/home/njh/.cpan/build/Log-Log4perl-1.49-0/blib/lib:/home/njh/.cpan/build/List-MoreUtils-0.426-7/blib/arch:/home/njh/.cpan/build/List-MoreUtils-0.426-7/blib/lib:/home/njh/.cpan/build/Test-LeakTrace-0.16-7/blib/arch:/home/njh/.cpan/build/Test-LeakTrace-0.16-7/blib/lib:/home/njh/.cpan/build/List-MoreUtils-XS-0.426-7/blib/arch:/home/njh/.cpan/build/List-MoreUtils-XS-0.426-7/blib/lib:/home/njh/.cpan/build/XSLoader-0.24-7/blib/arch:/home/njh/.cpan/build/XSLoader-0.24-7/blib/lib:/home/njh/.cpan/build/Exporter-Tiny-1.000000-7/blib/arch:/home/njh/.cpan/build/Exporter-Tiny-1.000000-7/blib/lib:/home/njh/.cpan/build/JSON-2.94-2/blib/arch:/home/njh/.cpan/build/JSON-2.94-2/blib/lib
    PERL5OPT = 
    PERL5_CPANPLUS_IS_RUNNING = 3292
    PERL5_CPAN_IS_RUNNING = 3292
    PERLBREW_BASHRC_VERSION = 0.80
    PERLBREW_HOME = /home/njh/.perlbrew
    PERLBREW_LIB = 
    PERLBREW_MANPATH = /home/njh/perl5/perlbrew/perls/perl-5.20.3/man
    PERLBREW_PATH = /home/njh/perl5/perlbrew/bin:/home/njh/perl5/perlbrew/perls/perl-5.20.3/bin
    PERLBREW_PERL = perl-5.20.3
    PERLBREW_ROOT = /home/njh/perl5/perlbrew
    PERLBREW_VERSION = 0.80
    PERL_LOCAL_LIB_ROOT = 
    SHELL = /bin/sh

Perl special variables (and OS-specific diagnostics, for MSWin32):

    $^X = /home/njh/perl5/perlbrew/perls/perl-5.20.3/bin/perl
    $UID/$EUID = 1000 / 1000
    $GID = 1000 4 24 25 29 30 44 46 108 112 1000
    $EGID = 1000 4 24 25 29 30 44 46 108 112 1000

Perl module toolchain versions installed:

    Module              Have    
    ------------------- --------
    CPAN                2.16    
    CPAN::Meta          2.143240
    Cwd                 3.48_01 
    ExtUtils::CBuilder  0.280217
    ExtUtils::Command   7.30    
    ExtUtils::Install   2.06    
    ExtUtils::MakeMaker 7.30    
    ExtUtils::Manifest  1.70    
    ExtUtils::ParseXS   3.24    
    File::Spec          3.48_01 
    JSON                2.94    
    JSON::PP            2.27203 
    Module::Build       0.4224  
    Module::Signature   n/a     
    Parse::CPAN::Meta   1.4414  
    Test::Harness       3.30    
    Test::More          1.001002
    YAML                n/a     
    YAML::Syck          1.30    
    version             0.9909  


--

Summary of my perl5 (revision 5 version 20 subversion 3) configuration:
   
  Platform:
    osname=linux, osvers=4.12.0-1-amd64, archname=x86_64-linux
    uname='linux gateway 4.12.0-1-amd64 #1 smp debian 4.12.6-1 (2017-08-12) x86_64 gnulinux '
    config_args='-de -Dprefix=/home/njh/perl5/perlbrew/perls/perl-5.20.3 -Dusedevel -Accflags= -Aeval:scriptdir=/home/njh/perl5/perlbrew/perls/perl-5.20.3/bin'
    hint=recommended, useposix=true, d_sigaction=define
    useithreads=undef, usemultiplicity=undef
    use64bitint=define, use64bitall=define, uselongdouble=undef
    usemymalloc=n, bincompat5005=undef
  Compiler:
    cc='cc', ccflags ='-fwrapv -fno-strict-aliasing -pipe -fstack-protector -I/usr/local/include -D_LARGEFILE_SOURCE -D_FILE_OFFSET_BITS=64',
    optimize='-O2',
    cppflags='-fwrapv -fno-strict-aliasing -pipe -fstack-protector -I/usr/local/include'
    ccversion='', gccversion='7.2.0', gccosandvers=''
    intsize=4, longsize=8, ptrsize=8, doublesize=8, byteorder=12345678
    d_longlong=define, longlongsize=8, d_longdbl=define, longdblsize=16
    ivtype='long', ivsize=8, nvtype='double', nvsize=8, Off_t='off_t', lseeksize=8
    alignbytes=8, prototype=define
  Linker and Libraries:
    ld='cc', ldflags =' -fstack-protector -L/usr/local/lib'
    libpth=/usr/local/lib /usr/lib/gcc/x86_64-linux-gnu/7/include-fixed /usr/include/x86_64-linux-gnu /usr/lib /lib/x86_64-linux-gnu /lib/../lib /usr/lib/x86_64-linux-gnu /usr/lib/../lib /lib
    libs=-lpthread -lnsl -lgdbm -ldb -ldl -lm -lcrypt -lutil -lc -lgdbm_compat
    perllibs=-lpthread -lnsl -ldl -lm -lcrypt -lutil -lc
    libc=libc-2.24.so, so=so, useshrplib=false, libperl=libperl.a
    gnulibc_version='2.24'
  Dynamic Linking:
    dlsrc=dl_dlopen.xs, dlext=so, d_dlsymun=undef, ccdlflags='-Wl,-E'
    cccdlflags='-fPIC', lddlflags='-shared -O2 -L/usr/local/lib -fstack-protector'


Characteristics of this binary (from libperl): 
  Compile-time options: HAS_TIMES PERLIO_LAYERS PERL_DONT_CREATE_GVSV
                        PERL_HASH_FUNC_ONE_AT_A_TIME_HARD PERL_MALLOC_WRAP
                        PERL_NEW_COPY_ON_WRITE PERL_PRESERVE_IVUV
                        PERL_USE_DEVEL USE_64_BIT_ALL USE_64_BIT_INT
                        USE_LARGE_FILES USE_LOCALE USE_LOCALE_COLLATE
                        USE_LOCALE_CTYPE USE_LOCALE_NUMERIC USE_PERLIO
                        USE_PERL_ATOF
  Built under linux
  Compiled at Sep 26 2017 00:45:12
  %ENV:
    PERL5LIB="/home/njh/.cpan/build/Log-Log4perl-1.49-0/blib/arch:/home/njh/.cpan/build/Log-Log4perl-1.49-0/blib/lib:/home/njh/.cpan/build/List-MoreUtils-0.426-7/blib/arch:/home/njh/.cpan/build/List-MoreUtils-0.426-7/blib/lib:/home/njh/.cpan/build/Test-LeakTrace-0.16-7/blib/arch:/home/njh/.cpan/build/Test-LeakTrace-0.16-7/blib/lib:/home/njh/.cpan/build/List-MoreUtils-XS-0.426-7/blib/arch:/home/njh/.cpan/build/List-MoreUtils-XS-0.426-7/blib/lib:/home/njh/.cpan/build/XSLoader-0.24-7/blib/arch:/home/njh/.cpan/build/XSLoader-0.24-7/blib/lib:/home/njh/.cpan/build/Exporter-Tiny-1.000000-7/blib/arch:/home/njh/.cpan/build/Exporter-Tiny-1.000000-7/blib/lib:/home/njh/.cpan/build/JSON-2.94-2/blib/arch:/home/njh/.cpan/build/JSON-2.94-2/blib/lib"
    PERL5OPT=""
    PERL5_CPANPLUS_IS_RUNNING="3292"
    PERL5_CPAN_IS_RUNNING="3292"
    PERLBREW_BASHRC_VERSION="0.80"
    PERLBREW_HOME="/home/njh/.perlbrew"
    PERLBREW_LIB=""
    PERLBREW_MANPATH="/home/njh/perl5/perlbrew/perls/perl-5.20.3/man"
    PERLBREW_PATH="/home/njh/perl5/perlbrew/bin:/home/njh/perl5/perlbrew/perls/perl-5.20.3/bin"
    PERLBREW_PERL="perl-5.20.3"
    PERLBREW_ROOT="/home/njh/perl5/perlbrew"
    PERLBREW_VERSION="0.80"
    PERL_LOCAL_LIB_ROOT=""
  @INC:
    /home/njh/.cpan/build/Log-Log4perl-1.49-0/blib/arch
    /home/njh/.cpan/build/Log-Log4perl-1.49-0/blib/lib
    /home/njh/.cpan/build/List-MoreUtils-0.426-7/blib/arch
    /home/njh/.cpan/build/List-MoreUtils-0.426-7/blib/lib
    /home/njh/.cpan/build/Test-LeakTrace-0.16-7/blib/arch
    /home/njh/.cpan/build/Test-LeakTrace-0.16-7/blib/lib
    /home/njh/.cpan/build/List-MoreUtils-XS-0.426-7/blib/arch
    /home/njh/.cpan/build/List-MoreUtils-XS-0.426-7/blib/lib
    /home/njh/.cpan/build/XSLoader-0.24-7/blib/arch
    /home/njh/.cpan/build/XSLoader-0.24-7/blib/lib
    /home/njh/.cpan/build/Exporter-Tiny-1.000000-7/blib/arch
    /home/njh/.cpan/build/Exporter-Tiny-1.000000-7/blib/lib
    /home/njh/.cpan/build/JSON-2.94-2/blib/arch
    /home/njh/.cpan/build/JSON-2.94-2/blib/lib
    /home/njh/perl5/perlbrew/perls/perl-5.20.3/lib/site_perl/5.20.3/x86_64-linux
    /home/njh/perl5/perlbrew/perls/perl-5.20.3/lib/site_perl/5.20.3
    /home/njh/perl5/perlbrew/perls/perl-5.20.3/lib/5.20.3/x86_64-linux
    /home/njh/perl5/perlbrew/perls/perl-5.20.3/lib/5.20.3
    .