API-Plesk v2.03 Perl 5 v5.20.3 x86_64-linux
- Status
- Fail
- From
- Slaven Rezić (SREZIC)
- Dist
-
API-Plesk v2.03
- Platform
- Perl 5 v5.20.3 x86_64-linux
- Date
- 2020-02-25 06:57:08
- ID
- 0a40dd84-579c-11ea-9b9d-5c751f24ea8f
This distribution has been tested as part of the CPAN Testers
project, supporting the Perl programming language. See
http://wiki.cpantesters.org/ for more information or email
questions to cpan-testers-discuss@perl.org
--
Dear Ivan Sokolov,
This is a computer-generated report for API-Plesk-2.03
on perl 5.20.3, created by CPAN-Reporter-1.2018.
Thank you for uploading your work to CPAN. However, there was a problem
testing your distribution.
If you think this report is invalid, please consult the CPAN Testers Wiki
for suggestions on how to avoid getting FAIL reports for missing library
or binary dependencies, unsupported operating systems, and so on:
http://wiki.cpantesters.org/wiki/CPANAuthorNotes
Sections of this report:
* Tester comments
* Program output
* Prerequisites
* Environment and other context
------------------------------
TESTER COMMENTS
------------------------------
Additional comments from tester:
none provided
------------------------------
PROGRAM OUTPUT
------------------------------
Output from './Build test':
t/compoment.t ..... ok
t/customer.t ...... ok
t/database.t ...... ok
t/dns.t ........... ok
t/ftp_user.t ...... ok
t/mail.t .......... ok
t/mock.t .......... ok
# Failed test 'render_xml'
# at t/plesk.t line 37.
# got: '<?xml version="1.0" encoding="UTF-8"?><packet version="1.6.3.0"><webspace><add><gen_setup><qq>ddd</qq><name>sample.com</name><ddd><lll>1234567</lll></ddd></gen_setup><hosting><name>123</name><value>erty</value></hosting></add></webspace></packet>'
# expected: '<?xml version="1.0" encoding="UTF-8"?><packet version="1.6.3.0"><webspace><add><gen_setup><qq>ddd</qq><name>sample.com</name><ddd><lll>1234567</lll></ddd></gen_setup><hosting><value>erty</value><name>123</name></hosting></add></webspace></packet>'
# Looks like you failed 1 test of 8.
t/plesk.t .........
Dubious, test returned 1 (wstat 256, 0x100)
Failed 1/8 subtests
t/response.t ...... ok
t/service-plan.t .. ok
t/site-alias.t .... ok
t/site.t .......... ok
t/sitebuilder.t ... ok
t/user.t .......... ok
t/webspace.t ...... ok
t/webuser.t ....... ok
Test Summary Report
-------------------
t/plesk.t (Wstat: 256 Tests: 8 Failed: 1)
Failed test: 5
Non-zero exit status: 1
Files=16, Tests=87, 1 wallclock secs ( 0.05 usr 0.13 sys + 0.92 cusr 0.26 csys = 1.36 CPU)
Result: FAIL
Failed 1/16 test programs. 1/87 subtests failed.
------------------------------
PREREQUISITES
------------------------------
Prerequisite modules loaded:
requires:
Module Need Have
---------------- ---- --------
Carp 0 1.50
Data::Dumper 0 2.173
HTTP::Request 0 6.22
LWP::UserAgent 0 6.43
Module::Build 0 0.4231
version 0 0.9924
XML::Fast 0 0.17
build_requires:
Module Need Have
---------------- ---- --------
Test::LongString 0 0.17
Test::More 0 1.302171
URI 0 1.76
configure_requires:
Module Need Have
---------------- ---- --------
Module::Build 0.40 0.4231
------------------------------
ENVIRONMENT AND OTHER CONTEXT
------------------------------
Environment variables:
LANG = en_US.UTF-8
PATH = /usr/local/bin:/usr/bin:/bin:/usr/local/sbin:/usr/sbin:/sbin:/home/cpansand/bin/linux-gnu:/home/cpansand/bin/sh:/home/cpansand/bin:/usr/games:/home/cpansand/devel:/home/eserte/src/srezic-misc/scripts
PERL5LIB =
PERL5OPT =
PERL5_CPANPLUS_IS_RUNNING = 9903
PERL5_CPAN_IS_RUNNING = 9903
PERL5_CPAN_IS_RUNNING_IN_RECURSION = 3478,9903
PERLDOC = -MPod::Perldoc::ToTextOverstrike
PERL_BATCH = yes
PERL_CANARY_STABILITY_NOPROMPT = 1
PERL_CPAN_REPORTER_CONFIG = /var/tmp/cpansmoker-1023/2020022506/cpanreporter_000_config.ini
PERL_EXTUTILS_AUTOINSTALL = --defaultdeps
PERL_USE_UNSAFE_INC = 1
SHELL = /usr/bin/zsh
TERM = screen
TMPDIR = /var/tmp/cpansmoker-1023/2020022506
Perl special variables (and OS-specific diagnostics, for MSWin32):
$^X = /opt/perl-5.20.3/bin/perl
$UID/$EUID = 1023 / 1023
$GID = 1023 1023
$EGID = 1023 1023
Perl module toolchain versions installed:
Module Have
------------------- --------
CPAN 2.27
CPAN::Meta 2.150010
Cwd 3.75
ExtUtils::CBuilder 0.280234
ExtUtils::Command 7.44
ExtUtils::Install 2.06
ExtUtils::MakeMaker 7.44
ExtUtils::Manifest 1.70
ExtUtils::ParseXS 3.35
File::Spec 3.75
JSON 4.02
JSON::PP 4.04
Module::Build 0.4231
Module::Signature n/a
Parse::CPAN::Meta 2.150010
Test::Harness 3.42
Test::More 1.302171
YAML 1.30
YAML::Syck 1.32
version 0.9924
--
Summary of my perl5 (revision 5 version 20 subversion 3) configuration:
Platform:
osname=linux, osvers=4.15.0-55-generic, archname=x86_64-linux
uname='linux ubuntu18 4.15.0-55-generic #60-ubuntu smp tue jul 2 18:22:20 utc 2019 x86_64 x86_64 x86_64 gnulinux '
config_args='-ds -e -Dprefix=/opt/perl-5.20.3 -Dcf_email=srezic@cpan.org'
hint=recommended, useposix=true, d_sigaction=define
useithreads=undef, usemultiplicity=undef
use64bitint=define, use64bitall=define, uselongdouble=undef
usemymalloc=n, bincompat5005=undef
Compiler:
cc='cc', ccflags ='-fwrapv -fno-strict-aliasing -pipe -fstack-protector -I/usr/local/include -D_LARGEFILE_SOURCE -D_FILE_OFFSET_BITS=64',
optimize='-O2',
cppflags='-fwrapv -fno-strict-aliasing -pipe -fstack-protector -I/usr/local/include'
ccversion='', gccversion='7.4.0', gccosandvers=''
intsize=4, longsize=8, ptrsize=8, doublesize=8, byteorder=12345678
d_longlong=define, longlongsize=8, d_longdbl=define, longdblsize=16
ivtype='long', ivsize=8, nvtype='double', nvsize=8, Off_t='off_t', lseeksize=8
alignbytes=8, prototype=define
Linker and Libraries:
ld='cc', ldflags =' -fstack-protector -L/usr/local/lib'
libpth=/usr/local/lib /usr/lib/gcc/x86_64-linux-gnu/7/include-fixed /usr/include/x86_64-linux-gnu /usr/lib /lib/x86_64-linux-gnu /lib/../lib /usr/lib/x86_64-linux-gnu /usr/lib/../lib /lib
libs=-lpthread -lnsl -lgdbm -ldb -ldl -lm -lcrypt -lutil -lc
perllibs=-lpthread -lnsl -ldl -lm -lcrypt -lutil -lc
libc=libc-2.27.so, so=so, useshrplib=false, libperl=libperl.a
gnulibc_version='2.27'
Dynamic Linking:
dlsrc=dl_dlopen.xs, dlext=so, d_dlsymun=undef, ccdlflags='-Wl,-E'
cccdlflags='-fPIC', lddlflags='-shared -O2 -L/usr/local/lib -fstack-protector'
Characteristics of this binary (from libperl):
Compile-time options: HAS_TIMES PERLIO_LAYERS PERL_DONT_CREATE_GVSV
PERL_HASH_FUNC_ONE_AT_A_TIME_HARD PERL_MALLOC_WRAP
PERL_NEW_COPY_ON_WRITE PERL_PRESERVE_IVUV
USE_64_BIT_ALL USE_64_BIT_INT USE_LARGE_FILES
USE_LOCALE USE_LOCALE_COLLATE USE_LOCALE_CTYPE
USE_LOCALE_NUMERIC USE_PERLIO USE_PERL_ATOF
Built under linux
Compiled at Aug 6 2019 20:48:38
%ENV:
PERL5LIB=""
PERL5OPT=""
PERL5_CPANPLUS_IS_RUNNING="9903"
PERL5_CPAN_IS_RUNNING="9903"
PERL5_CPAN_IS_RUNNING_IN_RECURSION="3478,9903"
PERLDOC="-MPod::Perldoc::ToTextOverstrike"
PERL_BATCH="yes"
PERL_CANARY_STABILITY_NOPROMPT="1"
PERL_CPAN_REPORTER_CONFIG="/var/tmp/cpansmoker-1023/2020022506/cpanreporter_000_config.ini"
PERL_EXTUTILS_AUTOINSTALL="--defaultdeps"
PERL_USE_UNSAFE_INC="1"
@INC:
/opt/perl-5.20.3/lib/site_perl/5.20.3/x86_64-linux
/opt/perl-5.20.3/lib/site_perl/5.20.3
/opt/perl-5.20.3/lib/5.20.3/x86_64-linux
/opt/perl-5.20.3/lib/5.20.3
.