Template-Tiny-Strict v1.17 Perl 5 v5.10.1 x86_64-linux-thread-multi-ld

Status
Fail
From
Chris Williams (BINGOS)
Dist
Template-Tiny-Strict v1.17
Platform
Perl 5 v5.10.1 x86_64-linux-thread-multi-ld
Date
2021-05-07 17:38:30
ID
0991af5e-af5b-11eb-84bc-edd243e66a77
This distribution has been tested as part of the CPAN Testers
project, supporting the Perl programming language.  See
http://wiki.cpantesters.org/ for more information or email
questions to cpan-testers-discuss@perl.org


--

Dear OVID,

This is a computer-generated error report created automatically by
CPANPLUS, version 0.9910. Testers personal comments may appear
at the end of this report.


Thank you for uploading your work to CPAN.  However, it appears that
there were some problems testing your distribution.

TEST RESULTS:

Below is the error stack from stage 'make test':

PERL_DL_NONLAZY=1 "/home/cpan/pit/thr-ld/perl-5.10.1/bin/perl" "-MExtUtils::Command::MM" "-MTest::Harness" "-e" "undef *Test::Harness::Switches; test_harness(0, 'blib/lib', 'blib/arch')" t/*.t
# 
# Versions for all modules listed in MYMETA.json (including optional ones):
# 
# === Configure Requires ===
# 
#     Module              Want Have
#     ------------------- ---- ----
#     ExtUtils::MakeMaker  any 7.58
# 
# === Build Requires ===
# 
#     Module              Want Have
#     ------------------- ---- ----
#     ExtUtils::MakeMaker  any 7.58
# 
# === Test Requires ===
# 
#     Module              Want     Have
#     ------------------- ---- --------
#     ExtUtils::MakeMaker  any     7.58
#     File::Spec           any     3.75
#     Test::More           any 1.302183
# 
# === Test Recommends ===
# 
#     Module         Want     Have
#     ---------- -------- --------
#     CPAN::Meta 2.120900 2.150010
# 
t/00-report-prereqs.t .. ok
t/02_trivial.t ......... ok
t/03_samples.t ......... ok
t/04_compat.t .......... skipped: Template Toolkit is not installed
t/05_preparse.t ........ ok

#   Failed test 'We should have an error'
#   at t/strict.t line 46.

#   Failed test 'forbid_undef should fail on undef variables'
#   at t/strict.t line 46.
#                   ''
#     doesn't match '(?-xism:Undefined value in template path 'foo')'

#   Failed test 'We should have an error'
#   at t/strict.t line 51.

#   Failed test 'Even deeper "undef" variables will cause failures'
#   at t/strict.t line 51.
#                   ''
#     doesn't match '(?-xism:Undefined value in template path 'foo.1')'

#   Failed test 'We should have an error'
#   at t/strict.t line 56.

#   Failed test 'Unused variables should also cause a failure'
#   at t/strict.t line 56.
#                   ''
#     doesn't match '(?-xism:The following variables were passed to the template but unused: 'bar')'

#   Failed test 'We should have an error'
#   at t/strict.t line 61.

#   Failed test 'Unused variables should also cause a failure'
#   at t/strict.t line 61.
#                   ''
#     doesn't match '(?-xism:The following variables were passed to the template but unused: 'bar, baz')'

#   Failed test 'We should have an error'
#   at t/strict.t line 72.

#   Failed test 'All errors should be reported at once, including the name of the temoplate'
#   at t/strict.t line 72.
#                   ''
#     doesn't match '(?-xism:Template::Tiny::Strict processing for 'my template' failed:
# Undefined value in template path 'foo'
# The following variables were passed to the template but unused: 'bar')'
# Looks like you failed 10 tests of 16.
t/strict.t ............. 
Dubious, test returned 10 (wstat 2560, 0xa00)
Failed 10/16 subtests 

Test Summary Report
-------------------
t/strict.t           (Wstat: 2560 Tests: 16 Failed: 10)
  Failed tests:  2-3, 5-6, 8-9, 11-12, 14-15
  Non-zero exit status: 10
Files=6, Tests=78,  1 wallclock secs ( 0.03 usr  0.01 sys +  0.23 cusr  0.08 csys =  0.35 CPU)
Result: FAIL
Failed 1/6 test programs. 10/78 subtests failed.
make: *** [Makefile:848: test_dynamic] Error 10


PREREQUISITES:

Here is a list of prerequisites you specified and versions we
managed to load:

	  Module Name                        Have     Want
	  ExtUtils::MakeMaker                7.58        0
	  File::Spec                         3.75        0
	  Test::More                     1.302183        0

Perl module toolchain versions installed:
	Module Name                        Have
	CPANPLUS                         0.9910
	CPANPLUS::Dist::Build              0.90
	Cwd                                3.75
	ExtUtils::CBuilder             0.280235
	ExtUtils::Command                  7.58
	ExtUtils::Install                  2.20
	ExtUtils::MakeMaker                7.58
	ExtUtils::Manifest                 1.73
	ExtUtils::ParseXS                  3.35
	File::Spec                         3.75
	Module::Build                    0.4231
	Pod::Parser                        1.37
	Pod::Simple                        3.07
	Test2                          1.302183
	Test::Harness                      3.42
	Test::More                     1.302183
	version                          0.9928

******************************** NOTE ********************************
The comments above are created mechanically, possibly without manual
checking by the sender.  As there are many people performing automatic
tests on each upload to CPAN, it is likely that you will receive
identical messages about the same problem.

If you believe that the message is mistaken, please reply to the first
one with correction and/or additional informations, and do not take
it personally.  We appreciate your patience. :)
**********************************************************************

Additional comments:


This report was machine-generated by CPANPLUS::Dist::YACSmoke 1.08.
Powered by minismokebox version 0.68

CPANPLUS is prefering Build.PL

------------------------------
ENVIRONMENT AND OTHER CONTEXT
------------------------------

Environment variables:

    AUTOMATED_TESTING = 1
    LANG = en_GB.UTF-8
    LANGUAGE = en_GB:en
    NONINTERACTIVE_TESTING = 1
    PATH = /home/cpan/pit/jail/qQ2wXcMZfh/bin:/usr/local/sbin:/usr/local/bin:/usr/sbin:/usr/bin:/sbin:/bin:/usr/games:/usr/local/games:/snap/bin
    PERL5LIB = /home/cpan/pit/jail/qQ2wXcMZfh/lib/perl5:/home/cpan/pit/thr-ld/conf/perl-5.10.1/.cpanplus/5.10.1/build/GbrMPpu9JL/Template-Tiny-Strict-1.17/blib/lib:/home/cpan/pit/thr-ld/conf/perl-5.10.1/.cpanplus/5.10.1/build/GbrMPpu9JL/Template-Tiny-Strict-1.17/blib/arch
    PERL5_CPANPLUS_IS_RUNNING = 2626080
    PERL5_CPANPLUS_IS_VERSION = 0.9910
    PERL5_MINISMOKEBOX = 0.68
    PERL5_YACSMOKE_BASE = /home/cpan/pit/thr-ld/conf/perl-5.10.1
    PERL_EXTUTILS_AUTOINSTALL = --defaultdeps
    PERL_LOCAL_LIB_ROOT = /home/cpan/pit/jail/qQ2wXcMZfh
    PERL_MB_OPT = --install_base "/home/cpan/pit/jail/qQ2wXcMZfh"
    PERL_MM_OPT = INSTALL_BASE=/home/cpan/pit/jail/qQ2wXcMZfh
    PERL_MM_USE_DEFAULT = 1
    SHELL = /bin/bash
    TERM = screen

Perl special variables (and OS-specific diagnostics, for MSWin32):

    Perl: $^X = /home/cpan/pit/thr-ld/perl-5.10.1/bin/perl
    UID:  $<  = 1001
    EUID: $>  = 1001
    GID:  $(  = 1001 1001
    EGID: $)  = 1001 1001


-------------------------------


--

Summary of my perl5 (revision 5 version 10 subversion 1) configuration:
   
  Platform:
    osname=linux, osvers=5.4.0-26-generic, archname=x86_64-linux-thread-multi-ld
    uname='linux uchder 5.4.0-26-generic #30-ubuntu smp mon apr 20 16:58:30 utc 2020 x86_64 x86_64 x86_64 gnulinux '
    config_args='-des -Dprefix=/home/cpan/pit/thr-ld/perl-5.10.1 -Dusethreads -Duselongdouble'
    hint=recommended, useposix=true, d_sigaction=define
    useithreads=define, usemultiplicity=define
    useperlio=define, d_sfio=undef, uselargefiles=define, usesocks=undef
    use64bitint=define, use64bitall=define, uselongdouble=define
    usemymalloc=n, bincompat5005=undef
  Compiler:
    cc='cc', ccflags ='-D_REENTRANT -D_GNU_SOURCE -fwrapv -fno-strict-aliasing -pipe -fstack-protector -I/usr/local/include -D_LARGEFILE_SOURCE -D_FILE_OFFSET_BITS=64',
    optimize='-O2',
    cppflags='-D_REENTRANT -D_GNU_SOURCE -fwrapv -fno-strict-aliasing -pipe -fstack-protector -I/usr/local/include'
    ccversion='', gccversion='9.3.0', gccosandvers=''
    intsize=4, longsize=8, ptrsize=8, doublesize=8, byteorder=12345678
    d_longlong=define, longlongsize=8, d_longdbl=define, longdblsize=16
    ivtype='long', ivsize=8, nvtype='long double', nvsize=16, Off_t='off_t', lseeksize=8
    alignbytes=16, prototype=define
  Linker and Libraries:
    ld='cc', ldflags =' -fstack-protector -L/usr/local/lib'
    libpth=/usr/local/lib /lib/x86_64-linux-gnu /lib/../lib /usr/lib/x86_64-linux-gnu /usr/lib/../lib /lib /usr/lib
    libs=-lnsl -lgdbm -ldl -lm -lcrypt -lutil -lpthread -lc
    perllibs=-lnsl -ldl -lm -lcrypt -lutil -lpthread -lc
    libc=libc-2.31.so, so=so, useshrplib=false, libperl=libperl.a
    gnulibc_version='2.31'
  Dynamic Linking:
    dlsrc=dl_dlopen.xs, dlext=so, d_dlsymun=undef, ccdlflags='-Wl,-E'
    cccdlflags='-fPIC', lddlflags='-shared -O2 -L/usr/local/lib -fstack-protector'


Characteristics of this binary (from libperl): 
  Compile-time options: MULTIPLICITY PERL_DONT_CREATE_GVSV
                        PERL_IMPLICIT_CONTEXT PERL_MALLOC_WRAP USE_64_BIT_ALL
                        USE_64_BIT_INT USE_ITHREADS USE_LARGE_FILES
                        USE_LONG_DOUBLE USE_PERLIO USE_REENTRANT_API
  Locally applied patches:
	Devel::PatchPerl 1.92
  Built under linux
  Compiled at Apr 27 2020 23:26:39
  %ENV:
    PERL5LIB="/home/cpan/pit/jail/qQ2wXcMZfh/lib/perl5:/home/cpan/pit/thr-ld/conf/perl-5.10.1/.cpanplus/5.10.1/build/GbrMPpu9JL/Template-Tiny-Strict-1.17/blib/lib:/home/cpan/pit/thr-ld/conf/perl-5.10.1/.cpanplus/5.10.1/build/GbrMPpu9JL/Template-Tiny-Strict-1.17/blib/arch"
    PERL5_CPANPLUS_IS_RUNNING="2626080"
    PERL5_CPANPLUS_IS_VERSION="0.9910"
    PERL5_MINISMOKEBOX="0.68"
    PERL5_YACSMOKE_BASE="/home/cpan/pit/thr-ld/conf/perl-5.10.1"
    PERL_EXTUTILS_AUTOINSTALL="--defaultdeps"
    PERL_LOCAL_LIB_ROOT="/home/cpan/pit/jail/qQ2wXcMZfh"
    PERL_MB_OPT="--install_base "/home/cpan/pit/jail/qQ2wXcMZfh""
    PERL_MM_OPT="INSTALL_BASE=/home/cpan/pit/jail/qQ2wXcMZfh"
    PERL_MM_USE_DEFAULT="1"
  @INC:
    /home/cpan/pit/jail/qQ2wXcMZfh/lib/perl5/5.10.1/x86_64-linux-thread-multi-ld
    /home/cpan/pit/jail/qQ2wXcMZfh/lib/perl5/5.10.1
    /home/cpan/pit/jail/qQ2wXcMZfh/lib/perl5/x86_64-linux-thread-multi-ld
    /home/cpan/pit/jail/qQ2wXcMZfh/lib/perl5
    /home/cpan/pit/thr-ld/conf/perl-5.10.1/.cpanplus/5.10.1/build/GbrMPpu9JL/Template-Tiny-Strict-1.17/blib/lib
    /home/cpan/pit/thr-ld/conf/perl-5.10.1/.cpanplus/5.10.1/build/GbrMPpu9JL/Template-Tiny-Strict-1.17/blib/arch
    /home/cpan/pit/thr-ld/perl-5.10.1/lib/5.10.1/x86_64-linux-thread-multi-ld
    /home/cpan/pit/thr-ld/perl-5.10.1/lib/5.10.1
    /home/cpan/pit/thr-ld/perl-5.10.1/lib/site_perl/5.10.1/x86_64-linux-thread-multi-ld
    /home/cpan/pit/thr-ld/perl-5.10.1/lib/site_perl/5.10.1
    .