Report for ACME-QuoteDB-0.1.2

Back
From: metabase:user:a0e144f2-373b-11e6-8edd-c6848980b093
Subject: FAIL ACME-QuoteDB-0.1.2 v5.25.6 GNU/Linux
Date: 2016-11-09T06:45:00Z

This distribution has been tested as part of the CPAN Testers
project, supporting the Perl programming language.  See
http://wiki.cpantesters.org/ for more information or email
questions to cpan-testers-discuss@perl.org


--
Dear David Wright,

This is a computer-generated report for ACME-QuoteDB-0.1.2
on perl 5.25.6, created by CPAN-Reporter-1.2018.

Thank you for uploading your work to CPAN.  However, there was a problem
testing your distribution.

If you think this report is invalid, please consult the CPAN Testers Wiki
for suggestions on how to avoid getting FAIL reports for missing library
or binary dependencies, unsupported operating systems, and so on:

http://wiki.cpantesters.org/wiki/CPANAuthorNotes

Sections of this report:

    * Tester comments
    * Program output
    * Prerequisites
    * Environment and other context

------------------------------
TESTER COMMENTS
------------------------------

Additional comments from tester:

this report is from an automated smoke testing program
and was not reviewed by a human for accuracy

------------------------------
PROGRAM OUTPUT
------------------------------

Output from './Build test':

Possible precedence issue with control flow operator at /home/cpan2/.cpan/build/ACME-QuoteDB-0.1.2-0/blib/lib/ACME/QuoteDB/LoadDB.pm line 210.
Possible precedence issue with control flow operator at /home/cpan2/.cpan/build/ACME-QuoteDB-0.1.2-0/blib/lib/ACME/QuoteDB/LoadDB.pm line 557.
Possible precedence issue with control flow operator at /home/cpan2/.cpan/build/ACME-QuoteDB-0.1.2-0/blib/lib/ACME/QuoteDB/LoadDB.pm line 611.
Possible precedence issue with control flow operator at /home/cpan2/.cpan/build/ACME-QuoteDB-0.1.2-0/blib/lib/ACME/QuoteDB/LoadDB.pm line 210.
Possible precedence issue with control flow operator at /home/cpan2/.cpan/build/ACME-QuoteDB-0.1.2-0/blib/lib/ACME/QuoteDB/LoadDB.pm line 557.
Possible precedence issue with control flow operator at /home/cpan2/.cpan/build/ACME-QuoteDB-0.1.2-0/blib/lib/ACME/QuoteDB/LoadDB.pm line 611.
# Testing ACME::QuoteDB 0.1.2, Perl 5.025006, /home/cpan2/install/bin/perl
t/00-load.t ................. ok
Possible precedence issue with control flow operator at /home/cpan2/.cpan/build/ACME-QuoteDB-0.1.2-0/blib/lib/ACME/QuoteDB/LoadDB.pm line 210.
Possible precedence issue with control flow operator at /home/cpan2/.cpan/build/ACME-QuoteDB-0.1.2-0/blib/lib/ACME/QuoteDB/LoadDB.pm line 557.
Possible precedence issue with control flow operator at /home/cpan2/.cpan/build/ACME-QuoteDB-0.1.2-0/blib/lib/ACME/QuoteDB/LoadDB.pm line 611.
Possible precedence issue with control flow operator at /home/cpan2/.cpan/build/ACME-QuoteDB-0.1.2-0/blib/lib/ACME/QuoteDB/LoadDB.pm line 210.
Possible precedence issue with control flow operator at /home/cpan2/.cpan/build/ACME-QuoteDB-0.1.2-0/blib/lib/ACME/QuoteDB/LoadDB.pm line 557.
Possible precedence issue with control flow operator at /home/cpan2/.cpan/build/ACME-QuoteDB-0.1.2-0/blib/lib/ACME/QuoteDB/LoadDB.pm line 611.
"unicode" attribute will be deprecated. Use "sqlite_unicode" instead. at /home/cpan2/install/lib/perl5/site_perl/5.25.6/x86_64-linux-thread-multi/DBI.pm line 739, <$source> line 2.
"unicode" attribute will be deprecated. Use "sqlite_unicode" instead. at /home/cpan2/install/lib/perl5/site_perl/5.25.6/x86_64-linux-thread-multi/DBI.pm line 739, <$source> line 2.
t/03-load_quotes_env.t ...... ok
Possible precedence issue with control flow operator at /home/cpan2/.cpan/build/ACME-QuoteDB-0.1.2-0/blib/lib/ACME/QuoteDB/LoadDB.pm line 210.
Possible precedence issue with control flow operator at /home/cpan2/.cpan/build/ACME-QuoteDB-0.1.2-0/blib/lib/ACME/QuoteDB/LoadDB.pm line 557.
Possible precedence issue with control flow operator at /home/cpan2/.cpan/build/ACME-QuoteDB-0.1.2-0/blib/lib/ACME/QuoteDB/LoadDB.pm line 611.
"unicode" attribute will be deprecated. Use "sqlite_unicode" instead. at /home/cpan2/install/lib/perl5/site_perl/5.25.6/x86_64-linux-thread-multi/DBI.pm line 739, <$source> line 2.
DBD::SQLite::db do failed: database is locked at /home/cpan2/.cpan/build/ACME-QuoteDB-0.1.2-0/blib/lib/ACME/QuoteDB/LoadDB.pm line 573.
"unicode" attribute will be deprecated. Use "sqlite_unicode" instead. at /home/cpan2/install/lib/perl5/site_perl/5.25.6/x86_64-linux-thread-multi/DBI.pm line 739, <$source> line 2.

#   Failed test at t/01-load_quotes.t line 126.
#          got: 'Apu Nahasapemapetilon
# Chief Wiggum
# Comic Book Guy
# Grandpa Simpson
# Peter Griffin
# Ralph Wiggum'
#     expected: 'Apu Nahasapemapetilon
# Chief Wiggum
# Comic Book Guy
# Grandpa Simpson
# Ralph Wiggum'

#   Failed test at t/02-get_quotes.t line 55.
#          got: 'A.M. Kuchling
# Aaron Watters
# Allan Bailey
# Andrew Mullhaupt
# Apu Nahasapemapetilon
# Comic Book Guy
# Donald E. Knuth
# From Kim "Howard" Johnson's
# Grandpa Simpson
# Guido van Rossum
# GvR
# Jack Jansen
# Jim Ahlstrom
# John Redford
# Larry Wall
# Nick Seidenman and Guido van Rossum
# Ralph Wiggum
# Steve Majewski
# Steven D. Majewski
# Tim Peters
# Tom Christiansen'
#     expected: 'Apu Nahasapemapetilon
# Chief Wiggum
# Comic Book Guy
# Grandpa Simpson
# Ralph Wiggum'
attribution not found at t/02-get_quotes.t line 72.
# Looks like your test exited with 2 just after 6.
t/02-get_quotes.t ........... 
Dubious, test returned 2 (wstat 512, 0x200)
Failed 28/33 subtests 

#   Failed test at t/04-get_quotes_more.t line 144.
#          got: 'That is a rare photo of Sean Connery signed by Roger Moore.
# -- Lois Simpson'
#     expected: 'Marge: Homer, what did you promise me?
# Homer: That I wouldn't drink at the stag party.
# Marge: And what did you do?
# Homer: Drank at the stag pa-- ... Whoa. I almost walked into that one.
# -- Lois Simpson'

#   Failed test at t/04-get_quotes_more.t line 145.
#          got: 'Oh, loneliness and cheeseburgers are a dangerous mix.
# -- Lois Simpson'
#     expected: 'Marge: Homer, what did you promise me?
# Homer: That I wouldn't drink at the stag party.
# Marge: And what did you do?
# Homer: Drank at the stag pa-- ... Whoa. I almost walked into that one.
# -- Lois Simpson'

#   Failed test at t/04-get_quotes_more.t line 149.
#          got: 'Last night's 'Itchy and Scratchy Show' was, without a doubt, the worst episode ever. Rest assured, I was on the internet within minutes, registering my disgust throughout the world.
# -- Lois Simpson'
#     expected: 'Marge: Homer, what did you promise me?
# Homer: That I wouldn't drink at the stag party.
# Marge: And what did you do?
# Homer: Drank at the stag pa-- ... Whoa. I almost walked into that one.
# -- Lois Simpson'

#   Failed test at t/04-get_quotes_more.t line 153.
#          got: 'Last night's 'Itchy and Scratchy Show' was, without a doubt, the worst episode ever. Rest assured, I was on the internet within minutes, registering my disgust throughout the world.
# -- Lois Simpson'
#     expected: undef
Can't use an undefined value as an ARRAY reference at /home/cpan2/.cpan/build/ACME-QuoteDB-0.1.2-0/blib/lib/ACME/QuoteDB.pm line 271.
# Looks like your test exited with 2 just after 20.
t/04-get_quotes_more.t ...... 
Dubious, test returned 2 (wstat 512, 0x200)
Failed 8/24 subtests 
Possible precedence issue with control flow operator at /home/cpan2/.cpan/build/ACME-QuoteDB-0.1.2-0/blib/lib/ACME/QuoteDB/LoadDB.pm line 210.
Possible precedence issue with control flow operator at /home/cpan2/.cpan/build/ACME-QuoteDB-0.1.2-0/blib/lib/ACME/QuoteDB/LoadDB.pm line 557.
Possible precedence issue with control flow operator at /home/cpan2/.cpan/build/ACME-QuoteDB-0.1.2-0/blib/lib/ACME/QuoteDB/LoadDB.pm line 611.
"unicode" attribute will be deprecated. Use "sqlite_unicode" instead. at /home/cpan2/install/lib/perl5/site_perl/5.25.6/x86_64-linux-thread-multi/DBI.pm line 739, <$source> line 2.

#   Failed test at t/04-load_get_quote_utf8.t line 81.
#          got: 'Bender
# Brooklyn Aquarium, special exhibit
# Fry
# Handcrafters
# I can eat grass (Chinese)
# I can eat grass (Greek)
# I can eat grass (Hebrew)
# I can eat grass (Hindi)
# I can eat grass (Japanese)
# I can eat grass (Korean)
# I can eat grass (Navajo)
# If food is not reasonably clean, return uneaten portion for partial refund
# Lucy Liu
# Professor
# UTF-8 Sampler Currency
# Zapp
# nappster.com'
#     expected: 'I can eat grass (Chinese)
# I can eat grass (Greek)
# I can eat grass (Hebrew)
# I can eat grass (Hindi)
# I can eat grass (Japanese)
# I can eat grass (Korean)
# I can eat grass (Navajo)
# UTF-8 Sampler Currency'
# Looks like you failed 1 test of 8.
t/04-load_get_quote_utf8.t .. 
Dubious, test returned 1 (wstat 256, 0x100)
Failed 1/8 subtests 

#   Failed test at t/01-load_quotes.t line 281.
#          got: 'A.M. Kuchling
# Aaron Watters
# Alex Martelli
# Allan Bailey
# An unknown poster and Fredrik Lundh
# Andrew Mullhaupt
# Anthony Baxter
# Apu Nahasapemapetilon
# Brett Cannon
# Christian Tismer
# Donald E. Knuth
# Donn Cave uses sarcasm with devastating effect
# Fred Drake on the Documentation SIG
# Fredrik Lundh
# From Kim "Howard" Johnson's
# Gareth McCaughan
# Gordon McMillan
# Grandpa Simpson
# Guido van Rossum
# GvR
# Jack Jansen
# Jeremy Hylton
# Jim Ahlstrom
# Jim Fulton and Paul Everitt on the Bobo list
# Jim Fulton and Tim Peters
# John Eikenberry on the Bobo list
# John Holmgren
# John J. Lehmann
# John Redford
# Joseph Strout
# Kristján Jónsson
# Larry Wall
# Lois Simpson
# Mark Jackson
# Matthew Lewis Carroll Smith
# Michael Palin
# Mike Meyer
# Nick Seidenman and Guido van Rossum
# Paul Boddie
# Paul Prescod
# Paul Winkler
# Peter Griffin
# Ralph Wiggum
# Sriram Srinivasan
# Steve Majewski
# Steven D. Majewski
# Tim Berners-Lee
# Tim Chase
# Tim Peters
# Timothy J. Grant and Tim Peters
# Told by Nick Leaton
# Tom Christiansen
# Vladimir Marangozov and Tim Peters'
#     expected: 'A.M. Kuchling
# Aaron Watters
# Alex Martelli
# Allan Bailey
# An unknown poster and Fredrik Lundh
# Andrew Mullhaupt
# Anthony Baxter
# Brett Cannon
# Christian Tismer
# Donald E. Knuth
# Donn Cave uses sarcasm with devastating effect
# Fred Drake on the Documentation SIG
# Fredrik Lundh
# From Kim "Howard" Johnson's
# Gareth McCaughan
# Gordon McMillan
# Guido van Rossum
# GvR
# Jack Jansen
# Jeremy Hylton
# Jim Ahlstrom
# Jim Fulton and Paul Everitt on the Bobo list
# Jim Fulton and Tim Peters
# John Eikenberry on the Bobo list
# John Holmgren
# John J. Lehmann
# John Redford
# Joseph Strout
# Kristján Jónsson
# Larry Wall
# Mark Jackson
# Matthew Lewis Carroll Smith
# Michael Palin
# Mike Meyer
# Nick Seidenman and Guido van Rossum
# Paul Boddie
# Paul Prescod
# Paul Winkler
# Sriram Srinivasan
# Steve Majewski
# Steven D. Majewski
# Tim Berners-Lee
# Tim Chase
# Tim Peters
# Timothy J. Grant and Tim Peters
# Told by Nick Leaton
# Tom Christiansen
# Vladimir Marangozov and Tim Peters'

#   Failed test at t/01-load_quotes.t line 355.
#          got: 'Futurama
# http://www.columbia.edu/kermit/utf8.html'
#     expected: 'Futurama'

#   Failed test at t/01-load_quotes.t line 356.
#          got: 'Educational
# Humor'
#     expected: 'Humor'

#   Failed test at t/01-load_quotes.t line 358.
#          got: '1'
#     expected: '2'
# Looks like you failed 5 tests of 29.
t/01-load_quotes.t .......... 
Dubious, test returned 5 (wstat 1280, 0x500)
Failed 5/29 subtests 
t/boilerplate.t ............. ok
Possible precedence issue with control flow operator at /home/cpan2/.cpan/build/ACME-QuoteDB-0.1.2-0/blib/lib/ACME/QuoteDB/LoadDB.pm line 210.
Possible precedence issue with control flow operator at /home/cpan2/.cpan/build/ACME-QuoteDB-0.1.2-0/blib/lib/ACME/QuoteDB/LoadDB.pm line 557.
Possible precedence issue with control flow operator at /home/cpan2/.cpan/build/ACME-QuoteDB-0.1.2-0/blib/lib/ACME/QuoteDB/LoadDB.pm line 611.
t/05-load_quotes_remote.t ... skipped: mysql not installed or not configured for test user

#   Failed test 'POD test for blib/lib/ACME/QuoteDB.pm'
#   at /home/cpan2/install/lib/perl5/site_perl/5.25.6/Test/Pod.pm line 187.
# blib/lib/ACME/QuoteDB.pm (740): Expected text after =item, not a bullet
# Looks like you failed 1 test of 7.
t/pod.t ..................... 
Dubious, test returned 1 (wstat 256, 0x100)
Failed 1/7 subtests 
Possible precedence issue with control flow operator at /home/cpan2/.cpan/build/ACME-QuoteDB-0.1.2-0/blib/lib/ACME/QuoteDB/LoadDB.pm line 210.
Possible precedence issue with control flow operator at /home/cpan2/.cpan/build/ACME-QuoteDB-0.1.2-0/blib/lib/ACME/QuoteDB/LoadDB.pm line 557.
Possible precedence issue with control flow operator at /home/cpan2/.cpan/build/ACME-QuoteDB-0.1.2-0/blib/lib/ACME/QuoteDB/LoadDB.pm line 611.
t/pod-coverage.t ............ ok

Test Summary Report
-------------------
t/02-get_quotes.t         (Wstat: 512 Tests: 6 Failed: 1)
  Failed test:  3
  Non-zero exit status: 2
  Parse errors: Bad plan.  You planned 33 tests but ran 6.
t/04-get_quotes_more.t    (Wstat: 512 Tests: 20 Failed: 4)
  Failed tests:  14-15, 18-19
  Non-zero exit status: 2
  Parse errors: Bad plan.  You planned 24 tests but ran 20.
t/04-load_get_quote_utf8.t (Wstat: 256 Tests: 8 Failed: 1)
  Failed test:  3
  Non-zero exit status: 1
t/01-load_quotes.t        (Wstat: 1280 Tests: 29 Failed: 5)
  Failed tests:  14, 19, 23-25
  Non-zero exit status: 5
t/pod.t                   (Wstat: 256 Tests: 7 Failed: 1)
  Failed test:  1
  Non-zero exit status: 1
Files=10, Tests=90, 103 wallclock secs ( 0.05 usr  0.02 sys +  4.38 cusr  0.37 csys =  4.82 CPU)
Result: FAIL
Failed 5/10 test programs. 12/90 subtests failed.

------------------------------
PREREQUISITES
------------------------------

Prerequisite modules loaded:

build_requires:

    Module           Need     Have    
    ---------------- -------- --------
    aliased          0.22     0.34    
    Carp             1.04     1.38    
    Class::DBI       v3.0.17  3.0.17  
    Cwd              3.25     3.62    
    Data::Dumper     2.121    2.161   
    DBD::SQLite      1.14     1.51_07 
    File::Basename   2.74     2.85    
    File::Copy       2.11     2.32    
    File::Spec       3.2501   3.62    
    HTML::TokeParser 2.37     3.69    
    Module::Build    0.280801 0.4220  
    Readonly         1.03     2.05    
    Test::More       0.8      1.302059
    Text::CSV        1.06     1.33    
    version          0.7      0.9917  


------------------------------
ENVIRONMENT AND OTHER CONTEXT
------------------------------

Environment variables:

    AUTOMATED_TESTING = 1
    HARNESS_OPTIONS = j3
    LANG = en_US.UTF-8
    PATH = /usr/local/bin:/usr/bin:/bin:/usr/local/games:/usr/games
    PERL5LIB = 
    PERL5OPT = 
    PERL5_CPANPLUS_IS_RUNNING = 31960
    PERL5_CPAN_IS_RUNNING = 31960
    PERL5_CPAN_IS_RUNNING_IN_RECURSION = 20451,31960
    PERLBREW_BASHRC_VERSION = 0.76
    PERLBREW_HOME = /home/dcollins/.perlbrew
    PERLBREW_ROOT = /home/dcollins/toolchain/perl5
    PERL_CR_SMOKER_CURRENT = ACME-QuoteDB-0.1.2
    PERL_CR_SMOKER_RUNONCE = 1
    PERL_EXTUTILS_AUTOINSTALL = --defaultdeps
    PERL_MM_USE_DEFAULT = 1
    SHELL = /bin/bash
    TERM = putty

Perl special variables (and OS-specific diagnostics, for MSWin32):

    $^X = /home/cpan2/install/bin/perl
    $UID/$EUID = 1003 / 1003
    $GID = 1003 1003
    $EGID = 1003 1003

Perl module toolchain versions installed:

    Module              Have    
    ------------------- --------
    CPAN                2.14    
    CPAN::Meta          2.150010
    Cwd                 3.62    
    ExtUtils::CBuilder  0.280224
    ExtUtils::Command   7.24    
    ExtUtils::Install   2.04    
    ExtUtils::MakeMaker 7.24    
    ExtUtils::Manifest  1.70    
    ExtUtils::ParseXS   3.30    
    File::Spec          3.62    
    JSON                2.90    
    JSON::PP            2.27400 
    Module::Build       0.4220  
    Module::Signature   0.81    
    Parse::CPAN::Meta   2.150010
    Test::Harness       3.36    
    Test::More          1.302059
    YAML                1.18    
    YAML::Syck          1.29    
    version             0.9917  


--

Summary of my perl5 (revision 5 version 25 subversion 6) configuration:
  Commit id: 4eadd82f8c152034818f42956737102f674f9118
  Platform:
    osname=linux
    osvers=3.16.0-4-amd64
    archname=x86_64-linux-thread-multi
    uname='linux digitalis 3.16.0-4-amd64 #1 smp debian 3.16.36-1+deb8u1 (2016-09-03) x86_64 gnulinux '
    config_args='-Dusedevel -DDEBUGGING -Dusethreads -Dprefix=/home/cpan2/install -Uversiononly -des'
    hint=recommended
    useposix=true
    d_sigaction=define
    useithreads=define
    usemultiplicity=define
    use64bitint=define
    use64bitall=define
    uselongdouble=undef
    usemymalloc=n
    bincompat5005=undef
  Compiler:
    cc='cc'
    ccflags ='-D_REENTRANT -D_GNU_SOURCE -fwrapv -DDEBUGGING -fno-strict-aliasing -pipe -fstack-protector-strong -I/usr/local/include -D_LARGEFILE_SOURCE -D_FILE_OFFSET_BITS=64 -D_FORTIFY_SOURCE=2'
    optimize='-O2 -g'
    cppflags='-D_REENTRANT -D_GNU_SOURCE -fwrapv -DDEBUGGING -fno-strict-aliasing -pipe -fstack-protector-strong -I/usr/local/include'
    ccversion=''
    gccversion='4.9.2'
    gccosandvers=''
    intsize=4
    longsize=8
    ptrsize=8
    doublesize=8
    byteorder=12345678
    doublekind=3
    d_longlong=define
    longlongsize=8
    d_longdbl=define
    longdblsize=16
    longdblkind=3
    ivtype='long'
    ivsize=8
    nvtype='double'
    nvsize=8
    Off_t='off_t'
    lseeksize=8
    alignbytes=8
    prototype=define
  Linker and Libraries:
    ld='cc'
    ldflags =' -fstack-protector-strong -L/usr/local/lib'
    libpth=/usr/local/lib /usr/lib/gcc/x86_64-linux-gnu/4.9/include-fixed /usr/include/x86_64-linux-gnu /usr/lib /lib/x86_64-linux-gnu /lib/../lib /usr/lib/x86_64-linux-gnu /usr/lib/../lib /lib
    libs=-lpthread -lnsl -ldl -lm -lcrypt -lutil -lc
    perllibs=-lpthread -lnsl -ldl -lm -lcrypt -lutil -lc
    libc=libc-2.19.so
    so=so
    useshrplib=false
    libperl=libperl.a
    gnulibc_version='2.19'
  Dynamic Linking:
    dlsrc=dl_dlopen.xs
    dlext=so
    d_dlsymun=undef
    ccdlflags='-Wl,-E'
    cccdlflags='-fPIC'
    lddlflags='-shared -O2 -g -L/usr/local/lib -fstack-protector-strong'


Characteristics of this binary (from libperl): 
  Compile-time options:
    DEBUGGING
    HAS_TIMES
    MULTIPLICITY
    PERLIO_LAYERS
    PERL_COPY_ON_WRITE
    PERL_DONT_CREATE_GVSV
    PERL_HASH_FUNC_ONE_AT_A_TIME_HARD
    PERL_IMPLICIT_CONTEXT
    PERL_MALLOC_WRAP
    PERL_OP_PARENT
    PERL_PRESERVE_IVUV
    PERL_TRACK_MEMPOOL
    PERL_USE_DEVEL
    USE_64_BIT_ALL
    USE_64_BIT_INT
    USE_ITHREADS
    USE_LARGE_FILES
    USE_LOCALE
    USE_LOCALE_COLLATE
    USE_LOCALE_CTYPE
    USE_LOCALE_NUMERIC
    USE_LOCALE_TIME
    USE_PERLIO
    USE_PERL_ATOF
    USE_REENTRANT_API
  Built under linux
  Compiled at Oct 17 2016 18:50:03
  %ENV:
    PERL5LIB=""
    PERL5OPT=""
    PERL5_CPANPLUS_IS_RUNNING="31960"
    PERL5_CPAN_IS_RUNNING="31960"
    PERL5_CPAN_IS_RUNNING_IN_RECURSION="20451,31960"
    PERLBREW_BASHRC_VERSION="0.76"
    PERLBREW_HOME="/home/dcollins/.perlbrew"
    PERLBREW_ROOT="/home/dcollins/toolchain/perl5"
    PERL_CR_SMOKER_CURRENT="ACME-QuoteDB-0.1.2"
    PERL_CR_SMOKER_RUNONCE="1"
    PERL_EXTUTILS_AUTOINSTALL="--defaultdeps"
    PERL_MM_USE_DEFAULT="1"
  @INC:
    /home/cpan2/install/lib/perl5/site_perl/5.25.6/x86_64-linux-thread-multi
    /home/cpan2/install/lib/perl5/site_perl/5.25.6
    /home/cpan2/install/lib/perl5/5.25.6/x86_64-linux-thread-multi
    /home/cpan2/install/lib/perl5/5.25.6
    .