Report for Net-HTTP-Spore-0.05

Back
From: metabase:user:320bfe00-2aae-11df-837a-5e0a49663a4f
Subject: FAIL Net-HTTP-Spore-0.05 v5.17.11 GNU/Linux
Date: 2013-04-07T01:11:10Z

This distribution has been tested as part of the CPAN Testers
project, supporting the Perl programming language.  See
http://wiki.cpantesters.org/ for more information or email
questions to cpan-testers-discuss@perl.org


--
Dear Franck Cuny,

This is a computer-generated report for Net-HTTP-Spore-0.05
on perl 5.17.11, created by CPAN-Reporter-1.2009.

Thank you for uploading your work to CPAN.  However, there was a problem
testing your distribution.

If you think this report is invalid, please consult the CPAN Testers Wiki
for suggestions on how to avoid getting FAIL reports for missing library
or binary dependencies, unsupported operating systems, and so on:

http://wiki.cpantesters.org/wiki/CPANAuthorNotes

Sections of this report:

    * Tester comments
    * Program output
    * Prerequisites
    * Environment and other context

------------------------------
TESTER COMMENTS
------------------------------

Additional comments from tester:

this report is from an automated smoke testing program
and was not reviewed by a human for accuracy

------------------------------
PROGRAM OUTPUT
------------------------------

Output from '/usr/bin/make test':

PERL_DL_NONLAZY=1 /tmp/basesmoker-reloperl-YOsh/bin/perl "-MExtUtils::Command::MM" "-e" "test_harness(0, 'blib/lib', 'blib/arch')" t/*.t t/spore-method/*.t t/spore-middleware/*.t t/spore-request/*.t t/spore-response/*.t t/spore-role/*.t t/spore/*.t
t/release-eol.t ...................... skipped: these tests are for release candidate testing
t/release-no-tabs.t .................. skipped: these tests are for release candidate testing
t/release-pod-coverage.t ............. skipped: these tests are for release candidate testing
t/release-pod-syntax.t ............... skipped: these tests are for release candidate testing

#   Failed test at t/spore-method/base.t line 16.
#                   'Attribute (path) is required at /home/src/perl/repoperls/installed-perls/perl/v5.17.10-48-g657d1e6/9980/lib/site_perl/5.17.11/x86_64-linux-thread-multi/Moose/Meta/Attribute.pm line 529.
# 	Moose::Meta::Attribute::initialize_instance_slot() called at /home/src/perl/repoperls/installed-perls/perl/v5.17.10-48-g657d1e6/9980/lib/site_perl/5.17.11/x86_64-linux-thread-multi/Class/MOP/Class.pm line 525
# 	Class::MOP::Class::_construct_instance() called at /home/src/perl/repoperls/installed-perls/perl/v5.17.10-48-g657d1e6/9980/lib/site_perl/5.17.11/x86_64-linux-thread-multi/Class/MOP/Class.pm line 498
# 	Class::MOP::Class::new_object() called at /home/src/perl/repoperls/installed-perls/perl/v5.17.10-48-g657d1e6/9980/lib/site_perl/5.17.11/x86_64-linux-thread-multi/Moose/Meta/Class.pm line 274
# 	Moose::Meta::Class::new_object() called at constructor Moose::Meta::Method::_new (defined at /home/src/perl/repoperls/installed-perls/perl/v5.17.10-48-g657d1e6/9980/lib/site_perl/5.17.11/x86_64-linux-thread-multi/Moose.pm line 239) line 4
# 	Moose::Meta::Method::_new() called at /home/src/perl/repoperls/installed-perls/perl/v5.17.10-48-g657d1e6/9980/lib/site_perl/5.17.11/x86_64-linux-thread-multi/Class/MOP/Method.pm line 46
# 	Class::MOP::Method::wrap() called at /tmp/loop_over_bdir-17219-bjc6Wx/Net-HTTP-Spore-0.05-f3tJHo/blib/lib/Net/HTTP/Spore/Meta/Method.pm line 242
# 	Net::HTTP::Spore::Meta::Method::wrap() called at t/spore-method/base.t line 12
# 	Test::Exception::dies_ok() called at t/spore-method/base.t line 14
# '
#     doesn't match '(?^:Attribute \(method\) is required)'
# Looks like you failed 1 test of 5.
t/spore-method/base.t ................ 
Dubious, test returned 1 (wstat 256, 0x100)
Failed 1/5 subtests 
t/spore-method/payload.t ............. ok
t/spore-middleware/auth-basic.t ...... ok
t/spore-middleware/auth-header.t ..... ok
t/spore-middleware/auth-oauth.t ...... ok
t/spore-middleware/format-auto.t ..... ok
t/spore-middleware/format-json.t ..... ok
t/spore-middleware/format-xml.t ...... ok
t/spore-middleware/format-yaml.t ..... ok
t/spore-middleware/ns.t .............. ok
t/spore-middleware/redirection.t ..... ok
t/spore-middleware/runtime.t ......... ok
t/spore-middleware/useragent.t ....... ok
t/spore-middleware/x-do-not-track.t .. ok
t/spore-request/base.t ............... ok
t/spore-request/exception.t .......... ok
t/spore-request/finalize.t ........... ok
t/spore-request/form_data.t .......... ok
t/spore-request/headers.t ............ ok
t/spore-request/new.t ................ ok
t/spore-request/request_uri.t ........ ok
t/spore-request/script_name.t ........ ok
t/spore-request/uri.t ................ ok
t/spore-response/body.t .............. ok
t/spore-response/debug.t ............. ok
t/spore-response/headers.t ........... ok
t/spore-response/new.t ............... ok
t/spore-response/response.t .......... ok
t/spore-response/timeout.t ........... ok
t/spore-role/basic.t ................. ok
t/spore/01_new_from_string.t ......... ok
t/spore/02_enable.t .................. ok

Test Summary Report
-------------------
t/spore-method/base.t              (Wstat: 256 Tests: 5 Failed: 1)
  Failed test:  2
  Non-zero exit status: 1
Files=36, Tests=173, 11 wallclock secs ( 0.09 usr  0.03 sys + 11.00 cusr  0.66 csys = 11.78 CPU)
Result: FAIL
Failed 1/36 test programs. 1/173 subtests failed.
make: *** [test_dynamic] Error 255

------------------------------
PREREQUISITES
------------------------------

Prerequisite modules loaded:

requires:

    Module                       Need Have   
    ---------------------------- ---- -------
    Carp                         0    1.28   
    Digest::SHA                  0    5.84   
    HTTP::Headers                0    6.05   
    HTTP::Request                0    6.00   
    IO::All                      0    0.46   
    IO::File                     0    1.16   
    JSON                         0    2.57   
    LWP::UserAgent               0    6.05   
    MIME::Base64                 0    3.13   
    Moose                        0    2.0801 
    Moose::Exporter              0    2.0801 
    Moose::Meta::Method          0    2.0801 
    Moose::Role                  0    2.0801 
    Moose::Util::MetaRole        0    2.0801 
    Moose::Util::TypeConstraints 0    2.0801 
    MooseX::Role::Parameterized  0    1.00   
    MooseX::Types::Moose         0    0.35   
    MooseX::Types::URI           0    0.03   
    overload                     0    1.21   
    Scalar::Util                 0    1.27   
    strict                       0    1.07   
    Time::HiRes                  0    1.9725 
    Try::Tiny                    0    0.12   
    URI                          0    1.60   
    URI::Escape                  0    3.31   
    warnings                     0    1.18   
    XML::Simple                  0    2.20   
    YAML                         0    0.84   

build_requires:

    Module                       Need Have   
    ---------------------------- ---- -------
    base                         0    2.18   
    File::Temp                   0    0.23   
    Test::Exception              0    0.31   
    Test::More                   0    0.98   

configure_requires:

    Module                       Need Have   
    ---------------------------- ---- -------
    ExtUtils::MakeMaker          6.30 6.65_01


------------------------------
ENVIRONMENT AND OTHER CONTEXT
------------------------------

Environment variables:

    AUTOMATED_TESTING = 1
    LANG = en_US.UTF-8
    LANGUAGE = en_US:en
    PATH = /usr/lib/ccache:/home/sand/bin:/usr/local/bin:/usr/bin:/bin:/usr/bin/X11:/usr/games:/usr/local/perl/bin:/usr/X11/bin:/sbin:/usr/sbin
    PERL5LIB = 
    PERL5OPT = 
    PERL5_CPANPLUS_IS_RUNNING = 30997
    PERL5_CPAN_IS_RUNNING = 30997
    PERL_MM_USE_DEFAULT = 1
    SHELL = /usr/bin/zsh
    TERM = screen

Perl special variables (and OS-specific diagnostics, for MSWin32):

    $^X = /tmp/basesmoker-reloperl-YOsh/bin/perl
    $UID/$EUID = 1005 / 1005
    $GID = 1005 1005
    $EGID = 1005 1005

Perl module toolchain versions installed:

    Module              Have    
    ------------------- --------
    CPAN                2.00    
    CPAN::Meta          2.130880
    Cwd                 3.40    
    ExtUtils::CBuilder  0.280209
    ExtUtils::Command   1.17    
    ExtUtils::Install   1.59    
    ExtUtils::MakeMaker 6.65_01 
    ExtUtils::Manifest  1.63    
    ExtUtils::ParseXS   3.18    
    File::Spec          3.40    
    JSON                2.57    
    JSON::PP            2.27202 
    Module::Build       0.4004  
    Module::Signature   0.70    
    Parse::CPAN::Meta   1.4404  
    Test::Harness       3.26    
    Test::More          0.98    
    YAML                0.84    
    YAML::Syck          1.25    
    version             0.9902  


--

Summary of my perl5 (revision 5 version 17 subversion 11) configuration:
  Commit id: 657d1e609c0896b75625a0275d2b5c978675cb04
  Platform:
    osname=linux, osvers=3.2.0-4-amd64, archname=x86_64-linux-thread-multi
    uname='linux k83 3.2.0-4-amd64 #1 smp debian 3.2.41-2 x86_64 gnulinux '
    config_args='-Dprefix=/home/src/perl/repoperls/installed-perls/perl/v5.17.10-48-g657d1e6/9980 -Dmyhostname=k83 -Dinstallusrbinperl=n -Uversiononly -Dusedevel -des -Ui_db -Duseithreads -Uuselongdouble -DDEBUGGING=-g'
    hint=recommended, useposix=true, d_sigaction=define
    useithreads=define, usemultiplicity=define
    useperlio=define, d_sfio=undef, uselargefiles=define, usesocks=undef
    use64bitint=define, use64bitall=define, uselongdouble=undef
    usemymalloc=n, bincompat5005=undef
  Compiler:
    cc='cc', ccflags ='-D_REENTRANT -D_GNU_SOURCE -fno-strict-aliasing -pipe -fstack-protector -I/usr/local/include -D_LARGEFILE_SOURCE -D_FILE_OFFSET_BITS=64',
    optimize='-O2 -g',
    cppflags='-D_REENTRANT -D_GNU_SOURCE -fno-strict-aliasing -pipe -fstack-protector -I/usr/local/include'
    ccversion='', gccversion='4.7.2', gccosandvers=''
    intsize=4, longsize=8, ptrsize=8, doublesize=8, byteorder=12345678
    d_longlong=define, longlongsize=8, d_longdbl=define, longdblsize=16
    ivtype='long', ivsize=8, nvtype='double', nvsize=8, Off_t='off_t', lseeksize=8
    alignbytes=8, prototype=define
  Linker and Libraries:
    ld='cc', ldflags =' -fstack-protector -L/usr/local/lib'
    libpth=/usr/local/lib /lib/x86_64-linux-gnu /lib/../lib /usr/lib/x86_64-linux-gnu /usr/lib/../lib /lib /usr/lib
    libs=-lnsl -lgdbm -ldb -ldl -lm -lcrypt -lutil -lpthread -lc -lgdbm_compat
    perllibs=-lnsl -ldl -lm -lcrypt -lutil -lpthread -lc
    libc=, so=so, useshrplib=false, libperl=libperl.a
    gnulibc_version='2.13'
  Dynamic Linking:
    dlsrc=dl_dlopen.xs, dlext=so, d_dlsymun=undef, ccdlflags='-Wl,-E'
    cccdlflags='-fPIC', lddlflags='-shared -O2 -g -L/usr/local/lib -fstack-protector'


Characteristics of this binary (from libperl): 
  Compile-time options: HAS_TIMES MULTIPLICITY PERLIO_LAYERS
                        PERL_DONT_CREATE_GVSV PERL_IMPLICIT_CONTEXT
                        PERL_MALLOC_WRAP PERL_PRESERVE_IVUV PERL_SAWAMPERSAND
                        PERL_USE_DEVEL USE_64_BIT_ALL USE_64_BIT_INT
                        USE_ITHREADS USE_LARGE_FILES USE_LOCALE
                        USE_LOCALE_COLLATE USE_LOCALE_CTYPE
                        USE_LOCALE_NUMERIC USE_PERLIO USE_PERL_ATOF
                        USE_REENTRANT_API
  Built under linux
  Compiled at Apr  6 2013 18:42:31
  %ENV:
    PERL5LIB=""
    PERL5OPT=""
    PERL5_CPANPLUS_IS_RUNNING="30997"
    PERL5_CPAN_IS_RUNNING="30997"
    PERL_MM_USE_DEFAULT="1"
  @INC:
    /home/src/perl/repoperls/installed-perls/perl/v5.17.10-48-g657d1e6/9980/lib/site_perl/5.17.11/x86_64-linux-thread-multi
    /home/src/perl/repoperls/installed-perls/perl/v5.17.10-48-g657d1e6/9980/lib/site_perl/5.17.11
    /home/src/perl/repoperls/installed-perls/perl/v5.17.10-48-g657d1e6/9980/lib/5.17.11/x86_64-linux-thread-multi
    /home/src/perl/repoperls/installed-perls/perl/v5.17.10-48-g657d1e6/9980/lib/5.17.11
    .