Text-Hatena v0.20 Perl 5 v5.18.2 x86_64-linux
- Status
- Fail
- From
- Slaven Rezić (SREZIC)
- Dist
-
Text-Hatena v0.20
- Platform
- Perl 5 v5.18.2 x86_64-linux
- Date
- 2018-11-18 18:23:22
- ID
- 0861b31c-eb5f-11e8-a2ed-9da4b6eb4ea3
This distribution has been tested as part of the CPAN Testers
project, supporting the Perl programming language. See
http://wiki.cpantesters.org/ for more information or email
questions to cpan-testers-discuss@perl.org
--
Dear Junya Kondo,
This is a computer-generated report for Text-Hatena-0.20
on perl 5.18.2, created by CPAN-Reporter-1.2018.
Thank you for uploading your work to CPAN. However, there was a problem
testing your distribution.
If you think this report is invalid, please consult the CPAN Testers Wiki
for suggestions on how to avoid getting FAIL reports for missing library
or binary dependencies, unsupported operating systems, and so on:
http://wiki.cpantesters.org/wiki/CPANAuthorNotes
Sections of this report:
* Tester comments
* Program output
* Prerequisites
* Environment and other context
------------------------------
TESTER COMMENTS
------------------------------
Additional comments from tester:
none provided
------------------------------
PROGRAM OUTPUT
------------------------------
Output from '/usr/bin/make test':
PERL_DL_NONLAZY=1 "/opt/perl-5.18.2/bin/perl" "-MExtUtils::Command::MM" "-MTest::Harness" "-e" "undef *Test::Harness::Switches; test_harness(0, 'blib/lib', 'blib/arch')" t/*.t
# Failed test 'use Text::Hatena;'
# at t/00_compile.t line 7.
# Tried to use 'Text::Hatena'.
# Error: Base class package "Class::Data::Inheritable" is empty.
# (Perhaps you need to 'use' the module which defines that package first,
# or make that module available in @INC (@INC contains: lib /home/cpansand/.cpan/build/2018111818/Text-Hatena-0.20-1/blib/lib /home/cpansand/.cpan/build/2018111818/Text-Hatena-0.20-1/blib/arch /home/cpansand/.cpan/build/2018111818/Test-Base-0.89-1/blib/arch /home/cpansand/.cpan/build/2018111818/Test-Base-0.89-1/blib/lib /home/cpansand/.cpan/build/2018111818/Spiffy-0.46-1/blib/arch /home/cpansand/.cpan/build/2018111818/Spiffy-0.46-1/blib/lib /home/cpansand/.cpan/build/2018111818/Regexp-Assemble-0.38-1/blib/arch /home/cpansand/.cpan/build/2018111818/Regexp-Assemble-0.38-1/blib/lib /home/cpansand/.cpan/build/2018111818/Parse-RecDescent-1.967015-1/blib/arch /home/cpansand/.cpan/build/2018111818/Parse-RecDescent-1.967015-1/blib/lib /opt/perl-5.18.2/lib/site_perl/5.18.2/x86_64-linux /opt/perl-5.18.2/lib/site_perl/5.18.2 /opt/perl-5.18.2/lib/5.18.2/x86_64-linux /opt/perl-5.18.2/lib/5.18.2 .).
# at lib/Text/Hatena.pm line 5.
# BEGIN failed--compilation aborted at lib/Text/Hatena.pm line 5.
# Compilation failed in require at t/00_compile.t line 7.
# BEGIN failed--compilation aborted at t/00_compile.t line 7.
# Looks like you failed 1 test of 1.
t/00_compile.t ..........
Dubious, test returned 1 (wstat 256, 0x100)
Failed 1/1 subtests
Can't locate object method "mk_classdata" via package "Text::Hatena::AutoLink" at /home/cpansand/.cpan/build/2018111818/Text-Hatena-0.20-1/blib/lib/Text/Hatena/AutoLink.pm line 9.
Compilation failed in require at /home/cpansand/.cpan/build/2018111818/Text-Hatena-0.20-1/blib/lib/Text/Hatena.pm line 8.
BEGIN failed--compilation aborted at /home/cpansand/.cpan/build/2018111818/Text-Hatena-0.20-1/blib/lib/Text/Hatena.pm line 8.
Compilation failed in require at t/01_module.t line 5.
BEGIN failed--compilation aborted at t/01_module.t line 5.
t/01_module.t ...........
Dubious, test returned 2 (wstat 512, 0x200)
No subtests run
Attempt to reload Text/Hatena.pm aborted.
Compilation failed in require at (eval 31) line 2.
...propagated at /opt/perl-5.18.2/lib/5.18.2/base.pm line 84.
BEGIN failed--compilation aborted at t/lib/MyParser.pm line 4.
Compilation failed in require at t/02_module_extend.t line 6.
BEGIN failed--compilation aborted at t/02_module_extend.t line 6.
t/02_module_extend.t ....
Dubious, test returned 2 (wstat 512, 0x200)
No subtests run
Can't locate object method "mk_classdata" via package "Text::Hatena::AutoLink" at /home/cpansand/.cpan/build/2018111818/Text-Hatena-0.20-1/blib/lib/Text/Hatena/AutoLink.pm line 9.
Compilation failed in require at t/10_autolink.t line 4.
BEGIN failed--compilation aborted at t/10_autolink.t line 4.
t/10_autolink.t .........
Dubious, test returned 2 (wstat 512, 0x200)
No subtests run
Can't locate object method "mk_classdata" via package "Text::Hatena::AutoLink" at /home/cpansand/.cpan/build/2018111818/Text-Hatena-0.20-1/blib/lib/Text/Hatena/AutoLink.pm line 9.
Compilation failed in require at t/11_autolink_extend.t line 4.
BEGIN failed--compilation aborted at t/11_autolink_extend.t line 4.
t/11_autolink_extend.t ..
Dubious, test returned 2 (wstat 512, 0x200)
No subtests run
Test Summary Report
-------------------
t/00_compile.t (Wstat: 256 Tests: 1 Failed: 1)
Failed test: 1
Non-zero exit status: 1
t/01_module.t (Wstat: 512 Tests: 0 Failed: 0)
Non-zero exit status: 2
Parse errors: No plan found in TAP output
t/02_module_extend.t (Wstat: 512 Tests: 0 Failed: 0)
Non-zero exit status: 2
Parse errors: No plan found in TAP output
t/10_autolink.t (Wstat: 512 Tests: 0 Failed: 0)
Non-zero exit status: 2
Parse errors: No plan found in TAP output
t/11_autolink_extend.t (Wstat: 512 Tests: 0 Failed: 0)
Non-zero exit status: 2
Parse errors: No plan found in TAP output
Files=5, Tests=1, 0 wallclock secs ( 0.01 usr 0.00 sys + 0.16 cusr 0.04 csys = 0.21 CPU)
Result: FAIL
Failed 5/5 test programs. 1/1 subtests failed.
make: *** [test_dynamic] Error 2
------------------------------
PREREQUISITES
------------------------------
Prerequisite modules loaded:
requires:
Module Need Have
------------------- ---- --------
Parse::RecDescent 1.94 1.967015
Regexp::Assemble 0.28 0.38
Test::Base 0.53 0.89
Test::More 0.32 1.302047
build_requires:
Module Need Have
------------------- ---- --------
ExtUtils::MakeMaker 0 7.24
------------------------------
ENVIRONMENT AND OTHER CONTEXT
------------------------------
Environment variables:
LANG = en_US.UTF-8
LANGUAGE = en_US:en
PATH = /usr/local/bin:/usr/bin:/bin:/usr/local/sbin:/usr/sbin:/sbin:/home/cpansand/bin/linux-gnu:/home/cpansand/bin/sh:/home/cpansand/bin:/usr/games:/home/cpansand/devel:/home/eserte/src/srezic-misc/scripts
PERL5LIB = /home/cpansand/.cpan/build/2018111818/Test-Base-0.89-1/blib/arch:/home/cpansand/.cpan/build/2018111818/Test-Base-0.89-1/blib/lib:/home/cpansand/.cpan/build/2018111818/Spiffy-0.46-1/blib/arch:/home/cpansand/.cpan/build/2018111818/Spiffy-0.46-1/blib/lib:/home/cpansand/.cpan/build/2018111818/Regexp-Assemble-0.38-1/blib/arch:/home/cpansand/.cpan/build/2018111818/Regexp-Assemble-0.38-1/blib/lib:/home/cpansand/.cpan/build/2018111818/Parse-RecDescent-1.967015-1/blib/arch:/home/cpansand/.cpan/build/2018111818/Parse-RecDescent-1.967015-1/blib/lib
PERL5OPT =
PERL5_CPANPLUS_IS_RUNNING = 1941
PERL5_CPAN_IS_RUNNING = 1941
PERL5_CPAN_IS_RUNNING_IN_RECURSION = 1144,1941
PERLDOC = -MPod::Perldoc::ToTextOverstrike
PERL_BATCH = yes
PERL_CANARY_STABILITY_NOPROMPT = 1
PERL_CPAN_REPORTER_CONFIG = /var/tmp/cpansmoker-1023/2018111818/cpanreporter_000_config.ini
PERL_EXTUTILS_AUTOINSTALL = --defaultdeps
SHELL = /bin/zsh
TERM = screen
TMPDIR = /var/tmp/cpansmoker-1023/2018111818
Perl special variables (and OS-specific diagnostics, for MSWin32):
$^X = /opt/perl-5.18.2/bin/perl
$UID/$EUID = 1023 / 1023
$GID = 1023 1023
$EGID = 1023 1023
Perl module toolchain versions installed:
Module Have
------------------- --------
CPAN 2.14
CPAN::Meta 2.150010
Cwd 3.40
ExtUtils::CBuilder 0.280210
ExtUtils::Command 7.24
ExtUtils::Install 1.59
ExtUtils::MakeMaker 7.24
ExtUtils::Manifest 1.70
ExtUtils::ParseXS 3.18
File::Spec 3.40
JSON 2.90
JSON::PP 2.27400
Module::Build 0.4003
Module::Signature n/a
Parse::CPAN::Meta 2.150010
Test::Harness 3.33
Test::More 1.302047
YAML 0.88
YAML::Syck 1.27
version 0.9902
--
Summary of my perl5 (revision 5 version 18 subversion 2) configuration:
Platform:
osname=linux, osvers=3.2.0-4-amd64, archname=x86_64-linux
uname='linux cvrsnica-wheezy 3.2.0-4-amd64 #1 smp debian 3.2.51-1 x86_64 gnulinux '
config_args='-ds -e -Dprefix=/opt/perl-5.18.2'
hint=recommended, useposix=true, d_sigaction=define
useithreads=undef, usemultiplicity=undef
useperlio=define, d_sfio=undef, uselargefiles=define, usesocks=undef
use64bitint=define, use64bitall=define, uselongdouble=undef
usemymalloc=n, bincompat5005=undef
Compiler:
cc='cc', ccflags ='-fno-strict-aliasing -pipe -fstack-protector -I/usr/local/include -D_LARGEFILE_SOURCE -D_FILE_OFFSET_BITS=64',
optimize='-O2',
cppflags='-fno-strict-aliasing -pipe -fstack-protector -I/usr/local/include'
ccversion='', gccversion='4.7.2', gccosandvers=''
intsize=4, longsize=8, ptrsize=8, doublesize=8, byteorder=12345678
d_longlong=define, longlongsize=8, d_longdbl=define, longdblsize=16
ivtype='long', ivsize=8, nvtype='double', nvsize=8, Off_t='off_t', lseeksize=8
alignbytes=8, prototype=define
Linker and Libraries:
ld='cc', ldflags =' -fstack-protector -L/usr/local/lib'
libpth=/usr/local/lib /lib/x86_64-linux-gnu /lib/../lib /usr/lib/x86_64-linux-gnu /usr/lib/../lib /lib /usr/lib
libs=-lnsl -ldb -ldl -lm -lcrypt -lutil -lc
perllibs=-lnsl -ldl -lm -lcrypt -lutil -lc
libc=, so=so, useshrplib=false, libperl=libperl.a
gnulibc_version='2.13'
Dynamic Linking:
dlsrc=dl_dlopen.xs, dlext=so, d_dlsymun=undef, ccdlflags='-Wl,-E'
cccdlflags='-fPIC', lddlflags='-shared -O2 -L/usr/local/lib -fstack-protector'
Characteristics of this binary (from libperl):
Compile-time options: HAS_TIMES PERLIO_LAYERS PERL_DONT_CREATE_GVSV
PERL_HASH_FUNC_ONE_AT_A_TIME_HARD PERL_MALLOC_WRAP
PERL_PRESERVE_IVUV PERL_SAWAMPERSAND USE_64_BIT_ALL
USE_64_BIT_INT USE_LARGE_FILES USE_LOCALE
USE_LOCALE_COLLATE USE_LOCALE_CTYPE
USE_LOCALE_NUMERIC USE_PERLIO USE_PERL_ATOF
Built under linux
Compiled at Feb 2 2014 18:47:50
%ENV:
PERL5LIB="/home/cpansand/.cpan/build/2018111818/Test-Base-0.89-1/blib/arch:/home/cpansand/.cpan/build/2018111818/Test-Base-0.89-1/blib/lib:/home/cpansand/.cpan/build/2018111818/Spiffy-0.46-1/blib/arch:/home/cpansand/.cpan/build/2018111818/Spiffy-0.46-1/blib/lib:/home/cpansand/.cpan/build/2018111818/Regexp-Assemble-0.38-1/blib/arch:/home/cpansand/.cpan/build/2018111818/Regexp-Assemble-0.38-1/blib/lib:/home/cpansand/.cpan/build/2018111818/Parse-RecDescent-1.967015-1/blib/arch:/home/cpansand/.cpan/build/2018111818/Parse-RecDescent-1.967015-1/blib/lib"
PERL5OPT=""
PERL5_CPANPLUS_IS_RUNNING="1941"
PERL5_CPAN_IS_RUNNING="1941"
PERL5_CPAN_IS_RUNNING_IN_RECURSION="1144,1941"
PERLDOC="-MPod::Perldoc::ToTextOverstrike"
PERL_BATCH="yes"
PERL_CANARY_STABILITY_NOPROMPT="1"
PERL_CPAN_REPORTER_CONFIG="/var/tmp/cpansmoker-1023/2018111818/cpanreporter_000_config.ini"
PERL_EXTUTILS_AUTOINSTALL="--defaultdeps"
@INC:
/home/cpansand/.cpan/build/2018111818/Test-Base-0.89-1/blib/arch
/home/cpansand/.cpan/build/2018111818/Test-Base-0.89-1/blib/lib
/home/cpansand/.cpan/build/2018111818/Spiffy-0.46-1/blib/arch
/home/cpansand/.cpan/build/2018111818/Spiffy-0.46-1/blib/lib
/home/cpansand/.cpan/build/2018111818/Regexp-Assemble-0.38-1/blib/arch
/home/cpansand/.cpan/build/2018111818/Regexp-Assemble-0.38-1/blib/lib
/home/cpansand/.cpan/build/2018111818/Parse-RecDescent-1.967015-1/blib/arch
/home/cpansand/.cpan/build/2018111818/Parse-RecDescent-1.967015-1/blib/lib
/opt/perl-5.18.2/lib/site_perl/5.18.2/x86_64-linux
/opt/perl-5.18.2/lib/site_perl/5.18.2
/opt/perl-5.18.2/lib/5.18.2/x86_64-linux
/opt/perl-5.18.2/lib/5.18.2
.