Back
From: metabase:user:322078bc-2aae-11df-837a-5e0a49663a4f
Subject: FAIL Mo-0.36 v5.10.1 OpenBSD
Date: 2013-10-23T07:23:36Z
This distribution has been tested as part of the CPAN Testers
project, supporting the Perl programming language. See
http://wiki.cpantesters.org/ for more information or email
questions to cpan-testers-discuss@perl.org
--
Dear CARLOS,
This is a computer-generated error report created automatically by
CPANPLUS, version 0.9142. Testers personal comments may appear
at the end of this report.
Thank you for uploading your work to CPAN. However, it appears that
there were some problems testing your distribution.
TEST RESULTS:
Below is the error stack from stage 'make test':
PERL_DL_NONLAZY=1 /home/cpan/pit/64bit/perl-5.10.1/bin/perl "-MExtUtils::Command::MM" "-MTest::Harness" "-e" "undef *Test::Harness::Switches; test_harness(0, 'blib/lib', 'blib/arch')" t/*.t
Can't locate PPI.pm in @INC (@INC contains: lib /home/cpan/pit/64bit/conf/perl-5.10.1/.cpanplus/5.10.1/build/Mo-0.36/blib/lib /home/cpan/pit/64bit/conf/perl-5.10.1/.cpanplus/5.10.1/build/Mo-0.36/blib/arch /home/cpan/pit/64bit/conf/perl-5.10.1/.cpanplus/5.10.1/build/Mo-0.36/blib/lib /home/cpan/pit/64bit/conf/perl-5.10.1/.cpanplus/5.10.1/build/Mo-0.36/blib/arch /home/cpan/pit/64bit/perl-5.10.1/lib/5.10.1/OpenBSD.i386-openbsd-64int /home/cpan/pit/64bit/perl-5.10.1/lib/5.10.1 /home/cpan/pit/64bit/perl-5.10.1/lib/site_perl/5.10.1/OpenBSD.i386-openbsd-64int /home/cpan/pit/64bit/perl-5.10.1/lib/site_perl/5.10.1 .) at lib/Mo/Golf.pm line 16.
BEGIN failed--compilation aborted at lib/Mo/Golf.pm line 16.
Compilation failed in require at -e line 1.
# Failed test 'Mo::Golf loaded ok'
# at t/00-compile.t line 62.
# ''
# doesn't match '(?s-xim:^\s*Mo::Golf ok)'
Can't locate IO/All.pm in @INC (@INC contains: lib /home/cpan/pit/64bit/conf/perl-5.10.1/.cpanplus/5.10.1/build/Mo-0.36/blib/lib /home/cpan/pit/64bit/conf/perl-5.10.1/.cpanplus/5.10.1/build/Mo-0.36/blib/arch /home/cpan/pit/64bit/conf/perl-5.10.1/.cpanplus/5.10.1/build/Mo-0.36/blib/lib /home/cpan/pit/64bit/conf/perl-5.10.1/.cpanplus/5.10.1/build/Mo-0.36/blib/arch /home/cpan/pit/64bit/perl-5.10.1/lib/5.10.1/OpenBSD.i386-openbsd-64int /home/cpan/pit/64bit/perl-5.10.1/lib/5.10.1 /home/cpan/pit/64bit/perl-5.10.1/lib/site_perl/5.10.1/OpenBSD.i386-openbsd-64int /home/cpan/pit/64bit/perl-5.10.1/lib/site_perl/5.10.1 .) at lib/Mo/Inline.pm line 15.
BEGIN failed--compilation aborted at lib/Mo/Inline.pm line 15.
Compilation failed in require at -e line 1.
# Failed test 'Mo::Inline loaded ok'
# at t/00-compile.t line 62.
# ''
# doesn't match '(?s-xim:^\s*Mo::Inline ok)'
Can't locate Moose/Role.pm in @INC (@INC contains: lib /home/cpan/pit/64bit/conf/perl-5.10.1/.cpanplus/5.10.1/build/Mo-0.36/blib/lib /home/cpan/pit/64bit/conf/perl-5.10.1/.cpanplus/5.10.1/build/Mo-0.36/blib/arch /home/cpan/pit/64bit/conf/perl-5.10.1/.cpanplus/5.10.1/build/Mo-0.36/blib/lib /home/cpan/pit/64bit/conf/perl-5.10.1/.cpanplus/5.10.1/build/Mo-0.36/blib/arch /home/cpan/pit/64bit/perl-5.10.1/lib/5.10.1/OpenBSD.i386-openbsd-64int /home/cpan/pit/64bit/perl-5.10.1/lib/5.10.1 /home/cpan/pit/64bit/perl-5.10.1/lib/site_perl/5.10.1/OpenBSD.i386-openbsd-64int /home/cpan/pit/64bit/perl-5.10.1/lib/site_perl/5.10.1 .) at lib/Mo/Moose.pm line 3.
BEGIN failed--compilation aborted at lib/Mo/Moose.pm line 3.
Compilation failed in require at -e line 1.
# Failed test 'Mo::Moose loaded ok'
# at t/00-compile.t line 62.
# ''
# doesn't match '(?s-xim:^\s*Mo::Moose ok)'
Can't locate Mouse/Role.pm in @INC (@INC contains: lib /home/cpan/pit/64bit/conf/perl-5.10.1/.cpanplus/5.10.1/build/Mo-0.36/blib/lib /home/cpan/pit/64bit/conf/perl-5.10.1/.cpanplus/5.10.1/build/Mo-0.36/blib/arch /home/cpan/pit/64bit/conf/perl-5.10.1/.cpanplus/5.10.1/build/Mo-0.36/blib/lib /home/cpan/pit/64bit/conf/perl-5.10.1/.cpanplus/5.10.1/build/Mo-0.36/blib/arch /home/cpan/pit/64bit/perl-5.10.1/lib/5.10.1/OpenBSD.i386-openbsd-64int /home/cpan/pit/64bit/perl-5.10.1/lib/5.10.1 /home/cpan/pit/64bit/perl-5.10.1/lib/site_perl/5.10.1/OpenBSD.i386-openbsd-64int /home/cpan/pit/64bit/perl-5.10.1/lib/site_perl/5.10.1 .) at lib/Mo/Mouse.pm line 3.
BEGIN failed--compilation aborted at lib/Mo/Mouse.pm line 3.
Compilation failed in require at -e line 1.
# Failed test 'Mo::Mouse loaded ok'
# at t/00-compile.t line 62.
# ''
# doesn't match '(?s-xim:^\s*Mo::Mouse ok)'
Warning: Use of "shift" without parentheses is ambiguous at lib/Mo/nonlazy.pm line 3.
Can't locate Class/XSAccessor.pm in @INC (@INC contains: lib /home/cpan/pit/64bit/conf/perl-5.10.1/.cpanplus/5.10.1/build/Mo-0.36/blib/lib /home/cpan/pit/64bit/conf/perl-5.10.1/.cpanplus/5.10.1/build/Mo-0.36/blib/arch /home/cpan/pit/64bit/conf/perl-5.10.1/.cpanplus/5.10.1/build/Mo-0.36/blib/lib /home/cpan/pit/64bit/conf/perl-5.10.1/.cpanplus/5.10.1/build/Mo-0.36/blib/arch /home/cpan/pit/64bit/perl-5.10.1/lib/5.10.1/OpenBSD.i386-openbsd-64int /home/cpan/pit/64bit/perl-5.10.1/lib/5.10.1 /home/cpan/pit/64bit/perl-5.10.1/lib/site_perl/5.10.1/OpenBSD.i386-openbsd-64int /home/cpan/pit/64bit/perl-5.10.1/lib/site_perl/5.10.1 .) at lib/Mo/xs.pm line 3.
Compilation failed in require at -e line 1.
# Failed test 'Mo::xs loaded ok'
# at t/00-compile.t line 62.
# ''
# doesn't match '(?s-xim:^\s*Mo::xs ok)'
# Looks like you failed 5 tests of 19.
t/00-compile.t ................
Dubious, test returned 5 (wstat 1280, 0x500)
Failed 5/19 subtests
(less 1 skipped subtest: 13 okay)
#
#
# Generated by Dist::Zilla::Plugin::ReportVersions::Tiny v1.08
# perl: 5.010001 (wanted v5.6.0) on openbsd from /home/cpan/pit/64bit/perl-5.10.1/bin/perl
#
# Class::XSAccessor => module not found. (want any version)
# ExtUtils::MakeMaker => 6.78 (want 6.30)
# IO::All => module not found. (want any version)
# Moose => module not found. (want any version)
# Mouse => module not found. (want any version)
# Test::CPAN::Meta => module not found. (want any version)
# Test::More => 0.99 (want 0.96)
# Test::Pod => module not found. (want 1.41)
# version => 0.9904 (want 0.9901)
#
# Thanks for using my code. I hope it works for you.
# If not, please try and include this output in the bug report.
# That will help me reproduce the issue and solve your problem.
#
t/000-report-versions-tiny.t .. ok
t/author-pod-spell.t .......... skipped: these tests are for testing by the author
t/build.t ..................... ok
Warning: Use of "shift" without parentheses is ambiguous at /home/cpan/pit/64bit/conf/perl-5.10.1/.cpanplus/5.10.1/build/Mo-0.36/blib/lib/Mo/nonlazy.pm line 3.
t/builder.t ................... ok
t/chain.t ..................... ok
t/coerce.t .................... ok
t/combined.t .................. ok
t/default.t ................... ok
t/extends.t ................... ok
t/importer.t .................. ok
t/is.t ........................ ok
Warning: Use of "shift" without parentheses is ambiguous at /home/cpan/pit/64bit/conf/perl-5.10.1/.cpanplus/5.10.1/build/Mo-0.36/blib/lib/Mo/nonlazy.pm line 3.
t/lazy-nonlazy.t .............. ok
t/main_sub.t .................. ok
t/Moose.t ..................... skipped: Moose is needed
t/Mouse.t ..................... skipped: Mouse is needed
t/object.t .................... ok
t/option.t .................... ok
t/release-correct-version.t ... skipped: these tests are for release candidate testing
t/release-distmeta.t .......... skipped: these tests are for release candidate testing
t/release-eol.t ............... skipped: these tests are for release candidate testing
t/release-no-tabs.t ........... skipped: these tests are for release candidate testing
t/release-pod-syntax.t ........ skipped: these tests are for release candidate testing
t/release-test-version.t ...... skipped: these tests are for release candidate testing
t/required.t .................. ok
t/strict.t .................... ok
t/test.t ...................... ok
t/xs.t ........................ skipped: Class::XSAccessor is needed
Test Summary Report
-------------------
t/00-compile.t (Wstat: 1280 Tests: 19 Failed: 5)
Failed tests: 2-5, 18
Non-zero exit status: 5
Files=28, Tests=162, 1 wallclock secs ( 0.01 usr 0.17 sys + 0.39 cusr 0.25 csys = 0.82 CPU)
Result: FAIL
Failed 1/28 test programs. 5/162 subtests failed.
*** Error code 255
Stop in /home/cpan/pit/64bit/conf/perl-5.10.1/.cpanplus/5.10.1/build/Mo-0.36 (line 1008 of Makefile).
MISSING PREREQUISITES:
It was observed that the test suite seem to fail without these modules:
PPI
IO::All
Moose::Role
Mouse::Role
Class::XSAccessor
As such, adding the prerequisite module(s) to 'PREREQ_PM' in your
Makefile.PL should solve this problem. For example:
WriteMakefile(
AUTHOR => 'CARLOS (cpanplus-info@lists.sf.net)',
... # other information
PREREQ_PM => {
'PPI' => '0', # or a minimum working version
'IO::All' => '0', # or a minimum working version
'Moose::Role' => '0', # or a minimum working version
'Mouse::Role' => '0', # or a minimum working version
'Class::XSAccessor' => '0', # or a minimum working version
}
);
Thanks! :-)
PREREQUISITES:
Here is a list of prerequisites you specified and versions we
managed to load:
Module Name Have Want
Test::More 0.99 0.96
Perl module toolchain versions installed:
Module Name Have
CPANPLUS 0.9142
CPANPLUS::Dist::Build 0.70
Cwd 3.40
ExtUtils::CBuilder 0.280212
ExtUtils::Command 1.16
ExtUtils::Install 1.54
ExtUtils::MakeMaker 6.78
ExtUtils::Manifest 1.63
ExtUtils::ParseXS 3.22
File::Spec 3.40
Module::Build 0.4007
Pod::Parser 1.37
Pod::Simple 3.07
Test::Harness 3.29
Test::More 0.99
version 0.9904
******************************** NOTE ********************************
The comments above are created mechanically, possibly without manual
checking by the sender. As there are many people performing automatic
tests on each upload to CPAN, it is likely that you will receive
identical messages about the same problem.
If you believe that the message is mistaken, please reply to the first
one with correction and/or additional informations, and do not take
it personally. We appreciate your patience. :)
**********************************************************************
Additional comments:
This report was machine-generated by CPANPLUS::Dist::YACSmoke 0.90.
Powered by minismokebox version 0.58
------------------------------
ENVIRONMENT AND OTHER CONTEXT
------------------------------
Environment variables:
AUTOMATED_TESTING = 1
NONINTERACTIVE_TESTING = 1
PATH = /home/cpan/pit/64bit/conf/perl-5.10.1/.cpanplus/5.10.1/build/Mo-0.36/blib/script:/home/cpan/bin:/bin:/sbin:/usr/bin:/usr/sbin:/usr/X11R6/bin:/usr/local/bin:/usr/local/sbin:/usr/games:.
PERL5LIB = :/home/cpan/pit/64bit/conf/perl-5.10.1/.cpanplus/5.10.1/build/Mo-0.36/blib/lib:/home/cpan/pit/64bit/conf/perl-5.10.1/.cpanplus/5.10.1/build/Mo-0.36/blib/arch
PERL5_CPANPLUS_IS_RUNNING = 13753
PERL5_CPANPLUS_IS_VERSION = 0.9142
PERL5_MINISMOKEBOX = 0.58
PERL5_YACSMOKE_BASE = /home/cpan/pit/64bit/conf/perl-5.10.1
PERL_EXTUTILS_AUTOINSTALL = --defaultdeps
PERL_MM_USE_DEFAULT = 1
SHELL = /usr/local/bin/bash
TERM = screen
Perl special variables (and OS-specific diagnostics, for MSWin32):
Perl: $^X = /home/cpan/pit/64bit/perl-5.10.1/bin/perl
UID: $< = 1001
EUID: $> = 1001
GID: $( = 1001 1001
EGID: $) = 1001 1001
-------------------------------
--
Summary of my perl5 (revision 5 version 10 subversion 1) configuration:
Platform:
osname=openbsd, osvers=5.1, archname=OpenBSD.i386-openbsd-64int
uname='openbsd oatcake.bingosnet.co.uk 5.1 generic#160 i386 '
config_args='-des -Dprefix=/home/cpan/pit/64bit/perl-5.10.1 -Duse64bitint'
hint=recommended, useposix=true, d_sigaction=define
useithreads=undef, usemultiplicity=undef
useperlio=define, d_sfio=undef, uselargefiles=define, usesocks=undef
use64bitint=define, use64bitall=undef, uselongdouble=undef
usemymalloc=y, bincompat5005=undef
Compiler:
cc='cc', ccflags ='-fno-strict-aliasing -pipe -fstack-protector -I/usr/local/include',
optimize='-O2',
cppflags='-fno-strict-aliasing -pipe -fstack-protector -I/usr/local/include'
ccversion='', gccversion='4.2.1 20070719 ', gccosandvers='openbsd5.1'
intsize=4, longsize=4, ptrsize=4, doublesize=8, byteorder=12345678
d_longlong=define, longlongsize=8, d_longdbl=define, longdblsize=12
ivtype='long long', ivsize=8, nvtype='double', nvsize=8, Off_t='off_t', lseeksize=8
alignbytes=4, prototype=define
Linker and Libraries:
ld='cc', ldflags ='-Wl,-E -fstack-protector -L/usr/local/lib'
libpth=/usr/local/lib /usr/lib
libs=-lgdbm -lm -lutil -lc
perllibs=-lm -lutil -lc
libc=/usr/lib/libc.so.62.0, so=so, useshrplib=false, libperl=libperl.a
gnulibc_version=''
Dynamic Linking:
dlsrc=dl_dlopen.xs, dlext=so, d_dlsymun=undef, ccdlflags=' '
cccdlflags='-DPIC -fPIC ', lddlflags='-shared -fPIC -L/usr/local/lib -fstack-protector'
Characteristics of this binary (from libperl):
Compile-time options: MYMALLOC PERL_DONT_CREATE_GVSV PERL_MALLOC_WRAP
USE_64_BIT_INT USE_LARGE_FILES USE_PERLIO
Built under openbsd
Compiled at May 4 2012 05:47:31
%ENV:
PERL5LIB=":/home/cpan/pit/64bit/conf/perl-5.10.1/.cpanplus/5.10.1/build/Mo-0.36/blib/lib:/home/cpan/pit/64bit/conf/perl-5.10.1/.cpanplus/5.10.1/build/Mo-0.36/blib/arch"
PERL5_CPANPLUS_IS_RUNNING="13753"
PERL5_CPANPLUS_IS_VERSION="0.9142"
PERL5_MINISMOKEBOX="0.58"
PERL5_YACSMOKE_BASE="/home/cpan/pit/64bit/conf/perl-5.10.1"
PERL_EXTUTILS_AUTOINSTALL="--defaultdeps"
PERL_MM_USE_DEFAULT="1"
@INC:
/home/cpan/pit/64bit/conf/perl-5.10.1/.cpanplus/5.10.1/build/Mo-0.36/blib/lib
/home/cpan/pit/64bit/conf/perl-5.10.1/.cpanplus/5.10.1/build/Mo-0.36/blib/arch
/home/cpan/pit/64bit/perl-5.10.1/lib/5.10.1/OpenBSD.i386-openbsd-64int
/home/cpan/pit/64bit/perl-5.10.1/lib/5.10.1
/home/cpan/pit/64bit/perl-5.10.1/lib/site_perl/5.10.1/OpenBSD.i386-openbsd-64int
/home/cpan/pit/64bit/perl-5.10.1/lib/site_perl/5.10.1
.