Report for KiokuDB-0.57

Back
From: metabase:user:314402c4-2aae-11df-837a-5e0a49663a4f
Subject: FAIL KiokuDB-0.57 v5.25.10 FreeBSD
Date: 2017-02-23T01:33:07Z

This distribution has been tested as part of the CPAN Testers
project, supporting the Perl programming language.  See
http://wiki.cpantesters.org/ for more information or email
questions to cpan-testers-discuss@perl.org


--
Dear Jesse Luehrs,

This is a computer-generated report for KiokuDB-0.57
on perl 5.25.10, created by CPAN-Reporter-1.2018.

Thank you for uploading your work to CPAN.  However, there was a problem
testing your distribution.

If you think this report is invalid, please consult the CPAN Testers Wiki
for suggestions on how to avoid getting FAIL reports for missing library
or binary dependencies, unsupported operating systems, and so on:

http://wiki.cpantesters.org/wiki/CPANAuthorNotes

Sections of this report:

    * Tester comments
    * Program output
    * Prerequisites
    * Environment and other context

------------------------------
TESTER COMMENTS
------------------------------

Additional comments from tester:

none provided

------------------------------
PROGRAM OUTPUT
------------------------------

Output from '/usr/bin/make test':

PERL_DL_NONLAZY=1 "/usr/perl5.25.10/bin/perl5.25.10" "-MExtUtils::Command::MM" "-MTest::Harness" "-e" "undef *Test::Harness::Switches; test_harness(0, 'blib/lib', 'blib/arch')" t/*.t
t/00-compile.t ................. ok
t/coderefs.t ................... ok
t/collapser.t .................. ok
t/digest.t ..................... ok
t/directory.t .................. ok
t/entry.t ...................... ok
t/gc_naive.t ................... ok
Attempt to free unreferenced scalar: SV 0x4bdd50a8 at /home/cpansand/.cpan/build/2017022300/KiokuDB-0.57-0/blib/lib/KiokuDB/Test/Fixture/Sets.pm line 150.

#   Failed test 'no error in fixture'
#   at /home/cpansand/.cpan/build/2017022300/KiokuDB-0.57-0/blib/lib/KiokuDB/Test.pm line 38.
# died: Transaction aborted: Can't store REGEXP items at /usr/perl5.25.10/lib/5.25.10/amd64-freebsd/Storable.pm line 347, at /home/cpansand/.cpan/build/2017022300/KiokuDB-0.57-0/blib/lib/KiokuDB/Backend/Serialize/Storable.pm line 23.
# , rollback failed: no open transaction at /home/cpansand/.cpan/build/2017022300/KiokuDB-0.57-0/blib/lib/KiokuDB/Backend/Role/TXN.pm line 46.
#  at /home/cpansand/.cpan/build/2017022300/KiokuDB-0.57-0/blib/lib/KiokuDB/Backend/Role/TXN.pm line 50.
# Looks like you failed 1 test of 601.
t/gin.t ........................ 
Dubious, test returned 1 (wstat 256, 0x100)
Failed 1/601 subtests 
	(less 2 skipped subtests: 598 okay)
Attempt to free unreferenced scalar: SV 0x4be22c90 at /home/cpansand/.cpan/build/2017022300/KiokuDB-0.57-0/blib/lib/KiokuDB/Test/Fixture/Sets.pm line 150.

#   Failed test 'no error in fixture'
#   at /home/cpansand/.cpan/build/2017022300/KiokuDB-0.57-0/blib/lib/KiokuDB/Test.pm line 38.
# died: Transaction aborted: Can't store REGEXP items at /home/cpansand/.cpan/build/2017022300/KiokuDB-0.57-0/blib/lib/KiokuDB/Backend/Serialize/Memory.pm line 22.
# , rollback failed: no open transaction at /home/cpansand/.cpan/build/2017022300/KiokuDB-0.57-0/blib/lib/KiokuDB/Backend/Role/TXN.pm line 46.
#  at /home/cpansand/.cpan/build/2017022300/KiokuDB-0.57-0/blib/lib/KiokuDB/Backend/Role/TXN.pm line 50.
Attempt to free unreferenced scalar: SV 0x4c8c23a8 at /home/cpansand/.cpan/build/2017022300/KiokuDB-0.57-0/blib/lib/KiokuDB/Test/Fixture/Sets.pm line 150.

#   Failed test 'no error in fixture'
#   at /home/cpansand/.cpan/build/2017022300/KiokuDB-0.57-0/blib/lib/KiokuDB/Test.pm line 38.
# died: Transaction aborted: Can't store REGEXP items at /home/cpansand/.cpan/build/2017022300/KiokuDB-0.57-0/blib/lib/KiokuDB/Backend/Serialize/Memory.pm line 22.
# , rollback failed: no open transaction at /home/cpansand/.cpan/build/2017022300/KiokuDB-0.57-0/blib/lib/KiokuDB/Backend/Role/TXN.pm line 46.
#  at /home/cpansand/.cpan/build/2017022300/KiokuDB-0.57-0/blib/lib/KiokuDB/Backend/Role/TXN.pm line 50.
Attempt to free unreferenced scalar: SV 0x4ce40468 at /home/cpansand/.cpan/build/2017022300/KiokuDB-0.57-0/blib/lib/KiokuDB/Test/Fixture/Sets.pm line 150.

#   Failed test 'no error in fixture'
#   at /home/cpansand/.cpan/build/2017022300/KiokuDB-0.57-0/blib/lib/KiokuDB/Test.pm line 38.
# died: Transaction aborted: Can't store REGEXP items at /home/cpansand/.cpan/build/2017022300/KiokuDB-0.57-0/blib/lib/KiokuDB/Backend/Serialize/Memory.pm line 22.
# , rollback failed: no open transaction at /home/cpansand/.cpan/build/2017022300/KiokuDB-0.57-0/blib/lib/KiokuDB/Backend/Role/TXN.pm line 46.
#  at /home/cpansand/.cpan/build/2017022300/KiokuDB-0.57-0/blib/lib/KiokuDB/Backend/Role/TXN.pm line 50.
Attempt to free unreferenced scalar: SV 0x4cc5cea0 at /home/cpansand/.cpan/build/2017022300/KiokuDB-0.57-0/blib/lib/KiokuDB/Test/Fixture/Sets.pm line 150.

#   Failed test 'no error in fixture'
#   at /home/cpansand/.cpan/build/2017022300/KiokuDB-0.57-0/blib/lib/KiokuDB/Test.pm line 38.
# died: Transaction aborted: Can't store REGEXP items at /home/cpansand/.cpan/build/2017022300/KiokuDB-0.57-0/blib/lib/KiokuDB/Backend/Serialize/Memory.pm line 22.
# , rollback failed: no open transaction at /home/cpansand/.cpan/build/2017022300/KiokuDB-0.57-0/blib/lib/KiokuDB/Backend/Role/TXN.pm line 46.
#  at /home/cpansand/.cpan/build/2017022300/KiokuDB-0.57-0/blib/lib/KiokuDB/Backend/Role/TXN.pm line 50.
Attempt to free unreferenced scalar: SV 0x4ceaf768 at /home/cpansand/.cpan/build/2017022300/KiokuDB-0.57-0/blib/lib/KiokuDB/Test/Fixture/Sets.pm line 150.

#   Failed test 'no error in fixture'
#   at /home/cpansand/.cpan/build/2017022300/KiokuDB-0.57-0/blib/lib/KiokuDB/Test.pm line 38.
# died: Transaction aborted: Can't store REGEXP items at /home/cpansand/.cpan/build/2017022300/KiokuDB-0.57-0/blib/lib/KiokuDB/Backend/Serialize/Memory.pm line 22.
# , rollback failed: no open transaction at /home/cpansand/.cpan/build/2017022300/KiokuDB-0.57-0/blib/lib/KiokuDB/Backend/Role/TXN.pm line 46.
#  at /home/cpansand/.cpan/build/2017022300/KiokuDB-0.57-0/blib/lib/KiokuDB/Backend/Role/TXN.pm line 50.
Attempt to free unreferenced scalar: SV 0x4c8f8cf0 at /home/cpansand/.cpan/build/2017022300/KiokuDB-0.57-0/blib/lib/KiokuDB/Test/Fixture/Sets.pm line 150.

#   Failed test 'no error in fixture'
#   at /home/cpansand/.cpan/build/2017022300/KiokuDB-0.57-0/blib/lib/KiokuDB/Test.pm line 38.
# died: Transaction aborted: Can't store REGEXP items at /home/cpansand/.cpan/build/2017022300/KiokuDB-0.57-0/blib/lib/KiokuDB/Backend/Serialize/Memory.pm line 22.
# , rollback failed: no open transaction at /home/cpansand/.cpan/build/2017022300/KiokuDB-0.57-0/blib/lib/KiokuDB/Backend/Role/TXN.pm line 46.
#  at /home/cpansand/.cpan/build/2017022300/KiokuDB-0.57-0/blib/lib/KiokuDB/Backend/Role/TXN.pm line 50.
Attempt to free unreferenced scalar: SV 0x4d216450 at /home/cpansand/.cpan/build/2017022300/KiokuDB-0.57-0/blib/lib/KiokuDB/Test/Fixture/Sets.pm line 150.

#   Failed test 'no error in fixture'
#   at /home/cpansand/.cpan/build/2017022300/KiokuDB-0.57-0/blib/lib/KiokuDB/Test.pm line 38.
# died: Transaction aborted: Can't store REGEXP items at /home/cpansand/.cpan/build/2017022300/KiokuDB-0.57-0/blib/lib/KiokuDB/Backend/Serialize/Memory.pm line 22.
# , rollback failed: no open transaction at /home/cpansand/.cpan/build/2017022300/KiokuDB-0.57-0/blib/lib/KiokuDB/Backend/Role/TXN.pm line 46.
#  at /home/cpansand/.cpan/build/2017022300/KiokuDB-0.57-0/blib/lib/KiokuDB/Backend/Role/TXN.pm line 50.
Attempt to free unreferenced scalar: SV 0x4c964288 at /home/cpansand/.cpan/build/2017022300/KiokuDB-0.57-0/blib/lib/KiokuDB/Test/Fixture/Sets.pm line 150.

#   Failed test 'no error in fixture'
#   at /home/cpansand/.cpan/build/2017022300/KiokuDB-0.57-0/blib/lib/KiokuDB/Test.pm line 38.
# died: Transaction aborted: Can't store REGEXP items at /home/cpansand/.cpan/build/2017022300/KiokuDB-0.57-0/blib/lib/KiokuDB/Backend/Serialize/Memory.pm line 22.
# , rollback failed: no open transaction at /home/cpansand/.cpan/build/2017022300/KiokuDB-0.57-0/blib/lib/KiokuDB/Backend/Role/TXN.pm line 46.
#  at /home/cpansand/.cpan/build/2017022300/KiokuDB-0.57-0/blib/lib/KiokuDB/Backend/Role/TXN.pm line 50.
Attempt to free unreferenced scalar: SV 0x4ce978e8 at /home/cpansand/.cpan/build/2017022300/KiokuDB-0.57-0/blib/lib/KiokuDB/Test/Fixture/Sets.pm line 150.

#   Failed test 'no error in fixture'
#   at /home/cpansand/.cpan/build/2017022300/KiokuDB-0.57-0/blib/lib/KiokuDB/Test.pm line 38.
# died: Transaction aborted: Can't store REGEXP items at /usr/perl5.25.10/lib/5.25.10/amd64-freebsd/Storable.pm line 347, at /home/cpansand/.cpan/build/2017022300/KiokuDB-0.57-0/blib/lib/KiokuDB/Backend/Serialize/Storable.pm line 23.
# , rollback failed: no open transaction at /home/cpansand/.cpan/build/2017022300/KiokuDB-0.57-0/blib/lib/KiokuDB/Backend/Role/TXN.pm line 46.
#  at /home/cpansand/.cpan/build/2017022300/KiokuDB-0.57-0/blib/lib/KiokuDB/Backend/Role/TXN.pm line 50.
Attempt to free unreferenced scalar: SV 0x4cb55228 at /home/cpansand/.cpan/build/2017022300/KiokuDB-0.57-0/blib/lib/KiokuDB/Test/Fixture/Sets.pm line 150.

#   Failed test 'no error in fixture'
#   at /home/cpansand/.cpan/build/2017022300/KiokuDB-0.57-0/blib/lib/KiokuDB/Test.pm line 38.
# died: Transaction aborted: Can't store REGEXP items at /usr/perl5.25.10/lib/5.25.10/amd64-freebsd/Storable.pm line 347, at /home/cpansand/.cpan/build/2017022300/KiokuDB-0.57-0/blib/lib/KiokuDB/Backend/Serialize/Storable.pm line 23.
# , rollback failed: no open transaction at /home/cpansand/.cpan/build/2017022300/KiokuDB-0.57-0/blib/lib/KiokuDB/Backend/Role/TXN.pm line 46.
#  at /home/cpansand/.cpan/build/2017022300/KiokuDB-0.57-0/blib/lib/KiokuDB/Backend/Role/TXN.pm line 50.
Attempt to free unreferenced scalar: SV 0x4d3540c0 at /home/cpansand/.cpan/build/2017022300/KiokuDB-0.57-0/blib/lib/KiokuDB/Test/Fixture/Sets.pm line 150.

#   Failed test 'no error in fixture'
#   at /home/cpansand/.cpan/build/2017022300/KiokuDB-0.57-0/blib/lib/KiokuDB/Test.pm line 38.
# died: Transaction aborted: Can't store REGEXP items at /usr/perl5.25.10/lib/5.25.10/amd64-freebsd/Storable.pm line 347, at /home/cpansand/.cpan/build/2017022300/KiokuDB-0.57-0/blib/lib/KiokuDB/Backend/Serialize/Storable.pm line 23.
# , rollback failed: no open transaction at /home/cpansand/.cpan/build/2017022300/KiokuDB-0.57-0/blib/lib/KiokuDB/Backend/Role/TXN.pm line 46.
#  at /home/cpansand/.cpan/build/2017022300/KiokuDB-0.57-0/blib/lib/KiokuDB/Backend/Role/TXN.pm line 50.
Attempt to free unreferenced scalar: SV 0x4cf878a0 at /home/cpansand/.cpan/build/2017022300/KiokuDB-0.57-0/blib/lib/KiokuDB/Test/Fixture/Sets.pm line 150.

#   Failed test 'no error in fixture'
#   at /home/cpansand/.cpan/build/2017022300/KiokuDB-0.57-0/blib/lib/KiokuDB/Test.pm line 38.
# died: Transaction aborted: Can't store REGEXP items at /usr/perl5.25.10/lib/5.25.10/amd64-freebsd/Storable.pm line 347, at /home/cpansand/.cpan/build/2017022300/KiokuDB-0.57-0/blib/lib/KiokuDB/Backend/Serialize/Storable.pm line 23.
# , rollback failed: no open transaction at /home/cpansand/.cpan/build/2017022300/KiokuDB-0.57-0/blib/lib/KiokuDB/Backend/Role/TXN.pm line 46.
#  at /home/cpansand/.cpan/build/2017022300/KiokuDB-0.57-0/blib/lib/KiokuDB/Backend/Role/TXN.pm line 50.
Attempt to free unreferenced scalar: SV 0x4d322270 at /home/cpansand/.cpan/build/2017022300/KiokuDB-0.57-0/blib/lib/KiokuDB/Test/Fixture/Sets.pm line 150.

#   Failed test 'no error in fixture'
#   at /home/cpansand/.cpan/build/2017022300/KiokuDB-0.57-0/blib/lib/KiokuDB/Test.pm line 38.
# died: Transaction aborted: Can't store REGEXP items at /usr/perl5.25.10/lib/5.25.10/amd64-freebsd/Storable.pm line 347, at /home/cpansand/.cpan/build/2017022300/KiokuDB-0.57-0/blib/lib/KiokuDB/Backend/Serialize/Storable.pm line 23.
# , rollback failed: no open transaction at /home/cpansand/.cpan/build/2017022300/KiokuDB-0.57-0/blib/lib/KiokuDB/Backend/Role/TXN.pm line 46.
#  at /home/cpansand/.cpan/build/2017022300/KiokuDB-0.57-0/blib/lib/KiokuDB/Backend/Role/TXN.pm line 50.
Attempt to free unreferenced scalar: SV 0x4d537f90 at /home/cpansand/.cpan/build/2017022300/KiokuDB-0.57-0/blib/lib/KiokuDB/Test/Fixture/Sets.pm line 150.

#   Failed test 'no error in fixture'
#   at /home/cpansand/.cpan/build/2017022300/KiokuDB-0.57-0/blib/lib/KiokuDB/Test.pm line 38.
# died: Transaction aborted: Can't store REGEXP items at /usr/perl5.25.10/lib/5.25.10/amd64-freebsd/Storable.pm line 347, at /home/cpansand/.cpan/build/2017022300/KiokuDB-0.57-0/blib/lib/KiokuDB/Backend/Serialize/Storable.pm line 23.
# , rollback failed: no open transaction at /home/cpansand/.cpan/build/2017022300/KiokuDB-0.57-0/blib/lib/KiokuDB/Backend/Role/TXN.pm line 46.
#  at /home/cpansand/.cpan/build/2017022300/KiokuDB-0.57-0/blib/lib/KiokuDB/Backend/Role/TXN.pm line 50.
Attempt to free unreferenced scalar: SV 0x4c925e10 at /home/cpansand/.cpan/build/2017022300/KiokuDB-0.57-0/blib/lib/KiokuDB/Test/Fixture/Sets.pm line 150.

#   Failed test 'no error in fixture'
#   at /home/cpansand/.cpan/build/2017022300/KiokuDB-0.57-0/blib/lib/KiokuDB/Test.pm line 38.
# died: Transaction aborted: Can't store REGEXP items at /usr/perl5.25.10/lib/5.25.10/amd64-freebsd/Storable.pm line 347, at /home/cpansand/.cpan/build/2017022300/KiokuDB-0.57-0/blib/lib/KiokuDB/Backend/Serialize/Storable.pm line 23.
# , rollback failed: no open transaction at /home/cpansand/.cpan/build/2017022300/KiokuDB-0.57-0/blib/lib/KiokuDB/Backend/Role/TXN.pm line 46.
#  at /home/cpansand/.cpan/build/2017022300/KiokuDB-0.57-0/blib/lib/KiokuDB/Backend/Role/TXN.pm line 50.
Attempt to free unreferenced scalar: SV 0x4cc71bb8 at /home/cpansand/.cpan/build/2017022300/KiokuDB-0.57-0/blib/lib/KiokuDB/Test/Fixture/Sets.pm line 150.

#   Failed test 'no error in fixture'
#   at /home/cpansand/.cpan/build/2017022300/KiokuDB-0.57-0/blib/lib/KiokuDB/Test.pm line 38.
# died: Transaction aborted: Can't store REGEXP items at /usr/perl5.25.10/lib/5.25.10/amd64-freebsd/Storable.pm line 347, at /home/cpansand/.cpan/build/2017022300/KiokuDB-0.57-0/blib/lib/KiokuDB/Backend/Serialize/Storable.pm line 23.
# , rollback failed: no open transaction at /home/cpansand/.cpan/build/2017022300/KiokuDB-0.57-0/blib/lib/KiokuDB/Backend/Role/TXN.pm line 46.
#  at /home/cpansand/.cpan/build/2017022300/KiokuDB-0.57-0/blib/lib/KiokuDB/Backend/Role/TXN.pm line 50.
Attempt to free unreferenced scalar: SV 0x4d5300a8 at /home/cpansand/.cpan/build/2017022300/KiokuDB-0.57-0/blib/lib/KiokuDB/Test/Fixture/Sets.pm line 150.
Attempt to free unreferenced scalar: SV 0x4dbb4438 at /home/cpansand/.cpan/build/2017022300/KiokuDB-0.57-0/blib/lib/KiokuDB/Test/Fixture/Sets.pm line 150.
Attempt to free unreferenced scalar: SV 0x4d537378 at /home/cpansand/.cpan/build/2017022300/KiokuDB-0.57-0/blib/lib/KiokuDB/Test/Fixture/Sets.pm line 150.
Attempt to free unreferenced scalar: SV 0x4d5c2978 at /home/cpansand/.cpan/build/2017022300/KiokuDB-0.57-0/blib/lib/KiokuDB/Test/Fixture/Sets.pm line 150.
Attempt to free unreferenced scalar: SV 0x4d9467b0 at /home/cpansand/.cpan/build/2017022300/KiokuDB-0.57-0/blib/lib/KiokuDB/Test/Fixture/Sets.pm line 150.
Attempt to free unreferenced scalar: SV 0x4d8ac1e0 at /home/cpansand/.cpan/build/2017022300/KiokuDB-0.57-0/blib/lib/KiokuDB/Test/Fixture/Sets.pm line 150.
Attempt to free unreferenced scalar: SV 0x4d8526c0 at /home/cpansand/.cpan/build/2017022300/KiokuDB-0.57-0/blib/lib/KiokuDB/Test/Fixture/Sets.pm line 150.
Attempt to free unreferenced scalar: SV 0x4e05a8e8 at /home/cpansand/.cpan/build/2017022300/KiokuDB-0.57-0/blib/lib/KiokuDB/Test/Fixture/Sets.pm line 150.
Attempt to free unreferenced scalar: SV 0x4cfe65d0 at /home/cpansand/.cpan/build/2017022300/KiokuDB-0.57-0/blib/lib/KiokuDB/Test/Fixture/Sets.pm line 150.
Attempt to free unreferenced scalar: SV 0x4e2f2de0 at /home/cpansand/.cpan/build/2017022300/KiokuDB-0.57-0/blib/lib/KiokuDB/Test/Fixture/Sets.pm line 150.
Attempt to free unreferenced scalar: SV 0x4d16fac8 at /home/cpansand/.cpan/build/2017022300/KiokuDB-0.57-0/blib/lib/KiokuDB/Test/Fixture/Sets.pm line 150.
Attempt to free unreferenced scalar: SV 0x4db67cc0 at /home/cpansand/.cpan/build/2017022300/KiokuDB-0.57-0/blib/lib/KiokuDB/Test/Fixture/Sets.pm line 150.
Attempt to free unreferenced scalar: SV 0x4e47af90 at /home/cpansand/.cpan/build/2017022300/KiokuDB-0.57-0/blib/lib/KiokuDB/Test/Fixture/Sets.pm line 150.
Attempt to free unreferenced scalar: SV 0x4db54f00 at /home/cpansand/.cpan/build/2017022300/KiokuDB-0.57-0/blib/lib/KiokuDB/Test/Fixture/Sets.pm line 150.
Attempt to free unreferenced scalar: SV 0x4d5dd918 at /home/cpansand/.cpan/build/2017022300/KiokuDB-0.57-0/blib/lib/KiokuDB/Test/Fixture/Sets.pm line 150.
Attempt to free unreferenced scalar: SV 0x4d79bfa8 at /home/cpansand/.cpan/build/2017022300/KiokuDB-0.57-0/blib/lib/KiokuDB/Test/Fixture/Sets.pm line 150.
# Looks like you failed 16 tests of 19528.
t/hash.t ....................... 
Dubious, test returned 16 (wstat 4096, 0x1000)
Failed 16/19528 subtests 
	(less 120 skipped subtests: 19392 okay)
t/hash_backend.t ............... ok
t/jspon_serialization.t ........ ok
t/kiokudb_class_native.t ....... ok
t/lazy.t ....................... ok
t/link_checker.t ............... ok
t/link_checker_real.t .......... ok
t/live_objs.t .................. ok
t/moose_triggers.t ............. ok
t/ref.t ........................ ok
t/scaling.t .................... ok
t/serializer.t ................. ok
t/stream.t ..................... ok
t/tied.t ....................... ok
t/typemap.t .................... ok
t/typemap_default_json.t ....... ok
t/typemap_default_storable.t ... ok
t/typemap_entry_callback.t ..... ok
t/typemap_entry_mop.t .......... ok
t/typemap_entry_naive.t ........ ok
t/typemap_entry_passthrough.t .. ok
t/typemap_entry_storable.t ..... ok
t/typemap_extra.t .............. ok
t/typemap_resolver.t ........... ok
t/typemap_values.t ............. ok
t/uuid.t ....................... ok
t/versioning.t ................. ok

Test Summary Report
-------------------
t/gin.t                      (Wstat: 256 Tests: 601 Failed: 1)
  Failed test:  375
  Non-zero exit status: 1
t/hash.t                     (Wstat: 4096 Tests: 19528 Failed: 16)
  Failed tests:  351, 924, 1501, 2074, 2662, 3236, 3814
                4388, 4955, 5528, 6105, 6678, 7266, 7840
                8418, 8992
  Non-zero exit status: 16
Files=35, Tests=22081, 216 wallclock secs ( 0.12 usr  3.36 sys + 20.34 cusr 50.89 csys = 74.70 CPU)
Result: FAIL
Failed 2/35 test programs. 17/22081 subtests failed.
*** Error code 255

Stop.
make: stopped in /home/cpansand/.cpan/build/2017022300/KiokuDB-0.57-0

------------------------------
PREREQUISITES
------------------------------

Prerequisite modules loaded:

requires:

    Module                                         Need   Have    
    ---------------------------------------------- ------ --------
    B                                              0      1.68    
    B::Deparse                                     0      1.40    
    Cache::Ref                                     0.02   0.04    
    Carp                                           0      1.42    
    Class::Load                                    0      0.23    
    constant                                       0      1.33    
    Data::Stream::Bulk                             0.08   0.11    
    Data::Stream::Bulk::Util                       0      0.11    
    Data::Swap                                     0      0.08    
    Data::UUID                                     1.203  1.221   
    Data::Visitor                                  0.24   0.30    
    Digest::SHA                                    0      5.96    
    Encode                                         0      2.88    
    Hash::Util::FieldHash::Compat                  0      0.11    
    IO::Handle                                     0      1.36    
    JSON                                           2.12   2.90    
    JSON::XS                                       2.231  3.03    
    List::Util                                     0      1.46_02 
    Module::Pluggable::Object                      0      5.2     
    Moose                                          2.0000 2.2004  
    Moose::Exporter                                0      2.2004  
    Moose::Role                                    0      2.2004  
    Moose::Util                                    0      2.2004  
    Moose::Util::MetaRole                          0      2.2004  
    Moose::Util::TypeConstraints                   0      2.2004  
    MooseX::Clone                                  0.04   0.06    
    MooseX::Clone::Meta::Attribute::Trait::NoClone 0      0.06    
    MooseX::Role::Parameterized                    0.10   1.09    
    MooseX::YAML                                   0.04   0.04    
    namespace::clean                               0.08   0.27    
    overload                                       0      1.28    
    PadWalker                                      1.9    2.2     
    Path::Class                                    0      0.37    
    POSIX                                          0      1.76    
    Scalar::Util                                   0      1.46_02 
    Scope::Guard                                   0      0.21    
    Search::GIN::Driver                            0      0.11    
    Search::GIN::Extract                           0      0.11    
    Search::GIN::Query::Class                      0.03   0.11    
    Set::Object                                    1.26   1.35    
    Storable                                       0      2.62    
    strict                                         0      1.11    
    Sub::Exporter                                  0      0.987   
    Symbol                                         0      1.08    
    Test::Exception                                0      0.43    
    Test::Moose                                    0      2.2004  
    Test::More                                     0.88   1.302073
    Throwable                                      0      0.200013
    Tie::RefHash                                   0      1.39    
    Tie::ToObject                                  0      0.03    
    Try::Tiny                                      0      0.28    
    utf8                                           0      1.19    
    warnings                                       0      1.37    
    YAML::XS                                       0.30   0.63    

build_requires:

    Module                                         Need   Have    
    ---------------------------------------------- ------ --------
    base                                           0      2.24    
    Cache::Ref::CART                               0      0.04    
    Cache::Ref::CLOCK                              0      0.04    
    Data::Dumper                                   0      2.167   
    Data::Stream::Bulk::Callback                   0      0.11    
    File::Spec                                     0      3.66    
    if                                             0      0.0606  
    IO::Handle                                     0      1.36    
    IPC::Open3                                     0      1.20    
    Search::GIN::Driver::Hash                      0      0.11    
    Search::GIN::Extract::Class                    0      0.11    
    Search::GIN::Extract::Delegate                 0      0.11    
    Test::More                                     0.88   1.302073

configure_requires:

    Module                                         Need   Have    
    ---------------------------------------------- ------ --------
    ExtUtils::MakeMaker                            6.30   7.24    


------------------------------
ENVIRONMENT AND OTHER CONTEXT
------------------------------

Environment variables:

    LC_ALL = de_DE.ISO8859-1
    PATH = /usr/local/bin:/usr/bin:/bin:/usr/local/sbin:/usr/sbin:/sbin:/home/cpansand/bin/freebsd10.3:/home/cpansand/bin/sh:/home/cpansand/bin:/usr/games:/home/cpansand/devel:/home/eserte/src/srezic-misc/scripts
    PERL5LIB = 
    PERL5OPT = 
    PERL5_CPANPLUS_IS_RUNNING = 58028
    PERL5_CPAN_IS_RUNNING = 58028
    PERL5_CPAN_IS_RUNNING_IN_RECURSION = 57992,58028
    PERLDOC = -MPod::Perldoc::ToTextOverstrike
    PERL_BATCH = yes
    PERL_CANARY_STABILITY_NOPROMPT = 1
    PERL_CPAN_REPORTER_CONFIG = /var/tmp/cpansmoker-1023/2017022300/cpanreporter_003_config.ini
    PERL_EXTUTILS_AUTOINSTALL = --defaultdeps
    PERL_USE_UNSAFE_INC = 1
    SHELL = /usr/local/bin/zsh
    TERM = screen
    TMPDIR = /var/tmp/cpansmoker-1023/2017022300

Perl special variables (and OS-specific diagnostics, for MSWin32):

    $^X = /usr/perl5.25.10/bin/perl5.25.10
    $UID/$EUID = 1023 / 1023
    $GID = 1023 1023
    $EGID = 1023 1023

Perl module toolchain versions installed:

    Module              Have      
    ------------------- ----------
    CPAN                2.17      
    CPAN::Meta          2.150010  
    Cwd                 3.66      
    ExtUtils::CBuilder  0.280225  
    ExtUtils::Command   7.24      
    ExtUtils::Install   2.04      
    ExtUtils::MakeMaker 7.24      
    ExtUtils::Manifest  1.70      
    ExtUtils::ParseXS   3.33      
    File::Spec          3.66      
    JSON                2.90      
    JSON::PP            2.27400_02
    Module::Build       0.4220    
    Module::Signature   n/a       
    Parse::CPAN::Meta   2.150010  
    Test::Harness       3.36_01   
    Test::More          1.302073  
    YAML                1.23      
    YAML::Syck          1.29      
    version             0.9917    


--

Summary of my perl5 (revision 5 version 25 subversion 10) configuration:
   
  Platform:
    osname=freebsd
    osvers=10.3-release-p11
    archname=amd64-freebsd
    uname='freebsd cvrsnica-freebsd-101.herceg.de 10.3-release-p11 freebsd 10.3-release-p11 #0: mon oct 24 18:49:24 utc 2016 root@amd64-builder.daemonology.net:usrobjusrsrcsysgeneric amd64 '
    config_args='-ds -e -Dprefix=/usr/perl5.25.10 -Dusedevel -Dusemallocwrap=no -Dcf_email=srezic@cpan.org -Doptimize=-O2 -pipe'
    hint=recommended
    useposix=true
    d_sigaction=define
    useithreads=undef
    usemultiplicity=undef
    use64bitint=define
    use64bitall=define
    uselongdouble=undef
    usemymalloc=n
    bincompat5005=undef
  Compiler:
    cc='cc'
    ccflags ='-DHAS_FPSETMASK -DHAS_FLOATINGPOINT_H -fno-strict-aliasing -pipe -fstack-protector -I/usr/local/include -D_FORTIFY_SOURCE=2'
    optimize='-O2 -pipe'
    cppflags='-DHAS_FPSETMASK -DHAS_FLOATINGPOINT_H -fno-strict-aliasing -pipe -fstack-protector -I/usr/local/include'
    ccversion=''
    gccversion='4.2.1 Compatible FreeBSD Clang 3.4.1 (tags/RELEASE_34/dot1-final 208032)'
    gccosandvers=''
    intsize=4
    longsize=8
    ptrsize=8
    doublesize=8
    byteorder=12345678
    doublekind=3
    d_longlong=define
    longlongsize=8
    d_longdbl=define
    longdblsize=16
    longdblkind=3
    ivtype='long'
    ivsize=8
    nvtype='double'
    nvsize=8
    Off_t='off_t'
    lseeksize=8
    alignbytes=8
    prototype=define
  Linker and Libraries:
    ld='cc'
    ldflags ='-Wl,-E  -fstack-protector -L/usr/local/lib'
    libpth=/usr/lib /usr/local/lib /usr/include/clang/3.4.1 /usr/lib
    libs=-lpthread -lgdbm -lm -lcrypt -lutil -lc -lelf
    perllibs=-lpthread -lm -lcrypt -lutil -lc -lelf
    libc=
    so=so
    useshrplib=false
    libperl=libperl.a
    gnulibc_version=''
  Dynamic Linking:
    dlsrc=dl_dlopen.xs
    dlext=so
    d_dlsymun=undef
    ccdlflags=' '
    cccdlflags='-DPIC -fPIC'
    lddlflags='-shared  -L/usr/local/lib -fstack-protector'


Characteristics of this binary (from libperl): 
  Compile-time options:
    HAS_TIMES
    PERLIO_LAYERS
    PERL_COPY_ON_WRITE
    PERL_DONT_CREATE_GVSV
    PERL_OP_PARENT
    PERL_PRESERVE_IVUV
    PERL_USE_DEVEL
    USE_64_BIT_ALL
    USE_64_BIT_INT
    USE_LARGE_FILES
    USE_LOCALE
    USE_LOCALE_COLLATE
    USE_LOCALE_CTYPE
    USE_LOCALE_NUMERIC
    USE_LOCALE_TIME
    USE_PERLIO
    USE_PERL_ATOF
  Built under freebsd
  Compiled at Feb 21 2017 22:03:04
  %ENV:
    PERL5LIB=""
    PERL5OPT=""
    PERL5_CPANPLUS_IS_RUNNING="58028"
    PERL5_CPAN_IS_RUNNING="58028"
    PERL5_CPAN_IS_RUNNING_IN_RECURSION="57992,58028"
    PERLDOC="-MPod::Perldoc::ToTextOverstrike"
    PERL_BATCH="yes"
    PERL_CANARY_STABILITY_NOPROMPT="1"
    PERL_CPAN_REPORTER_CONFIG="/var/tmp/cpansmoker-1023/2017022300/cpanreporter_003_config.ini"
    PERL_EXTUTILS_AUTOINSTALL="--defaultdeps"
    PERL_USE_UNSAFE_INC="1"
  @INC:
    /usr/perl5.25.10/lib/site_perl/5.25.10/amd64-freebsd
    /usr/perl5.25.10/lib/site_perl/5.25.10
    /usr/perl5.25.10/lib/5.25.10/amd64-freebsd
    /usr/perl5.25.10/lib/5.25.10
    .