Media-Convert v1.4.1 Perl 5 v5.24.0 amd64-freebsd

Status
Fail
From
Slaven Rezić
Dist
Media-Convert v1.4.1
Platform
Perl 5 v5.24.0 amd64-freebsd
Date
2024-12-23 21:08:14
ID
05db5bee-c172-11ef-b788-e4146e8775ea
This distribution has been tested as part of the CPAN Testers
project, supporting the Perl programming language.  See
http://wiki.cpantesters.org/ for more information or email
questions to cpan-testers-discuss@perl.org


--
Dear Wouter Verhelst,

This is a computer-generated report for Media-Convert-1.4.1
on perl 5.24.0, created by CPAN-Reporter-1.2019.

Thank you for uploading your work to CPAN.  However, there was a problem
testing your distribution.

If you think this report is invalid, please consult the CPAN Testers Wiki
for suggestions on how to avoid getting FAIL reports for missing library
or binary dependencies, unsupported operating systems, and so on:

http://wiki.cpantesters.org/wiki/CPANAuthorNotes

Sections of this report:

    * Tester comments
    * Program output
    * Prerequisites
    * Environment and other context

------------------------------
TESTER COMMENTS
------------------------------

Additional comments from tester:

none provided

------------------------------
PROGRAM OUTPUT
------------------------------

Output from '/usr/bin/make test':

PERL_DL_NONLAZY=1 "/usr/perl5.24.0p/bin/perl5.24.0" "-MExtUtils::Command::MM" "-MTest::Harness" "-e" "undef *Test::Harness::Switches; test_harness(0, 'blib/lib', 'blib/arch')" t/*.t
t/aac_channels.t .. ok
t/av1.t ........... ok
t/avsync.t ........ ok
t/codecs.t ........ ok
t/concat.t ........ ok
Unknown encoder 'libopus'
"ffmpeg" unexpectedly returned exit value 1 at t/convert.t line 16.
 at /home/cpansand/.cpan/build/2024122220/Media-Convert-1.4.1-0/blib/lib/Media/Convert/Pipe.pm line 357
	(in cleanup) object destructor for Media::Convert::Pipe object entered without having seen a run! at /home/cpansand/.cpan/build/2024122220/Media-Convert-1.4.1-0/blib/lib/Media/Convert/Pipe.pm line 368.
	Media::Convert::Pipe::DESTROY(Media::Convert::Pipe=HASH(0x805da0d68)) called at (eval 288) line 23
	eval {...} called at (eval 288) line 23
# Looks like your test exited with 1 just after 5.
t/convert.t ....... 
Dubious, test returned 1 (wstat 256, 0x100)
Failed 5/10 subtests 
t/copy.t .......... ok
t/keyframes.t ..... ok
malformed JSON string, neither tag, array, object, number, string or atom, at character offset 0 at /home/cpansand/.cpan/build/2024122220/Media-Convert-1.4.1-0/blib/lib/Media/Convert/Normalizer/Ffmpeg.pm line 60, <GEN0> line 27.
# Looks like your test exited with 255 just after 5.
t/normalize.t ..... 
Dubious, test returned 255 (wstat 65280, 0xff00)
Failed 4/9 subtests 
No pixel format specified, yuv444p for H.264 encoding chosen.
Use -pix_fmt yuv420p for compatibility with outdated media players.
t/pnggen.t ........ ok
t/probe.t ......... ok
Unknown encoder 'libopus'
"ffmpeg" unexpectedly returned exit value 1 at t/profiles.t line 31.
 at /home/cpansand/.cpan/build/2024122220/Media-Convert-1.4.1-0/blib/lib/Media/Convert/Pipe.pm line 357
	(in cleanup) object destructor for Media::Convert::Pipe object entered without having seen a run! at /home/cpansand/.cpan/build/2024122220/Media-Convert-1.4.1-0/blib/lib/Media/Convert/Pipe.pm line 368.
	Media::Convert::Pipe::DESTROY(Media::Convert::Pipe=HASH(0x805d7d150)) called at t/profiles.t line 0
	eval {...} called at t/profiles.t line 0
# Looks like your test exited with 1 just after 9.
t/profiles.t ...... 
Dubious, test returned 1 (wstat 256, 0x100)
Failed 36/45 subtests 
Use of uninitialized value in multiplication (*) at /home/cpansand/.cpan/build/2024122220/Media-Convert-1.4.1-0/blib/lib/Media/Convert/Pipe.pm line 235.
Codec AVOption speed () specified for output file #0 (t/testvids/out.ts) has not been used for any stream. The most likely reason is either wrong type (e.g. a video option with no video streams) or that it is a private option of some encoder which was not actually used for any stream.
t/reporting.t ..... ok
Can't locate JSON/MaybeXS.pm in @INC (you may need to install the JSON::MaybeXS module) (@INC contains: /home/cpansand/.cpan/build/2024122220/Media-Convert-1.4.1-0/blib/lib /home/cpansand/.cpan/build/2024122220/Media-Convert-1.4.1-0/blib/lib /home/cpansand/.cpan/build/2024122220/Media-Convert-1.4.1-0/blib/arch /usr/local/lib/perl5/site_perl/mach/5.24 /usr/local/lib/perl5/site_perl /usr/local/lib/perl5/5.24/mach /usr/local/lib/perl5/5.24 .) at /home/cpansand/.cpan/build/2024122220/Media-Convert-1.4.1-0/blib/lib/Media/Convert/Asset.pm line 91.
BEGIN failed--compilation aborted at /home/cpansand/.cpan/build/2024122220/Media-Convert-1.4.1-0/blib/lib/Media/Convert/Asset.pm line 91.
Compilation failed in require at ./scripts/mc-encode line 16.
BEGIN failed--compilation aborted at ./scripts/mc-encode line 16.
system perl -I /home/cpansand/.cpan/build/2024122220/Media-Convert-1.4.1-0/blib/lib ./scripts/mc-encode --input t/testvids/bbb.mp4 --output bbb.webm --multipass --profile webm failed: 512 at t/script.t line 20.
t/script.t ........ 
Dubious, test returned 2 (wstat 512, 0x200)
No subtests run 

Test Summary Report
-------------------
t/convert.t     (Wstat: 256 (exited 1) Tests: 5 Failed: 0)
  Non-zero exit status: 1
  Parse errors: Bad plan.  You planned 10 tests but ran 5.
t/normalize.t   (Wstat: 65280 (exited 255) Tests: 5 Failed: 0)
  Non-zero exit status: 255
  Parse errors: Bad plan.  You planned 9 tests but ran 5.
t/profiles.t    (Wstat: 256 (exited 1) Tests: 9 Failed: 0)
  Non-zero exit status: 1
  Parse errors: Bad plan.  You planned 45 tests but ran 9.
t/script.t      (Wstat: 512 (exited 2) Tests: 0 Failed: 0)
  Non-zero exit status: 2
  Parse errors: No plan found in TAP output
Files=14, Tests=95, 12 wallclock secs ( 0.04 usr  0.04 sys +  9.38 cusr  2.50 csys = 11.95 CPU)
Result: FAIL
Failed 4/14 test programs. 0/95 subtests failed.
*** Error code 2

Stop.
make: stopped in /home/cpansand/.cpan/build/2024122220/Media-Convert-1.4.1-0

------------------------------
PREREQUISITES
------------------------------

Prerequisite modules loaded:

requires:

    Module              Need Have    
    ------------------- ---- --------
    Alien::ffmpeg       0    0.105   
    IPC::System::Simple 0    1.30    
    JSON::MaybeXS       0    1.004008
    Moose               0    2.2207  
    MooseX::Singleton   0    0.30    
    SemVer              0    0.10.0  

build_requires:

    Module              Need Have    
    ------------------- ---- --------
    ExtUtils::MakeMaker 0    7.70    
    Test::More          0    1.302206

configure_requires:

    Module              Need Have    
    ------------------- ---- --------
    ExtUtils::MakeMaker 0    7.70    


------------------------------
ENVIRONMENT AND OTHER CONTEXT
------------------------------

Environment variables:

    LC_ALL = de_DE.ISO8859-1
    PATH = /usr/local/bin:/usr/bin:/bin:/usr/local/sbin:/usr/sbin:/sbin:/home/cpansand/bin/freebsd10.3:/home/cpansand/bin/sh:/home/cpansand/bin:/usr/games:/home/cpansand/devel:/home/eserte/src/srezic-misc/scripts
    PERL5LIB = 
    PERL5OPT = 
    PERL5_CPANPLUS_IS_RUNNING = 43957
    PERL5_CPAN_IS_RUNNING = 43957
    PERL5_CPAN_IS_RUNNING_IN_RECURSION = 37591,43957
    PERLDOC = -MPod::Perldoc::ToTextOverstrike
    PERL_BATCH = yes
    PERL_CANARY_STABILITY_NOPROMPT = 1
    PERL_CPAN_REPORTER_CONFIG = /var/tmp/cpansmoker-1023/2024122220/cpanreporter_000_config.ini
    PERL_EXTUTILS_AUTOINSTALL = --defaultdeps
    PERL_USE_UNSAFE_INC = 1
    SHELL = /usr/local/bin/zsh
    TERM = screen
    TMPDIR = /var/tmp/cpansmoker-1023/2024122220

Perl special variables (and OS-specific diagnostics, for MSWin32):

    $^X = /usr/perl5.24.0p/bin/perl5.24.0
    $UID/$EUID = 1023 / 1023
    $GID = 1023 1023
    $EGID = 1023 1023

Perl module toolchain versions installed:

    Module              Have    
    ------------------- --------
    CPAN                2.37    
    CPAN::Meta          2.150010
    Cwd                 3.75    
    ExtUtils::CBuilder  0.280236
    ExtUtils::Command   7.70    
    ExtUtils::Install   2.22    
    ExtUtils::MakeMaker 7.70    
    ExtUtils::Manifest  1.75    
    ExtUtils::ParseXS   3.51    
    File::Spec          3.75    
    JSON                4.10    
    JSON::PP            4.16    
    Module::Build       0.4234  
    Module::Signature   0.89    
    Parse::CPAN::Meta   2.150010
    Test2               1.302206
    Test::Harness       3.50    
    Test::More          1.302206
    YAML                1.30    
    YAML::Syck          1.34    
    version             0.9933  


--

Summary of my perl5 (revision 5 version 24 subversion 0) configuration:
   
  Platform:
    osname=freebsd, osvers=10.1-release, archname=amd64-freebsd
    uname='freebsd cvrsnica-freebsd-101.herceg.de 10.1-release freebsd 10.1-release #0 r274401: tue nov 11 21:02:49 utc 2014 root@releng1.nyi.freebsd.org:usrobjusrsrcsysgeneric amd64 '
    config_args='-ds -e -Dprefix=/usr/perl5.24.0p -Dcf_email=srezic@cpan.org -Doptimize=-O2 -pipe'
    hint=recommended, useposix=true, d_sigaction=define
    useithreads=undef, usemultiplicity=undef
    use64bitint=define, use64bitall=define, uselongdouble=undef
    usemymalloc=n, bincompat5005=undef
  Compiler:
    cc='cc', ccflags ='-DHAS_FPSETMASK -DHAS_FLOATINGPOINT_H -fno-strict-aliasing -pipe -fstack-protector -I/usr/local/include -D_FORTIFY_SOURCE=2',
    optimize='-O2 -pipe',
    cppflags='-DHAS_FPSETMASK -DHAS_FLOATINGPOINT_H -fno-strict-aliasing -pipe -fstack-protector -I/usr/local/include'
    ccversion='', gccversion='4.2.1 Compatible FreeBSD Clang 3.4.1 (tags/RELEASE_34/dot1-final 208032)', gccosandvers=''
    intsize=4, longsize=8, ptrsize=8, doublesize=8, byteorder=12345678, doublekind=3
    d_longlong=define, longlongsize=8, d_longdbl=define, longdblsize=16, longdblkind=3
    ivtype='long', ivsize=8, nvtype='double', nvsize=8, Off_t='off_t', lseeksize=8
    alignbytes=8, prototype=define
  Linker and Libraries:
    ld='cc', ldflags ='-pthread -Wl,-E  -fstack-protector -L/usr/local/lib'
    libpth=/usr/lib /usr/local/lib /usr/include/clang/3.4.1 /usr/lib
    libs=-lpthread -lgdbm -lm -lcrypt -lutil -lc
    perllibs=-lpthread -lm -lcrypt -lutil -lc
    libc=, so=so, useshrplib=false, libperl=libperl.a
    gnulibc_version=''
  Dynamic Linking:
    dlsrc=dl_dlopen.xs, dlext=so, d_dlsymun=undef, ccdlflags=' '
    cccdlflags='-DPIC -fPIC', lddlflags='-shared  -L/usr/local/lib -fstack-protector'


Characteristics of this binary (from libperl): 
  Compile-time options: HAS_TIMES PERLIO_LAYERS PERL_COPY_ON_WRITE
                        PERL_DONT_CREATE_GVSV
                        PERL_HASH_FUNC_ONE_AT_A_TIME_HARD PERL_MALLOC_WRAP
                        PERL_PRESERVE_IVUV USE_64_BIT_ALL USE_64_BIT_INT
                        USE_LARGE_FILES USE_LOCALE USE_LOCALE_COLLATE
                        USE_LOCALE_CTYPE USE_LOCALE_NUMERIC USE_LOCALE_TIME
                        USE_PERLIO USE_PERL_ATOF
  Built under freebsd
  Compiled at May 10 2016 08:49:38
  %ENV:
    PERL5LIB=""
    PERL5OPT=""
    PERL5_CPANPLUS_IS_RUNNING="43957"
    PERL5_CPAN_IS_RUNNING="43957"
    PERL5_CPAN_IS_RUNNING_IN_RECURSION="37591,43957"
    PERLDOC="-MPod::Perldoc::ToTextOverstrike"
    PERL_BATCH="yes"
    PERL_CANARY_STABILITY_NOPROMPT="1"
    PERL_CPAN_REPORTER_CONFIG="/var/tmp/cpansmoker-1023/2024122220/cpanreporter_000_config.ini"
    PERL_EXTUTILS_AUTOINSTALL="--defaultdeps"
    PERL_USE_UNSAFE_INC="1"
  @INC:
    /usr/perl5.24.0p/lib/site_perl/5.24.0/amd64-freebsd
    /usr/perl5.24.0p/lib/site_perl/5.24.0
    /usr/perl5.24.0p/lib/5.24.0/amd64-freebsd
    /usr/perl5.24.0p/lib/5.24.0
    .