Report for File-ANVL-1.04

Back
From: metabase:user:30f0bd62-2aae-11df-837a-5e0a49663a4f
Subject: FAIL File-ANVL-1.04 v5.17.0 OpenBSD
Date: 2012-06-01T11:14:55Z

This distribution has been tested as part of the CPAN Testers
project, supporting the Perl programming language.  See
http://wiki.cpantesters.org/ for more information or email
questions to cpan-testers-discuss@perl.org


--
Dear John A. Kunze,

This is a computer-generated report for File-ANVL-1.04
on perl 5.17.0, created by CPAN-Reporter-1.2006.

Thank you for uploading your work to CPAN.  However, there was a problem
testing your distribution.

If you think this report is invalid, please consult the CPAN Testers Wiki
for suggestions on how to avoid getting FAIL reports for missing library
or binary dependencies, unsupported operating systems, and so on:

http://wiki.cpantesters.org/wiki/CPANAuthorNotes

Sections of this report:

    * Tester comments
    * Program output
    * Prerequisites
    * Environment and other context

------------------------------
TESTER COMMENTS
------------------------------

Additional comments from tester:

this report is from an automated smoke testing program
and was not reviewed by a human for accuracy

------------------------------
PROGRAM OUTPUT
------------------------------

Output from '/usr/bin/make test':

PERL_DL_NONLAZY=1 /home/sts/cpansmoke/perl-5.17.0/bin/perl5.17.0 "-MExtUtils::Command::MM" "-e" "test_harness(0, 'blib/lib', 'blib/arch')" t/*.t
Unescaped left brace in regex is deprecated, passed through in regex; marked by <-- HERE in m/(?=\%{ <-- HERE )/ at /home/sts/cpansmoke/perl-5.17.0/cpan/build/File-ANVL-1.04-Rot7St/blib/lib/File/ANVL.pm line 646.
Unescaped left brace in regex is deprecated, passed through in regex; marked by <-- HERE in m/\G \%{ <-- HERE  (.*?) \%}/ at /home/sts/cpansmoke/perl-5.17.0/cpan/build/File-ANVL-1.04-Rot7St/blib/lib/File/ANVL.pm line 648.
t/anvl.t ..... ok
Unescaped left brace in regex is deprecated, passed through in regex; marked by <-- HERE in m/(?=\%{ <-- HERE )/ at /home/sts/cpansmoke/perl-5.17.0/cpan/build/File-ANVL-1.04-Rot7St/blib/lib/File/ANVL.pm line 646.
Unescaped left brace in regex is deprecated, passed through in regex; marked by <-- HERE in m/\G \%{ <-- HERE  (.*?) \%}/ at /home/sts/cpansmoke/perl-5.17.0/cpan/build/File-ANVL-1.04-Rot7St/blib/lib/File/ANVL.pm line 648.

#   Failed test 'invert 3 values'
#   at t/code.t line 225.
#          got: 'Unescaped left brace in regex is deprecated, passed through in regex; marked by <-- HERE in m/(?=\%{ <-- HERE )/ at /home/sts/cpansmoke/perl-5.17.0/cpan/build/File-ANVL-1.04-Rot7St/blib/lib/File/ANVL.pm line 646.
# Unescaped left brace in regex is deprecated, passed through in regex; marked by <-- HERE in m/\G \%{ <-- HERE  (.*?) \%}/ at /home/sts/cpansmoke/perl-5.17.0/cpan/build/File-ANVL-1.04-Rot7St/blib/lib/File/ANVL.pm line 648.
# a: Hu Jintao
# b: Sir Paul McCartney
# c: The United States Government Department of Health and Human Services
# 
# '
#     expected: 'a: Hu Jintao
# b: Sir Paul McCartney
# c: The United States Government Department of Health and Human Services
# 
# '

#   Failed test 'show 3 lines in 4 records'
#   at t/code.t line 265.
#          got: 'Unescaped left brace in regex is deprecated, passed through in regex; marked by <-- HERE in m/(?=\%{ <-- HERE )/ at /home/sts/cpansmoke/perl-5.17.0/cpan/build/File-ANVL-1.04-Rot7St/blib/lib/File/ANVL.pm line 646.
# Unescaped left brace in regex is deprecated, passed through in regex; marked by <-- HERE in m/\G \%{ <-- HERE  (.*?) \%}/ at /home/sts/cpansmoke/perl-5.17.0/cpan/build/File-ANVL-1.04-Rot7St/blib/lib/File/ANVL.pm line 648.
# e: the
# 
# 
# g: the
# 
# e: the
# 
# '
#     expected: 'e: the
# 
# 
# g: the
# 
# e: the
# 
# '

#   Failed test 'find and show with regexes'
#   at t/code.t line 268.
#          got: 'Unescaped left brace in regex is deprecated, passed through in regex; marked by <-- HERE in m/(?=\%{ <-- HERE )/ at /home/sts/cpansmoke/perl-5.17.0/cpan/build/File-ANVL-1.04-Rot7St/blib/lib/File/ANVL.pm line 646.
# Unescaped left brace in regex is deprecated, passed through in regex; marked by <-- HERE in m/\G \%{ <-- HERE  (.*?) \%}/ at /home/sts/cpansmoke/perl-5.17.0/cpan/build/File-ANVL-1.04-Rot7St/blib/lib/File/ANVL.pm line 648.
# g: time
# 
# g: party
# 
# '
#     expected: 'g: time
# 
# g: party
# 
# '

#   Failed test 'CSV single value, label-less value'
#   at t/code.t line 408.
#                   'Unescaped left brace in regex is deprecated, passed through in regex; marked by <-- HERE in m/(?=\%{ <-- HERE )/ at /home/sts/cpansmoke/perl-5.17.0/cpan/build/File-ANVL-1.04-Rot7St/blib/lib/File/ANVL.pm line 646.
# Unescaped left brace in regex is deprecated, passed through in regex; marked by <-- HERE in m/\G \%{ <-- HERE  (.*?) \%}/ at /home/sts/cpansmoke/perl-5.17.0/cpan/build/File-ANVL-1.04-Rot7St/blib/lib/File/ANVL.pm line 648.
# _
# "example 1"
# "example 2"
# "example 3"
# '
#     doesn't match '(?^s:^_\n"example 1".*"example 3"\n$)'

#   Failed test 'CSV single value, last named value'
#   at t/code.t line 412.
#                   'Unescaped left brace in regex is deprecated, passed through in regex; marked by <-- HERE in m/(?=\%{ <-- HERE )/ at /home/sts/cpansmoke/perl-5.17.0/cpan/build/File-ANVL-1.04-Rot7St/blib/lib/File/ANVL.pm line 646.
# Unescaped left brace in regex is deprecated, passed through in regex; marked by <-- HERE in m/\G \%{ <-- HERE  (.*?) \%}/ at /home/sts/cpansmoke/perl-5.17.0/cpan/build/File-ANVL-1.04-Rot7St/blib/lib/File/ANVL.pm line 648.
# Group
# "family"
# "friend"
# "squash"
# '
#     doesn't match '(?^s:^Group\n"family".*"squash"\n$)'
# Looks like you failed 5 tests of 49.
t/code.t ..... 
Dubious, test returned 5 (wstat 1280, 0x500)
Failed 5/49 subtests 
Unescaped left brace in regex is deprecated, passed through in regex; marked by <-- HERE in m/(?=\%{ <-- HERE )/ at /home/sts/cpansmoke/perl-5.17.0/cpan/build/File-ANVL-1.04-Rot7St/blib/lib/File/ANVL.pm line 646.
Unescaped left brace in regex is deprecated, passed through in regex; marked by <-- HERE in m/\G \%{ <-- HERE  (.*?) \%}/ at /home/sts/cpansmoke/perl-5.17.0/cpan/build/File-ANVL-1.04-Rot7St/blib/lib/File/ANVL.pm line 648.

#   Failed test 'all comment no content record stream'
#   at t/convert.t line 93.
#                   'Unescaped left brace in regex is deprecated, passed through in regex; marked by <-- HERE in m/(?=\%{ <-- HERE )/ at /home/sts/cpansmoke/perl-5.17.0/cpan/build/File-ANVL-1.04-Rot7St/blib/lib/File/ANVL.pm line 646.
# Unescaped left brace in regex is deprecated, passed through in regex; marked by <-- HERE in m/\G \%{ <-- HERE  (.*?) \%}/ at /home/sts/cpansmoke/perl-5.17.0/cpan/build/File-ANVL-1.04-Rot7St/blib/lib/File/ANVL.pm line 648.
# '
#     doesn't match '(?^s:^$)'

#   Failed test 'basic single record anvl2turtle conversion (file arg)'
#   at t/convert.t line 123.
#          got: 'Unescaped left brace in regex is deprecated, passed through in regex; marked by <-- HERE in m/(?=\%{ <-- HERE )/ at /home/sts/cpansmoke/perl-5.17.0/cpan/build/File-ANVL-1.04-Rot7St/blib/lib/File/ANVL.pm line 646.
# Unescaped left brace in regex is deprecated, passed through in regex; marked by <-- HERE in m/\G \%{ <-- HERE  (.*?) \%}/ at /home/sts/cpansmoke/perl-5.17.0/cpan/build/File-ANVL-1.04-Rot7St/blib/lib/File/ANVL.pm line 648.
# @prefix erc: <http://purl.org/kernel/elements/1.1/> .
# <b>
#     erc:a """b""" ;
#     erc:c """d""" .
# 
# '
#     expected: '@prefix erc: <http://purl.org/kernel/elements/1.1/> .
# <b>
#     erc:a """b""" ;
#     erc:c """d""" .
# 
# '

#   Failed test 'anvl2turtle conversion with comment and --subjelpat'
#   at t/convert.t line 145.
#          got: 'Unescaped left brace in regex is deprecated, passed through in regex; marked by <-- HERE in m/(?=\%{ <-- HERE )/ at /home/sts/cpansmoke/perl-5.17.0/cpan/build/File-ANVL-1.04-Rot7St/blib/lib/File/ANVL.pm line 646.
# Unescaped left brace in regex is deprecated, passed through in regex; marked by <-- HERE in m/\G \%{ <-- HERE  (.*?) \%}/ at /home/sts/cpansmoke/perl-5.17.0/cpan/build/File-ANVL-1.04-Rot7St/blib/lib/File/ANVL.pm line 648.
# @prefix erc: <http://purl.org/kernel/elements/1.1/> .
# <d>
#     erc:a """b""" ;
#     erc:c """d"""
# #note to self
#  .
# 
# '
#     expected: '@prefix erc: <http://purl.org/kernel/elements/1.1/> .
# <d>
#     erc:a """b""" ;
#     erc:c """d"""
# #note to self
#  .
# 
# '

#   Failed test 'anvl2turtle with multi-line element, crazy case tURtlE, "--comments"'
#   at t/convert.t line 170.
#          got: 'Unescaped left brace in regex is deprecated, passed through in regex; marked by <-- HERE in m/(?=\%{ <-- HERE )/ at /home/sts/cpansmoke/perl-5.17.0/cpan/build/File-ANVL-1.04-Rot7St/blib/lib/File/ANVL.pm line 646.
# Unescaped left brace in regex is deprecated, passed through in regex; marked by <-- HERE in m/\G \%{ <-- HERE  (.*?) \%}/ at /home/sts/cpansmoke/perl-5.17.0/cpan/build/File-ANVL-1.04-Rot7St/blib/lib/File/ANVL.pm line 648.
# @prefix erc: <http://purl.org/kernel/elements/1.1/> .
# <b>
#     erc:a """b""" ;
#     erc:c """d"""
# #note to self
#  ;
#     erc:e """f g h""" .
# 
# '
#     expected: '@prefix erc: <http://purl.org/kernel/elements/1.1/> .
# <b>
#     erc:a """b""" ;
#     erc:c """d"""
# #note to self
#  ;
#     erc:e """f g h""" .
# 
# '

#   Failed test 'anvl2turtle with non-newline-terminated record, "--com"'
#   at t/convert.t line 194.
#          got: 'Unescaped left brace in regex is deprecated, passed through in regex; marked by <-- HERE in m/(?=\%{ <-- HERE )/ at /home/sts/cpansmoke/perl-5.17.0/cpan/build/File-ANVL-1.04-Rot7St/blib/lib/File/ANVL.pm line 646.
# Unescaped left brace in regex is deprecated, passed through in regex; marked by <-- HERE in m/\G \%{ <-- HERE  (.*?) \%}/ at /home/sts/cpansmoke/perl-5.17.0/cpan/build/File-ANVL-1.04-Rot7St/blib/lib/File/ANVL.pm line 648.
# @prefix erc: <http://purl.org/kernel/elements/1.1/> .
# <b>
#     erc:a """b""" ;
#     erc:c """d"""
# #note to self
#  ;
#     erc:e """f g h""" ;
#     erc:i """j k""" .
# 
# '
#     expected: '@prefix erc: <http://purl.org/kernel/elements/1.1/> .
# <b>
#     erc:a """b""" ;
#     erc:c """d"""
# #note to self
#  ;
#     erc:e """f g h""" ;
#     erc:i """j k""" .
# 
# '

#   Failed test 'anvl2turtle with identifier element on continuation line, --predns'
#   at t/convert.t line 223.
#          got: 'Unescaped left brace in regex is deprecated, passed through in regex; marked by <-- HERE in m/(?=\%{ <-- HERE )/ at /home/sts/cpansmoke/perl-5.17.0/cpan/build/File-ANVL-1.04-Rot7St/blib/lib/File/ANVL.pm line 646.
# Unescaped left brace in regex is deprecated, passed through in regex; marked by <-- HERE in m/\G \%{ <-- HERE  (.*?) \%}/ at /home/sts/cpansmoke/perl-5.17.0/cpan/build/File-ANVL-1.04-Rot7St/blib/lib/File/ANVL.pm line 648.
# @prefix erc: <http://purl.org/k1.1/> .
# <sujet>
#     erc:a """b""" ;
#     erc:c """d""" ;
#     erc:e """f g h""" ;
#     erc:i """j k""" ;
#     erc:identifier """sujet""" .
# 
# '
#     expected: '@prefix erc: <http://purl.org/k1.1/> .
# <sujet>
#     erc:a """b""" ;
#     erc:c """d""" ;
#     erc:e """f g h""" ;
#     erc:i """j k""" ;
#     erc:identifier """sujet""" .
# 
# '

#   Failed test 'anvl2anvl with 3 input records and 3 verbose output records'
#   at t/convert.t line 254.
#          got: 'Unescaped left brace in regex is deprecated, passed through in regex; marked by <-- HERE in m/(?=\%{ <-- HERE )/ at /home/sts/cpansmoke/perl-5.17.0/cpan/build/File-ANVL-1.04-Rot7St/blib/lib/File/ANVL.pm line 646.
# Unescaped left brace in regex is deprecated, passed through in regex; marked by <-- HERE in m/\G \%{ <-- HERE  (.*?) \%}/ at /home/sts/cpansmoke/perl-5.17.0/cpan/build/File-ANVL-1.04-Rot7St/blib/lib/File/ANVL.pm line 648.
# # from record 1, line 2
# aa: b
# 
# # from record 2, line 4
# cc: d e
# 
# # from record 3, line 7
# ff: g
# h: i
# 
# '
#     expected: '# from record 1, line 2
# aa: b
# 
# # from record 2, line 4
# cc: d e
# 
# # from record 3, line 7
# ff: g
# h: i
# 
# '

#   Failed test 'anvl2json with 3 input records and 3 verbose output records'
#   at t/convert.t line 267.
#          got: 'Unescaped left brace in regex is deprecated, passed through in regex; marked by <-- HERE in m/(?=\%{ <-- HERE )/ at /home/sts/cpansmoke/perl-5.17.0/cpan/build/File-ANVL-1.04-Rot7St/blib/lib/File/ANVL.pm line 646.
# Unescaped left brace in regex is deprecated, passed through in regex; marked by <-- HERE in m/\G \%{ <-- HERE  (.*?) \%}/ at /home/sts/cpansmoke/perl-5.17.0/cpan/build/File-ANVL-1.04-Rot7St/blib/lib/File/ANVL.pm line 648.
# [
#   { "#": "from record 1, line 2",
#     "aa": "b"
#   },
#   { "#": "from record 2, line 4",
#     "cc": "d e"
#   },
#   { "#": "from record 3, line 7",
#     "ff": "g",
#     "h": "i"
#   }
# ]
# '
#     expected: '[
#   { "#": "from record 1, line 2",
#     "aa": "b"
#   },
#   { "#": "from record 2, line 4",
#     "cc": "d e"
#   },
#   { "#": "from record 3, line 7",
#     "ff": "g",
#     "h": "i"
#   }
# ]
# '

#   Failed test 'anvl2plain with 3 input records and 3 verbose output records'
#   at t/convert.t line 282.
#          got: 'Unescaped left brace in regex is deprecated, passed through in regex; marked by <-- HERE in m/(?=\%{ <-- HERE )/ at /home/sts/cpansmoke/perl-5.17.0/cpan/build/File-ANVL-1.04-Rot7St/blib/lib/File/ANVL.pm line 646.
# Unescaped left brace in regex is deprecated, passed through in regex; marked by <-- HERE in m/\G \%{ <-- HERE  (.*?) \%}/ at /home/sts/cpansmoke/perl-5.17.0/cpan/build/File-ANVL-1.04-Rot7St/blib/lib/File/ANVL.pm line 648.
# # from record 1, line 2
# b
# 
# # from record 2, line 4
# d e
# 
# # from record 3, line 7
# g
# i
# 
# '
#     expected: '# from record 1, line 2
# b
# 
# # from record 2, line 4
# d e
# 
# # from record 3, line 7
# g
# i
# 
# '

#   Failed test 'anvl2turtle with 3 input records and 3 verbose output records'
#   at t/convert.t line 304.
#          got: 'Unescaped left brace in regex is deprecated, passed through in regex; marked by <-- HERE in m/(?=\%{ <-- HERE )/ at /home/sts/cpansmoke/perl-5.17.0/cpan/build/File-ANVL-1.04-Rot7St/blib/lib/File/ANVL.pm line 646.
# Unescaped left brace in regex is deprecated, passed through in regex; marked by <-- HERE in m/\G \%{ <-- HERE  (.*?) \%}/ at /home/sts/cpansmoke/perl-5.17.0/cpan/build/File-ANVL-1.04-Rot7St/blib/lib/File/ANVL.pm line 648.
# @prefix erc: <http://purl.org/kernel/elements/1.1/> .
# # from record 1, line 2
# <b>
#     erc:aa """b""" .
# 
# # from record 2, line 4
# <d e>
#     erc:cc """d e""" .
# 
# # from record 3, line 7
# <g>
#     erc:ff """g""" ;
#     erc:h """i""" .
# 
# '
#     expected: '@prefix erc: <http://purl.org/kernel/elements/1.1/> .
# # from record 1, line 2
# <b>
#     erc:aa """b""" .
# 
# # from record 2, line 4
# <d e>
#     erc:cc """d e""" .
# 
# # from record 3, line 7
# <g>
#     erc:ff """g""" ;
#     erc:h """i""" .
# 
# '

#   Failed test 'anvl2json with 2 short form ERCs in one oddly formed ERC'
#   at t/convert.t line 335.
#          got: 'Unescaped left brace in regex is deprecated, passed through in regex; marked by <-- HERE in m/(?=\%{ <-- HERE )/ at /home/sts/cpansmoke/perl-5.17.0/cpan/build/File-ANVL-1.04-Rot7St/blib/lib/File/ANVL.pm line 646.
# Unescaped left brace in regex is deprecated, passed through in regex; marked by <-- HERE in m/\G \%{ <-- HERE  (.*?) \%}/ at /home/sts/cpansmoke/perl-5.17.0/cpan/build/File-ANVL-1.04-Rot7St/blib/lib/File/ANVL.pm line 648.
# [
#   {
#     "foo": "",
#     "erc": "",
#     "who": "ab",
#     "what": "cd",
#     "when": "ef",
#     "where": "gh",
#     "how": "ij",
#     "why": "kl",
#     "huh": "mn",
#     "huh": "op",
#     "huh": "qr",
#     "bar": "",
#     "erc": "",
#     "who": "another",
#     "what": "erc",
#     "when": "how",
#     "where": "can",
#     "how": "that",
#     "why": "be?",
#     "zaf": "not empty"
#   }
# ]
# '
#     expected: '[
#   {
#     "foo": "",
#     "erc": "",
#     "who": "ab",
#     "what": "cd",
#     "when": "ef",
#     "where": "gh",
#     "how": "ij",
#     "why": "kl",
#     "huh": "mn",
#     "huh": "op",
#     "huh": "qr",
#     "bar": "",
#     "erc": "",
#     "who": "another",
#     "what": "erc",
#     "when": "how",
#     "where": "can",
#     "how": "that",
#     "why": "be?",
#     "zaf": "not empty"
#   }
# ]
# '

#   Failed test 'anvl2plain with 2 short form ERCs in one oddly formed ERC'
#   at t/convert.t line 362.
#          got: 'Unescaped left brace in regex is deprecated, passed through in regex; marked by <-- HERE in m/(?=\%{ <-- HERE )/ at /home/sts/cpansmoke/perl-5.17.0/cpan/build/File-ANVL-1.04-Rot7St/blib/lib/File/ANVL.pm line 646.
# Unescaped left brace in regex is deprecated, passed through in regex; marked by <-- HERE in m/\G \%{ <-- HERE  (.*?) \%}/ at /home/sts/cpansmoke/perl-5.17.0/cpan/build/File-ANVL-1.04-Rot7St/blib/lib/File/ANVL.pm line 648.
# 
# 
# ab
# cd
# ef
# gh
# ij
# kl
# mn
# op
# qr
# 
# 
# another
# erc
# how
# can
# that
# be?
# not empty
# 
# '
#     expected: '
# 
# ab
# cd
# ef
# gh
# ij
# kl
# mn
# op
# qr
# 
# 
# another
# erc
# how
# can
# that
# be?
# not empty
# 
# '

#   Failed test 'anvl2turtle with 2 short form ERCs in one oddly formed ERC'
#   at t/convert.t line 410.
#          got: 'Unescaped left brace in regex is deprecated, passed through in regex; marked by <-- HERE in m/(?=\%{ <-- HERE )/ at /home/sts/cpansmoke/perl-5.17.0/cpan/build/File-ANVL-1.04-Rot7St/blib/lib/File/ANVL.pm line 646.
# Unescaped left brace in regex is deprecated, passed through in regex; marked by <-- HERE in m/\G \%{ <-- HERE  (.*?) \%}/ at /home/sts/cpansmoke/perl-5.17.0/cpan/build/File-ANVL-1.04-Rot7St/blib/lib/File/ANVL.pm line 648.
# @prefix erc: <http://purl.org/kernel/elements/1.1/> .
# <gh>
#     erc:foo """""" ;
#     erc:erc """""" ;
#     erc:who """ab""" ;
#     erc:what """cd""" ;
#     erc:when """ef""" ;
#     erc:where """gh""" ;
#     erc:how """ij""" ;
#     erc:why """kl""" ;
#     erc:huh """mn""" ;
#     erc:huh """op""" ;
#     erc:huh """qr""" ;
#     erc:bar """""" ;
#     erc:erc """""" ;
#     erc:who """another""" ;
#     erc:what """erc""" ;
#     erc:when """how""" ;
#     erc:where """can""" ;
#     erc:how """that""" ;
#     erc:why """be?"""
# # hmm
#  ;
#     erc:zaf """not empty""" .
# 
# '
#     expected: '@prefix erc: <http://purl.org/kernel/elements/1.1/> .
# <gh>
#     erc:foo """""" ;
#     erc:erc """""" ;
#     erc:who """ab""" ;
#     erc:what """cd""" ;
#     erc:when """ef""" ;
#     erc:where """gh""" ;
#     erc:how """ij""" ;
#     erc:why """kl""" ;
#     erc:huh """mn""" ;
#     erc:huh """op""" ;
#     erc:huh """qr""" ;
#     erc:bar """""" ;
#     erc:erc """""" ;
#     erc:who """another""" ;
#     erc:what """erc""" ;
#     erc:when """how""" ;
#     erc:where """can""" ;
#     erc:how """that""" ;
#     erc:why """be?"""
# # hmm
#  ;
#     erc:zaf """not empty""" .
# 
# '

#   Failed test 'anvl2turtle with odd short form ERC'
#   at t/convert.t line 443.
#          got: 'Unescaped left brace in regex is deprecated, passed through in regex; marked by <-- HERE in m/(?=\%{ <-- HERE )/ at /home/sts/cpansmoke/perl-5.17.0/cpan/build/File-ANVL-1.04-Rot7St/blib/lib/File/ANVL.pm line 646.
# Unescaped left brace in regex is deprecated, passed through in regex; marked by <-- HERE in m/\G \%{ <-- HERE  (.*?) \%}/ at /home/sts/cpansmoke/perl-5.17.0/cpan/build/File-ANVL-1.04-Rot7St/blib/lib/File/ANVL.pm line 648.
# @prefix erc: <http://purl.org/kernel/elements/1.1/> .
# <dd>
#     erc:erc """""" ;
#     erc:who """aa""" ;
#     erc:what """bb""" ;
#     erc:when """cc""" ;
#     erc:where """dd""" .
# 
# '
#     expected: '@prefix erc: <http://purl.org/kernel/elements/1.1/> .
# <dd>
#     erc:erc """""" ;
#     erc:who """aa""" ;
#     erc:what """bb""" ;
#     erc:when """cc""" ;
#     erc:where """dd""" .
# 
# '

#   Failed test 'anvl2turtle with strange short form ERC'
#   at t/convert.t line 462.
#          got: 'Unescaped left brace in regex is deprecated, passed through in regex; marked by <-- HERE in m/(?=\%{ <-- HERE )/ at /home/sts/cpansmoke/perl-5.17.0/cpan/build/File-ANVL-1.04-Rot7St/blib/lib/File/ANVL.pm line 646.
# Unescaped left brace in regex is deprecated, passed through in regex; marked by <-- HERE in m/\G \%{ <-- HERE  (.*?) \%}/ at /home/sts/cpansmoke/perl-5.17.0/cpan/build/File-ANVL-1.04-Rot7St/blib/lib/File/ANVL.pm line 648.
# @prefix erc: <http://purl.org/kernel/elements/1.1/> .
# <a>
#     erc:erc """""" ;
#     erc:who """dd""" ;
#     erc:what """cc""" ;
#     erc:when """b""" ;
#     erc:where """a""" .
# 
# '
#     expected: '@prefix erc: <http://purl.org/kernel/elements/1.1/> .
# <a>
#     erc:erc """""" ;
#     erc:who """dd""" ;
#     erc:what """cc""" ;
#     erc:when """b""" ;
#     erc:where """a""" .
# 
# '

#   Failed test 'anvl2turtle with true ERC and initial comment'
#   at t/convert.t line 478.
#          got: 'Unescaped left brace in regex is deprecated, passed through in regex; marked by <-- HERE in m/(?=\%{ <-- HERE )/ at /home/sts/cpansmoke/perl-5.17.0/cpan/build/File-ANVL-1.04-Rot7St/blib/lib/File/ANVL.pm line 646.
# Unescaped left brace in regex is deprecated, passed through in regex; marked by <-- HERE in m/\G \%{ <-- HERE  (.*?) \%}/ at /home/sts/cpansmoke/perl-5.17.0/cpan/build/File-ANVL-1.04-Rot7St/blib/lib/File/ANVL.pm line 648.
# @prefix erc: <http://purl.org/kernel/elements/1.1/> .
# <http://journals.tdl.org/jodi/article/view/43>
# # A way to kernel knowledge.
# 
#     erc:erc """""" ;
#     erc:who """Kunze, John A.""" ;
#     erc:what """A Metadata Kernel for Electronic Permanence""" ;
#     erc:when """20011106""" ;
#     erc:where """http://journals.tdl.org/jodi/article/view/43""" .
# 
# '
#     expected: '@prefix erc: <http://purl.org/kernel/elements/1.1/> .
# <http://journals.tdl.org/jodi/article/view/43>
# # A way to kernel knowledge.
# 
#     erc:erc """""" ;
#     erc:who """Kunze, John A.""" ;
#     erc:what """A Metadata Kernel for Electronic Permanence""" ;
#     erc:when """20011106""" ;
#     erc:where """http://journals.tdl.org/jodi/article/view/43""" .
# 
# '

#   Failed test 'anvl2anvl with short true ERC and initial comment'
#   at t/convert.t line 491.
#          got: 'Unescaped left brace in regex is deprecated, passed through in regex; marked by <-- HERE in m/(?=\%{ <-- HERE )/ at /home/sts/cpansmoke/perl-5.17.0/cpan/build/File-ANVL-1.04-Rot7St/blib/lib/File/ANVL.pm line 646.
# Unescaped left brace in regex is deprecated, passed through in regex; marked by <-- HERE in m/\G \%{ <-- HERE  (.*?) \%}/ at /home/sts/cpansmoke/perl-5.17.0/cpan/build/File-ANVL-1.04-Rot7St/blib/lib/File/ANVL.pm line 648.
# # A way to kernel knowledge.
# erc:
# who: Kunze, John A.
# what: A Metadata Kernel for Electronic Permanence
# when: 20011106
# where: http://journals.tdl.org/jodi/article/view/43
# 
# '
#     expected: '# A way to kernel knowledge.
# erc:
# who: Kunze, John A.
# what: A Metadata Kernel for Electronic Permanence
# when: 20011106
# where: http://journals.tdl.org/jodi/article/view/43
# 
# '

#   Failed test 'anvl2anvl as default with short ERC (pod example)'
#   at t/convert.t line 501.
#          got: 'Unescaped left brace in regex is deprecated, passed through in regex; marked by <-- HERE in m/(?=\%{ <-- HERE )/ at /home/sts/cpansmoke/perl-5.17.0/cpan/build/File-ANVL-1.04-Rot7St/blib/lib/File/ANVL.pm line 646.
# Unescaped left brace in regex is deprecated, passed through in regex; marked by <-- HERE in m/\G \%{ <-- HERE  (.*?) \%}/ at /home/sts/cpansmoke/perl-5.17.0/cpan/build/File-ANVL-1.04-Rot7St/blib/lib/File/ANVL.pm line 648.
# erc:
# who: Kunze, John A.
# what: A Metadata Kernel for Electronic Permanence
# when: 20011106
# where: http://journals.tdl.org/jodi/article/view/43
# 
# '
#     expected: 'erc:
# who: Kunze, John A.
# what: A Metadata Kernel for Electronic Permanence
# when: 20011106
# where: http://journals.tdl.org/jodi/article/view/43
# 
# '

#   Failed test 'anvl2json with pod example'
#   at t/convert.t line 512.
#          got: 'Unescaped left brace in regex is deprecated, passed through in regex; marked by <-- HERE in m/(?=\%{ <-- HERE )/ at /home/sts/cpansmoke/perl-5.17.0/cpan/build/File-ANVL-1.04-Rot7St/blib/lib/File/ANVL.pm line 646.
# Unescaped left brace in regex is deprecated, passed through in regex; marked by <-- HERE in m/\G \%{ <-- HERE  (.*?) \%}/ at /home/sts/cpansmoke/perl-5.17.0/cpan/build/File-ANVL-1.04-Rot7St/blib/lib/File/ANVL.pm line 648.
# [
#   {
#     "erc": "",
#     "who": "a",
#     "what": "b",
#     "when": "c",
#     "where": "d"
#   }
# ]
# '
#     expected: '[
#   {
#     "erc": "",
#     "who": "a",
#     "what": "b",
#     "when": "c",
#     "where": "d"
#   }
# ]
# '

#   Failed test 'anvl2xml with pod example'
#   at t/convert.t line 528.
#          got: 'Unescaped left brace in regex is deprecated, passed through in regex; marked by <-- HERE in m/(?=\%{ <-- HERE )/ at /home/sts/cpansmoke/perl-5.17.0/cpan/build/File-ANVL-1.04-Rot7St/blib/lib/File/ANVL.pm line 646.
# Unescaped left brace in regex is deprecated, passed through in regex; marked by <-- HERE in m/\G \%{ <-- HERE  (.*?) \%}/ at /home/sts/cpansmoke/perl-5.17.0/cpan/build/File-ANVL-1.04-Rot7St/blib/lib/File/ANVL.pm line 648.
# <recs>
#   <rec>   <!-- from record 1, line 1 -->
#     <a>b</a>
#     <!--note to self-->
#     <c>d</c>
#   </rec>
# </recs>
# '
#     expected: '<recs>
#   <rec>   <!-- from record 1, line 1 -->
#     <a>b</a>
#     <!--note to self-->
#     <c>d</c>
#   </rec>
# </recs>
# '

#   Failed test 'anvl --listformats'
#   at t/convert.t line 538.
#          got: 'Unescaped left brace in regex is deprecated, passed through in regex; marked by <-- HERE in m/(?=\%{ <-- HERE )/ at /home/sts/cpansmoke/perl-5.17.0/cpan/build/File-ANVL-1.04-Rot7St/blib/lib/File/ANVL.pm line 646.
# Unescaped left brace in regex is deprecated, passed through in regex; marked by <-- HERE in m/\G \%{ <-- HERE  (.*?) \%}/ at /home/sts/cpansmoke/perl-5.17.0/cpan/build/File-ANVL-1.04-Rot7St/blib/lib/File/ANVL.pm line 648.
# ANVL
# CSV
# JSON
# Plain
# PSV
# Turtle
# XML
# '
#     expected: 'ANVL
# CSV
# JSON
# Plain
# PSV
# Turtle
# XML
# '
# Looks like you failed 21 tests of 30.
t/convert.t .. 
Dubious, test returned 21 (wstat 5376, 0x1500)
Failed 21/30 subtests 
t/erc.t ...... ok
t/om.t ....... ok
Unescaped left brace in regex is deprecated, passed through in regex; marked by <-- HERE in m/(?=\%{ <-- HERE )/ at /home/sts/cpansmoke/perl-5.17.0/cpan/build/File-ANVL-1.04-Rot7St/blib/lib/File/ANVL.pm line 646.
Unescaped left brace in regex is deprecated, passed through in regex; marked by <-- HERE in m/\G \%{ <-- HERE  (.*?) \%}/ at /home/sts/cpansmoke/perl-5.17.0/cpan/build/File-ANVL-1.04-Rot7St/blib/lib/File/ANVL.pm line 648.
t/values.t ... ok

Test Summary Report
-------------------
t/code.t   (Wstat: 1280 Tests: 49 Failed: 5)
  Failed tests:  30, 32-33, 48-49
  Non-zero exit status: 5
t/convert.t (Wstat: 5376 Tests: 30 Failed: 21)
  Failed tests:  3, 5, 7, 9, 11, 13-16, 18-20, 22-30
  Non-zero exit status: 21
Files=6, Tests=209, 19 wallclock secs ( 0.25 usr  0.08 sys + 15.46 cusr  2.54 csys = 18.33 CPU)
Result: FAIL
Failed 2/6 test programs. 26/209 subtests failed.
*** Error code 255

Stop in /home/sts/cpansmoke/perl-5.17.0/cpan/build/File-ANVL-1.04-Rot7St (line 856 of Makefile).

------------------------------
PREREQUISITES
------------------------------

Prerequisite modules loaded:

requires:

    Module              Need Have     
    ------------------- ---- ---------
    File::Value         1.01 1.02     
    Text::Wrap          0    2009.0305

build_requires:

    Module              Need Have     
    ------------------- ---- ---------
    ExtUtils::MakeMaker 0    6.63_02  


------------------------------
ENVIRONMENT AND OTHER CONTEXT
------------------------------

Environment variables:

    AUTOMATED_TESTING = 1
    PATH = /home/sts/bin:/bin:/sbin:/usr/bin:/usr/sbin:/usr/X11R6/bin:/usr/local/bin:/usr/local/sbin:/usr/games:.
    PERL5LIB = /home/sts/cpansmoke/perl-5.17.0/cpan/build/File-Value-1.02-fsZdBG/blib/arch:/home/sts/cpansmoke/perl-5.17.0/cpan/build/File-Value-1.02-fsZdBG/blib/lib
    PERL5OPT = 
    PERL5_CPANPLUS_IS_RUNNING = 8883
    PERL5_CPAN_IS_RUNNING = 8883
    PERL5_CPAN_IS_RUNNING_IN_RECURSION = 19728,8883
    PERL_CR_SMOKER_CURRENT = File-ANVL-1.04
    PERL_EXTUTILS_AUTOINSTALL = --defaultdeps
    PERL_MM_USE_DEFAULT = 1
    SHELL = /usr/local/bin/bash
    TERM = screen
    TMPDIR = /home/sts/cpansmoke/tmp

Perl special variables (and OS-specific diagnostics, for MSWin32):

    $^X = /home/sts/cpansmoke/perl-5.17.0/bin/perl5.17.0
    $UID/$EUID = 1000 / 1000
    $GID = 10 10 0
    $EGID = 10 10 0

Perl module toolchain versions installed:

    Module              Have    
    ------------------- --------
    CPAN                1.9800  
    CPAN::Meta          2.120630
    Cwd                 3.39_02 
    ExtUtils::CBuilder  0.280206
    ExtUtils::Command   1.17    
    ExtUtils::Install   1.58    
    ExtUtils::MakeMaker 6.63_02 
    ExtUtils::Manifest  1.61    
    ExtUtils::ParseXS   3.17    
    File::Spec          3.39_02 
    JSON                n/a     
    JSON::PP            2.27200 
    Module::Build       0.39_01 
    Module::Signature   n/a     
    Parse::CPAN::Meta   1.4402  
    Test::Harness       3.23    
    Test::More          0.98    
    YAML                n/a     
    YAML::Syck          n/a     
    version             0.99    


--

Summary of my perl5 (revision 5 version 17 subversion 0) configuration:
   
  Platform:
    osname=openbsd, osvers=5.1, archname=OpenBSD.i386-openbsd-thread-multi
    uname='openbsd cpansmoke5 5.1 generic.mp#188 i386 '
    config_args='-des -Dusedevel -Dusethreads -Dprefix=/home/sts/cpansmoke/perl-5.17.0'
    hint=recommended, useposix=true, d_sigaction=define
    useithreads=define, usemultiplicity=define
    useperlio=define, d_sfio=undef, uselargefiles=define, usesocks=undef
    use64bitint=undef, use64bitall=undef, uselongdouble=undef
    usemymalloc=y, bincompat5005=undef
  Compiler:
    cc='cc', ccflags ='-pthread -fno-strict-aliasing -pipe -fstack-protector -I/usr/local/include',
    optimize='-O2',
    cppflags='-pthread -fno-strict-aliasing -pipe -fstack-protector -I/usr/local/include'
    ccversion='', gccversion='4.2.1 20070719 ', gccosandvers='openbsd5.1'
    intsize=4, longsize=4, ptrsize=4, doublesize=8, byteorder=1234
    d_longlong=define, longlongsize=8, d_longdbl=define, longdblsize=12
    ivtype='long', ivsize=4, nvtype='double', nvsize=8, Off_t='off_t', lseeksize=8
    alignbytes=4, prototype=define
  Linker and Libraries:
    ld='cc', ldflags ='-pthread -Wl,-E  -fstack-protector -L/usr/local/lib'
    libpth=/usr/local/lib /usr/lib
    libs=-lgdbm -lm -lutil -lc
    perllibs=-lm -lutil -lc
    libc=/usr/lib/libc.so.62.0, so=so, useshrplib=false, libperl=libperl.a
    gnulibc_version=''
  Dynamic Linking:
    dlsrc=dl_dlopen.xs, dlext=so, d_dlsymun=undef, ccdlflags=' '
    cccdlflags='-DPIC -fPIC ', lddlflags='-shared -fPIC  -L/usr/local/lib -fstack-protector'


Characteristics of this binary (from libperl): 
  Compile-time options: HAS_TIMES MULTIPLICITY MYMALLOC PERLIO_LAYERS
                        PERL_DONT_CREATE_GVSV PERL_IMPLICIT_CONTEXT
                        PERL_MALLOC_WRAP PERL_PRESERVE_IVUV PERL_USE_DEVEL
                        USE_ITHREADS USE_LARGE_FILES USE_LOCALE
                        USE_LOCALE_COLLATE USE_LOCALE_CTYPE
                        USE_LOCALE_NUMERIC USE_PERLIO USE_PERL_ATOF
                        USE_REENTRANT_API
  Built under openbsd
  Compiled at May 29 2012 22:32:06
  %ENV:
    PERL5LIB="/home/sts/cpansmoke/perl-5.17.0/cpan/build/File-Value-1.02-fsZdBG/blib/arch:/home/sts/cpansmoke/perl-5.17.0/cpan/build/File-Value-1.02-fsZdBG/blib/lib"
    PERL5OPT=""
    PERL5_CPANPLUS_IS_RUNNING="8883"
    PERL5_CPAN_IS_RUNNING="8883"
    PERL5_CPAN_IS_RUNNING_IN_RECURSION="19728,8883"
    PERL_CR_SMOKER_CURRENT="File-ANVL-1.04"
    PERL_EXTUTILS_AUTOINSTALL="--defaultdeps"
    PERL_MM_USE_DEFAULT="1"
  @INC:
    /home/sts/cpansmoke/perl-5.17.0/cpan/build/File-Value-1.02-fsZdBG/blib/arch
    /home/sts/cpansmoke/perl-5.17.0/cpan/build/File-Value-1.02-fsZdBG/blib/lib
    /home/sts/cpansmoke/perl-5.17.0/lib/site_perl/5.17.0/OpenBSD.i386-openbsd-thread-multi
    /home/sts/cpansmoke/perl-5.17.0/lib/site_perl/5.17.0
    /home/sts/cpansmoke/perl-5.17.0/lib/5.17.0/OpenBSD.i386-openbsd-thread-multi
    /home/sts/cpansmoke/perl-5.17.0/lib/5.17.0
    .