Report for Fey-ORM-0.38

Back
From: metabase:user:30ae4450-2aae-11df-837a-5e0a49663a4f
Subject: FAIL Fey-ORM-0.38 v5.16.2 GNU/Linux
Date: 2013-06-25T16:26:40Z

This distribution has been tested as part of the CPAN Testers
project, supporting the Perl programming language.  See
http://wiki.cpantesters.org/ for more information or email
questions to cpan-testers-discuss@perl.org


--
Dear Dave Rolsky,

This is a computer-generated report for Fey-ORM-0.38
on perl 5.16.2, created by CPAN-Reporter-1.2010.

Thank you for uploading your work to CPAN.  However, there was a problem
testing your distribution.

If you think this report is invalid, please consult the CPAN Testers Wiki
for suggestions on how to avoid getting FAIL reports for missing library
or binary dependencies, unsupported operating systems, and so on:

http://wiki.cpantesters.org/wiki/CPANAuthorNotes

Sections of this report:

    * Tester comments
    * Program output
    * Prerequisites
    * Environment and other context

------------------------------
TESTER COMMENTS
------------------------------

Additional comments from tester:

this report is from an automated smoke testing program
and was not reviewed by a human for accuracy

------------------------------
PROGRAM OUTPUT
------------------------------

Output from '/usr/bin/make test':

PERL_DL_NONLAZY=1 /home/c/perl5/perlbrew/perls/5.16.2i/bin/perl "-MExtUtils::Command::MM" "-e" "test_harness(0, 'blib/lib', 'blib/arch')" t/*.t t/Class/*.t t/Object/*.t t/Object/Iterator/*.t t/Object/Iterator/FromSelect/*.t
Can't locate MooseX/StrictConstructor/Role/Meta/Method/Constructor.pm in @INC (@INC contains: t/lib /home/c/.cpan/build/Fey-ORM-0.38-0zvGYH/blib/lib /home/c/.cpan/build/Fey-ORM-0.38-0zvGYH/blib/arch /home/c/perl5/perlbrew/perls/5.16.2i/lib/site_perl/5.16.2/i686-linux-thread-multi /home/c/perl5/perlbrew/perls/5.16.2i/lib/site_perl/5.16.2 /home/c/perl5/perlbrew/perls/5.16.2i/lib/5.16.2/i686-linux-thread-multi /home/c/perl5/perlbrew/perls/5.16.2i/lib/5.16.2 .) at /home/c/perl5/perlbrew/perls/5.16.2i/lib/site_perl/5.16.2/i686-linux-thread-multi/Moose/Exporter.pm line 409.
Compilation failed in require at /home/c/.cpan/build/Fey-ORM-0.38-0zvGYH/blib/lib/Fey/Meta/Class/Table.pm line 21.
BEGIN failed--compilation aborted at /home/c/.cpan/build/Fey-ORM-0.38-0zvGYH/blib/lib/Fey/Meta/Class/Table.pm line 21.
Compilation failed in require at /home/c/.cpan/build/Fey-ORM-0.38-0zvGYH/blib/lib/Fey/Object/Schema.pm line 10.
BEGIN failed--compilation aborted at /home/c/.cpan/build/Fey-ORM-0.38-0zvGYH/blib/lib/Fey/Object/Schema.pm line 10.
Compilation failed in require at /home/c/.cpan/build/Fey-ORM-0.38-0zvGYH/blib/lib/Fey/ORM/Schema.pm line 11.
BEGIN failed--compilation aborted at /home/c/.cpan/build/Fey-ORM-0.38-0zvGYH/blib/lib/Fey/ORM/Schema.pm line 11.
Compilation failed in require at t/Class/Policy.t line 105.
BEGIN failed--compilation aborted at t/Class/Policy.t line 105.
t/Class/Policy.t ........................ 
Dubious, test returned 2 (wstat 512, 0x200)
No subtests run 
Can't locate MooseX/StrictConstructor/Role/Meta/Method/Constructor.pm in @INC (@INC contains: t/lib /home/c/.cpan/build/Fey-ORM-0.38-0zvGYH/blib/lib /home/c/.cpan/build/Fey-ORM-0.38-0zvGYH/blib/arch /home/c/perl5/perlbrew/perls/5.16.2i/lib/site_perl/5.16.2/i686-linux-thread-multi /home/c/perl5/perlbrew/perls/5.16.2i/lib/site_perl/5.16.2 /home/c/perl5/perlbrew/perls/5.16.2i/lib/5.16.2/i686-linux-thread-multi /home/c/perl5/perlbrew/perls/5.16.2i/lib/5.16.2 .) at /home/c/perl5/perlbrew/perls/5.16.2i/lib/site_perl/5.16.2/i686-linux-thread-multi/Moose/Exporter.pm line 409.
Compilation failed in require at /home/c/.cpan/build/Fey-ORM-0.38-0zvGYH/blib/lib/Fey/Meta/Class/Table.pm line 21.
BEGIN failed--compilation aborted at /home/c/.cpan/build/Fey-ORM-0.38-0zvGYH/blib/lib/Fey/Meta/Class/Table.pm line 21.
Compilation failed in require at /home/c/.cpan/build/Fey-ORM-0.38-0zvGYH/blib/lib/Fey/Object/Schema.pm line 10.
BEGIN failed--compilation aborted at /home/c/.cpan/build/Fey-ORM-0.38-0zvGYH/blib/lib/Fey/Object/Schema.pm line 10.
Compilation failed in require at /home/c/.cpan/build/Fey-ORM-0.38-0zvGYH/blib/lib/Fey/ORM/Schema.pm line 11.
BEGIN failed--compilation aborted at /home/c/.cpan/build/Fey-ORM-0.38-0zvGYH/blib/lib/Fey/ORM/Schema.pm line 11.
Compilation failed in require at t/Class/Schema.t line 16.
BEGIN failed--compilation aborted at t/Class/Schema.t line 16.
t/Class/Schema.t ........................ 
Dubious, test returned 2 (wstat 512, 0x200)
No subtests run 
Can't locate MooseX/StrictConstructor/Role/Meta/Method/Constructor.pm in @INC (@INC contains: t/lib /home/c/.cpan/build/Fey-ORM-0.38-0zvGYH/blib/lib /home/c/.cpan/build/Fey-ORM-0.38-0zvGYH/blib/arch /home/c/perl5/perlbrew/perls/5.16.2i/lib/site_perl/5.16.2/i686-linux-thread-multi /home/c/perl5/perlbrew/perls/5.16.2i/lib/site_perl/5.16.2 /home/c/perl5/perlbrew/perls/5.16.2i/lib/5.16.2/i686-linux-thread-multi /home/c/perl5/perlbrew/perls/5.16.2i/lib/5.16.2 .) at /home/c/perl5/perlbrew/perls/5.16.2i/lib/site_perl/5.16.2/i686-linux-thread-multi/Moose/Exporter.pm line 409.
Compilation failed in require at /home/c/.cpan/build/Fey-ORM-0.38-0zvGYH/blib/lib/Fey/Meta/Class/Table.pm line 21.
BEGIN failed--compilation aborted at /home/c/.cpan/build/Fey-ORM-0.38-0zvGYH/blib/lib/Fey/Meta/Class/Table.pm line 21.
Compilation failed in require at /home/c/.cpan/build/Fey-ORM-0.38-0zvGYH/blib/lib/Fey/Object/Schema.pm line 10.
BEGIN failed--compilation aborted at /home/c/.cpan/build/Fey-ORM-0.38-0zvGYH/blib/lib/Fey/Object/Schema.pm line 10.
Compilation failed in require at /home/c/.cpan/build/Fey-ORM-0.38-0zvGYH/blib/lib/Fey/ORM/Schema.pm line 11.
BEGIN failed--compilation aborted at /home/c/.cpan/build/Fey-ORM-0.38-0zvGYH/blib/lib/Fey/ORM/Schema.pm line 11.
Compilation failed in require at t/Class/Table-has_many.t line 17.
BEGIN failed--compilation aborted at t/Class/Table-has_many.t line 17.
t/Class/Table-has_many.t ................ 
Dubious, test returned 2 (wstat 512, 0x200)
No subtests run 
Can't locate MooseX/StrictConstructor/Role/Meta/Method/Constructor.pm in @INC (@INC contains: t/lib /home/c/.cpan/build/Fey-ORM-0.38-0zvGYH/blib/lib /home/c/.cpan/build/Fey-ORM-0.38-0zvGYH/blib/arch /home/c/perl5/perlbrew/perls/5.16.2i/lib/site_perl/5.16.2/i686-linux-thread-multi /home/c/perl5/perlbrew/perls/5.16.2i/lib/site_perl/5.16.2 /home/c/perl5/perlbrew/perls/5.16.2i/lib/5.16.2/i686-linux-thread-multi /home/c/perl5/perlbrew/perls/5.16.2i/lib/5.16.2 .) at /home/c/perl5/perlbrew/perls/5.16.2i/lib/site_perl/5.16.2/i686-linux-thread-multi/Moose/Exporter.pm line 409.
Compilation failed in require at /home/c/.cpan/build/Fey-ORM-0.38-0zvGYH/blib/lib/Fey/Meta/Class/Table.pm line 21.
BEGIN failed--compilation aborted at /home/c/.cpan/build/Fey-ORM-0.38-0zvGYH/blib/lib/Fey/Meta/Class/Table.pm line 21.
Compilation failed in require at /home/c/.cpan/build/Fey-ORM-0.38-0zvGYH/blib/lib/Fey/Object/Schema.pm line 10.
BEGIN failed--compilation aborted at /home/c/.cpan/build/Fey-ORM-0.38-0zvGYH/blib/lib/Fey/Object/Schema.pm line 10.
Compilation failed in require at /home/c/.cpan/build/Fey-ORM-0.38-0zvGYH/blib/lib/Fey/ORM/Schema.pm line 11.
BEGIN failed--compilation aborted at /home/c/.cpan/build/Fey-ORM-0.38-0zvGYH/blib/lib/Fey/ORM/Schema.pm line 11.
Compilation failed in require at t/Class/Table-has_one.t line 17.
BEGIN failed--compilation aborted at t/Class/Table-has_one.t line 17.
t/Class/Table-has_one.t ................. 
Dubious, test returned 2 (wstat 512, 0x200)
No subtests run 
Can't locate MooseX/StrictConstructor/Role/Meta/Method/Constructor.pm in @INC (@INC contains: t/lib /home/c/.cpan/build/Fey-ORM-0.38-0zvGYH/blib/lib /home/c/.cpan/build/Fey-ORM-0.38-0zvGYH/blib/arch /home/c/perl5/perlbrew/perls/5.16.2i/lib/site_perl/5.16.2/i686-linux-thread-multi /home/c/perl5/perlbrew/perls/5.16.2i/lib/site_perl/5.16.2 /home/c/perl5/perlbrew/perls/5.16.2i/lib/5.16.2/i686-linux-thread-multi /home/c/perl5/perlbrew/perls/5.16.2i/lib/5.16.2 .) at /home/c/perl5/perlbrew/perls/5.16.2i/lib/site_perl/5.16.2/i686-linux-thread-multi/Moose/Exporter.pm line 409.
Compilation failed in require at /home/c/.cpan/build/Fey-ORM-0.38-0zvGYH/blib/lib/Fey/Meta/Class/Table.pm line 21.
BEGIN failed--compilation aborted at /home/c/.cpan/build/Fey-ORM-0.38-0zvGYH/blib/lib/Fey/Meta/Class/Table.pm line 21.
Compilation failed in require at /home/c/.cpan/build/Fey-ORM-0.38-0zvGYH/blib/lib/Fey/ORM/Table.pm line 11.
BEGIN failed--compilation aborted at /home/c/.cpan/build/Fey-ORM-0.38-0zvGYH/blib/lib/Fey/ORM/Table.pm line 11.
Compilation failed in require at t/Class/Table.t line 15.
BEGIN failed--compilation aborted at t/Class/Table.t line 15.
t/Class/Table.t ......................... 
Dubious, test returned 2 (wstat 512, 0x200)
No subtests run 
Can't locate MooseX/StrictConstructor/Role/Meta/Method/Constructor.pm in @INC (@INC contains: t/lib /home/c/.cpan/build/Fey-ORM-0.38-0zvGYH/blib/lib /home/c/.cpan/build/Fey-ORM-0.38-0zvGYH/blib/arch /home/c/perl5/perlbrew/perls/5.16.2i/lib/site_perl/5.16.2/i686-linux-thread-multi /home/c/perl5/perlbrew/perls/5.16.2i/lib/site_perl/5.16.2 /home/c/perl5/perlbrew/perls/5.16.2i/lib/5.16.2/i686-linux-thread-multi /home/c/perl5/perlbrew/perls/5.16.2i/lib/5.16.2 .) at /home/c/perl5/perlbrew/perls/5.16.2i/lib/site_perl/5.16.2/i686-linux-thread-multi/Moose/Exporter.pm line 409.
Compilation failed in require at /home/c/.cpan/build/Fey-ORM-0.38-0zvGYH/blib/lib/Fey/Meta/Class/Table.pm line 21.
BEGIN failed--compilation aborted at /home/c/.cpan/build/Fey-ORM-0.38-0zvGYH/blib/lib/Fey/Meta/Class/Table.pm line 21.
Compilation failed in require at /home/c/.cpan/build/Fey-ORM-0.38-0zvGYH/blib/lib/Fey/Object/Schema.pm line 10.
BEGIN failed--compilation aborted at /home/c/.cpan/build/Fey-ORM-0.38-0zvGYH/blib/lib/Fey/Object/Schema.pm line 10.
Compilation failed in require at /home/c/.cpan/build/Fey-ORM-0.38-0zvGYH/blib/lib/Fey/ORM/Schema.pm line 11.
BEGIN failed--compilation aborted at /home/c/.cpan/build/Fey-ORM-0.38-0zvGYH/blib/lib/Fey/ORM/Schema.pm line 11.
Compilation failed in require at (eval 766) line 4.
BEGIN failed--compilation aborted at (eval 766) line 4.
t/Object/Iterator/FromArray.t ........... 
Dubious, test returned 2 (wstat 512, 0x200)
No subtests run 
Can't locate MooseX/StrictConstructor/Role/Meta/Method/Constructor.pm in @INC (@INC contains: t/lib /home/c/.cpan/build/Fey-ORM-0.38-0zvGYH/blib/lib /home/c/.cpan/build/Fey-ORM-0.38-0zvGYH/blib/arch /home/c/perl5/perlbrew/perls/5.16.2i/lib/site_perl/5.16.2/i686-linux-thread-multi /home/c/perl5/perlbrew/perls/5.16.2i/lib/site_perl/5.16.2 /home/c/perl5/perlbrew/perls/5.16.2i/lib/5.16.2/i686-linux-thread-multi /home/c/perl5/perlbrew/perls/5.16.2i/lib/5.16.2 .) at /home/c/perl5/perlbrew/perls/5.16.2i/lib/site_perl/5.16.2/i686-linux-thread-multi/Moose/Exporter.pm line 409.
Compilation failed in require at /home/c/.cpan/build/Fey-ORM-0.38-0zvGYH/blib/lib/Fey/Meta/Class/Table.pm line 21.
BEGIN failed--compilation aborted at /home/c/.cpan/build/Fey-ORM-0.38-0zvGYH/blib/lib/Fey/Meta/Class/Table.pm line 21.
Compilation failed in require at /home/c/.cpan/build/Fey-ORM-0.38-0zvGYH/blib/lib/Fey/Object/Schema.pm line 10.
BEGIN failed--compilation aborted at /home/c/.cpan/build/Fey-ORM-0.38-0zvGYH/blib/lib/Fey/Object/Schema.pm line 10.
Compilation failed in require at /home/c/.cpan/build/Fey-ORM-0.38-0zvGYH/blib/lib/Fey/ORM/Schema.pm line 11.
BEGIN failed--compilation aborted at /home/c/.cpan/build/Fey-ORM-0.38-0zvGYH/blib/lib/Fey/ORM/Schema.pm line 11.
Compilation failed in require at (eval 753) line 4.
BEGIN failed--compilation aborted at (eval 753) line 4.
t/Object/Iterator/FromSelect.t .......... 
Dubious, test returned 2 (wstat 512, 0x200)
No subtests run 
Can't locate MooseX/StrictConstructor/Role/Meta/Method/Constructor.pm in @INC (@INC contains: t/lib /home/c/.cpan/build/Fey-ORM-0.38-0zvGYH/blib/lib /home/c/.cpan/build/Fey-ORM-0.38-0zvGYH/blib/arch /home/c/perl5/perlbrew/perls/5.16.2i/lib/site_perl/5.16.2/i686-linux-thread-multi /home/c/perl5/perlbrew/perls/5.16.2i/lib/site_perl/5.16.2 /home/c/perl5/perlbrew/perls/5.16.2i/lib/5.16.2/i686-linux-thread-multi /home/c/perl5/perlbrew/perls/5.16.2i/lib/5.16.2 .) at /home/c/perl5/perlbrew/perls/5.16.2i/lib/site_perl/5.16.2/i686-linux-thread-multi/Moose/Exporter.pm line 409.
Compilation failed in require at /home/c/.cpan/build/Fey-ORM-0.38-0zvGYH/blib/lib/Fey/Meta/Class/Table.pm line 21.
BEGIN failed--compilation aborted at /home/c/.cpan/build/Fey-ORM-0.38-0zvGYH/blib/lib/Fey/Meta/Class/Table.pm line 21.
Compilation failed in require at /home/c/.cpan/build/Fey-ORM-0.38-0zvGYH/blib/lib/Fey/Object/Schema.pm line 10.
BEGIN failed--compilation aborted at /home/c/.cpan/build/Fey-ORM-0.38-0zvGYH/blib/lib/Fey/Object/Schema.pm line 10.
Compilation failed in require at /home/c/.cpan/build/Fey-ORM-0.38-0zvGYH/blib/lib/Fey/ORM/Schema.pm line 11.
BEGIN failed--compilation aborted at /home/c/.cpan/build/Fey-ORM-0.38-0zvGYH/blib/lib/Fey/ORM/Schema.pm line 11.
Compilation failed in require at (eval 765) line 4.
BEGIN failed--compilation aborted at (eval 765) line 4.
t/Object/Iterator/FromSelect/Caching.t .. 
Dubious, test returned 2 (wstat 512, 0x200)
No subtests run 
Can't locate MooseX/StrictConstructor/Role/Meta/Method/Constructor.pm in @INC (@INC contains: t/lib /home/c/.cpan/build/Fey-ORM-0.38-0zvGYH/blib/lib /home/c/.cpan/build/Fey-ORM-0.38-0zvGYH/blib/arch /home/c/perl5/perlbrew/perls/5.16.2i/lib/site_perl/5.16.2/i686-linux-thread-multi /home/c/perl5/perlbrew/perls/5.16.2i/lib/site_perl/5.16.2 /home/c/perl5/perlbrew/perls/5.16.2i/lib/5.16.2/i686-linux-thread-multi /home/c/perl5/perlbrew/perls/5.16.2i/lib/5.16.2 .) at /home/c/perl5/perlbrew/perls/5.16.2i/lib/site_perl/5.16.2/i686-linux-thread-multi/Moose/Exporter.pm line 409.
Compilation failed in require at /home/c/.cpan/build/Fey-ORM-0.38-0zvGYH/blib/lib/Fey/Meta/Class/Table.pm line 21.
BEGIN failed--compilation aborted at /home/c/.cpan/build/Fey-ORM-0.38-0zvGYH/blib/lib/Fey/Meta/Class/Table.pm line 21.
Compilation failed in require at /home/c/.cpan/build/Fey-ORM-0.38-0zvGYH/blib/lib/Fey/Object/Schema.pm line 10.
BEGIN failed--compilation aborted at /home/c/.cpan/build/Fey-ORM-0.38-0zvGYH/blib/lib/Fey/Object/Schema.pm line 10.
Compilation failed in require at /home/c/.cpan/build/Fey-ORM-0.38-0zvGYH/blib/lib/Fey/ORM/Schema.pm line 11.
BEGIN failed--compilation aborted at /home/c/.cpan/build/Fey-ORM-0.38-0zvGYH/blib/lib/Fey/ORM/Schema.pm line 11.
Compilation failed in require at (eval 712) line 4.
BEGIN failed--compilation aborted at (eval 712) line 4.
t/Object/Schema.t ....................... 
Dubious, test returned 2 (wstat 512, 0x200)
No subtests run 
Can't locate MooseX/StrictConstructor/Role/Meta/Method/Constructor.pm in @INC (@INC contains: t/lib /home/c/.cpan/build/Fey-ORM-0.38-0zvGYH/blib/lib /home/c/.cpan/build/Fey-ORM-0.38-0zvGYH/blib/arch /home/c/perl5/perlbrew/perls/5.16.2i/lib/site_perl/5.16.2/i686-linux-thread-multi /home/c/perl5/perlbrew/perls/5.16.2i/lib/site_perl/5.16.2 /home/c/perl5/perlbrew/perls/5.16.2i/lib/5.16.2/i686-linux-thread-multi /home/c/perl5/perlbrew/perls/5.16.2i/lib/5.16.2 .) at /home/c/perl5/perlbrew/perls/5.16.2i/lib/site_perl/5.16.2/i686-linux-thread-multi/Moose/Exporter.pm line 409.
Compilation failed in require at /home/c/.cpan/build/Fey-ORM-0.38-0zvGYH/blib/lib/Fey/Meta/Class/Table.pm line 21.
BEGIN failed--compilation aborted at /home/c/.cpan/build/Fey-ORM-0.38-0zvGYH/blib/lib/Fey/Meta/Class/Table.pm line 21.
Compilation failed in require at /home/c/.cpan/build/Fey-ORM-0.38-0zvGYH/blib/lib/Fey/Object/Schema.pm line 10.
BEGIN failed--compilation aborted at /home/c/.cpan/build/Fey-ORM-0.38-0zvGYH/blib/lib/Fey/Object/Schema.pm line 10.
Compilation failed in require at /home/c/.cpan/build/Fey-ORM-0.38-0zvGYH/blib/lib/Fey/ORM/Schema.pm line 11.
BEGIN failed--compilation aborted at /home/c/.cpan/build/Fey-ORM-0.38-0zvGYH/blib/lib/Fey/ORM/Schema.pm line 11.
Compilation failed in require at (eval 711) line 4.
BEGIN failed--compilation aborted at (eval 711) line 4.
t/Object/Table-cache.t .................. 
Dubious, test returned 2 (wstat 512, 0x200)
No subtests run 
Can't locate MooseX/StrictConstructor/Role/Meta/Method/Constructor.pm in @INC (@INC contains: t/lib /home/c/.cpan/build/Fey-ORM-0.38-0zvGYH/blib/lib /home/c/.cpan/build/Fey-ORM-0.38-0zvGYH/blib/arch /home/c/perl5/perlbrew/perls/5.16.2i/lib/site_perl/5.16.2/i686-linux-thread-multi /home/c/perl5/perlbrew/perls/5.16.2i/lib/site_perl/5.16.2 /home/c/perl5/perlbrew/perls/5.16.2i/lib/5.16.2/i686-linux-thread-multi /home/c/perl5/perlbrew/perls/5.16.2i/lib/5.16.2 .) at /home/c/perl5/perlbrew/perls/5.16.2i/lib/site_perl/5.16.2/i686-linux-thread-multi/Moose/Exporter.pm line 409.
Compilation failed in require at /home/c/.cpan/build/Fey-ORM-0.38-0zvGYH/blib/lib/Fey/Meta/Class/Table.pm line 21.
BEGIN failed--compilation aborted at /home/c/.cpan/build/Fey-ORM-0.38-0zvGYH/blib/lib/Fey/Meta/Class/Table.pm line 21.
Compilation failed in require at /home/c/.cpan/build/Fey-ORM-0.38-0zvGYH/blib/lib/Fey/ORM/Table.pm line 11.
BEGIN failed--compilation aborted at /home/c/.cpan/build/Fey-ORM-0.38-0zvGYH/blib/lib/Fey/ORM/Table.pm line 11.
Compilation failed in require at t/Object/Table-has_many.t line 19.
BEGIN failed--compilation aborted at t/Object/Table-has_many.t line 19.
t/Object/Table-has_many.t ............... 
Dubious, test returned 2 (wstat 512, 0x200)
No subtests run 
Can't locate MooseX/StrictConstructor/Role/Meta/Method/Constructor.pm in @INC (@INC contains: t/lib /home/c/.cpan/build/Fey-ORM-0.38-0zvGYH/blib/lib /home/c/.cpan/build/Fey-ORM-0.38-0zvGYH/blib/arch /home/c/perl5/perlbrew/perls/5.16.2i/lib/site_perl/5.16.2/i686-linux-thread-multi /home/c/perl5/perlbrew/perls/5.16.2i/lib/site_perl/5.16.2 /home/c/perl5/perlbrew/perls/5.16.2i/lib/5.16.2/i686-linux-thread-multi /home/c/perl5/perlbrew/perls/5.16.2i/lib/5.16.2 .) at /home/c/perl5/perlbrew/perls/5.16.2i/lib/site_perl/5.16.2/i686-linux-thread-multi/Moose/Exporter.pm line 409.
Compilation failed in require at /home/c/.cpan/build/Fey-ORM-0.38-0zvGYH/blib/lib/Fey/Meta/Class/Table.pm line 21.
BEGIN failed--compilation aborted at /home/c/.cpan/build/Fey-ORM-0.38-0zvGYH/blib/lib/Fey/Meta/Class/Table.pm line 21.
Compilation failed in require at /home/c/.cpan/build/Fey-ORM-0.38-0zvGYH/blib/lib/Fey/ORM/Table.pm line 11.
BEGIN failed--compilation aborted at /home/c/.cpan/build/Fey-ORM-0.38-0zvGYH/blib/lib/Fey/ORM/Table.pm line 11.
Compilation failed in require at t/Object/Table-has_one.t line 19.
BEGIN failed--compilation aborted at t/Object/Table-has_one.t line 19.
t/Object/Table-has_one.t ................ 
Dubious, test returned 2 (wstat 512, 0x200)
No subtests run 
Can't locate MooseX/StrictConstructor/Role/Meta/Method/Constructor.pm in @INC (@INC contains: t/lib /home/c/.cpan/build/Fey-ORM-0.38-0zvGYH/blib/lib /home/c/.cpan/build/Fey-ORM-0.38-0zvGYH/blib/arch /home/c/perl5/perlbrew/perls/5.16.2i/lib/site_perl/5.16.2/i686-linux-thread-multi /home/c/perl5/perlbrew/perls/5.16.2i/lib/site_perl/5.16.2 /home/c/perl5/perlbrew/perls/5.16.2i/lib/5.16.2/i686-linux-thread-multi /home/c/perl5/perlbrew/perls/5.16.2i/lib/5.16.2 .) at /home/c/perl5/perlbrew/perls/5.16.2i/lib/site_perl/5.16.2/i686-linux-thread-multi/Moose/Exporter.pm line 409.
Compilation failed in require at /home/c/.cpan/build/Fey-ORM-0.38-0zvGYH/blib/lib/Fey/Meta/Class/Table.pm line 21.
BEGIN failed--compilation aborted at /home/c/.cpan/build/Fey-ORM-0.38-0zvGYH/blib/lib/Fey/Meta/Class/Table.pm line 21.
Compilation failed in require at /home/c/.cpan/build/Fey-ORM-0.38-0zvGYH/blib/lib/Fey/ORM/Table.pm line 11.
BEGIN failed--compilation aborted at /home/c/.cpan/build/Fey-ORM-0.38-0zvGYH/blib/lib/Fey/ORM/Table.pm line 11.
Compilation failed in require at t/Object/Table-query-method.t line 18.
BEGIN failed--compilation aborted at t/Object/Table-query-method.t line 18.
t/Object/Table-query-method.t ........... 
Dubious, test returned 2 (wstat 512, 0x200)
No subtests run 
Can't locate MooseX/StrictConstructor/Role/Meta/Method/Constructor.pm in @INC (@INC contains: t/lib /home/c/.cpan/build/Fey-ORM-0.38-0zvGYH/blib/lib /home/c/.cpan/build/Fey-ORM-0.38-0zvGYH/blib/arch /home/c/perl5/perlbrew/perls/5.16.2i/lib/site_perl/5.16.2/i686-linux-thread-multi /home/c/perl5/perlbrew/perls/5.16.2i/lib/site_perl/5.16.2 /home/c/perl5/perlbrew/perls/5.16.2i/lib/5.16.2/i686-linux-thread-multi /home/c/perl5/perlbrew/perls/5.16.2i/lib/5.16.2 .) at /home/c/perl5/perlbrew/perls/5.16.2i/lib/site_perl/5.16.2/i686-linux-thread-multi/Moose/Exporter.pm line 409.
Compilation failed in require at /home/c/.cpan/build/Fey-ORM-0.38-0zvGYH/blib/lib/Fey/Meta/Class/Table.pm line 21.
BEGIN failed--compilation aborted at /home/c/.cpan/build/Fey-ORM-0.38-0zvGYH/blib/lib/Fey/Meta/Class/Table.pm line 21.
Compilation failed in require at /home/c/.cpan/build/Fey-ORM-0.38-0zvGYH/blib/lib/Fey/ORM/Table.pm line 11.
BEGIN failed--compilation aborted at /home/c/.cpan/build/Fey-ORM-0.38-0zvGYH/blib/lib/Fey/ORM/Table.pm line 11.
Compilation failed in require at t/Object/Table-select-attr.t line 18.
BEGIN failed--compilation aborted at t/Object/Table-select-attr.t line 18.
t/Object/Table-select-attr.t ............ 
Dubious, test returned 2 (wstat 512, 0x200)
No subtests run 
Can't locate MooseX/StrictConstructor/Role/Meta/Method/Constructor.pm in @INC (@INC contains: t/lib /home/c/.cpan/build/Fey-ORM-0.38-0zvGYH/blib/lib /home/c/.cpan/build/Fey-ORM-0.38-0zvGYH/blib/arch /home/c/perl5/perlbrew/perls/5.16.2i/lib/site_perl/5.16.2/i686-linux-thread-multi /home/c/perl5/perlbrew/perls/5.16.2i/lib/site_perl/5.16.2 /home/c/perl5/perlbrew/perls/5.16.2i/lib/5.16.2/i686-linux-thread-multi /home/c/perl5/perlbrew/perls/5.16.2i/lib/5.16.2 .) at /home/c/perl5/perlbrew/perls/5.16.2i/lib/site_perl/5.16.2/i686-linux-thread-multi/Moose/Exporter.pm line 409.
Compilation failed in require at /home/c/.cpan/build/Fey-ORM-0.38-0zvGYH/blib/lib/Fey/Meta/Class/Table.pm line 21.
BEGIN failed--compilation aborted at /home/c/.cpan/build/Fey-ORM-0.38-0zvGYH/blib/lib/Fey/Meta/Class/Table.pm line 21.
Compilation failed in require at /home/c/.cpan/build/Fey-ORM-0.38-0zvGYH/blib/lib/Fey/ORM/Table.pm line 11.
BEGIN failed--compilation aborted at /home/c/.cpan/build/Fey-ORM-0.38-0zvGYH/blib/lib/Fey/ORM/Table.pm line 11.
Compilation failed in require at t/Object/Table.t line 392.
BEGIN failed--compilation aborted at t/Object/Table.t line 392.
t/Object/Table.t ........................ 
Dubious, test returned 2 (wstat 512, 0x200)
No subtests run 
t/release-eol.t ......................... skipped: these tests are for release candidate testing
t/release-kwalitee.t .................... skipped: these tests are for release candidate testing
t/release-no-tabs.t ..................... skipped: these tests are for release candidate testing

Test Summary Report
-------------------
t/Class/Policy.t                      (Wstat: 512 Tests: 0 Failed: 0)
  Non-zero exit status: 2
  Parse errors: No plan found in TAP output
t/Class/Schema.t                      (Wstat: 512 Tests: 0 Failed: 0)
  Non-zero exit status: 2
  Parse errors: No plan found in TAP output
t/Class/Table-has_many.t              (Wstat: 512 Tests: 0 Failed: 0)
  Non-zero exit status: 2
  Parse errors: No plan found in TAP output
t/Class/Table-has_one.t               (Wstat: 512 Tests: 0 Failed: 0)
  Non-zero exit status: 2
  Parse errors: No plan found in TAP output
t/Class/Table.t                       (Wstat: 512 Tests: 0 Failed: 0)
  Non-zero exit status: 2
  Parse errors: No plan found in TAP output
t/Object/Iterator/FromArray.t         (Wstat: 512 Tests: 0 Failed: 0)
  Non-zero exit status: 2
  Parse errors: No plan found in TAP output
t/Object/Iterator/FromSelect.t        (Wstat: 512 Tests: 0 Failed: 0)
  Non-zero exit status: 2
  Parse errors: No plan found in TAP output
t/Object/Iterator/FromSelect/Caching.t (Wstat: 512 Tests: 0 Failed: 0)
  Non-zero exit status: 2
  Parse errors: No plan found in TAP output
t/Object/Schema.t                     (Wstat: 512 Tests: 0 Failed: 0)
  Non-zero exit status: 2
  Parse errors: No plan found in TAP output
t/Object/Table-cache.t                (Wstat: 512 Tests: 0 Failed: 0)
  Non-zero exit status: 2
  Parse errors: No plan found in TAP output
t/Object/Table-has_many.t             (Wstat: 512 Tests: 0 Failed: 0)
  Non-zero exit status: 2
  Parse errors: No plan found in TAP output
t/Object/Table-has_one.t              (Wstat: 512 Tests: 0 Failed: 0)
  Non-zero exit status: 2
  Parse errors: No plan found in TAP output
t/Object/Table-query-method.t         (Wstat: 512 Tests: 0 Failed: 0)
  Non-zero exit status: 2
  Parse errors: No plan found in TAP output
t/Object/Table-select-attr.t          (Wstat: 512 Tests: 0 Failed: 0)
  Non-zero exit status: 2
  Parse errors: No plan found in TAP output
t/Object/Table.t                      (Wstat: 512 Tests: 0 Failed: 0)
  Non-zero exit status: 2
  Parse errors: No plan found in TAP output
Files=18, Tests=0, 28 wallclock secs ( 0.01 usr  0.10 sys + 24.64 cusr  1.24 csys = 25.99 CPU)
Result: FAIL
Failed 15/18 test programs. 0/0 subtests failed.
make: *** [test_dynamic] Ошибка 255

------------------------------
PREREQUISITES
------------------------------

Prerequisite modules loaded:

requires:

    Module                         Need Have   
    ------------------------------ ---- -------
    Devel::GlobalDestruction       0    0.11   
    Exception::Class               0    1.36   
    Fey                            0.39 0.40   
    Fey::DBIManager                0.07 0.16   
    List::AllUtils                 0    0.03   
    Moose                          1.15 2.0802 
    MooseX::ClassAttribute         0.17 0.27   
    MooseX::SemiAffordanceAccessor 0    0.09   
    MooseX::StrictConstructor      0.08 0.19   
    namespace::autoclean           0    0.13   
    Object::ID                     0    v0.1.2 
    Scalar::Util                   0    1.25   
    Sub::Exporter                  0    0.984  

build_requires:

    Module                         Need Have   
    ------------------------------ ---- -------
    Fey::Test                      0.05 0.10   
    Test::Exception                0    0.31   
    Test::More                     0.88 0.98   

configure_requires:

    Module                         Need Have   
    ------------------------------ ---- -------
    ExtUtils::MakeMaker            6.31 6.63_02


------------------------------
ENVIRONMENT AND OTHER CONTEXT
------------------------------

Environment variables:

    AUTOMATED_TESTING = 1
    LANG = ru_RU.utf8
    PATH = /home/c/perl5/perlbrew/bin:/home/c/perl5/perlbrew/perls/5.16.2i/bin:/usr/local/bin:/usr/bin:/bin:/usr/local/games:/usr/games
    PERL5LIB = 
    PERL5OPT = 
    PERL5_CPANPLUS_IS_RUNNING = 30335
    PERL5_CPAN_IS_RUNNING = 30335
    PERL5_CPAN_IS_RUNNING_IN_RECURSION = 23405,30335
    PERLBREW_MANPATH = /home/c/perl5/perlbrew/perls/5.16.2i/man
    PERLBREW_PATH = /home/c/perl5/perlbrew/bin:/home/c/perl5/perlbrew/perls/5.16.2i/bin
    PERLBREW_PERL = 5.16.2i
    PERLBREW_ROOT = /home/c/perl5/perlbrew
    PERLBREW_SKIP_INIT = 1
    PERLBREW_VERSION = 0.58
    PERL_CR_SMOKER_CURRENT = Fey-ORM-0.38
    PERL_EXTUTILS_AUTOINSTALL = --defaultdeps
    PERL_MM_USE_DEFAULT = 1
    SHELL = /bin/bash
    TERM = xterm

Perl special variables (and OS-specific diagnostics, for MSWin32):

    $^X = /home/c/perl5/perlbrew/perls/5.16.2i/bin/perl
    $UID/$EUID = 1000 / 1000
    $GID = 1000 24 25 27 29 30 44 46 108 109 115 1000 1001
    $EGID = 1000 24 25 27 29 30 44 46 108 109 115 1000 1001

Perl module toolchain versions installed:

    Module              Have    
    ------------------- --------
    CPAN                2.00    
    CPAN::Meta          2.120921
    Cwd                 3.40    
    ExtUtils::CBuilder  0.280206
    ExtUtils::Command   1.17    
    ExtUtils::Install   1.58    
    ExtUtils::MakeMaker 6.63_02 
    ExtUtils::Manifest  1.61    
    ExtUtils::ParseXS   3.16    
    File::Spec          3.40    
    JSON                2.53    
    JSON::PP            2.27200 
    Module::Build       0.4005  
    Module::Signature   0.70    
    Parse::CPAN::Meta   1.4404  
    Test::Harness       3.28    
    Test::More          0.98    
    YAML                0.84    
    YAML::Syck          1.22    
    version             0.9901  


--

Summary of my perl5 (revision 5 version 16 subversion 2) configuration:
   
  Platform:
    osname=linux, osvers=2.6.32-5-686, archname=i686-linux-thread-multi
    uname='linux deb1 2.6.32-5-686 #1 smp sun sep 23 09:49:36 utc 2012 i686 gnulinux '
    config_args='-de -Dprefix=/home/c/perl5/perlbrew/perls/5.16.2i -Dusethreads -Aeval:scriptdir=/home/c/perl5/perlbrew/perls/5.16.2i/bin'
    hint=recommended, useposix=true, d_sigaction=define
    useithreads=define, usemultiplicity=define
    useperlio=define, d_sfio=undef, uselargefiles=define, usesocks=undef
    use64bitint=undef, use64bitall=undef, uselongdouble=undef
    usemymalloc=n, bincompat5005=undef
  Compiler:
    cc='cc', ccflags ='-D_REENTRANT -D_GNU_SOURCE -fno-strict-aliasing -pipe -fstack-protector -I/usr/local/include -D_LARGEFILE_SOURCE -D_FILE_OFFSET_BITS=64',
    optimize='-O2',
    cppflags='-D_REENTRANT -D_GNU_SOURCE -fno-strict-aliasing -pipe -fstack-protector -I/usr/local/include'
    ccversion='', gccversion='4.4.5', gccosandvers=''
    intsize=4, longsize=4, ptrsize=4, doublesize=8, byteorder=1234
    d_longlong=define, longlongsize=8, d_longdbl=define, longdblsize=12
    ivtype='long', ivsize=4, nvtype='double', nvsize=8, Off_t='off_t', lseeksize=8
    alignbytes=4, prototype=define
  Linker and Libraries:
    ld='cc', ldflags =' -fstack-protector -L/usr/local/lib'
    libpth=/usr/local/lib /lib/../lib /usr/lib/../lib /lib /usr/lib /usr/lib/i486-linux-gnu /usr/lib64
    libs=-lnsl -lgdbm -ldb -ldl -lm -lcrypt -lutil -lpthread -lc -lgdbm_compat
    perllibs=-lnsl -ldl -lm -lcrypt -lutil -lpthread -lc
    libc=/lib/libc-2.11.3.so, so=so, useshrplib=false, libperl=libperl.a
    gnulibc_version='2.11.3'
  Dynamic Linking:
    dlsrc=dl_dlopen.xs, dlext=so, d_dlsymun=undef, ccdlflags='-Wl,-E'
    cccdlflags='-fPIC', lddlflags='-shared -O2 -L/usr/local/lib -fstack-protector'


Characteristics of this binary (from libperl): 
  Compile-time options: HAS_TIMES MULTIPLICITY PERLIO_LAYERS
                        PERL_DONT_CREATE_GVSV PERL_IMPLICIT_CONTEXT
                        PERL_MALLOC_WRAP PERL_PRESERVE_IVUV USE_ITHREADS
                        USE_LARGE_FILES USE_LOCALE USE_LOCALE_COLLATE
                        USE_LOCALE_CTYPE USE_LOCALE_NUMERIC USE_PERLIO
                        USE_PERL_ATOF USE_REENTRANT_API
  Built under linux
  Compiled at Jan 26 2013 16:12:36
  %ENV:
    PERL5LIB=""
    PERL5OPT=""
    PERL5_CPANPLUS_IS_RUNNING="30335"
    PERL5_CPAN_IS_RUNNING="30335"
    PERL5_CPAN_IS_RUNNING_IN_RECURSION="23405,30335"
    PERLBREW_MANPATH="/home/c/perl5/perlbrew/perls/5.16.2i/man"
    PERLBREW_PATH="/home/c/perl5/perlbrew/bin:/home/c/perl5/perlbrew/perls/5.16.2i/bin"
    PERLBREW_PERL="5.16.2i"
    PERLBREW_ROOT="/home/c/perl5/perlbrew"
    PERLBREW_SKIP_INIT="1"
    PERLBREW_VERSION="0.58"
    PERL_CR_SMOKER_CURRENT="Fey-ORM-0.38"
    PERL_EXTUTILS_AUTOINSTALL="--defaultdeps"
    PERL_MM_USE_DEFAULT="1"
  @INC:
    /home/c/perl5/perlbrew/perls/5.16.2i/lib/site_perl/5.16.2/i686-linux-thread-multi
    /home/c/perl5/perlbrew/perls/5.16.2i/lib/site_perl/5.16.2
    /home/c/perl5/perlbrew/perls/5.16.2i/lib/5.16.2/i686-linux-thread-multi
    /home/c/perl5/perlbrew/perls/5.16.2i/lib/5.16.2
    .