CGI-Untaint-set v0.01 Perl 5 v5.14.2 i686-linux-thread-multi

Status
Fail
From
Kevin William Henwood
Dist
CGI-Untaint-set v0.01
Platform
Perl 5 v5.14.2 i686-linux-thread-multi
Date
2012-01-28T07:38:04
ID
03ae8000-4983-11e1-94c9-6af50df65b4f
This distribution has been tested as part of the CPAN Testers
project, supporting the Perl programming language.  See
http://wiki.cpantesters.org/ for more information or email
questions to cpan-testers-discuss@perl.org


--
Dear David R. Baird,

This is a computer-generated report for CGI-Untaint-set-0.01
on perl 5.14.2, created by CPAN-Reporter-1.2003.

Thank you for uploading your work to CPAN.  However, there was a problem
testing your distribution.

If you think this report is invalid, please consult the CPAN Testers Wiki
for suggestions on how to avoid getting FAIL reports for missing library
or binary dependencies, unsupported operating systems, and so on:

http://wiki.cpantesters.org/wiki/CPANAuthorNotes

Sections of this report:

    * Tester comments
    * Program output
    * Prerequisites
    * Environment and other context

------------------------------
TESTER COMMENTS
------------------------------

Additional comments from tester:

none provided

------------------------------
PROGRAM OUTPUT
------------------------------

Output from './Build test':

# Testing CGI::Untaint::set 0.01, Perl 5.008006, /usr/local/bin/perl
t/00-load.t ....... ok

#   Failed test ''ARRAY(0x8fda3b8)' unextractable as set'
#   at t/01.main.t line 51.
# expected data to be unextractable, but got:
#  ''

#   Failed test ''ARRAY(0x8fda338)' unextractable as set'
#   at t/01.main.t line 51.
# expected data to be unextractable, but got:
#  ',red'

#   Failed test ''ARRAY(0x91903d0)' unextractable as set'
#   at t/01.main.t line 51.
# expected data to be unextractable, but got:
#  ','
# Looks like you failed 3 tests of 12.
t/01.main.t ....... 
Dubious, test returned 3 (wstat 768, 0x300)
Failed 3/12 subtests 
t/pod-coverage.t .. ok
t/pod.t ........... ok

Test Summary Report
-------------------
t/01.main.t     (Wstat: 768 Tests: 12 Failed: 3)
  Failed tests:  10-12
  Non-zero exit status: 3
Files=4, Tests=15,  1 wallclock secs ( 0.08 usr  0.00 sys +  0.42 cusr  0.06 csys =  0.56 CPU)
Result: FAIL
Failed 1/4 test programs. 3/15 subtests failed.

------------------------------
PREREQUISITES
------------------------------

Prerequisite modules loaded:

requires:

    Module             Need Have
    ------------------ ---- ----
    CGI::Untaint       0    1.26
    Test::CGI::Untaint 0    1.10
    Test::More         0    0.98


------------------------------
ENVIRONMENT AND OTHER CONTEXT
------------------------------

Environment variables:

    LANG = en_US.UTF-8
    PATH = /usr/kerberos/sbin:/usr/kerberos/bin:/usr/local/sbin:/usr/local/bin:/sbin:/bin:/usr/sbin:/usr/bin:/opt/real/RealPlayer:/root/bin:/opt/real/RealPlayer
    PERL5LIB = 
    PERL5OPT = 
    PERL5_CPANPLUS_IS_RUNNING = 27010
    PERL5_CPAN_IS_RUNNING = 27010
    SHELL = /bin/bash
    TERM = xterm

Perl special variables (and OS-specific diagnostics, for MSWin32):

    $^X = /opt/ActivePerl-5.14/bin/perl-static
    $UID/$EUID = 0 / 0
    $GID = 0 0 1 2 3 4 6 10
    $EGID = 0 0 1 2 3 4 6 10

Perl module toolchain versions installed:

    Module              Have    
    ------------------- --------
    CPAN                1.9800  
    CPAN::Meta          2.113640
    Cwd                 3.33    
    ExtUtils::CBuilder  0.280202
    ExtUtils::Command   1.17    
    ExtUtils::Install   1.56    
    ExtUtils::MakeMaker 6.62    
    ExtUtils::Manifest  1.60    
    ExtUtils::ParseXS   3.11    
    File::Spec          3.33    
    JSON                2.53    
    JSON::PP            2.27200 
    Module::Build       0.3800  
    Module::Signature   0.68    
    Parse::CPAN::Meta   1.4401  
    Test::Harness       3.23    
    Test::More          0.98    
    YAML                0.78    
    YAML::Syck          1.19    
    version             0.95    


--

Summary of my perl5 (revision 5 version 14 subversion 2) configuration:
   
  Platform:
    osname=linux, osvers=2.6.17-1.2142_fc4, archname=i686-linux-thread-multi
    uname='linux perl-linux-vm 2.6.17-1.2142_fc4 #1 tue jul 11 22:41:14 edt 2006 i686 i686 i386 gnulinux '
    config_args='-ders -Dcc=gcc -Dusethreads -Duseithreads -Uinstallusrbinperl -Ulocincpth= -Uloclibpth= -Accflags=-DUSE_SITECUSTOMIZE -Duselargefiles -Accflags=-DPERL_RELOCATABLE_INCPUSH -Accflags=-fno-merge-constants -Dprefix=/opt/ActivePerl-5.14 -Dprivlib=/opt/ActivePerl-5.14/lib -Darchlib=/opt/ActivePerl-5.14/lib -Dsiteprefix=/opt/ActivePerl-5.14/site -Dsitelib=/opt/ActivePerl-5.14/site/lib -Dsitearch=/opt/ActivePerl-5.14/site/lib -Dsed=/bin/sed -Duseshrplib -Dcf_by=ActiveState -Dcf_email=support@ActiveState.com'
    hint=recommended, useposix=true, d_sigaction=define
    useithreads=define, usemultiplicity=define
    useperlio=define, d_sfio=undef, uselargefiles=define, usesocks=undef
    use64bitint=undef, use64bitall=undef, uselongdouble=undef
    usemymalloc=n, bincompat5005=undef
  Compiler:
    cc='gcc', ccflags ='-D_REENTRANT -D_GNU_SOURCE -DUSE_SITECUSTOMIZE -DPERL_RELOCATABLE_INCPUSH -fno-merge-constants -fno-strict-aliasing -pipe -D_LARGEFILE_SOURCE -D_FILE_OFFSET_BITS=64',
    optimize='-O2',
    cppflags='-D_REENTRANT -D_GNU_SOURCE -DUSE_SITECUSTOMIZE -DPERL_RELOCATABLE_INCPUSH -fno-merge-constants -fno-strict-aliasing -pipe'
    ccversion='', gccversion='4.0.2 20051125 (Red Hat 4.0.2-8)', gccosandvers=''
    intsize=4, longsize=4, ptrsize=4, doublesize=8, byteorder=1234
    d_longlong=define, longlongsize=8, d_longdbl=define, longdblsize=12
    ivtype='long', ivsize=4, nvtype='double', nvsize=8, Off_t='off_t', lseeksize=8
    alignbytes=4, prototype=define
  Linker and Libraries:
    ld='gcc', ldflags =''
    libpth=/lib /usr/lib /usr/local/lib
    libs=-lnsl -lgdbm -ldb -ldl -lm -lcrypt -lutil -lpthread -lc
    perllibs=-lnsl -ldl -lm -lcrypt -lutil -lpthread -lc
    libc=/lib/libc-2.3.6.so, so=so, useshrplib=true, libperl=libperl.so
    gnulibc_version='2.3.6'
  Dynamic Linking:
    dlsrc=dl_dlopen.xs, dlext=so, d_dlsymun=undef, ccdlflags='-Wl,-E -Wl,-rpath,/opt/ActivePerl-5.14/lib/CORE'
    cccdlflags='-fPIC', lddlflags='-shared -O2'


Characteristics of this binary (from libperl): 
  Compile-time options: MULTIPLICITY PERL_DONT_CREATE_GVSV
                        PERL_IMPLICIT_CONTEXT PERL_MALLOC_WRAP
                        PERL_PRESERVE_IVUV USE_ITHREADS USE_LARGE_FILES
                        USE_PERLIO USE_PERL_ATOF USE_REENTRANT_API
                        USE_SITECUSTOMIZE
  Locally applied patches:
	ActivePerl Build 1402 [295342]
  Built under linux
  Compiled at Oct  7 2011 15:49:47
  %ENV:
    PERL5LIB=""
    PERL5OPT=""
    PERL5_CPANPLUS_IS_RUNNING="27010"
    PERL5_CPAN_IS_RUNNING="27010"
  @INC:
    /opt/ActivePerl-5.14/site/lib
    /opt/ActivePerl-5.14/lib
    .