CloudDeploy v1.07 Perl 5 v5.20.0 x86_64-linux

Status
Fail
From
Slaven Rezić (SREZIC)
Dist
CloudDeploy v1.07
Platform
Perl 5 v5.20.0 x86_64-linux
Date
2019-02-15T17:13:29
ID
038a32c0-3145-11e9-8ea7-bf9269fddf61
This distribution has been tested as part of the CPAN Testers
project, supporting the Perl programming language.  See
http://wiki.cpantesters.org/ for more information or email
questions to cpan-testers-discuss@perl.org


--
Dear Jose Luis Martinez Torres,

This is a computer-generated report for CloudDeploy-1.07
on perl 5.20.0, created by CPAN-Reporter-1.2018.

Thank you for uploading your work to CPAN.  However, there was a problem
testing your distribution.

If you think this report is invalid, please consult the CPAN Testers Wiki
for suggestions on how to avoid getting FAIL reports for missing library
or binary dependencies, unsupported operating systems, and so on:

http://wiki.cpantesters.org/wiki/CPANAuthorNotes

Sections of this report:

    * Tester comments
    * Program output
    * Prerequisites
    * Environment and other context

------------------------------
TESTER COMMENTS
------------------------------

Additional comments from tester:

none provided

------------------------------
PROGRAM OUTPUT
------------------------------

Output from '/usr/bin/make test':

PERL_DL_NONLAZY=1 "/opt/perl-5.20.0/bin/perl" "-MExtUtils::Command::MM" "-MTest::Harness" "-e" "undef *Test::Harness::Switches; test_harness(0, 'blib/lib', 'blib/arch')" t/*.t
Can't locate package Cfn::DynamicValue for @CCfnX::DynamicValue::ISA at /opt/perl-5.20.0/lib/site_perl/5.20.0/x86_64-linux/Class/MOP/Class.pm line 957, <DATA> line 1.
Can't locate object method "new" via package "CCfnX::DynamicValue" at t/005_dynamicvalues.t line 41, <DATA> line 1.
t/005_dynamicvalues.t ............. 
Dubious, test returned 255 (wstat 65280, 0xff00)
No subtests run 
Can't locate package Cfn::DynamicValue for @CCfnX::DynamicValue::ISA at /opt/perl-5.20.0/lib/site_perl/5.20.0/x86_64-linux/Class/MOP/Class.pm line 957.
Attribute (Value) does not pass the type constraint because: Validation failed for 'Cfn::Value' with value Cfn::Output=HASH(0x2b98c80) (not isa Cfn::Value) at /opt/perl-5.20.0/lib/site_perl/5.20.0/x86_64-linux/Moose/Object.pm line 24
	Moose::Object::new('Cfn::Output', 'Value', 'Cfn::Output=HASH(0x2b98c80)') called at /home/cpansand/.cpan/build/2019021513/CloudDeploy-1.06-0/blib/lib/Cfn.pm line 523
	Cfn::addOutput('TestClass=HASH(0x2aca448)', 'instanceid', 'Cfn::Output=HASH(0x2b98c80)') called at /home/cpansand/.cpan/build/2019021513/CloudDeploy-1.07-0/blib/lib/CCfn.pm line 98
	Class::MOP::Class:::around('CODE(0x1a16910)', 'TestClass=HASH(0x2aca448)', 'instanceid', 'Cfn::Output=HASH(0x2b98c80)') called at /opt/perl-5.20.0/lib/site_perl/5.20.0/x86_64-linux/Class/MOP/Method/Wrapped.pm line 164
	CCfn::_wrapped_addOutput('TestClass=HASH(0x2aca448)', 'instanceid', 'Cfn::Output=HASH(0x2b98c80)') called at /opt/perl-5.20.0/lib/site_perl/5.20.0/x86_64-linux/Class/MOP/Method/Wrapped.pm line 95
	CCfn::addOutput('TestClass=HASH(0x2aca448)', 'instanceid', 'Cfn::Output=HASH(0x2b98c80)') called at /home/cpansand/.cpan/build/2019021513/CloudDeploy-1.07-0/blib/lib/CCfn.pm line 50
	CCfn::BUILD('TestClass=HASH(0x2aca448)', 'HASH(0x1d22790)') called at /opt/perl-5.20.0/lib/site_perl/5.20.0/x86_64-linux/Class/MOP/Method.pm line 128
	Class::MOP::Method::execute('Moose::Meta::Method=HASH(0x2aca6b8)', 'TestClass=HASH(0x2aca448)', 'HASH(0x1d22790)') called at /opt/perl-5.20.0/lib/site_perl/5.20.0/x86_64-linux/Moose/Object.pm line 53
	Moose::Object::BUILDALL('TestClass=HASH(0x2aca448)', 'HASH(0x1d22790)') called at /opt/perl-5.20.0/lib/site_perl/5.20.0/x86_64-linux/Moose/Meta/Class.pm line 277
	Moose::Meta::Class::new_object('Moose::Meta::Class=HASH(0x1a07f78)', 'HASH(0x1d22790)') called at /opt/perl-5.20.0/lib/site_perl/5.20.0/x86_64-linux/Moose/Object.pm line 24
	Moose::Object::new('TestClass') called at t/099_build.t line 32
t/099_build.t ..................... 
Dubious, test returned 255 (wstat 65280, 0xff00)
No subtests run 
Can't locate package Cfn::DynamicValue for @CCfnX::DynamicValue::ISA at /opt/perl-5.20.0/lib/site_perl/5.20.0/x86_64-linux/Class/MOP/Class.pm line 957, <DATA> line 1.
Can't locate object method "new" via package "CCfnX::DynamicValue" at /home/cpansand/.cpan/build/2019021513/CloudDeploy-1.07-0/blib/lib/CCfnX/Shortcuts.pm line 689, <DATA> line 1.
t/101_cfstring.t .................. 
Dubious, test returned 255 (wstat 65280, 0xff00)
No subtests run 
Can't locate package Cfn::DynamicValue for @CCfnX::DynamicValue::ISA at /opt/perl-5.20.0/lib/site_perl/5.20.0/x86_64-linux/Class/MOP/Class.pm line 957, <DATA> line 1.
Attribute (Value) does not pass the type constraint because: Validation failed for 'Cfn::Value' with value Cfn::Output=HASH(0x429ef70) (not isa Cfn::Value) at /opt/perl-5.20.0/lib/site_perl/5.20.0/x86_64-linux/Moose/Object.pm line 24
	Moose::Object::new('Cfn::Output', 'Value', 'Cfn::Output=HASH(0x429ef70)') called at /home/cpansand/.cpan/build/2019021513/CloudDeploy-1.06-0/blib/lib/Cfn.pm line 523
	Cfn::addOutput('TestClass=HASH(0x42823c0)', 'output2', 'Cfn::Output=HASH(0x429ef70)') called at /home/cpansand/.cpan/build/2019021513/CloudDeploy-1.07-0/blib/lib/CCfn.pm line 98
	Class::MOP::Class:::around('CODE(0x3f463d0)', 'TestClass=HASH(0x42823c0)', 'output2', 'Cfn::Output=HASH(0x429ef70)') called at /opt/perl-5.20.0/lib/site_perl/5.20.0/x86_64-linux/Class/MOP/Method/Wrapped.pm line 164
	CCfn::_wrapped_addOutput('TestClass=HASH(0x42823c0)', 'output2', 'Cfn::Output=HASH(0x429ef70)') called at /opt/perl-5.20.0/lib/site_perl/5.20.0/x86_64-linux/Class/MOP/Method/Wrapped.pm line 95
	CCfn::addOutput('TestClass=HASH(0x42823c0)', 'output2', 'Cfn::Output=HASH(0x429ef70)') called at /home/cpansand/.cpan/build/2019021513/CloudDeploy-1.07-0/blib/lib/CCfn.pm line 50
	CCfn::BUILD('TestClass=HASH(0x42823c0)', 'HASH(0x427eae0)') called at /opt/perl-5.20.0/lib/site_perl/5.20.0/x86_64-linux/Class/MOP/Method.pm line 128
	Class::MOP::Method::execute('Moose::Meta::Method=HASH(0x429e760)', 'TestClass=HASH(0x42823c0)', 'HASH(0x427eae0)') called at /opt/perl-5.20.0/lib/site_perl/5.20.0/x86_64-linux/Moose/Object.pm line 53
	Moose::Object::BUILDALL('TestClass=HASH(0x42823c0)', 'HASH(0x427eae0)') called at /opt/perl-5.20.0/lib/site_perl/5.20.0/x86_64-linux/Moose/Meta/Class.pm line 277
	Moose::Meta::Class::new_object('Moose::Meta::Class=HASH(0x304edf8)', 'HASH(0x427eae0)') called at /opt/perl-5.20.0/lib/site_perl/5.20.0/x86_64-linux/Moose/Object.pm line 24
	Moose::Object::new('TestClass') called at t/102_outputs.t line 25
t/102_outputs.t ................... 
Dubious, test returned 255 (wstat 65280, 0xff00)
No subtests run 
Can't locate package Cfn::DynamicValue for @CCfnX::DynamicValue::ISA at /opt/perl-5.20.0/lib/site_perl/5.20.0/x86_64-linux/Class/MOP/Class.pm line 957.
t/105_dependson.t ................. ok
Can't locate package Cfn::DynamicValue for @CCfnX::DynamicValue::ISA at /opt/perl-5.20.0/lib/site_perl/5.20.0/x86_64-linux/Class/MOP/Class.pm line 957.
t/106_resource_extended.t ......... ok
Can't locate package Cfn::DynamicValue for @CCfnX::DynamicValue::ISA at /opt/perl-5.20.0/lib/site_perl/5.20.0/x86_64-linux/Class/MOP/Class.pm line 957.
t/107_attachments.t ............... ok
Can't locate package Cfn::DynamicValue for @CCfnX::DynamicValue::ISA at /opt/perl-5.20.0/lib/site_perl/5.20.0/x86_64-linux/Class/MOP/Class.pm line 957, <DATA> line 1.
t/108_policy_addstatement.t ....... ok
Can't locate package Cfn::DynamicValue for @CCfnX::DynamicValue::ISA at /opt/perl-5.20.0/lib/site_perl/5.20.0/x86_64-linux/Class/MOP/Class.pm line 957.
Can't locate object method "new" via package "CCfnX::DynamicValue" at /home/cpansand/.cpan/build/2019021513/CloudDeploy-1.07-0/blib/lib/CCfnX/Shortcuts.pm line 388, <DATA> line 1.
t/109_short_param_and_atts.t ...... 
Dubious, test returned 2 (wstat 512, 0x200)
No subtests run 
t/110_fn_namespace.t .............. ok
Can't locate package Cfn::DynamicValue for @CCfnX::DynamicValue::ISA at /opt/perl-5.20.0/lib/site_perl/5.20.0/x86_64-linux/Class/MOP/Class.pm line 957.
t/112_dup_resource.t .............. ok
Can't locate package Cfn::DynamicValue for @CCfnX::DynamicValue::ISA at /opt/perl-5.20.0/lib/site_perl/5.20.0/x86_64-linux/Class/MOP/Class.pm line 957, <DATA> line 1.
Reference found where even-sized list expected at /home/cpansand/.cpan/build/2019021513/CloudDeploy-1.06-0/blib/lib/Cfn.pm line 547, <DATA> line 1.
A resource named MyMDTest2 must already exist at /home/cpansand/.cpan/build/2019021513/CloudDeploy-1.06-0/blib/lib/Cfn.pm line 548, <DATA> line 1.
t/113_stack_metadata.t ............ 
Dubious, test returned 2 (wstat 512, 0x200)
No subtests run 
Can't locate package Cfn::DynamicValue for @CCfnX::DynamicValue::ISA at /opt/perl-5.20.0/lib/site_perl/5.20.0/x86_64-linux/Class/MOP/Class.pm line 957.
Can't locate object method "new" via package "CCfnX::DynamicValue" at /home/cpansand/.cpan/build/2019021513/CloudDeploy-1.07-0/blib/lib/CCfnX/Shortcuts.pm line 388, <DATA> line 1.
t/117_resource_inheritance_dsl.t .. 
Dubious, test returned 2 (wstat 512, 0x200)
No subtests run 
Can't locate package Cfn::DynamicValue for @CCfnX::DynamicValue::ISA at /opt/perl-5.20.0/lib/site_perl/5.20.0/x86_64-linux/Class/MOP/Class.pm line 957.
Can't locate object method "new" via package "CCfnX::DynamicValue" at /home/cpansand/.cpan/build/2019021513/CloudDeploy-1.07-0/blib/lib/CCfnX/Shortcuts.pm line 388, <DATA> line 1.
t/300_makeamibase.t ............... 
Dubious, test returned 255 (wstat 65280, 0xff00)
No subtests run 
Can't locate package Cfn::DynamicValue for @CCfnX::DynamicValue::ISA at /opt/perl-5.20.0/lib/site_perl/5.20.0/x86_64-linux/Class/MOP/Class.pm line 957.
Resolved R2 Prop1 at /home/cpansand/.cpan/build/2019021513/CloudDeploy-1.06-0/blib/lib/Cfn.pm line 324, <DATA> line 1.
Resolved R2 Attribute at /home/cpansand/.cpan/build/2019021513/CloudDeploy-1.06-0/blib/lib/Cfn.pm line 324, <DATA> line 1.
t/400_create.t .................... ok
Can't locate package Cfn::DynamicValue for @CCfnX::DynamicValue::ISA at /opt/perl-5.20.0/lib/site_perl/5.20.0/x86_64-linux/Class/MOP/Class.pm line 957.
Can't locate object method "new" via package "CCfnX::DynamicValue" at /home/cpansand/.cpan/build/2019021513/CloudDeploy-1.07-0/blib/lib/CCfnX/Shortcuts.pm line 388, <DATA> line 1.
t/401_diff.t ...................... 
Dubious, test returned 2 (wstat 512, 0x200)
No subtests run 

Test Summary Report
-------------------
t/005_dynamicvalues.t           (Wstat: 65280 Tests: 0 Failed: 0)
  Non-zero exit status: 255
  Parse errors: No plan found in TAP output
t/099_build.t                   (Wstat: 65280 Tests: 0 Failed: 0)
  Non-zero exit status: 255
  Parse errors: No plan found in TAP output
t/101_cfstring.t                (Wstat: 65280 Tests: 0 Failed: 0)
  Non-zero exit status: 255
  Parse errors: No plan found in TAP output
t/102_outputs.t                 (Wstat: 65280 Tests: 0 Failed: 0)
  Non-zero exit status: 255
  Parse errors: No plan found in TAP output
t/109_short_param_and_atts.t    (Wstat: 512 Tests: 0 Failed: 0)
  Non-zero exit status: 2
  Parse errors: No plan found in TAP output
t/113_stack_metadata.t          (Wstat: 512 Tests: 0 Failed: 0)
  Non-zero exit status: 2
  Parse errors: No plan found in TAP output
t/117_resource_inheritance_dsl.t (Wstat: 512 Tests: 0 Failed: 0)
  Non-zero exit status: 2
  Parse errors: No plan found in TAP output
t/300_makeamibase.t             (Wstat: 65280 Tests: 0 Failed: 0)
  Non-zero exit status: 255
  Parse errors: No plan found in TAP output
t/401_diff.t                    (Wstat: 512 Tests: 0 Failed: 0)
  Non-zero exit status: 2
  Parse errors: No plan found in TAP output
Files=16, Tests=34,  6 wallclock secs ( 0.01 usr  0.02 sys +  4.76 cusr  0.67 csys =  5.46 CPU)
Result: FAIL
Failed 9/16 test programs. 0/34 subtests failed.
make: *** [test_dynamic] Error 2

------------------------------
PREREQUISITES
------------------------------

Prerequisite modules loaded:

requires:

    Module                    Need Have      
    ------------------------- ---- ----------
    Array::Compare            0    2.12      
    AWS::CLIWrapper           0    1.16      
    Cfn                       0    0         
    Data::Graph::Util         0    0.002     
    Data::Printer             0    0.38      
    Hash::Merge               0    0.200     
    Module::Runtime           0    0.014     
    MongoDB                   0    v1.4.5    
    Moose                     0    2.1805    
    MooseX::App               0    1.35      
    MooseX::Getopt            0    0.71      
    MooseX::StrictConstructor 0    0.19      
    Paws                      0    0.28      
    Regexp::Common            0    2016060801
    String::Diff              0    0.07      
    Template                  0    2.26      
    Term::ANSIColor           0    4.05      
    Text::ASCIITable          0    0.20      

build_requires:

    Module                    Need Have      
    ------------------------- ---- ----------
    ExtUtils::MakeMaker       0    7.24      
    File::Slurp               0    9999.19   

configure_requires:

    Module                    Need Have      
    ------------------------- ---- ----------
    ExtUtils::MakeMaker       0    7.24      


------------------------------
ENVIRONMENT AND OTHER CONTEXT
------------------------------

Environment variables:

    LANG = en_US.UTF-8
    LANGUAGE = en_US:en
    LC_ALL = en_US.UTF-8
    PATH = /usr/local/bin:/usr/bin:/bin:/usr/local/sbin:/usr/sbin:/sbin:/home/cpansand/bin/linux-gnu:/home/cpansand/bin/sh:/home/cpansand/bin:/usr/games:/home/cpansand/devel:/home/eserte/src/srezic-misc/scripts
    PERL5LIB = /home/cpansand/.cpan/build/2019021513/CloudDeploy-1.06-0/blib/arch:/home/cpansand/.cpan/build/2019021513/CloudDeploy-1.06-0/blib/lib:/home/cpansand/.cpan/build/2019021513/String-Diff-0.07-0/blib/arch:/home/cpansand/.cpan/build/2019021513/String-Diff-0.07-0/blib/lib:/home/cpansand/.cpan/build/2019021513/AWS-CLIWrapper-1.16-0/blib/arch:/home/cpansand/.cpan/build/2019021513/AWS-CLIWrapper-1.16-0/blib/lib
    PERL5OPT = 
    PERL5_CPANPLUS_IS_RUNNING = 9821
    PERL5_CPAN_IS_RUNNING = 9821
    PERL5_CPAN_IS_RUNNING_IN_RECURSION = 9704,9821
    PERLDOC = -MPod::Perldoc::ToTextOverstrike
    PERL_BATCH = yes
    PERL_CANARY_STABILITY_NOPROMPT = 1
    PERL_CPAN_REPORTER_CONFIG = /var/tmp/cpansmoker-1023/2019021513/cpanreporter_000_config.ini
    PERL_EXTUTILS_AUTOINSTALL = --defaultdeps
    PERL_USE_UNSAFE_INC = 1
    SHELL = /bin/zsh
    TERM = screen
    TMPDIR = /var/tmp/cpansmoker-1023/2019021513

Perl special variables (and OS-specific diagnostics, for MSWin32):

    $^X = /opt/perl-5.20.0/bin/perl
    $UID/$EUID = 1023 / 1023
    $GID = 1023 1023
    $EGID = 1023 1023

Perl module toolchain versions installed:

    Module              Have    
    ------------------- --------
    CPAN                2.16    
    CPAN::Meta          2.150010
    Cwd                 3.62    
    ExtUtils::CBuilder  0.280216
    ExtUtils::Command   7.24    
    ExtUtils::Install   1.67    
    ExtUtils::MakeMaker 7.24    
    ExtUtils::Manifest  1.70    
    ExtUtils::ParseXS   3.24    
    File::Spec          3.62    
    JSON                2.90    
    JSON::PP            2.27400 
    Module::Build       0.4220  
    Module::Signature   0.81    
    Parse::CPAN::Meta   2.150010
    Test::Harness       3.30    
    Test::More          1.302056
    YAML                1.17    
    YAML::Syck          1.29    
    version             0.9917  


--

Summary of my perl5 (revision 5 version 20 subversion 0) configuration:
   
  Platform:
    osname=linux, osvers=3.2.0-4-amd64, archname=x86_64-linux
    uname='linux cvrsnica-wheezy 3.2.0-4-amd64 #1 smp debian 3.2.54-2 x86_64 gnulinux '
    config_args='-ds -e -Dprefix=/opt/perl-5.20.0'
    hint=recommended, useposix=true, d_sigaction=define
    useithreads=undef, usemultiplicity=undef
    use64bitint=define, use64bitall=define, uselongdouble=undef
    usemymalloc=n, bincompat5005=undef
  Compiler:
    cc='cc', ccflags ='-fwrapv -fno-strict-aliasing -pipe -fstack-protector -I/usr/local/include -D_LARGEFILE_SOURCE -D_FILE_OFFSET_BITS=64',
    optimize='-O2',
    cppflags='-fwrapv -fno-strict-aliasing -pipe -fstack-protector -I/usr/local/include'
    ccversion='', gccversion='4.7.2', gccosandvers=''
    intsize=4, longsize=8, ptrsize=8, doublesize=8, byteorder=12345678
    d_longlong=define, longlongsize=8, d_longdbl=define, longdblsize=16
    ivtype='long', ivsize=8, nvtype='double', nvsize=8, Off_t='off_t', lseeksize=8
    alignbytes=8, prototype=define
  Linker and Libraries:
    ld='cc', ldflags =' -fstack-protector -L/usr/local/lib'
    libpth=/usr/local/lib /usr/lib/gcc/x86_64-linux-gnu/4.7/include-fixed /usr/include/x86_64-linux-gnu /usr/lib /lib/x86_64-linux-gnu /lib/../lib /usr/lib/x86_64-linux-gnu /usr/lib/../lib /lib
    libs=-lnsl -ldb -ldl -lm -lcrypt -lutil -lc
    perllibs=-lnsl -ldl -lm -lcrypt -lutil -lc
    libc=libc-2.13.so, so=so, useshrplib=false, libperl=libperl.a
    gnulibc_version='2.13'
  Dynamic Linking:
    dlsrc=dl_dlopen.xs, dlext=so, d_dlsymun=undef, ccdlflags='-Wl,-E'
    cccdlflags='-fPIC', lddlflags='-shared -O2 -L/usr/local/lib -fstack-protector'


Characteristics of this binary (from libperl): 
  Compile-time options: HAS_TIMES PERLIO_LAYERS PERL_DONT_CREATE_GVSV
                        PERL_HASH_FUNC_ONE_AT_A_TIME_HARD PERL_MALLOC_WRAP
                        PERL_NEW_COPY_ON_WRITE PERL_PRESERVE_IVUV
                        USE_64_BIT_ALL USE_64_BIT_INT USE_LARGE_FILES
                        USE_LOCALE USE_LOCALE_COLLATE USE_LOCALE_CTYPE
                        USE_LOCALE_NUMERIC USE_PERLIO USE_PERL_ATOF
  Built under linux
  Compiled at Jul 19 2014 07:43:18
  %ENV:
    PERL5LIB="/home/cpansand/.cpan/build/2019021513/CloudDeploy-1.06-0/blib/arch:/home/cpansand/.cpan/build/2019021513/CloudDeploy-1.06-0/blib/lib:/home/cpansand/.cpan/build/2019021513/String-Diff-0.07-0/blib/arch:/home/cpansand/.cpan/build/2019021513/String-Diff-0.07-0/blib/lib:/home/cpansand/.cpan/build/2019021513/AWS-CLIWrapper-1.16-0/blib/arch:/home/cpansand/.cpan/build/2019021513/AWS-CLIWrapper-1.16-0/blib/lib"
    PERL5OPT=""
    PERL5_CPANPLUS_IS_RUNNING="9821"
    PERL5_CPAN_IS_RUNNING="9821"
    PERL5_CPAN_IS_RUNNING_IN_RECURSION="9704,9821"
    PERLDOC="-MPod::Perldoc::ToTextOverstrike"
    PERL_BATCH="yes"
    PERL_CANARY_STABILITY_NOPROMPT="1"
    PERL_CPAN_REPORTER_CONFIG="/var/tmp/cpansmoker-1023/2019021513/cpanreporter_000_config.ini"
    PERL_EXTUTILS_AUTOINSTALL="--defaultdeps"
    PERL_USE_UNSAFE_INC="1"
  @INC:
    /home/cpansand/.cpan/build/2019021513/CloudDeploy-1.06-0/blib/arch
    /home/cpansand/.cpan/build/2019021513/CloudDeploy-1.06-0/blib/lib
    /home/cpansand/.cpan/build/2019021513/String-Diff-0.07-0/blib/arch
    /home/cpansand/.cpan/build/2019021513/String-Diff-0.07-0/blib/lib
    /home/cpansand/.cpan/build/2019021513/AWS-CLIWrapper-1.16-0/blib/arch
    /home/cpansand/.cpan/build/2019021513/AWS-CLIWrapper-1.16-0/blib/lib
    /opt/perl-5.20.0/lib/site_perl/5.20.0/x86_64-linux
    /opt/perl-5.20.0/lib/site_perl/5.20.0
    /opt/perl-5.20.0/lib/5.20.0/x86_64-linux
    /opt/perl-5.20.0/lib/5.20.0
    .