Net-RNDC v0.004-TRIAL Perl 5 v5.12.1 i386-gnukfreebsd

Status
Fail
From
Chris Williams (BINGOS)
Dist
Net-RNDC v0.004-TRIAL
Platform
Perl 5 v5.12.1 i386-gnukfreebsd
Date
2016-04-23T03:46:50
ID
02fa631c-0906-11e6-829f-59a5aef69d38
This distribution has been tested as part of the CPAN Testers
project, supporting the Perl programming language.  See
http://wiki.cpantesters.org/ for more information or email
questions to cpan-testers-discuss@perl.org


--

Dear WOLFSAGE,

This is a computer-generated error report created automatically by
CPANPLUS, version 0.9156. Testers personal comments may appear
at the end of this report.


Thank you for uploading your work to CPAN.  However, it appears that
there were some problems testing your distribution.

TEST RESULTS:

Below is the error stack from stage 'make test':

PERL_DL_NONLAZY=1 "/home/cpan/pit/bare/perl-5.12.1/bin/perl" "-MExtUtils::Command::MM" "-MTest::Harness" "-e" "undef *Test::Harness::Switches; test_harness(0, 'blib/lib', 'blib/arch')" t/*.t
Can't locate Net/RNDC.pm in @INC (@INC contains: /home/cpan/pit/bare/conf/perl-5.12.1/.cpanplus/5.12.1/build/6Zjnv_c3kI/Net-RNDC-0.004-TRIAL/t/lib /home/cpan/pit/bare/conf/perl-5.12.1/.cpanplus/5.12.1/build/6Zjnv_c3kI/Net-RNDC-0.004-TRIAL/blib/lib /home/cpan/pit/bare/conf/perl-5.12.1/.cpanplus/5.12.1/build/6Zjnv_c3kI/Net-RNDC-0.004-TRIAL/blib/arch /home/cpan/pit/bare/conf/perl-5.12.1/.cpanplus/5.12.1/build/2H4gIqrSxV/Digest-HMAC-1.03/blib/lib /home/cpan/pit/bare/conf/perl-5.12.1/.cpanplus/5.12.1/build/2H4gIqrSxV/Digest-HMAC-1.03/blib/arch /home/cpan/pit/bare/conf/perl-5.12.1/.cpanplus/5.12.1/build/SzhzQ9rzO6/Sub-Uplevel-0.25/blib/lib /home/cpan/pit/bare/conf/perl-5.12.1/.cpanplus/5.12.1/build/SzhzQ9rzO6/Sub-Uplevel-0.25/blib/arch /home/cpan/pit/bare/conf/perl-5.12.1/.cpanplus/5.12.1/build/ZLEJMhrBLA/Test-Exception-0.43/blib/lib /home/cpan/pit/bare/conf/perl-5.12.1/.cpanplus/5.12.1/build/ZLEJMhrBLA/Test-Exception-0.43/blib/arch /home/cpan/pit/bare/conf/perl-5.12.1/.cpanplus/5.12.1/build/aJMBNtIATy/Try-Tiny-0.24/blib/lib /home/cpan/pit/bare/conf/perl-5.12.1/.cpanplus/5.12.1/build/aJMBNtIATy/Try-Tiny-0.24/blib/arch /home/cpan/pit/bare/perl-5.12.1/lib/site_perl/5.12.1/i386-gnukfreebsd /home/cpan/pit/bare/perl-5.12.1/lib/site_perl/5.12.1 /home/cpan/pit/bare/perl-5.12.1/lib/5.12.1/i386-gnukfreebsd /home/cpan/pit/bare/perl-5.12.1/lib/5.12.1 .) at t/00_rndc.t line 14.
BEGIN failed--compilation aborted at t/00_rndc.t line 14.
t/00_rndc.t ............ 
Dubious, test returned 2 (wstat 512, 0x200)
No subtests run 
t/01_packet.t .......... ok
t/02_session.t ......... ok
t/author-pod-syntax.t .. skipped: these tests are for testing by the author
t/release-pod-spell.t .. skipped: these tests are for release candidate testing

Test Summary Report
-------------------
t/00_rndc.t          (Wstat: 512 Tests: 0 Failed: 0)
  Non-zero exit status: 2
  Parse errors: No plan found in TAP output
Files=5, Tests=34,  0 wallclock secs ( 0.02 usr  0.03 sys +  0.08 cusr  0.05 csys =  0.18 CPU)
Result: FAIL
Failed 1/5 test programs. 0/34 subtests failed.
make: *** [test_dynamic] Error 255



MISSING PREREQUISITES:

It was observed that the test suite seem to fail without these modules:

Net::RNDC

As such, adding the prerequisite module(s) to 'PREREQ_PM' in your
Makefile.PL should solve this problem.  For example:

WriteMakefile(
    AUTHOR      => 'WOLFSAGE (cpanplus-info@lists.sf.net)',
    ... # other information
    PREREQ_PM   => {
	'Net::RNDC'	=> '0', # or a minimum working version
    }
);

Thanks! :-)

PREREQUISITES:

Here is a list of prerequisites you specified and versions we
managed to load:

	  Module Name                        Have     Want
	  Digest::HMAC_MD5                   1.01        0
	  ExtUtils::MakeMaker                7.10        0
	  MIME::Base64                       3.08        0
	  Test::Exception                    0.43        0
	  Test::More                     1.001014     0.88
	  Try::Tiny                          0.24        0

Perl module toolchain versions installed:
	Module Name                        Have
	CPANPLUS                         0.9156
	CPANPLUS::Dist::Build              0.78
	Cwd                                3.60
	ExtUtils::CBuilder             0.280224
	ExtUtils::Command                  7.10
	ExtUtils::Install                  2.04
	ExtUtils::MakeMaker                7.10
	ExtUtils::Manifest                 1.70
	ExtUtils::ParseXS                  3.30
	File::Spec                         3.60
	Module::Build                    0.4214
	Pod::Parser                        1.37
	Pod::Simple                        3.14
	Test::Harness                      3.35
	Test::More                     1.001014
	version                          0.9912

******************************** NOTE ********************************
The comments above are created mechanically, possibly without manual
checking by the sender.  As there are many people performing automatic
tests on each upload to CPAN, it is likely that you will receive
identical messages about the same problem.

If you believe that the message is mistaken, please reply to the first
one with correction and/or additional informations, and do not take
it personally.  We appreciate your patience. :)
**********************************************************************

Additional comments:


This report was machine-generated by CPANPLUS::Dist::YACSmoke 0.94.
Powered by minismokebox version 0.58

------------------------------
ENVIRONMENT AND OTHER CONTEXT
------------------------------

Environment variables:

    AUTOMATED_TESTING = 1
    LANG = en_GB.UTF-8
    LANGUAGE = en_GB:en
    NONINTERACTIVE_TESTING = 1
    PATH = /usr/local/bin:/usr/bin:/bin:/usr/local/games:/usr/games
    PERL5LIB = :/home/cpan/pit/bare/conf/perl-5.12.1/.cpanplus/5.12.1/build/2H4gIqrSxV/Digest-HMAC-1.03/blib/lib:/home/cpan/pit/bare/conf/perl-5.12.1/.cpanplus/5.12.1/build/2H4gIqrSxV/Digest-HMAC-1.03/blib/arch:/home/cpan/pit/bare/conf/perl-5.12.1/.cpanplus/5.12.1/build/SzhzQ9rzO6/Sub-Uplevel-0.25/blib/lib:/home/cpan/pit/bare/conf/perl-5.12.1/.cpanplus/5.12.1/build/SzhzQ9rzO6/Sub-Uplevel-0.25/blib/arch:/home/cpan/pit/bare/conf/perl-5.12.1/.cpanplus/5.12.1/build/ZLEJMhrBLA/Test-Exception-0.43/blib/lib:/home/cpan/pit/bare/conf/perl-5.12.1/.cpanplus/5.12.1/build/ZLEJMhrBLA/Test-Exception-0.43/blib/arch:/home/cpan/pit/bare/conf/perl-5.12.1/.cpanplus/5.12.1/build/aJMBNtIATy/Try-Tiny-0.24/blib/lib:/home/cpan/pit/bare/conf/perl-5.12.1/.cpanplus/5.12.1/build/aJMBNtIATy/Try-Tiny-0.24/blib/arch:/home/cpan/pit/bare/conf/perl-5.12.1/.cpanplus/5.12.1/build/6Zjnv_c3kI/Net-RNDC-0.004-TRIAL/blib/lib:/home/cpan/pit/bare/conf/perl-5.12.1/.cpanplus/5.12.1/build/6Zjnv_c3kI/Net-RNDC-0.004-TRIAL/blib/arch
    PERL5_CPANPLUS_IS_RUNNING = 30510
    PERL5_CPANPLUS_IS_VERSION = 0.9156
    PERL5_MINISMOKEBOX = 0.58
    PERL5_YACSMOKE_BASE = /home/cpan/pit/bare/conf/perl-5.12.1
    PERL_EXTUTILS_AUTOINSTALL = --defaultdeps
    PERL_MM_USE_DEFAULT = 1
    SHELL = /bin/bash
    TERM = screen

Perl special variables (and OS-specific diagnostics, for MSWin32):

    Perl: $^X = /home/cpan/pit/bare/perl-5.12.1/bin/perl
    UID:  $<  = 1001
    EUID: $>  = 1001
    GID:  $(  = 1001 1001
    EGID: $)  = 1001 1001


-------------------------------


--

Summary of my perl5 (revision 5 version 12 subversion 1) configuration:
   
  Platform:
    osname=gnukfreebsd, osvers=9.0-2-686, archname=i386-gnukfreebsd
    uname='gnukfreebsd knurl 9.0-2-686 #0 sat nov 24 07:40:35 utc 2012 i386 i386 amd a6-3670 apu with radeon(tm) hd graphics gnukfreebsd '
    config_args='-des -Dprefix=/home/cpan/pit/bare/perl-5.12.1'
    hint=recommended, useposix=true, d_sigaction=define
    useithreads=undef, usemultiplicity=undef
    useperlio=define, d_sfio=undef, uselargefiles=define, usesocks=undef
    use64bitint=undef, use64bitall=undef, uselongdouble=undef
    usemymalloc=n, bincompat5005=undef
  Compiler:
    cc='cc', ccflags ='-fno-strict-aliasing -pipe -fstack-protector -I/usr/local/include -D_LARGEFILE_SOURCE -D_FILE_OFFSET_BITS=64',
    optimize='-O2',
    cppflags='-fno-strict-aliasing -pipe -fstack-protector -I/usr/local/include'
    ccversion='', gccversion='4.7.2', gccosandvers=''
    intsize=4, longsize=4, ptrsize=4, doublesize=8, byteorder=1234
    d_longlong=define, longlongsize=8, d_longdbl=define, longdblsize=12
    ivtype='long', ivsize=4, nvtype='double', nvsize=8, Off_t='off_t', lseeksize=8
    alignbytes=4, prototype=define
  Linker and Libraries:
    ld='cc', ldflags =' -fstack-protector -L/usr/local/lib'
    libpth=/usr/local/lib /lib/i386-kfreebsd-gnu /lib /usr/lib/i386-kfreebsd-gnu /usr/lib
    libs=-lnsl -lgdbm -ldl -lm -lcrypt -lutil -lc -lgdbm_compat
    perllibs=-lnsl -ldl -lm -lcrypt -lutil -lc
    libc=, so=so, useshrplib=false, libperl=libperl.a
    gnulibc_version='2.13'
  Dynamic Linking:
    dlsrc=dl_dlopen.xs, dlext=so, d_dlsymun=undef, ccdlflags='-Wl,-E'
    cccdlflags='-fpic', lddlflags='-shared -O2 -L/usr/local/lib -fstack-protector'


Characteristics of this binary (from libperl): 
  Compile-time options: PERL_DONT_CREATE_GVSV PERL_MALLOC_WRAP
                        USE_LARGE_FILES USE_PERLIO USE_PERL_ATOF
  Built under gnukfreebsd
  Compiled at Feb 25 2013 13:04:28
  %ENV:
    PERL5LIB=":/home/cpan/pit/bare/conf/perl-5.12.1/.cpanplus/5.12.1/build/2H4gIqrSxV/Digest-HMAC-1.03/blib/lib:/home/cpan/pit/bare/conf/perl-5.12.1/.cpanplus/5.12.1/build/2H4gIqrSxV/Digest-HMAC-1.03/blib/arch:/home/cpan/pit/bare/conf/perl-5.12.1/.cpanplus/5.12.1/build/SzhzQ9rzO6/Sub-Uplevel-0.25/blib/lib:/home/cpan/pit/bare/conf/perl-5.12.1/.cpanplus/5.12.1/build/SzhzQ9rzO6/Sub-Uplevel-0.25/blib/arch:/home/cpan/pit/bare/conf/perl-5.12.1/.cpanplus/5.12.1/build/ZLEJMhrBLA/Test-Exception-0.43/blib/lib:/home/cpan/pit/bare/conf/perl-5.12.1/.cpanplus/5.12.1/build/ZLEJMhrBLA/Test-Exception-0.43/blib/arch:/home/cpan/pit/bare/conf/perl-5.12.1/.cpanplus/5.12.1/build/aJMBNtIATy/Try-Tiny-0.24/blib/lib:/home/cpan/pit/bare/conf/perl-5.12.1/.cpanplus/5.12.1/build/aJMBNtIATy/Try-Tiny-0.24/blib/arch:/home/cpan/pit/bare/conf/perl-5.12.1/.cpanplus/5.12.1/build/6Zjnv_c3kI/Net-RNDC-0.004-TRIAL/blib/lib:/home/cpan/pit/bare/conf/perl-5.12.1/.cpanplus/5.12.1/build/6Zjnv_c3kI/Net-RNDC-0.004-TRIAL/blib/arch"
    PERL5_CPANPLUS_IS_RUNNING="30510"
    PERL5_CPANPLUS_IS_VERSION="0.9156"
    PERL5_MINISMOKEBOX="0.58"
    PERL5_YACSMOKE_BASE="/home/cpan/pit/bare/conf/perl-5.12.1"
    PERL_EXTUTILS_AUTOINSTALL="--defaultdeps"
    PERL_MM_USE_DEFAULT="1"
  @INC:
    /home/cpan/pit/bare/conf/perl-5.12.1/.cpanplus/5.12.1/build/2H4gIqrSxV/Digest-HMAC-1.03/blib/lib
    /home/cpan/pit/bare/conf/perl-5.12.1/.cpanplus/5.12.1/build/2H4gIqrSxV/Digest-HMAC-1.03/blib/arch
    /home/cpan/pit/bare/conf/perl-5.12.1/.cpanplus/5.12.1/build/SzhzQ9rzO6/Sub-Uplevel-0.25/blib/lib
    /home/cpan/pit/bare/conf/perl-5.12.1/.cpanplus/5.12.1/build/SzhzQ9rzO6/Sub-Uplevel-0.25/blib/arch
    /home/cpan/pit/bare/conf/perl-5.12.1/.cpanplus/5.12.1/build/ZLEJMhrBLA/Test-Exception-0.43/blib/lib
    /home/cpan/pit/bare/conf/perl-5.12.1/.cpanplus/5.12.1/build/ZLEJMhrBLA/Test-Exception-0.43/blib/arch
    /home/cpan/pit/bare/conf/perl-5.12.1/.cpanplus/5.12.1/build/aJMBNtIATy/Try-Tiny-0.24/blib/lib
    /home/cpan/pit/bare/conf/perl-5.12.1/.cpanplus/5.12.1/build/aJMBNtIATy/Try-Tiny-0.24/blib/arch
    /home/cpan/pit/bare/conf/perl-5.12.1/.cpanplus/5.12.1/build/6Zjnv_c3kI/Net-RNDC-0.004-TRIAL/blib/lib
    /home/cpan/pit/bare/conf/perl-5.12.1/.cpanplus/5.12.1/build/6Zjnv_c3kI/Net-RNDC-0.004-TRIAL/blib/arch
    /home/cpan/pit/bare/perl-5.12.1/lib/site_perl/5.12.1/i386-gnukfreebsd
    /home/cpan/pit/bare/perl-5.12.1/lib/site_perl/5.12.1
    /home/cpan/pit/bare/perl-5.12.1/lib/5.12.1/i386-gnukfreebsd
    /home/cpan/pit/bare/perl-5.12.1/lib/5.12.1
    .