MooseX-WithCache v0.01002 Perl 5 v5.17.5 x86_64-linux-ld
- Status
- Fail
- From
- Andreas J. König (ANDK)
- Dist
-
MooseX-WithCache v0.01002
- Platform
- Perl 5 v5.17.5 x86_64-linux-ld
- Date
- 2012-09-22 18:33:31
- ID
- 02ba2d58-04e4-11e2-93c8-a7620bd5e587
This distribution has been tested as part of the CPAN Testers
project, supporting the Perl programming language. See
http://wiki.cpantesters.org/ for more information or email
questions to cpan-testers-discuss@perl.org
--
Dear Daisuke Maki,
This is a computer-generated report for MooseX-WithCache-0.01002
on perl 5.17.5, created by CPAN-Reporter-1.2006.
Thank you for uploading your work to CPAN. However, there was a problem
testing your distribution.
If you think this report is invalid, please consult the CPAN Testers Wiki
for suggestions on how to avoid getting FAIL reports for missing library
or binary dependencies, unsupported operating systems, and so on:
http://wiki.cpantesters.org/wiki/CPANAuthorNotes
Sections of this report:
* Tester comments
* Program output
* Prerequisites
* Environment and other context
------------------------------
TESTER COMMENTS
------------------------------
Additional comments from tester:
this report is from an automated smoke testing program
and was not reviewed by a human for accuracy
------------------------------
PROGRAM OUTPUT
------------------------------
Output from '/usr/bin/make test':
PERL_DL_NONLAZY=1 /tmp/basesmoker-reloperl-z6RU/bin/perl "-MExtUtils::Command::MM" "-e" "test_harness(0, 'inc', 'blib/lib', 'blib/arch')" t/*.t t/*/*.t
t/00_compile.t ............... ok
syntax error at t/02_memcached.t line 25, near "$class qw(Cache::Memcached Cache::Memcached::Fast Cache::memcached::libmemcached)"
Global symbol "$class" requires explicit package name at t/02_memcached.t line 29.
Global symbol "$class" requires explicit package name at t/02_memcached.t line 31.
Global symbol "$tests" requires explicit package name at t/02_memcached.t line 37.
BEGIN not safe after errors--compilation aborted at t/02_memcached.t line 39.
t/02_memcached.t .............
Dubious, test returned 255 (wstat 65280, 0xff00)
No subtests run
must specify either 'datastore' hashref or 'global' flag at /home/src/perl/repoperls/installed-perls/perl/v5.17.4-25-g5b46e17/9980/lib/site_perl/5.17.5/CHI/Driver/Memory.pm line 37.
CHI::Driver::Memory::BUILD('Moose::Meta::Class::__ANON__::SERIAL::4=HASH(0x2a89ad8)', 'HASH(0x2b4bc68)') called at /home/src/perl/repoperls/installed-perls/perl/v5.17.4-25-g5b46e17/9980/lib/site_perl/5.17.5/x86_64-linux-thread-multi/Class/MOP/Method.pm line 125
Class::MOP::Method::execute('Moose::Meta::Method=HASH(0x2b4c028)', 'Moose::Meta::Class::__ANON__::SERIAL::4=HASH(0x2a89ad8)', 'HASH(0x2b4bc68)') called at /home/src/perl/repoperls/installed-perls/perl/v5.17.4-25-g5b46e17/9980/lib/site_perl/5.17.5/x86_64-linux-thread-multi/Moose/Object.pm line 59
Moose::Object::BUILDALL('Moose::Meta::Class::__ANON__::SERIAL::4=HASH(0x2a89ad8)', 'HASH(0x2b4bc68)') called at /home/src/perl/repoperls/installed-perls/perl/v5.17.4-25-g5b46e17/9980/lib/site_perl/5.17.5/x86_64-linux-thread-multi/Moose/Meta/Class.pm line 278
Moose::Meta::Class::new_object('Moose::Meta::Class=HASH(0x29fd490)', 'HASH(0x2b4bc68)') called at /home/src/perl/repoperls/installed-perls/perl/v5.17.4-25-g5b46e17/9980/lib/site_perl/5.17.5/x86_64-linux-thread-multi/Moose/Object.pm line 28
Moose::Object::new('Moose::Meta::Class::__ANON__::SERIAL::4', 'chi_root_class', 'CHI', 'driver_class', 'CHI::Driver::Memory') called at constructor CHI::Driver::Memory::new (defined at /home/src/perl/repoperls/installed-perls/perl/v5.17.4-25-g5b46e17/9980/lib/site_perl/5.17.5/CHI/Driver/Memory.pm line 18) line 4
CHI::Driver::Memory::new('Moose::Meta::Class::__ANON__::SERIAL::4', 'chi_root_class', 'CHI', 'driver_class', 'CHI::Driver::Memory') called at /home/src/perl/repoperls/installed-perls/perl/v5.17.4-25-g5b46e17/9980/lib/site_perl/5.17.5/CHI.pm line 156
CHI::new('CHI', 'driver', 'Memory') called at t/03_chi.t line 29
t/03_chi.t ................... ok
t/04_fastmmap.t .............. skipped: no Cache::FastMmap found
t/deprecated/00_compile.t .... ok
syntax error at t/deprecated/02_memcached.t line 20, near "$class qw(Cache::Memcached Cache::Memcached::Fast Cache::memcached::libmemcached)"
Global symbol "$class" requires explicit package name at t/deprecated/02_memcached.t line 24.
Global symbol "$class" requires explicit package name at t/deprecated/02_memcached.t line 26.
Global symbol "$tests" requires explicit package name at t/deprecated/02_memcached.t line 32.
BEGIN not safe after errors--compilation aborted at t/deprecated/02_memcached.t line 34.
t/deprecated/02_memcached.t ..
Dubious, test returned 255 (wstat 65280, 0xff00)
No subtests run
must specify either 'datastore' hashref or 'global' flag at /home/src/perl/repoperls/installed-perls/perl/v5.17.4-25-g5b46e17/9980/lib/site_perl/5.17.5/CHI/Driver/Memory.pm line 37.
CHI::Driver::Memory::BUILD('Moose::Meta::Class::__ANON__::SERIAL::4=HASH(0x3a7cb50)', 'HASH(0x3cfff78)') called at /home/src/perl/repoperls/installed-perls/perl/v5.17.4-25-g5b46e17/9980/lib/site_perl/5.17.5/x86_64-linux-thread-multi/Class/MOP/Method.pm line 125
Class::MOP::Method::execute('Moose::Meta::Method=HASH(0x39b6d90)', 'Moose::Meta::Class::__ANON__::SERIAL::4=HASH(0x3a7cb50)', 'HASH(0x3cfff78)') called at /home/src/perl/repoperls/installed-perls/perl/v5.17.4-25-g5b46e17/9980/lib/site_perl/5.17.5/x86_64-linux-thread-multi/Moose/Object.pm line 59
Moose::Object::BUILDALL('Moose::Meta::Class::__ANON__::SERIAL::4=HASH(0x3a7cb50)', 'HASH(0x3cfff78)') called at /home/src/perl/repoperls/installed-perls/perl/v5.17.4-25-g5b46e17/9980/lib/site_perl/5.17.5/x86_64-linux-thread-multi/Moose/Meta/Class.pm line 278
Moose::Meta::Class::new_object('Moose::Meta::Class=HASH(0x3d00fa8)', 'HASH(0x3cfff78)') called at /home/src/perl/repoperls/installed-perls/perl/v5.17.4-25-g5b46e17/9980/lib/site_perl/5.17.5/x86_64-linux-thread-multi/Moose/Object.pm line 28
Moose::Object::new('Moose::Meta::Class::__ANON__::SERIAL::4', 'chi_root_class', 'CHI', 'driver_class', 'CHI::Driver::Memory') called at constructor CHI::Driver::Memory::new (defined at /home/src/perl/repoperls/installed-perls/perl/v5.17.4-25-g5b46e17/9980/lib/site_perl/5.17.5/CHI/Driver/Memory.pm line 18) line 4
CHI::Driver::Memory::new('Moose::Meta::Class::__ANON__::SERIAL::4', 'chi_root_class', 'CHI', 'driver_class', 'CHI::Driver::Memory') called at /home/src/perl/repoperls/installed-perls/perl/v5.17.4-25-g5b46e17/9980/lib/site_perl/5.17.5/CHI.pm line 156
CHI::new('CHI', 'driver', 'Memory') called at t/deprecated/03_chi.t line 30
t/deprecated/03_chi.t ........ ok
t/deprecated/04_fastmmap.t ... skipped: no Cache::FastMmap found
Test Summary Report
-------------------
t/02_memcached.t (Wstat: 65280 Tests: 0 Failed: 0)
Non-zero exit status: 255
Parse errors: No plan found in TAP output
t/deprecated/02_memcached.t (Wstat: 65280 Tests: 0 Failed: 0)
Non-zero exit status: 255
Parse errors: No plan found in TAP output
Files=8, Tests=21, 1 wallclock secs ( 0.03 usr 0.01 sys + 1.72 cusr 0.10 csys = 1.86 CPU)
Result: FAIL
Failed 2/8 test programs. 0/21 subtests failed.
make: *** [test_dynamic] Error 255
------------------------------
PREREQUISITES
------------------------------
Prerequisite modules loaded:
requires:
Module Need Have
--------------------------- ----- --------
Cache::Memcached 0 1.30
Data::Dumper 0 2.135_07
Digest::MD5 0 2.52
Moose 0.59 2.0604
MooseX::Role::Parameterized 0 1.00
perl 5.008 5.017005
build_requires:
Module Need Have
--------------------------- ----- --------
ExtUtils::MakeMaker 6.42 6.63_02
IO::Socket::INET 0 1.33
Test::Exception 0 0.31
Test::More 0 0.98
configure_requires:
Module Need Have
--------------------------- ----- --------
ExtUtils::MakeMaker 6.42 6.63_02
------------------------------
ENVIRONMENT AND OTHER CONTEXT
------------------------------
Environment variables:
AUTOMATED_TESTING = 1
LANG = en_US.UTF-8
LANGUAGE = en_US:en
PATH = /home/sand/bin:/usr/local/bin:/usr/bin:/bin:/usr/bin/X11:/usr/games:/usr/local/perl/bin:/usr/X11/bin:/sbin:/usr/sbin
PERL5LIB = /tmp/loop_over_bdir-6DRd_R/Mail-SpamAssassin-2.43-vfYnCo/blib/arch:/tmp/loop_over_bdir-6DRd_R/Mail-SpamAssassin-2.43-vfYnCo/blib/lib
PERL5OPT =
PERL5_CPANPLUS_IS_RUNNING = 22892
PERL5_CPAN_IS_RUNNING = 22892
PERL_MM_USE_DEFAULT = 1
SHELL = /usr/bin/zsh
TERM = screen
Perl special variables (and OS-specific diagnostics, for MSWin32):
$^X = /tmp/basesmoker-reloperl-z6RU/bin/perl
$UID/$EUID = 1005 / 1005
$GID = 1005 1005
$EGID = 1005 1005
Perl module toolchain versions installed:
Module Have
------------------- --------
CPAN 1.9800
CPAN::Meta 2.120921
Cwd 3.39_02
ExtUtils::CBuilder 0.280208
ExtUtils::Command 1.17
ExtUtils::Install 1.58
ExtUtils::MakeMaker 6.63_02
ExtUtils::Manifest 1.61
ExtUtils::ParseXS 3.18
File::Spec 3.39_02
JSON 2.53
JSON::PP 2.27200
Module::Build 0.4003
Module::Signature 0.68
Parse::CPAN::Meta 1.4404
Test::Harness 3.25_01
Test::More 0.98
YAML 0.84
YAML::Syck 1.21
version 0.9901
--
Summary of my perl5 (revision 5 version 17 subversion 5) configuration:
Commit id: 5b46e1725cda3bd1aa02113edde50ea3004968fd
Platform:
osname=linux, osvers=3.2.0-3-amd64, archname=x86_64-linux-thread-multi
uname='linux k83 3.2.0-3-amd64 #1 smp mon jul 23 02:45:17 utc 2012 x86_64 gnulinux '
config_args='-Dprefix=/home/src/perl/repoperls/installed-perls/perl/v5.17.4-25-g5b46e17/9980 -Dmyhostname=k83 -Dinstallusrbinperl=n -Uversiononly -Dusedevel -des -Ui_db -Duseithreads -Uuselongdouble -DDEBUGGING=-g'
hint=recommended, useposix=true, d_sigaction=define
useithreads=define, usemultiplicity=define
useperlio=define, d_sfio=undef, uselargefiles=define, usesocks=undef
use64bitint=define, use64bitall=define, uselongdouble=undef
usemymalloc=n, bincompat5005=undef
Compiler:
cc='cc', ccflags ='-D_REENTRANT -D_GNU_SOURCE -fno-strict-aliasing -pipe -fstack-protector -I/usr/local/include -D_LARGEFILE_SOURCE -D_FILE_OFFSET_BITS=64',
optimize='-O2 -g',
cppflags='-D_REENTRANT -D_GNU_SOURCE -fno-strict-aliasing -pipe -fstack-protector -I/usr/local/include'
ccversion='', gccversion='4.7.1', gccosandvers=''
intsize=4, longsize=8, ptrsize=8, doublesize=8, byteorder=12345678
d_longlong=define, longlongsize=8, d_longdbl=define, longdblsize=16
ivtype='long', ivsize=8, nvtype='double', nvsize=8, Off_t='off_t', lseeksize=8
alignbytes=8, prototype=define
Linker and Libraries:
ld='cc', ldflags =' -fstack-protector -L/usr/local/lib'
libpth=/usr/local/lib /lib/x86_64-linux-gnu /lib/../lib /usr/lib/x86_64-linux-gnu /usr/lib/../lib /lib /usr/lib
libs=-lnsl -ldb -ldl -lm -lcrypt -lutil -lpthread -lc
perllibs=-lnsl -ldl -lm -lcrypt -lutil -lpthread -lc
libc=, so=so, useshrplib=false, libperl=libperl.a
gnulibc_version='2.13'
Dynamic Linking:
dlsrc=dl_dlopen.xs, dlext=so, d_dlsymun=undef, ccdlflags='-Wl,-E'
cccdlflags='-fPIC', lddlflags='-shared -O2 -g -L/usr/local/lib -fstack-protector'
Characteristics of this binary (from libperl):
Compile-time options: HAS_TIMES MULTIPLICITY PERLIO_LAYERS
PERL_DONT_CREATE_GVSV PERL_IMPLICIT_CONTEXT
PERL_MALLOC_WRAP PERL_PRESERVE_IVUV PERL_USE_DEVEL
USE_64_BIT_ALL USE_64_BIT_INT USE_ITHREADS
USE_LARGE_FILES USE_LOCALE USE_LOCALE_COLLATE
USE_LOCALE_CTYPE USE_LOCALE_NUMERIC USE_PERLIO
USE_PERL_ATOF USE_REENTRANT_API
Built under linux
Compiled at Sep 22 2012 12:44:41
%ENV:
PERL5LIB="/tmp/loop_over_bdir-6DRd_R/Mail-SpamAssassin-2.43-vfYnCo/blib/arch:/tmp/loop_over_bdir-6DRd_R/Mail-SpamAssassin-2.43-vfYnCo/blib/lib"
PERL5OPT=""
PERL5_CPANPLUS_IS_RUNNING="22892"
PERL5_CPAN_IS_RUNNING="22892"
PERL_MM_USE_DEFAULT="1"
@INC:
/tmp/loop_over_bdir-6DRd_R/Mail-SpamAssassin-2.43-vfYnCo/blib/arch
/tmp/loop_over_bdir-6DRd_R/Mail-SpamAssassin-2.43-vfYnCo/blib/lib
/home/src/perl/repoperls/installed-perls/perl/v5.17.4-25-g5b46e17/9980/lib/site_perl/5.17.5/x86_64-linux-thread-multi
/home/src/perl/repoperls/installed-perls/perl/v5.17.4-25-g5b46e17/9980/lib/site_perl/5.17.5
/home/src/perl/repoperls/installed-perls/perl/v5.17.4-25-g5b46e17/9980/lib/5.17.5/x86_64-linux-thread-multi
/home/src/perl/repoperls/installed-perls/perl/v5.17.4-25-g5b46e17/9980/lib/5.17.5
.