Test-Unit v0.25 Perl 5 v5.15.3 x86_64-linux-ld

Status
Fail
From
Andreas J. König (ANDK)
Dist
Test-Unit v0.25
Platform
Perl 5 v5.15.3 x86_64-linux-ld
Date
2011-09-23 04:25:03
ID
0247124a-e59c-11e0-8e24-9e1bd56d03ea
This distribution has been tested as part of the CPAN Testers
project, supporting the Perl programming language.  See
http://wiki.cpantesters.org/ for more information or email
questions to cpan-testers-discuss@perl.org


--
Dear Matthew Astley,

This is a computer-generated report for Test-Unit-0.25
on perl 5.15.3, created by CPAN-Reporter-1.1902.

Thank you for uploading your work to CPAN.  However, there was a problem
testing your distribution.

If you think this report is invalid, please consult the CPAN Testers Wiki
for suggestions on how to avoid getting FAIL reports for missing library
or binary dependencies, unsupported operating systems, and so on:

http://wiki.cpantesters.org/wiki/CPANAuthorNotes

Sections of this report:

    * Tester comments
    * Program output
    * Prerequisites
    * Environment and other context

------------------------------
TESTER COMMENTS
------------------------------

Additional comments from tester:

none provided

------------------------------
PROGRAM OUTPUT
------------------------------

Output from '/usr/bin/make test':

make[1]: Entering directory `/home/sand/.cpan/build/Test-Unit-0.25-zSA9Cr'
PERL_DL_NONLAZY=1 /home/sand/src/perl/repoperls/installed-perls/perl/v5.15.3-32-g2527559/2b65/bin/perl "-MExtUtils::Command::MM" "-e" "test_harness(0, 'blib/lib', 'blib/arch')" t/*.t
t/all_tests.t ..... ok
t/assert.t ........ 
Failed 2/40 subtests 
t/try_examples.t .. ok

Test Summary Report
-------------------
t/assert.t      (Wstat: 0 Tests: 40 Failed: 2)
  Failed tests:  26, 39
Files=3, Tests=89,  1 wallclock secs ( 0.04 usr  0.01 sys +  0.92 cusr  0.08 csys =  1.05 CPU)
Result: FAIL
Failed 1/3 test programs. 2/89 subtests failed.
make[1]: *** [test_dynamic] Error 255
make[1]: Leaving directory `/home/sand/.cpan/build/Test-Unit-0.25-zSA9Cr'

------------------------------
PREREQUISITES
------------------------------

Prerequisite modules loaded:

requires:

    Module              Need Have    
    ------------------- ---- --------
    base                1    2.18    
    Class::Inner        0    0.200001
    Devel::Symdump      0    2.08    
    Error               0    0.17016 

build_requires:

    Module              Need Have    
    ------------------- ---- --------
    ExtUtils::MakeMaker 0    6.59    


------------------------------
ENVIRONMENT AND OTHER CONTEXT
------------------------------

Environment variables:

    LANG = en_US.UTF-8
    LANGUAGE = en_US:en
    PATH = /usr/lib/ccache:/home/sand/bin:/usr/local/bin:/usr/bin:/bin:/usr/bin/X11:/usr/games:/usr/local/perl/bin:/usr/X11/bin:/sbin:/usr/sbin
    PERL5LIB = /home/sand/.cpan/build/ProjectBuilder-0.11.3-AiMgtO/blib/arch:/home/sand/.cpan/build/ProjectBuilder-0.11.3-AiMgtO/blib/lib:/home/sand/.cpan/build/Encode-IBM-0.11-qweUGW/blib/arch:/home/sand/.cpan/build/Encode-IBM-0.11-qweUGW/blib/lib:/home/sand/.cpan/build/Mail-SpamAssassin-2.43-g7XBGJ/blib/arch:/home/sand/.cpan/build/Mail-SpamAssassin-2.43-g7XBGJ/blib/lib
    PERL5OPT = 
    PERL5_CPANPLUS_IS_RUNNING = 7360
    PERL5_CPAN_IS_RUNNING = 7360
    SHELL = /usr/bin/zsh
    TERM = screen

Perl special variables (and OS-specific diagnostics, for MSWin32):

    $^X = /home/sand/src/perl/repoperls/installed-perls/perl/v5.15.3-32-g2527559/2b65/bin/perl
    $UID/$EUID = 1001 / 1001
    $GID = 1001 1001
    $EGID = 1001 1001

Perl module toolchain versions installed:

    Module              Have    
    ------------------- --------
    CPAN                1.9800  
    Cwd                 3.37    
    ExtUtils::CBuilder  0.280204
    ExtUtils::Command   1.17    
    ExtUtils::Install   1.57    
    ExtUtils::MakeMaker 6.59    
    ExtUtils::Manifest  1.60    
    ExtUtils::ParseXS   3.04_04 
    File::Spec          3.34    
    Module::Build       0.39_01 
    Module::Signature   0.68    
    Test::Harness       3.23    
    Test::More          0.98    
    YAML                0.73    
    YAML::Syck          n/a     
    version             0.93    


--

Summary of my perl5 (revision 5 version 15 subversion 3) configuration:
  Commit id: 25275596243468dc2f7e4dddb6ac6eb8aac471f2
  Platform:
    osname=linux, osvers=3.0.0-1-amd64, archname=x86_64-linux-ld
    uname='linux k81 3.0.0-1-amd64 #1 smp tue sep 20 07:03:13 utc 2011 x86_64 gnulinux '
    config_args='-Dprefix=/home/src/perl/repoperls/installed-perls/perl/v5.15.3-32-g2527559/2b65 -Dinstallusrbinperl=n -Uversiononly -Dusedevel -des -Ui_db -Uuseithreads -Duselongdouble -DDEBUGGING=-g'
    hint=recommended, useposix=true, d_sigaction=define
    useithreads=undef, usemultiplicity=undef
    useperlio=define, d_sfio=undef, uselargefiles=define, usesocks=undef
    use64bitint=define, use64bitall=define, uselongdouble=define
    usemymalloc=n, bincompat5005=undef
  Compiler:
    cc='cc', ccflags ='-fno-strict-aliasing -pipe -fstack-protector -I/usr/local/include -D_LARGEFILE_SOURCE -D_FILE_OFFSET_BITS=64',
    optimize='-O2 -g',
    cppflags='-fno-strict-aliasing -pipe -fstack-protector -I/usr/local/include'
    ccversion='', gccversion='4.6.1', gccosandvers=''
    intsize=4, longsize=8, ptrsize=8, doublesize=8, byteorder=12345678
    d_longlong=define, longlongsize=8, d_longdbl=define, longdblsize=16
    ivtype='long', ivsize=8, nvtype='long double', nvsize=16, Off_t='off_t', lseeksize=8
    alignbytes=16, prototype=define
  Linker and Libraries:
    ld='cc', ldflags =' -fstack-protector -L/usr/local/lib'
    libpth=/usr/local/lib /lib/x86_64-linux-gnu /usr/lib/x86_64-linux-gnu /lib /usr/lib /lib64 /usr/lib64
    libs=-lnsl -ldb -ldl -lm -lcrypt -lutil -lc
    perllibs=-lnsl -ldl -lm -lcrypt -lutil -lc
    libc=, so=so, useshrplib=false, libperl=libperl.a
    gnulibc_version='2.13'
  Dynamic Linking:
    dlsrc=dl_dlopen.xs, dlext=so, d_dlsymun=undef, ccdlflags='-Wl,-E'
    cccdlflags='-fPIC', lddlflags='-shared -O2 -g -L/usr/local/lib -fstack-protector'


Characteristics of this binary (from libperl): 
  Compile-time options: HAS_TIMES PERLIO_LAYERS PERL_DONT_CREATE_GVSV
                        PERL_MALLOC_WRAP PERL_PRESERVE_IVUV PERL_USE_DEVEL
                        USE_64_BIT_ALL USE_64_BIT_INT USE_LARGE_FILES
                        USE_LOCALE USE_LOCALE_COLLATE USE_LOCALE_CTYPE
                        USE_LOCALE_NUMERIC USE_LONG_DOUBLE USE_PERLIO
                        USE_PERL_ATOF
  Built under linux
  Compiled at Sep 22 2011 21:15:11
  %ENV:
    PERL5LIB="/home/sand/.cpan/build/ProjectBuilder-0.11.3-AiMgtO/blib/arch:/home/sand/.cpan/build/ProjectBuilder-0.11.3-AiMgtO/blib/lib:/home/sand/.cpan/build/Encode-IBM-0.11-qweUGW/blib/arch:/home/sand/.cpan/build/Encode-IBM-0.11-qweUGW/blib/lib:/home/sand/.cpan/build/Mail-SpamAssassin-2.43-g7XBGJ/blib/arch:/home/sand/.cpan/build/Mail-SpamAssassin-2.43-g7XBGJ/blib/lib"
    PERL5OPT=""
    PERL5_CPANPLUS_IS_RUNNING="7360"
    PERL5_CPAN_IS_RUNNING="7360"
  @INC:
    /home/sand/.cpan/build/ProjectBuilder-0.11.3-AiMgtO/blib/arch
    /home/sand/.cpan/build/ProjectBuilder-0.11.3-AiMgtO/blib/lib
    /home/sand/.cpan/build/Encode-IBM-0.11-qweUGW/blib/arch
    /home/sand/.cpan/build/Encode-IBM-0.11-qweUGW/blib/lib
    /home/sand/.cpan/build/Mail-SpamAssassin-2.43-g7XBGJ/blib/arch
    /home/sand/.cpan/build/Mail-SpamAssassin-2.43-g7XBGJ/blib/lib
    /home/src/perl/repoperls/installed-perls/perl/v5.15.3-32-g2527559/2b65/lib/site_perl/5.15.3/x86_64-linux-ld
    /home/src/perl/repoperls/installed-perls/perl/v5.15.3-32-g2527559/2b65/lib/site_perl/5.15.3
    /home/src/perl/repoperls/installed-perls/perl/v5.15.3-32-g2527559/2b65/lib/5.15.3/x86_64-linux-ld
    /home/src/perl/repoperls/installed-perls/perl/v5.15.3-32-g2527559/2b65/lib/5.15.3
    .