IPC-Run v20200505.0 Perl 5 v5.8.9 i86pc-solaris-64

Status
Fail
From
Chris Williams (BINGOS)
Dist
IPC-Run v20200505.0
Platform
Perl 5 v5.8.9 i86pc-solaris-64
Date
2020-10-26 17:30:54
ID
005e3b10-17b1-11eb-a9f9-f9eb91108de4
This distribution has been tested as part of the CPAN Testers
project, supporting the Perl programming language.  See
http://wiki.cpantesters.org/ for more information or email
questions to cpan-testers-discuss@perl.org


--

Dear Todd Rinaldo,

This is a computer-generated error report created automatically by
CPANPLUS, version 0.9908. Testers personal comments may appear
at the end of this report.


Thank you for uploading your work to CPAN.  However, it appears that
there were some problems testing your distribution.

TEST RESULTS:

Below is the error stack from stage 'make test':

PERL_DL_NONLAZY=1 "/home/cpan/pit/bare/perl-5.8.9/bin/perl" "-MExtUtils::Command::MM" "-MTest::Harness" "-e" "undef *Test::Harness::Switches; test_harness(0, 'blib/lib', 'blib/arch')" t/*.t
t/adopt.t ............................ skipped: adopt not implemented yet
t/autoflush.t ........................ ok
t/autovivifyfh.t ..................... ok
t/binmode.t .......................... ok
t/bogus.t ............................ ok
t/child_fd_inadvertently_closed.t .... ok
t/eintr.t ............................ ok
t/filter.t ........................... ok
t/harness.t .......................... ok
t/io.t ............................... ok
t/kill_kill.t ........................ ok
t/parallel.t ......................... ok

#   Failed test 'child process exited with success status'
#   at t/parent_and_child_fds_match.t line 63.
# Looks like you failed 1 test of 3.
t/parent_and_child_fds_match.t ....... 
Dubious, test returned 1 (wstat 256, 0x100)
Failed 1/3 subtests 
t/pty.t .............................. skipped: IO::Pty not installed
t/pump.t ............................. ok
t/readonly.t ......................... skipped: Readonly is required for this test to work.
t/run.t .............................. ok
t/run_stdin-callback-return-array.t .. ok
t/signal.t ........................... ok
t/timeout.t .......................... ok
t/timer.t ............................ ok
t/utf8.t ............................. ok
t/win32_compile.t .................... ok
t/win32_newlines.t ................... skipped: Skipping when not on Win32
t/windows_search_path.t .............. ok

Test Summary Report
-------------------
t/parent_and_child_fds_match.t     (Wstat: 256 Tests: 3 Failed: 1)
  Failed test:  3
  Non-zero exit status: 1
Files=25, Tests=688, 19 wallclock secs ( 0.27 usr  0.12 sys +  4.06 cusr  1.76 csys =  6.21 CPU)
Result: FAIL
Failed 1/25 test programs. 1/688 subtests failed.
*** Error code 255
make: Fatal error: Command failed for target `test_dynamic'


PREREQUISITES:

Here is a list of prerequisites you specified and versions we
managed to load:

	  Module Name                        Have     Want
	  ExtUtils::MakeMaker                7.48        0
	  Test::More                     1.302181     0.47

Perl module toolchain versions installed:
	Module Name                        Have
	CPANPLUS                         0.9908
	CPANPLUS::Dist::Build              0.90
	Cwd                                3.75
	ExtUtils::CBuilder             0.280234
	ExtUtils::Command                  7.48
	ExtUtils::Install                  2.18
	ExtUtils::MakeMaker                7.48
	ExtUtils::Manifest                 1.72
	ExtUtils::ParseXS                  3.35
	File::Spec                         3.75
	Module::Build                    0.4231
	Pod::Parser                        1.35
	Pod::Simple                        3.40
	Test2                          1.302181
	Test::Harness                      3.42
	Test::More                     1.302181
	version                          0.9928

******************************** NOTE ********************************
The comments above are created mechanically, possibly without manual
checking by the sender.  As there are many people performing automatic
tests on each upload to CPAN, it is likely that you will receive
identical messages about the same problem.

If you believe that the message is mistaken, please reply to the first
one with correction and/or additional informations, and do not take
it personally.  We appreciate your patience. :)
**********************************************************************

Additional comments:


This report was machine-generated by CPANPLUS::Dist::YACSmoke 1.08.
Powered by minismokebox version 0.68

CPANPLUS is prefering Build.PL

------------------------------
ENVIRONMENT AND OTHER CONTEXT
------------------------------

Environment variables:

    AUTOMATED_TESTING = 1
    LANG = en_GB.UTF-8
    NONINTERACTIVE_TESTING = 1
    PATH = /usr/bin:/usr/sbin:/sbin:/opt/ooce/bin:/usr/gnu/bin
    PERL5LIB = /home/cpan/pit/jail/ZIIesshl2e/lib/perl5:/home/cpan/pit/bare/conf/perl-5.8.9/.cpanplus/5.8.9/build/iSL_90QGHP/IPC-Run-20200505.0/blib/lib:/home/cpan/pit/bare/conf/perl-5.8.9/.cpanplus/5.8.9/build/iSL_90QGHP/IPC-Run-20200505.0/blib/arch
    PERL5_CPANPLUS_IS_RUNNING = 15261
    PERL5_CPANPLUS_IS_VERSION = 0.9908
    PERL5_MINISMOKEBOX = 0.68
    PERL5_YACSMOKE_BASE = /home/cpan/pit/bare/conf/perl-5.8.9
    PERL_EXTUTILS_AUTOINSTALL = --defaultdeps
    PERL_LOCAL_LIB_ROOT = /home/cpan/pit/jail/ZIIesshl2e
    PERL_MB_OPT = --install_base "/home/cpan/pit/jail/ZIIesshl2e"
    PERL_MM_OPT = INSTALL_BASE=/home/cpan/pit/jail/ZIIesshl2e
    PERL_MM_USE_DEFAULT = 1
    PERL_USE_UNSAFE_INC = 1
    SHELL = /bin/bash
    TERM = screen

Perl special variables (and OS-specific diagnostics, for MSWin32):

    Perl: $^X = /home/cpan/pit/bare/perl-5.8.9/bin/perl
    UID:  $<  = 101
    EUID: $>  = 101
    GID:  $(  = 101 101
    EGID: $)  = 101 101


-------------------------------


--

Summary of my perl5 (revision 5 version 8 subversion 9) configuration:
  Platform:
    osname=solaris, osvers=2.11, archname=i86pc-solaris-64
    uname='sunos ouzel 5.11 omnios-r151034-0d278a0cc5 i86pc i386 i86pc '
    config_args='-des -Dprefix=/home/cpan/pit/bare/perl-5.8.9 -Duse64bitall -Dcc=gcc'
    hint=recommended, useposix=true, d_sigaction=define
    usethreads=undef use5005threads=undef useithreads=undef usemultiplicity=undef
    useperlio=define d_sfio=undef uselargefiles=define usesocks=undef
    use64bitint=define use64bitall=define uselongdouble=undef
    usemymalloc=n, bincompat5005=undef
  Compiler:
    cc='gcc', ccflags ='-m64 -fwrapv -fno-strict-aliasing -pipe -D_LARGEFILE_SOURCE -D_FILE_OFFSET_BITS=64 -DPERL_USE_SAFE_PUTENV',
    optimize='-O',
    cppflags='-m64 -fwrapv -fno-strict-aliasing -pipe'
    ccversion='', gccversion='9.3.0', gccosandvers=''
    intsize=4, longsize=8, ptrsize=8, doublesize=8, byteorder=12345678
    d_longlong=define, longlongsize=8, d_longdbl=define, longdblsize=16
    ivtype='long', ivsize=8, nvtype='double', nvsize=8, Off_t='off_t', lseeksize=8
    alignbytes=8, prototype=define
  Linker and Libraries:
    ld='gcc', ldflags =' -m64 -L/usr/gnu/lib '
    libpth=/usr/gnu/lib /usr/lib /usr/ccs/lib
    libs=-lsocket -lnsl -ldl -lm -lc
    perllibs=-lsocket -lnsl -ldl -lm -lc
    libc=/lib/libc.so, so=so, useshrplib=true, libperl=libperl.so
    gnulibc_version=''
  Dynamic Linking:
    dlsrc=dl_dlopen.xs, dlext=so, d_dlsymun=undef, ccdlflags='  -R /home/cpan/pit/bare/perl-5.8.9/lib/5.8.9/i86pc-solaris-64/CORE'
    cccdlflags='-fPIC', lddlflags=' -shared -m64 -L/usr/gnu/lib'


Characteristics of this binary (from libperl): 
  Compile-time options: PERL_MALLOC_WRAP PERL_USE_SAFE_PUTENV USE_64_BIT_ALL
                        USE_64_BIT_INT USE_FAST_STDIO USE_LARGE_FILES
                        USE_PERLIO
  Locally applied patches:
	Devel::PatchPerl 2.00
  Built under solaris
  Compiled at Aug 19 2020 01:07:46
  %ENV:
    PERL5LIB="/home/cpan/pit/jail/ZIIesshl2e/lib/perl5:/home/cpan/pit/bare/conf/perl-5.8.9/.cpanplus/5.8.9/build/iSL_90QGHP/IPC-Run-20200505.0/blib/lib:/home/cpan/pit/bare/conf/perl-5.8.9/.cpanplus/5.8.9/build/iSL_90QGHP/IPC-Run-20200505.0/blib/arch"
    PERL5_CPANPLUS_IS_RUNNING="15261"
    PERL5_CPANPLUS_IS_VERSION="0.9908"
    PERL5_MINISMOKEBOX="0.68"
    PERL5_YACSMOKE_BASE="/home/cpan/pit/bare/conf/perl-5.8.9"
    PERL_EXTUTILS_AUTOINSTALL="--defaultdeps"
    PERL_LOCAL_LIB_ROOT="/home/cpan/pit/jail/ZIIesshl2e"
    PERL_MB_OPT="--install_base "/home/cpan/pit/jail/ZIIesshl2e""
    PERL_MM_OPT="INSTALL_BASE=/home/cpan/pit/jail/ZIIesshl2e"
    PERL_MM_USE_DEFAULT="1"
    PERL_USE_UNSAFE_INC="1"
  @INC:
    /home/cpan/pit/jail/ZIIesshl2e/lib/perl5/5.8.9/i86pc-solaris-64
    /home/cpan/pit/jail/ZIIesshl2e/lib/perl5/5.8.9
    /home/cpan/pit/jail/ZIIesshl2e/lib/perl5/i86pc-solaris-64
    /home/cpan/pit/jail/ZIIesshl2e/lib/perl5
    /home/cpan/pit/bare/conf/perl-5.8.9/.cpanplus/5.8.9/build/iSL_90QGHP/IPC-Run-20200505.0/blib/lib
    /home/cpan/pit/bare/conf/perl-5.8.9/.cpanplus/5.8.9/build/iSL_90QGHP/IPC-Run-20200505.0/blib/arch
    /home/cpan/pit/bare/perl-5.8.9/lib/5.8.9/i86pc-solaris-64
    /home/cpan/pit/bare/perl-5.8.9/lib/5.8.9
    /home/cpan/pit/bare/perl-5.8.9/lib/site_perl/5.8.9/i86pc-solaris-64
    /home/cpan/pit/bare/perl-5.8.9/lib/site_perl/5.8.9
    .