PlotCalendar v1.4 Perl 5 v5.15.9 x86_64-linux-thread-multi
- Status
- Fail
- From
- Andreas J. König (ANDK)
- Dist
-
PlotCalendar v1.4
- Platform
- Perl 5 v5.15.9 x86_64-linux-thread-multi
- Date
- 2012-03-24 09:59:09
- ID
- 0053bc5e-7598-11e1-80f3-8f46173997d5
This distribution has been tested as part of the CPAN Testers
project, supporting the Perl programming language. See
http://wiki.cpantesters.org/ for more information or email
questions to cpan-testers-discuss@perl.org
--
Dear Alan K. Jackson,
This is a computer-generated report for PlotCalendar-1.4
on perl 5.15.9, created by CPAN-Reporter-1.2005.
Thank you for uploading your work to CPAN. However, there was a problem
testing your distribution.
If you think this report is invalid, please consult the CPAN Testers Wiki
for suggestions on how to avoid getting FAIL reports for missing library
or binary dependencies, unsupported operating systems, and so on:
http://wiki.cpantesters.org/wiki/CPANAuthorNotes
Sections of this report:
* Tester comments
* Program output
* Prerequisites
* Environment and other context
------------------------------
TESTER COMMENTS
------------------------------
Additional comments from tester:
this report is from an automated smoke testing program
and was not reviewed by a human for accuracy
------------------------------
PROGRAM OUTPUT
------------------------------
Output from '/usr/bin/make test':
PERL_DL_NONLAZY=1 /home/sand/src/perl/repoperls/installed-perls/perl/v5.15.9/9980/bin/perl "-MExtUtils::Command::MM" "-e" "test_harness(0, 'blib/lib', 'blib/arch')" t/*.t
Undefined subroutine &PlotCalendar::DateTools::julian_day called at /tmp/loop_over_bdir-zt2rHK/PlotCalendar-1.4-ScoLIm/blib/lib/PlotCalendar/DateTools.pm line 102, <DATA> line 17.
t/datedesc.t ...
Dubious, test returned 255 (wstat 65280, 0xff00)
Failed 17/17 subtests
Undefined subroutine &PlotCalendar::DateTools::julian_day called at /tmp/loop_over_bdir-zt2rHK/PlotCalendar-1.4-ScoLIm/blib/lib/PlotCalendar/DateTools.pm line 72.
t/datetools.t ..
Dubious, test returned 255 (wstat 65280, 0xff00)
Failed 8/8 subtests
t/day.t ........ ok
Undefined subroutine &PlotCalendar::DateTools::days_in called at /tmp/loop_over_bdir-zt2rHK/PlotCalendar-1.4-ScoLIm/blib/lib/PlotCalendar/DateTools.pm line 82.
t/month.t ......
Dubious, test returned 255 (wstat 65280, 0xff00)
Failed 2/2 subtests
t/require.t .... ok
Test Summary Report
-------------------
t/datedesc.t (Wstat: 65280 Tests: 0 Failed: 0)
Non-zero exit status: 255
Parse errors: Bad plan. You planned 17 tests but ran 0.
t/datetools.t (Wstat: 65280 Tests: 0 Failed: 0)
Non-zero exit status: 255
Parse errors: Bad plan. You planned 8 tests but ran 0.
t/month.t (Wstat: 65280 Tests: 0 Failed: 0)
Non-zero exit status: 255
Parse errors: Bad plan. You planned 2 tests but ran 0.
Files=5, Tests=7, 0 wallclock secs ( 0.03 usr 0.00 sys + 0.04 cusr 0.01 csys = 0.08 CPU)
Result: FAIL
Failed 3/5 test programs. 0/7 subtests failed.
make: *** [test_dynamic] Error 255
------------------------------
PREREQUISITES
------------------------------
Prerequisite modules loaded:
requires:
Module Need Have
------------------- ---- ---------
Time::DaysInMonth 1 99.1117
Time::JulianDay 1 2011.0505
build_requires:
Module Need Have
------------------- ---- ---------
ExtUtils::MakeMaker 0 6.63_02
------------------------------
ENVIRONMENT AND OTHER CONTEXT
------------------------------
Environment variables:
AUTOMATED_TESTING = 1
LANG = en_US.UTF-8
LANGUAGE = en_US:en
PATH = /home/sand/bin:/usr/local/bin:/usr/bin:/bin:/usr/bin/X11:/usr/games:/usr/local/perl/bin:/usr/X11/bin:/sbin:/usr/sbin
PERL5LIB =
PERL5OPT =
PERL5_CPANPLUS_IS_RUNNING = 22040
PERL5_CPAN_IS_RUNNING = 22040
PERL_MM_USE_DEFAULT = 1
SHELL = /usr/bin/zsh
TERM = screen
Perl special variables (and OS-specific diagnostics, for MSWin32):
$^X = /home/sand/src/perl/repoperls/installed-perls/perl/v5.15.9/9980/bin/perl
$UID/$EUID = 1005 / 1005
$GID = 1005 123 1005
$EGID = 1005 123 1005
Perl module toolchain versions installed:
Module Have
------------------- --------
CPAN 1.9800
CPAN::Meta 2.120630
Cwd 3.39_02
ExtUtils::CBuilder 0.280206
ExtUtils::Command 1.17
ExtUtils::Install 1.58
ExtUtils::MakeMaker 6.63_02
ExtUtils::Manifest 1.61
ExtUtils::ParseXS 3.16
File::Spec 3.39_02
JSON 2.53
JSON::PP 2.27200
Module::Build 0.40
Module::Signature 0.68
Parse::CPAN::Meta 1.4402
Test::Harness 3.23
Test::More 0.98
YAML 0.80
YAML::Syck 1.20
version 0.96
--
Summary of my perl5 (revision 5 version 15 subversion 9) configuration:
Commit id: 01725c1062c0e78d5d79424b6f84013e248992a5
Platform:
osname=linux, osvers=3.2.0-1-amd64, archname=x86_64-linux-thread-multi
uname='linux k83 3.2.0-1-amd64 #1 smp fri feb 17 05:17:36 utc 2012 x86_64 gnulinux '
config_args='-Dprefix=/home/src/perl/repoperls/installed-perls/perl/v5.15.9/9980 -Dmyhostname=k83 -Dinstallusrbinperl=n -Uversiononly -Dusedevel -des -Ui_db -Duseithreads -Uuselongdouble -DDEBUGGING=-g'
hint=recommended, useposix=true, d_sigaction=define
useithreads=define, usemultiplicity=define
useperlio=define, d_sfio=undef, uselargefiles=define, usesocks=undef
use64bitint=define, use64bitall=define, uselongdouble=undef
usemymalloc=n, bincompat5005=undef
Compiler:
cc='cc', ccflags ='-D_REENTRANT -D_GNU_SOURCE -fno-strict-aliasing -pipe -fstack-protector -I/usr/local/include -D_LARGEFILE_SOURCE -D_FILE_OFFSET_BITS=64',
optimize='-O2 -g',
cppflags='-D_REENTRANT -D_GNU_SOURCE -fno-strict-aliasing -pipe -fstack-protector -I/usr/local/include'
ccversion='', gccversion='4.6.3', gccosandvers=''
intsize=4, longsize=8, ptrsize=8, doublesize=8, byteorder=12345678
d_longlong=define, longlongsize=8, d_longdbl=define, longdblsize=16
ivtype='long', ivsize=8, nvtype='double', nvsize=8, Off_t='off_t', lseeksize=8
alignbytes=8, prototype=define
Linker and Libraries:
ld='cc', ldflags =' -fstack-protector -L/usr/local/lib'
libpth=/usr/local/lib /lib/x86_64-linux-gnu /lib/../lib /usr/lib/x86_64-linux-gnu /usr/lib/../lib /lib /usr/lib
libs=-lnsl -ldb -ldl -lm -lcrypt -lutil -lpthread -lc
perllibs=-lnsl -ldl -lm -lcrypt -lutil -lpthread -lc
libc=, so=so, useshrplib=false, libperl=libperl.a
gnulibc_version='2.13'
Dynamic Linking:
dlsrc=dl_dlopen.xs, dlext=so, d_dlsymun=undef, ccdlflags='-Wl,-E'
cccdlflags='-fPIC', lddlflags='-shared -O2 -g -L/usr/local/lib -fstack-protector'
Characteristics of this binary (from libperl):
Compile-time options: HAS_TIMES MULTIPLICITY PERLIO_LAYERS
PERL_DONT_CREATE_GVSV PERL_IMPLICIT_CONTEXT
PERL_MALLOC_WRAP PERL_PRESERVE_IVUV PERL_USE_DEVEL
USE_64_BIT_ALL USE_64_BIT_INT USE_ITHREADS
USE_LARGE_FILES USE_LOCALE USE_LOCALE_COLLATE
USE_LOCALE_CTYPE USE_LOCALE_NUMERIC USE_PERLIO
USE_PERL_ATOF USE_REENTRANT_API
Built under linux
Compiled at Mar 20 2012 20:34:41
%ENV:
PERL5LIB=""
PERL5OPT=""
PERL5_CPANPLUS_IS_RUNNING="22040"
PERL5_CPAN_IS_RUNNING="22040"
PERL_MM_USE_DEFAULT="1"
@INC:
/home/src/perl/repoperls/installed-perls/perl/v5.15.9/9980/lib/site_perl/5.15.9/x86_64-linux-thread-multi
/home/src/perl/repoperls/installed-perls/perl/v5.15.9/9980/lib/site_perl/5.15.9
/home/src/perl/repoperls/installed-perls/perl/v5.15.9/9980/lib/5.15.9/x86_64-linux-thread-multi
/home/src/perl/repoperls/installed-perls/perl/v5.15.9/9980/lib/5.15.9
.