Genezzo v0.72 Perl 5 v5.19.7 x86_64-linux-thread-multi
- Status
- Fail
- From
- Andreas J. König (ANDK)
- Dist
-
Genezzo v0.72
- Platform
- Perl 5 v5.19.7 x86_64-linux-thread-multi
- Date
- 2013-11-24 04:00:47
- ID
- 0027788c-54bd-11e3-9bf3-f8d39d5baa37
This distribution has been tested as part of the CPAN Testers
project, supporting the Perl programming language. See
http://wiki.cpantesters.org/ for more information or email
questions to cpan-testers-discuss@perl.org
--
Dear Jeffrey Cohen,
This is a computer-generated report for Genezzo-0.72
on perl 5.19.7, created by CPAN-Reporter-1.2010.
Thank you for uploading your work to CPAN. However, there was a problem
testing your distribution.
If you think this report is invalid, please consult the CPAN Testers Wiki
for suggestions on how to avoid getting FAIL reports for missing library
or binary dependencies, unsupported operating systems, and so on:
http://wiki.cpantesters.org/wiki/CPANAuthorNotes
Sections of this report:
* Tester comments
* Program output
* Prerequisites
* Environment and other context
------------------------------
TESTER COMMENTS
------------------------------
Additional comments from tester:
this report is from an automated smoke testing program
and was not reviewed by a human for accuracy
------------------------------
PROGRAM OUTPUT
------------------------------
Output from '/usr/bin/make test':
PERL_DL_NONLAZY=1 /tmp/basesmoker-reloperl-Runp/bin/perl "-MExtUtils::Command::MM" "-MTest::Harness" "-e" "undef *Test::Harness::Switches; test_harness(0, 'blib/lib', 'blib/arch')" t/*.t
syntax error at /tmp/loop_over_bdir-20670-xjO3og/Genezzo-0.72-6Ru5rA/blib/lib/Genezzo/Tablespace.pm line 603, near "$tname qw(_tspace _tsfiles _tab1 _col1 allfileused)"
Global symbol "$tname" requires explicit package name at /tmp/loop_over_bdir-20670-xjO3og/Genezzo-0.72-6Ru5rA/blib/lib/Genezzo/Tablespace.pm line 605.
Global symbol "$self" requires explicit package name at /tmp/loop_over_bdir-20670-xjO3og/Genezzo-0.72-6Ru5rA/blib/lib/Genezzo/Tablespace.pm line 608.
Global symbol "$tname" requires explicit package name at /tmp/loop_over_bdir-20670-xjO3og/Genezzo-0.72-6Ru5rA/blib/lib/Genezzo/Tablespace.pm line 608.
Global symbol "$preload" requires explicit package name at /tmp/loop_over_bdir-20670-xjO3og/Genezzo-0.72-6Ru5rA/blib/lib/Genezzo/Tablespace.pm line 614.
Global symbol "$self" requires explicit package name at /tmp/loop_over_bdir-20670-xjO3og/Genezzo-0.72-6Ru5rA/blib/lib/Genezzo/Tablespace.pm line 616.
Global symbol "$tname" requires explicit package name at /tmp/loop_over_bdir-20670-xjO3og/Genezzo-0.72-6Ru5rA/blib/lib/Genezzo/Tablespace.pm line 616.
Global symbol "$self" requires explicit package name at /tmp/loop_over_bdir-20670-xjO3og/Genezzo-0.72-6Ru5rA/blib/lib/Genezzo/Tablespace.pm line 617.
Global symbol "$tname" requires explicit package name at /tmp/loop_over_bdir-20670-xjO3og/Genezzo-0.72-6Ru5rA/blib/lib/Genezzo/Tablespace.pm line 617.
syntax error at /tmp/loop_over_bdir-20670-xjO3og/Genezzo-0.72-6Ru5rA/blib/lib/Genezzo/Tablespace.pm line 620, near "}"
/tmp/loop_over_bdir-20670-xjO3og/Genezzo-0.72-6Ru5rA/blib/lib/Genezzo/Tablespace.pm has too many errors.
Compilation failed in require at /tmp/loop_over_bdir-20670-xjO3og/Genezzo-0.72-6Ru5rA/blib/lib/Genezzo/Dict.pm line 15.
BEGIN failed--compilation aborted at /tmp/loop_over_bdir-20670-xjO3og/Genezzo-0.72-6Ru5rA/blib/lib/Genezzo/Dict.pm line 15.
Compilation failed in require at /tmp/loop_over_bdir-20670-xjO3og/Genezzo-0.72-6Ru5rA/blib/lib/Genezzo/GenDBI.pm line 21.
BEGIN failed--compilation aborted at /tmp/loop_over_bdir-20670-xjO3og/Genezzo-0.72-6Ru5rA/blib/lib/Genezzo/GenDBI.pm line 21.
Compilation failed in require at t/AAASetup1.t line 13.
BEGIN failed--compilation aborted at t/AAASetup1.t line 13.
t/AAASetup1.t ..
Dubious, test returned 255 (wstat 65280, 0xff00)
Failed 2/2 subtests
t/Block1.t ..... ok
t/Block2.t ..... ok
t/Block3.t ..... ok
t/Block4.t ..... ok
t/BufCa1.t ..... ok
syntax error at /tmp/loop_over_bdir-20670-xjO3og/Genezzo-0.72-6Ru5rA/blib/lib/Genezzo/Tablespace.pm line 603, near "$tname qw(_tspace _tsfiles _tab1 _col1 allfileused)"
Global symbol "$tname" requires explicit package name at /tmp/loop_over_bdir-20670-xjO3og/Genezzo-0.72-6Ru5rA/blib/lib/Genezzo/Tablespace.pm line 605.
Global symbol "$self" requires explicit package name at /tmp/loop_over_bdir-20670-xjO3og/Genezzo-0.72-6Ru5rA/blib/lib/Genezzo/Tablespace.pm line 608.
Global symbol "$tname" requires explicit package name at /tmp/loop_over_bdir-20670-xjO3og/Genezzo-0.72-6Ru5rA/blib/lib/Genezzo/Tablespace.pm line 608.
Global symbol "$preload" requires explicit package name at /tmp/loop_over_bdir-20670-xjO3og/Genezzo-0.72-6Ru5rA/blib/lib/Genezzo/Tablespace.pm line 614.
Global symbol "$self" requires explicit package name at /tmp/loop_over_bdir-20670-xjO3og/Genezzo-0.72-6Ru5rA/blib/lib/Genezzo/Tablespace.pm line 616.
Global symbol "$tname" requires explicit package name at /tmp/loop_over_bdir-20670-xjO3og/Genezzo-0.72-6Ru5rA/blib/lib/Genezzo/Tablespace.pm line 616.
Global symbol "$self" requires explicit package name at /tmp/loop_over_bdir-20670-xjO3og/Genezzo-0.72-6Ru5rA/blib/lib/Genezzo/Tablespace.pm line 617.
Global symbol "$tname" requires explicit package name at /tmp/loop_over_bdir-20670-xjO3og/Genezzo-0.72-6Ru5rA/blib/lib/Genezzo/Tablespace.pm line 617.
syntax error at /tmp/loop_over_bdir-20670-xjO3og/Genezzo-0.72-6Ru5rA/blib/lib/Genezzo/Tablespace.pm line 620, near "}"
/tmp/loop_over_bdir-20670-xjO3og/Genezzo-0.72-6Ru5rA/blib/lib/Genezzo/Tablespace.pm has too many errors.
Compilation failed in require at /tmp/loop_over_bdir-20670-xjO3og/Genezzo-0.72-6Ru5rA/blib/lib/Genezzo/Dict.pm line 15.
BEGIN failed--compilation aborted at /tmp/loop_over_bdir-20670-xjO3og/Genezzo-0.72-6Ru5rA/blib/lib/Genezzo/Dict.pm line 15.
Compilation failed in require at /tmp/loop_over_bdir-20670-xjO3og/Genezzo-0.72-6Ru5rA/blib/lib/Genezzo/GenDBI.pm line 21.
BEGIN failed--compilation aborted at /tmp/loop_over_bdir-20670-xjO3og/Genezzo-0.72-6Ru5rA/blib/lib/Genezzo/GenDBI.pm line 21.
Compilation failed in require at t/Cons1.t line 13.
BEGIN failed--compilation aborted at t/Cons1.t line 13.
t/Cons1.t ......
Dubious, test returned 255 (wstat 65280, 0xff00)
Failed 21/21 subtests
syntax error at /tmp/loop_over_bdir-20670-xjO3og/Genezzo-0.72-6Ru5rA/blib/lib/Genezzo/Tablespace.pm line 603, near "$tname qw(_tspace _tsfiles _tab1 _col1 allfileused)"
Global symbol "$tname" requires explicit package name at /tmp/loop_over_bdir-20670-xjO3og/Genezzo-0.72-6Ru5rA/blib/lib/Genezzo/Tablespace.pm line 605.
Global symbol "$self" requires explicit package name at /tmp/loop_over_bdir-20670-xjO3og/Genezzo-0.72-6Ru5rA/blib/lib/Genezzo/Tablespace.pm line 608.
Global symbol "$tname" requires explicit package name at /tmp/loop_over_bdir-20670-xjO3og/Genezzo-0.72-6Ru5rA/blib/lib/Genezzo/Tablespace.pm line 608.
Global symbol "$preload" requires explicit package name at /tmp/loop_over_bdir-20670-xjO3og/Genezzo-0.72-6Ru5rA/blib/lib/Genezzo/Tablespace.pm line 614.
Global symbol "$self" requires explicit package name at /tmp/loop_over_bdir-20670-xjO3og/Genezzo-0.72-6Ru5rA/blib/lib/Genezzo/Tablespace.pm line 616.
Global symbol "$tname" requires explicit package name at /tmp/loop_over_bdir-20670-xjO3og/Genezzo-0.72-6Ru5rA/blib/lib/Genezzo/Tablespace.pm line 616.
Global symbol "$self" requires explicit package name at /tmp/loop_over_bdir-20670-xjO3og/Genezzo-0.72-6Ru5rA/blib/lib/Genezzo/Tablespace.pm line 617.
Global symbol "$tname" requires explicit package name at /tmp/loop_over_bdir-20670-xjO3og/Genezzo-0.72-6Ru5rA/blib/lib/Genezzo/Tablespace.pm line 617.
syntax error at /tmp/loop_over_bdir-20670-xjO3og/Genezzo-0.72-6Ru5rA/blib/lib/Genezzo/Tablespace.pm line 620, near "}"
/tmp/loop_over_bdir-20670-xjO3og/Genezzo-0.72-6Ru5rA/blib/lib/Genezzo/Tablespace.pm has too many errors.
Compilation failed in require at /tmp/loop_over_bdir-20670-xjO3og/Genezzo-0.72-6Ru5rA/blib/lib/Genezzo/Dict.pm line 15.
BEGIN failed--compilation aborted at /tmp/loop_over_bdir-20670-xjO3og/Genezzo-0.72-6Ru5rA/blib/lib/Genezzo/Dict.pm line 15.
Compilation failed in require at /tmp/loop_over_bdir-20670-xjO3og/Genezzo-0.72-6Ru5rA/blib/lib/Genezzo/GenDBI.pm line 21.
BEGIN failed--compilation aborted at /tmp/loop_over_bdir-20670-xjO3og/Genezzo-0.72-6Ru5rA/blib/lib/Genezzo/GenDBI.pm line 21.
Compilation failed in require at t/DBI1.t line 13.
BEGIN failed--compilation aborted at t/DBI1.t line 13.
t/DBI1.t .......
Dubious, test returned 255 (wstat 65280, 0xff00)
Failed 48/48 subtests
syntax error at /tmp/loop_over_bdir-20670-xjO3og/Genezzo-0.72-6Ru5rA/blib/lib/Genezzo/Tablespace.pm line 603, near "$tname qw(_tspace _tsfiles _tab1 _col1 allfileused)"
Global symbol "$tname" requires explicit package name at /tmp/loop_over_bdir-20670-xjO3og/Genezzo-0.72-6Ru5rA/blib/lib/Genezzo/Tablespace.pm line 605.
Global symbol "$self" requires explicit package name at /tmp/loop_over_bdir-20670-xjO3og/Genezzo-0.72-6Ru5rA/blib/lib/Genezzo/Tablespace.pm line 608.
Global symbol "$tname" requires explicit package name at /tmp/loop_over_bdir-20670-xjO3og/Genezzo-0.72-6Ru5rA/blib/lib/Genezzo/Tablespace.pm line 608.
Global symbol "$preload" requires explicit package name at /tmp/loop_over_bdir-20670-xjO3og/Genezzo-0.72-6Ru5rA/blib/lib/Genezzo/Tablespace.pm line 614.
Global symbol "$self" requires explicit package name at /tmp/loop_over_bdir-20670-xjO3og/Genezzo-0.72-6Ru5rA/blib/lib/Genezzo/Tablespace.pm line 616.
Global symbol "$tname" requires explicit package name at /tmp/loop_over_bdir-20670-xjO3og/Genezzo-0.72-6Ru5rA/blib/lib/Genezzo/Tablespace.pm line 616.
Global symbol "$self" requires explicit package name at /tmp/loop_over_bdir-20670-xjO3og/Genezzo-0.72-6Ru5rA/blib/lib/Genezzo/Tablespace.pm line 617.
Global symbol "$tname" requires explicit package name at /tmp/loop_over_bdir-20670-xjO3og/Genezzo-0.72-6Ru5rA/blib/lib/Genezzo/Tablespace.pm line 617.
syntax error at /tmp/loop_over_bdir-20670-xjO3og/Genezzo-0.72-6Ru5rA/blib/lib/Genezzo/Tablespace.pm line 620, near "}"
/tmp/loop_over_bdir-20670-xjO3og/Genezzo-0.72-6Ru5rA/blib/lib/Genezzo/Tablespace.pm has too many errors.
Compilation failed in require at /tmp/loop_over_bdir-20670-xjO3og/Genezzo-0.72-6Ru5rA/blib/lib/Genezzo/Dict.pm line 15.
BEGIN failed--compilation aborted at /tmp/loop_over_bdir-20670-xjO3og/Genezzo-0.72-6Ru5rA/blib/lib/Genezzo/Dict.pm line 15.
Compilation failed in require at /tmp/loop_over_bdir-20670-xjO3og/Genezzo-0.72-6Ru5rA/blib/lib/Genezzo/GenDBI.pm line 21.
BEGIN failed--compilation aborted at /tmp/loop_over_bdir-20670-xjO3og/Genezzo-0.72-6Ru5rA/blib/lib/Genezzo/GenDBI.pm line 21.
Compilation failed in require at t/Feeble1.t line 13.
BEGIN failed--compilation aborted at t/Feeble1.t line 13.
t/Feeble1.t ....
Dubious, test returned 255 (wstat 65280, 0xff00)
Failed 18/18 subtests
syntax error at /tmp/loop_over_bdir-20670-xjO3og/Genezzo-0.72-6Ru5rA/blib/lib/Genezzo/Tablespace.pm line 603, near "$tname qw(_tspace _tsfiles _tab1 _col1 allfileused)"
Global symbol "$tname" requires explicit package name at /tmp/loop_over_bdir-20670-xjO3og/Genezzo-0.72-6Ru5rA/blib/lib/Genezzo/Tablespace.pm line 605.
Global symbol "$self" requires explicit package name at /tmp/loop_over_bdir-20670-xjO3og/Genezzo-0.72-6Ru5rA/blib/lib/Genezzo/Tablespace.pm line 608.
Global symbol "$tname" requires explicit package name at /tmp/loop_over_bdir-20670-xjO3og/Genezzo-0.72-6Ru5rA/blib/lib/Genezzo/Tablespace.pm line 608.
Global symbol "$preload" requires explicit package name at /tmp/loop_over_bdir-20670-xjO3og/Genezzo-0.72-6Ru5rA/blib/lib/Genezzo/Tablespace.pm line 614.
Global symbol "$self" requires explicit package name at /tmp/loop_over_bdir-20670-xjO3og/Genezzo-0.72-6Ru5rA/blib/lib/Genezzo/Tablespace.pm line 616.
Global symbol "$tname" requires explicit package name at /tmp/loop_over_bdir-20670-xjO3og/Genezzo-0.72-6Ru5rA/blib/lib/Genezzo/Tablespace.pm line 616.
Global symbol "$self" requires explicit package name at /tmp/loop_over_bdir-20670-xjO3og/Genezzo-0.72-6Ru5rA/blib/lib/Genezzo/Tablespace.pm line 617.
Global symbol "$tname" requires explicit package name at /tmp/loop_over_bdir-20670-xjO3og/Genezzo-0.72-6Ru5rA/blib/lib/Genezzo/Tablespace.pm line 617.
syntax error at /tmp/loop_over_bdir-20670-xjO3og/Genezzo-0.72-6Ru5rA/blib/lib/Genezzo/Tablespace.pm line 620, near "}"
/tmp/loop_over_bdir-20670-xjO3og/Genezzo-0.72-6Ru5rA/blib/lib/Genezzo/Tablespace.pm has too many errors.
Compilation failed in require at /tmp/loop_over_bdir-20670-xjO3og/Genezzo-0.72-6Ru5rA/blib/lib/Genezzo/Dict.pm line 15.
BEGIN failed--compilation aborted at /tmp/loop_over_bdir-20670-xjO3og/Genezzo-0.72-6Ru5rA/blib/lib/Genezzo/Dict.pm line 15.
Compilation failed in require at /tmp/loop_over_bdir-20670-xjO3og/Genezzo-0.72-6Ru5rA/blib/lib/Genezzo/GenDBI.pm line 21.
BEGIN failed--compilation aborted at /tmp/loop_over_bdir-20670-xjO3og/Genezzo-0.72-6Ru5rA/blib/lib/Genezzo/GenDBI.pm line 21.
Compilation failed in require at t/Gnzo1.t line 13.
BEGIN failed--compilation aborted at t/Gnzo1.t line 13.
t/Gnzo1.t ......
Dubious, test returned 255 (wstat 65280, 0xff00)
Failed 14/14 subtests
syntax error at /tmp/loop_over_bdir-20670-xjO3og/Genezzo-0.72-6Ru5rA/blib/lib/Genezzo/Tablespace.pm line 603, near "$tname qw(_tspace _tsfiles _tab1 _col1 allfileused)"
Global symbol "$tname" requires explicit package name at /tmp/loop_over_bdir-20670-xjO3og/Genezzo-0.72-6Ru5rA/blib/lib/Genezzo/Tablespace.pm line 605.
Global symbol "$self" requires explicit package name at /tmp/loop_over_bdir-20670-xjO3og/Genezzo-0.72-6Ru5rA/blib/lib/Genezzo/Tablespace.pm line 608.
Global symbol "$tname" requires explicit package name at /tmp/loop_over_bdir-20670-xjO3og/Genezzo-0.72-6Ru5rA/blib/lib/Genezzo/Tablespace.pm line 608.
Global symbol "$preload" requires explicit package name at /tmp/loop_over_bdir-20670-xjO3og/Genezzo-0.72-6Ru5rA/blib/lib/Genezzo/Tablespace.pm line 614.
Global symbol "$self" requires explicit package name at /tmp/loop_over_bdir-20670-xjO3og/Genezzo-0.72-6Ru5rA/blib/lib/Genezzo/Tablespace.pm line 616.
Global symbol "$tname" requires explicit package name at /tmp/loop_over_bdir-20670-xjO3og/Genezzo-0.72-6Ru5rA/blib/lib/Genezzo/Tablespace.pm line 616.
Global symbol "$self" requires explicit package name at /tmp/loop_over_bdir-20670-xjO3og/Genezzo-0.72-6Ru5rA/blib/lib/Genezzo/Tablespace.pm line 617.
Global symbol "$tname" requires explicit package name at /tmp/loop_over_bdir-20670-xjO3og/Genezzo-0.72-6Ru5rA/blib/lib/Genezzo/Tablespace.pm line 617.
syntax error at /tmp/loop_over_bdir-20670-xjO3og/Genezzo-0.72-6Ru5rA/blib/lib/Genezzo/Tablespace.pm line 620, near "}"
/tmp/loop_over_bdir-20670-xjO3og/Genezzo-0.72-6Ru5rA/blib/lib/Genezzo/Tablespace.pm has too many errors.
Compilation failed in require at /tmp/loop_over_bdir-20670-xjO3og/Genezzo-0.72-6Ru5rA/blib/lib/Genezzo/Dict.pm line 15.
BEGIN failed--compilation aborted at /tmp/loop_over_bdir-20670-xjO3og/Genezzo-0.72-6Ru5rA/blib/lib/Genezzo/Dict.pm line 15.
Compilation failed in require at /tmp/loop_over_bdir-20670-xjO3og/Genezzo-0.72-6Ru5rA/blib/lib/Genezzo/GenDBI.pm line 21.
BEGIN failed--compilation aborted at /tmp/loop_over_bdir-20670-xjO3og/Genezzo-0.72-6Ru5rA/blib/lib/Genezzo/GenDBI.pm line 21.
Compilation failed in require at t/Gnzo2.t line 13.
BEGIN failed--compilation aborted at t/Gnzo2.t line 13.
t/Gnzo2.t ......
Dubious, test returned 255 (wstat 65280, 0xff00)
Failed 31/31 subtests
syntax error at /tmp/loop_over_bdir-20670-xjO3og/Genezzo-0.72-6Ru5rA/blib/lib/Genezzo/Tablespace.pm line 603, near "$tname qw(_tspace _tsfiles _tab1 _col1 allfileused)"
Global symbol "$tname" requires explicit package name at /tmp/loop_over_bdir-20670-xjO3og/Genezzo-0.72-6Ru5rA/blib/lib/Genezzo/Tablespace.pm line 605.
Global symbol "$self" requires explicit package name at /tmp/loop_over_bdir-20670-xjO3og/Genezzo-0.72-6Ru5rA/blib/lib/Genezzo/Tablespace.pm line 608.
Global symbol "$tname" requires explicit package name at /tmp/loop_over_bdir-20670-xjO3og/Genezzo-0.72-6Ru5rA/blib/lib/Genezzo/Tablespace.pm line 608.
Global symbol "$preload" requires explicit package name at /tmp/loop_over_bdir-20670-xjO3og/Genezzo-0.72-6Ru5rA/blib/lib/Genezzo/Tablespace.pm line 614.
Global symbol "$self" requires explicit package name at /tmp/loop_over_bdir-20670-xjO3og/Genezzo-0.72-6Ru5rA/blib/lib/Genezzo/Tablespace.pm line 616.
Global symbol "$tname" requires explicit package name at /tmp/loop_over_bdir-20670-xjO3og/Genezzo-0.72-6Ru5rA/blib/lib/Genezzo/Tablespace.pm line 616.
Global symbol "$self" requires explicit package name at /tmp/loop_over_bdir-20670-xjO3og/Genezzo-0.72-6Ru5rA/blib/lib/Genezzo/Tablespace.pm line 617.
Global symbol "$tname" requires explicit package name at /tmp/loop_over_bdir-20670-xjO3og/Genezzo-0.72-6Ru5rA/blib/lib/Genezzo/Tablespace.pm line 617.
syntax error at /tmp/loop_over_bdir-20670-xjO3og/Genezzo-0.72-6Ru5rA/blib/lib/Genezzo/Tablespace.pm line 620, near "}"
/tmp/loop_over_bdir-20670-xjO3og/Genezzo-0.72-6Ru5rA/blib/lib/Genezzo/Tablespace.pm has too many errors.
Compilation failed in require at /tmp/loop_over_bdir-20670-xjO3og/Genezzo-0.72-6Ru5rA/blib/lib/Genezzo/Dict.pm line 15.
BEGIN failed--compilation aborted at /tmp/loop_over_bdir-20670-xjO3og/Genezzo-0.72-6Ru5rA/blib/lib/Genezzo/Dict.pm line 15.
Compilation failed in require at /tmp/loop_over_bdir-20670-xjO3og/Genezzo-0.72-6Ru5rA/blib/lib/Genezzo/GenDBI.pm line 21.
BEGIN failed--compilation aborted at /tmp/loop_over_bdir-20670-xjO3og/Genezzo-0.72-6Ru5rA/blib/lib/Genezzo/GenDBI.pm line 21.
Compilation failed in require at t/Gnzo3.t line 13.
BEGIN failed--compilation aborted at t/Gnzo3.t line 13.
t/Gnzo3.t ......
Dubious, test returned 255 (wstat 65280, 0xff00)
Failed 15/15 subtests
# Failed test 'use Genezzo::GenDBI;'
# at t/GSysHook1.t line 14.
# Tried to use 'Genezzo::GenDBI'.
# Error: syntax error at /tmp/loop_over_bdir-20670-xjO3og/Genezzo-0.72-6Ru5rA/blib/lib/Genezzo/Tablespace.pm line 603, near "$tname qw(_tspace _tsfiles _tab1 _col1 allfileused)"
# Global symbol "$tname" requires explicit package name at /tmp/loop_over_bdir-20670-xjO3og/Genezzo-0.72-6Ru5rA/blib/lib/Genezzo/Tablespace.pm line 605.
# Global symbol "$self" requires explicit package name at /tmp/loop_over_bdir-20670-xjO3og/Genezzo-0.72-6Ru5rA/blib/lib/Genezzo/Tablespace.pm line 608.
# Global symbol "$tname" requires explicit package name at /tmp/loop_over_bdir-20670-xjO3og/Genezzo-0.72-6Ru5rA/blib/lib/Genezzo/Tablespace.pm line 608.
# Global symbol "$preload" requires explicit package name at /tmp/loop_over_bdir-20670-xjO3og/Genezzo-0.72-6Ru5rA/blib/lib/Genezzo/Tablespace.pm line 614.
# Global symbol "$self" requires explicit package name at /tmp/loop_over_bdir-20670-xjO3og/Genezzo-0.72-6Ru5rA/blib/lib/Genezzo/Tablespace.pm line 616.
# Global symbol "$tname" requires explicit package name at /tmp/loop_over_bdir-20670-xjO3og/Genezzo-0.72-6Ru5rA/blib/lib/Genezzo/Tablespace.pm line 616.
# Global symbol "$self" requires explicit package name at /tmp/loop_over_bdir-20670-xjO3og/Genezzo-0.72-6Ru5rA/blib/lib/Genezzo/Tablespace.pm line 617.
# Global symbol "$tname" requires explicit package name at /tmp/loop_over_bdir-20670-xjO3og/Genezzo-0.72-6Ru5rA/blib/lib/Genezzo/Tablespace.pm line 617.
# syntax error at /tmp/loop_over_bdir-20670-xjO3og/Genezzo-0.72-6Ru5rA/blib/lib/Genezzo/Tablespace.pm line 620, near "}"
# /tmp/loop_over_bdir-20670-xjO3og/Genezzo-0.72-6Ru5rA/blib/lib/Genezzo/Tablespace.pm has too many errors.
# Compilation failed in require at /tmp/loop_over_bdir-20670-xjO3og/Genezzo-0.72-6Ru5rA/blib/lib/Genezzo/Dict.pm line 15.
# BEGIN failed--compilation aborted at /tmp/loop_over_bdir-20670-xjO3og/Genezzo-0.72-6Ru5rA/blib/lib/Genezzo/Dict.pm line 15.
# Compilation failed in require at /tmp/loop_over_bdir-20670-xjO3og/Genezzo-0.72-6Ru5rA/blib/lib/Genezzo/GenDBI.pm line 21.
# BEGIN failed--compilation aborted at /tmp/loop_over_bdir-20670-xjO3og/Genezzo-0.72-6Ru5rA/blib/lib/Genezzo/GenDBI.pm line 21.
# Compilation failed in require at t/GSysHook1.t line 14.
# BEGIN failed--compilation aborted at t/GSysHook1.t line 14.
Attempt to reload Genezzo/Dict.pm aborted.
Compilation failed in require at /tmp/loop_over_bdir-20670-xjO3og/Genezzo-0.72-6Ru5rA/blib/lib/Genezzo/Havok.pm line 10.
BEGIN failed--compilation aborted at /tmp/loop_over_bdir-20670-xjO3og/Genezzo-0.72-6Ru5rA/blib/lib/Genezzo/Havok.pm line 10.
Compilation failed in require at t/GSysHook1.t line 74.
BEGIN failed--compilation aborted at t/GSysHook1.t line 74.
# Looks like you planned 14 tests but ran 1.
# Looks like you failed 1 test of 1 run.
# Looks like your test exited with 255 just after 1.
t/GSysHook1.t ..
Dubious, test returned 255 (wstat 65280, 0xff00)
Failed 14/14 subtests
# Failed test 'use Genezzo::GenDBI;'
# at t/GSysHook2.t line 18.
# Tried to use 'Genezzo::GenDBI'.
# Error: syntax error at /tmp/loop_over_bdir-20670-xjO3og/Genezzo-0.72-6Ru5rA/blib/lib/Genezzo/Tablespace.pm line 603, near "$tname qw(_tspace _tsfiles _tab1 _col1 allfileused)"
# Global symbol "$tname" requires explicit package name at /tmp/loop_over_bdir-20670-xjO3og/Genezzo-0.72-6Ru5rA/blib/lib/Genezzo/Tablespace.pm line 605.
# Global symbol "$self" requires explicit package name at /tmp/loop_over_bdir-20670-xjO3og/Genezzo-0.72-6Ru5rA/blib/lib/Genezzo/Tablespace.pm line 608.
# Global symbol "$tname" requires explicit package name at /tmp/loop_over_bdir-20670-xjO3og/Genezzo-0.72-6Ru5rA/blib/lib/Genezzo/Tablespace.pm line 608.
# Global symbol "$preload" requires explicit package name at /tmp/loop_over_bdir-20670-xjO3og/Genezzo-0.72-6Ru5rA/blib/lib/Genezzo/Tablespace.pm line 614.
# Global symbol "$self" requires explicit package name at /tmp/loop_over_bdir-20670-xjO3og/Genezzo-0.72-6Ru5rA/blib/lib/Genezzo/Tablespace.pm line 616.
# Global symbol "$tname" requires explicit package name at /tmp/loop_over_bdir-20670-xjO3og/Genezzo-0.72-6Ru5rA/blib/lib/Genezzo/Tablespace.pm line 616.
# Global symbol "$self" requires explicit package name at /tmp/loop_over_bdir-20670-xjO3og/Genezzo-0.72-6Ru5rA/blib/lib/Genezzo/Tablespace.pm line 617.
# Global symbol "$tname" requires explicit package name at /tmp/loop_over_bdir-20670-xjO3og/Genezzo-0.72-6Ru5rA/blib/lib/Genezzo/Tablespace.pm line 617.
# syntax error at /tmp/loop_over_bdir-20670-xjO3og/Genezzo-0.72-6Ru5rA/blib/lib/Genezzo/Tablespace.pm line 620, near "}"
# /tmp/loop_over_bdir-20670-xjO3og/Genezzo-0.72-6Ru5rA/blib/lib/Genezzo/Tablespace.pm has too many errors.
# Compilation failed in require at /tmp/loop_over_bdir-20670-xjO3og/Genezzo-0.72-6Ru5rA/blib/lib/Genezzo/Dict.pm line 15.
# BEGIN failed--compilation aborted at /tmp/loop_over_bdir-20670-xjO3og/Genezzo-0.72-6Ru5rA/blib/lib/Genezzo/Dict.pm line 15.
# Compilation failed in require at /tmp/loop_over_bdir-20670-xjO3og/Genezzo-0.72-6Ru5rA/blib/lib/Genezzo/GenDBI.pm line 21.
# BEGIN failed--compilation aborted at /tmp/loop_over_bdir-20670-xjO3og/Genezzo-0.72-6Ru5rA/blib/lib/Genezzo/GenDBI.pm line 21.
# Compilation failed in require at t/GSysHook2.t line 18.
# BEGIN failed--compilation aborted at t/GSysHook2.t line 18.
Attempt to reload Genezzo/Dict.pm aborted.
Compilation failed in require at /tmp/loop_over_bdir-20670-xjO3og/Genezzo-0.72-6Ru5rA/blib/lib/Genezzo/Havok.pm line 10.
BEGIN failed--compilation aborted at /tmp/loop_over_bdir-20670-xjO3og/Genezzo-0.72-6Ru5rA/blib/lib/Genezzo/Havok.pm line 10.
Compilation failed in require at t/GSysHook2.t line 51.
BEGIN failed--compilation aborted at t/GSysHook2.t line 51.
# Looks like you planned 4 tests but ran 1.
# Looks like you failed 1 test of 1 run.
# Looks like your test exited with 255 just after 1.
t/GSysHook2.t ..
Dubious, test returned 255 (wstat 65280, 0xff00)
Failed 4/4 subtests
syntax error at /tmp/loop_over_bdir-20670-xjO3og/Genezzo-0.72-6Ru5rA/blib/lib/Genezzo/Tablespace.pm line 603, near "$tname qw(_tspace _tsfiles _tab1 _col1 allfileused)"
Global symbol "$tname" requires explicit package name at /tmp/loop_over_bdir-20670-xjO3og/Genezzo-0.72-6Ru5rA/blib/lib/Genezzo/Tablespace.pm line 605.
Global symbol "$self" requires explicit package name at /tmp/loop_over_bdir-20670-xjO3og/Genezzo-0.72-6Ru5rA/blib/lib/Genezzo/Tablespace.pm line 608.
Global symbol "$tname" requires explicit package name at /tmp/loop_over_bdir-20670-xjO3og/Genezzo-0.72-6Ru5rA/blib/lib/Genezzo/Tablespace.pm line 608.
Global symbol "$preload" requires explicit package name at /tmp/loop_over_bdir-20670-xjO3og/Genezzo-0.72-6Ru5rA/blib/lib/Genezzo/Tablespace.pm line 614.
Global symbol "$self" requires explicit package name at /tmp/loop_over_bdir-20670-xjO3og/Genezzo-0.72-6Ru5rA/blib/lib/Genezzo/Tablespace.pm line 616.
Global symbol "$tname" requires explicit package name at /tmp/loop_over_bdir-20670-xjO3og/Genezzo-0.72-6Ru5rA/blib/lib/Genezzo/Tablespace.pm line 616.
Global symbol "$self" requires explicit package name at /tmp/loop_over_bdir-20670-xjO3og/Genezzo-0.72-6Ru5rA/blib/lib/Genezzo/Tablespace.pm line 617.
Global symbol "$tname" requires explicit package name at /tmp/loop_over_bdir-20670-xjO3og/Genezzo-0.72-6Ru5rA/blib/lib/Genezzo/Tablespace.pm line 617.
syntax error at /tmp/loop_over_bdir-20670-xjO3og/Genezzo-0.72-6Ru5rA/blib/lib/Genezzo/Tablespace.pm line 620, near "}"
/tmp/loop_over_bdir-20670-xjO3og/Genezzo-0.72-6Ru5rA/blib/lib/Genezzo/Tablespace.pm has too many errors.
Compilation failed in require at /tmp/loop_over_bdir-20670-xjO3og/Genezzo-0.72-6Ru5rA/blib/lib/Genezzo/Dict.pm line 15.
BEGIN failed--compilation aborted at /tmp/loop_over_bdir-20670-xjO3og/Genezzo-0.72-6Ru5rA/blib/lib/Genezzo/Dict.pm line 15.
Compilation failed in require at /tmp/loop_over_bdir-20670-xjO3og/Genezzo-0.72-6Ru5rA/blib/lib/Genezzo/GenDBI.pm line 21.
BEGIN failed--compilation aborted at /tmp/loop_over_bdir-20670-xjO3og/Genezzo-0.72-6Ru5rA/blib/lib/Genezzo/GenDBI.pm line 21.
Compilation failed in require at t/Havok1.t line 13.
BEGIN failed--compilation aborted at t/Havok1.t line 13.
t/Havok1.t .....
Dubious, test returned 255 (wstat 65280, 0xff00)
Failed 26/26 subtests
syntax error at /tmp/loop_over_bdir-20670-xjO3og/Genezzo-0.72-6Ru5rA/blib/lib/Genezzo/Tablespace.pm line 603, near "$tname qw(_tspace _tsfiles _tab1 _col1 allfileused)"
Global symbol "$tname" requires explicit package name at /tmp/loop_over_bdir-20670-xjO3og/Genezzo-0.72-6Ru5rA/blib/lib/Genezzo/Tablespace.pm line 605.
Global symbol "$self" requires explicit package name at /tmp/loop_over_bdir-20670-xjO3og/Genezzo-0.72-6Ru5rA/blib/lib/Genezzo/Tablespace.pm line 608.
Global symbol "$tname" requires explicit package name at /tmp/loop_over_bdir-20670-xjO3og/Genezzo-0.72-6Ru5rA/blib/lib/Genezzo/Tablespace.pm line 608.
Global symbol "$preload" requires explicit package name at /tmp/loop_over_bdir-20670-xjO3og/Genezzo-0.72-6Ru5rA/blib/lib/Genezzo/Tablespace.pm line 614.
Global symbol "$self" requires explicit package name at /tmp/loop_over_bdir-20670-xjO3og/Genezzo-0.72-6Ru5rA/blib/lib/Genezzo/Tablespace.pm line 616.
Global symbol "$tname" requires explicit package name at /tmp/loop_over_bdir-20670-xjO3og/Genezzo-0.72-6Ru5rA/blib/lib/Genezzo/Tablespace.pm line 616.
Global symbol "$self" requires explicit package name at /tmp/loop_over_bdir-20670-xjO3og/Genezzo-0.72-6Ru5rA/blib/lib/Genezzo/Tablespace.pm line 617.
Global symbol "$tname" requires explicit package name at /tmp/loop_over_bdir-20670-xjO3og/Genezzo-0.72-6Ru5rA/blib/lib/Genezzo/Tablespace.pm line 617.
syntax error at /tmp/loop_over_bdir-20670-xjO3og/Genezzo-0.72-6Ru5rA/blib/lib/Genezzo/Tablespace.pm line 620, near "}"
/tmp/loop_over_bdir-20670-xjO3og/Genezzo-0.72-6Ru5rA/blib/lib/Genezzo/Tablespace.pm has too many errors.
Compilation failed in require at /tmp/loop_over_bdir-20670-xjO3og/Genezzo-0.72-6Ru5rA/blib/lib/Genezzo/Dict.pm line 15.
BEGIN failed--compilation aborted at /tmp/loop_over_bdir-20670-xjO3og/Genezzo-0.72-6Ru5rA/blib/lib/Genezzo/Dict.pm line 15.
Compilation failed in require at /tmp/loop_over_bdir-20670-xjO3og/Genezzo-0.72-6Ru5rA/blib/lib/Genezzo/GenDBI.pm line 21.
BEGIN failed--compilation aborted at /tmp/loop_over_bdir-20670-xjO3og/Genezzo-0.72-6Ru5rA/blib/lib/Genezzo/GenDBI.pm line 21.
Compilation failed in require at t/Index1.t line 13.
BEGIN failed--compilation aborted at t/Index1.t line 13.
t/Index1.t .....
Dubious, test returned 255 (wstat 65280, 0xff00)
Failed 20/20 subtests
syntax error at /tmp/loop_over_bdir-20670-xjO3og/Genezzo-0.72-6Ru5rA/blib/lib/Genezzo/Tablespace.pm line 603, near "$tname qw(_tspace _tsfiles _tab1 _col1 allfileused)"
Global symbol "$tname" requires explicit package name at /tmp/loop_over_bdir-20670-xjO3og/Genezzo-0.72-6Ru5rA/blib/lib/Genezzo/Tablespace.pm line 605.
Global symbol "$self" requires explicit package name at /tmp/loop_over_bdir-20670-xjO3og/Genezzo-0.72-6Ru5rA/blib/lib/Genezzo/Tablespace.pm line 608.
Global symbol "$tname" requires explicit package name at /tmp/loop_over_bdir-20670-xjO3og/Genezzo-0.72-6Ru5rA/blib/lib/Genezzo/Tablespace.pm line 608.
Global symbol "$preload" requires explicit package name at /tmp/loop_over_bdir-20670-xjO3og/Genezzo-0.72-6Ru5rA/blib/lib/Genezzo/Tablespace.pm line 614.
Global symbol "$self" requires explicit package name at /tmp/loop_over_bdir-20670-xjO3og/Genezzo-0.72-6Ru5rA/blib/lib/Genezzo/Tablespace.pm line 616.
Global symbol "$tname" requires explicit package name at /tmp/loop_over_bdir-20670-xjO3og/Genezzo-0.72-6Ru5rA/blib/lib/Genezzo/Tablespace.pm line 616.
Global symbol "$self" requires explicit package name at /tmp/loop_over_bdir-20670-xjO3og/Genezzo-0.72-6Ru5rA/blib/lib/Genezzo/Tablespace.pm line 617.
Global symbol "$tname" requires explicit package name at /tmp/loop_over_bdir-20670-xjO3og/Genezzo-0.72-6Ru5rA/blib/lib/Genezzo/Tablespace.pm line 617.
syntax error at /tmp/loop_over_bdir-20670-xjO3og/Genezzo-0.72-6Ru5rA/blib/lib/Genezzo/Tablespace.pm line 620, near "}"
/tmp/loop_over_bdir-20670-xjO3og/Genezzo-0.72-6Ru5rA/blib/lib/Genezzo/Tablespace.pm has too many errors.
Compilation failed in require at /tmp/loop_over_bdir-20670-xjO3og/Genezzo-0.72-6Ru5rA/blib/lib/Genezzo/Dict.pm line 15.
BEGIN failed--compilation aborted at /tmp/loop_over_bdir-20670-xjO3og/Genezzo-0.72-6Ru5rA/blib/lib/Genezzo/Dict.pm line 15.
Compilation failed in require at /tmp/loop_over_bdir-20670-xjO3og/Genezzo-0.72-6Ru5rA/blib/lib/Genezzo/GenDBI.pm line 21.
BEGIN failed--compilation aborted at /tmp/loop_over_bdir-20670-xjO3og/Genezzo-0.72-6Ru5rA/blib/lib/Genezzo/GenDBI.pm line 21.
Compilation failed in require at t/Index2.t line 13.
BEGIN failed--compilation aborted at t/Index2.t line 13.
t/Index2.t .....
Dubious, test returned 255 (wstat 65280, 0xff00)
Failed 10/10 subtests
syntax error at /tmp/loop_over_bdir-20670-xjO3og/Genezzo-0.72-6Ru5rA/blib/lib/Genezzo/Tablespace.pm line 603, near "$tname qw(_tspace _tsfiles _tab1 _col1 allfileused)"
Global symbol "$tname" requires explicit package name at /tmp/loop_over_bdir-20670-xjO3og/Genezzo-0.72-6Ru5rA/blib/lib/Genezzo/Tablespace.pm line 605.
Global symbol "$self" requires explicit package name at /tmp/loop_over_bdir-20670-xjO3og/Genezzo-0.72-6Ru5rA/blib/lib/Genezzo/Tablespace.pm line 608.
Global symbol "$tname" requires explicit package name at /tmp/loop_over_bdir-20670-xjO3og/Genezzo-0.72-6Ru5rA/blib/lib/Genezzo/Tablespace.pm line 608.
Global symbol "$preload" requires explicit package name at /tmp/loop_over_bdir-20670-xjO3og/Genezzo-0.72-6Ru5rA/blib/lib/Genezzo/Tablespace.pm line 614.
Global symbol "$self" requires explicit package name at /tmp/loop_over_bdir-20670-xjO3og/Genezzo-0.72-6Ru5rA/blib/lib/Genezzo/Tablespace.pm line 616.
Global symbol "$tname" requires explicit package name at /tmp/loop_over_bdir-20670-xjO3og/Genezzo-0.72-6Ru5rA/blib/lib/Genezzo/Tablespace.pm line 616.
Global symbol "$self" requires explicit package name at /tmp/loop_over_bdir-20670-xjO3og/Genezzo-0.72-6Ru5rA/blib/lib/Genezzo/Tablespace.pm line 617.
Global symbol "$tname" requires explicit package name at /tmp/loop_over_bdir-20670-xjO3og/Genezzo-0.72-6Ru5rA/blib/lib/Genezzo/Tablespace.pm line 617.
syntax error at /tmp/loop_over_bdir-20670-xjO3og/Genezzo-0.72-6Ru5rA/blib/lib/Genezzo/Tablespace.pm line 620, near "}"
/tmp/loop_over_bdir-20670-xjO3og/Genezzo-0.72-6Ru5rA/blib/lib/Genezzo/Tablespace.pm has too many errors.
Compilation failed in require at /tmp/loop_over_bdir-20670-xjO3og/Genezzo-0.72-6Ru5rA/blib/lib/Genezzo/Dict.pm line 15.
BEGIN failed--compilation aborted at /tmp/loop_over_bdir-20670-xjO3og/Genezzo-0.72-6Ru5rA/blib/lib/Genezzo/Dict.pm line 15.
Compilation failed in require at /tmp/loop_over_bdir-20670-xjO3og/Genezzo-0.72-6Ru5rA/blib/lib/Genezzo/GenDBI.pm line 21.
BEGIN failed--compilation aborted at /tmp/loop_over_bdir-20670-xjO3og/Genezzo-0.72-6Ru5rA/blib/lib/Genezzo/GenDBI.pm line 21.
Compilation failed in require at t/Index3.t line 13.
BEGIN failed--compilation aborted at t/Index3.t line 13.
t/Index3.t .....
Dubious, test returned 255 (wstat 65280, 0xff00)
Failed 23/23 subtests
syntax error at /tmp/loop_over_bdir-20670-xjO3og/Genezzo-0.72-6Ru5rA/blib/lib/Genezzo/Tablespace.pm line 603, near "$tname qw(_tspace _tsfiles _tab1 _col1 allfileused)"
Global symbol "$tname" requires explicit package name at /tmp/loop_over_bdir-20670-xjO3og/Genezzo-0.72-6Ru5rA/blib/lib/Genezzo/Tablespace.pm line 605.
Global symbol "$self" requires explicit package name at /tmp/loop_over_bdir-20670-xjO3og/Genezzo-0.72-6Ru5rA/blib/lib/Genezzo/Tablespace.pm line 608.
Global symbol "$tname" requires explicit package name at /tmp/loop_over_bdir-20670-xjO3og/Genezzo-0.72-6Ru5rA/blib/lib/Genezzo/Tablespace.pm line 608.
Global symbol "$preload" requires explicit package name at /tmp/loop_over_bdir-20670-xjO3og/Genezzo-0.72-6Ru5rA/blib/lib/Genezzo/Tablespace.pm line 614.
Global symbol "$self" requires explicit package name at /tmp/loop_over_bdir-20670-xjO3og/Genezzo-0.72-6Ru5rA/blib/lib/Genezzo/Tablespace.pm line 616.
Global symbol "$tname" requires explicit package name at /tmp/loop_over_bdir-20670-xjO3og/Genezzo-0.72-6Ru5rA/blib/lib/Genezzo/Tablespace.pm line 616.
Global symbol "$self" requires explicit package name at /tmp/loop_over_bdir-20670-xjO3og/Genezzo-0.72-6Ru5rA/blib/lib/Genezzo/Tablespace.pm line 617.
Global symbol "$tname" requires explicit package name at /tmp/loop_over_bdir-20670-xjO3og/Genezzo-0.72-6Ru5rA/blib/lib/Genezzo/Tablespace.pm line 617.
syntax error at /tmp/loop_over_bdir-20670-xjO3og/Genezzo-0.72-6Ru5rA/blib/lib/Genezzo/Tablespace.pm line 620, near "}"
/tmp/loop_over_bdir-20670-xjO3og/Genezzo-0.72-6Ru5rA/blib/lib/Genezzo/Tablespace.pm has too many errors.
Compilation failed in require at /tmp/loop_over_bdir-20670-xjO3og/Genezzo-0.72-6Ru5rA/blib/lib/Genezzo/Dict.pm line 15.
BEGIN failed--compilation aborted at /tmp/loop_over_bdir-20670-xjO3og/Genezzo-0.72-6Ru5rA/blib/lib/Genezzo/Dict.pm line 15.
Compilation failed in require at /tmp/loop_over_bdir-20670-xjO3og/Genezzo-0.72-6Ru5rA/blib/lib/Genezzo/GenDBI.pm line 21.
BEGIN failed--compilation aborted at /tmp/loop_over_bdir-20670-xjO3og/Genezzo-0.72-6Ru5rA/blib/lib/Genezzo/GenDBI.pm line 21.
Compilation failed in require at t/Join1.t line 13.
BEGIN failed--compilation aborted at t/Join1.t line 13.
t/Join1.t ......
Dubious, test returned 255 (wstat 65280, 0xff00)
Failed 10/10 subtests
syntax error at /tmp/loop_over_bdir-20670-xjO3og/Genezzo-0.72-6Ru5rA/blib/lib/Genezzo/Tablespace.pm line 603, near "$tname qw(_tspace _tsfiles _tab1 _col1 allfileused)"
Global symbol "$tname" requires explicit package name at /tmp/loop_over_bdir-20670-xjO3og/Genezzo-0.72-6Ru5rA/blib/lib/Genezzo/Tablespace.pm line 605.
Global symbol "$self" requires explicit package name at /tmp/loop_over_bdir-20670-xjO3og/Genezzo-0.72-6Ru5rA/blib/lib/Genezzo/Tablespace.pm line 608.
Global symbol "$tname" requires explicit package name at /tmp/loop_over_bdir-20670-xjO3og/Genezzo-0.72-6Ru5rA/blib/lib/Genezzo/Tablespace.pm line 608.
Global symbol "$preload" requires explicit package name at /tmp/loop_over_bdir-20670-xjO3og/Genezzo-0.72-6Ru5rA/blib/lib/Genezzo/Tablespace.pm line 614.
Global symbol "$self" requires explicit package name at /tmp/loop_over_bdir-20670-xjO3og/Genezzo-0.72-6Ru5rA/blib/lib/Genezzo/Tablespace.pm line 616.
Global symbol "$tname" requires explicit package name at /tmp/loop_over_bdir-20670-xjO3og/Genezzo-0.72-6Ru5rA/blib/lib/Genezzo/Tablespace.pm line 616.
Global symbol "$self" requires explicit package name at /tmp/loop_over_bdir-20670-xjO3og/Genezzo-0.72-6Ru5rA/blib/lib/Genezzo/Tablespace.pm line 617.
Global symbol "$tname" requires explicit package name at /tmp/loop_over_bdir-20670-xjO3og/Genezzo-0.72-6Ru5rA/blib/lib/Genezzo/Tablespace.pm line 617.
syntax error at /tmp/loop_over_bdir-20670-xjO3og/Genezzo-0.72-6Ru5rA/blib/lib/Genezzo/Tablespace.pm line 620, near "}"
/tmp/loop_over_bdir-20670-xjO3og/Genezzo-0.72-6Ru5rA/blib/lib/Genezzo/Tablespace.pm has too many errors.
Compilation failed in require at /tmp/loop_over_bdir-20670-xjO3og/Genezzo-0.72-6Ru5rA/blib/lib/Genezzo/Dict.pm line 15.
BEGIN failed--compilation aborted at /tmp/loop_over_bdir-20670-xjO3og/Genezzo-0.72-6Ru5rA/blib/lib/Genezzo/Dict.pm line 15.
Compilation failed in require at /tmp/loop_over_bdir-20670-xjO3og/Genezzo-0.72-6Ru5rA/blib/lib/Genezzo/GenDBI.pm line 21.
BEGIN failed--compilation aborted at /tmp/loop_over_bdir-20670-xjO3og/Genezzo-0.72-6Ru5rA/blib/lib/Genezzo/GenDBI.pm line 21.
Compilation failed in require at t/Prefs1.t line 13.
BEGIN failed--compilation aborted at t/Prefs1.t line 13.
t/Prefs1.t .....
Dubious, test returned 255 (wstat 65280, 0xff00)
Failed 23/23 subtests
syntax error at /tmp/loop_over_bdir-20670-xjO3og/Genezzo-0.72-6Ru5rA/blib/lib/Genezzo/Tablespace.pm line 603, near "$tname qw(_tspace _tsfiles _tab1 _col1 allfileused)"
Global symbol "$tname" requires explicit package name at /tmp/loop_over_bdir-20670-xjO3og/Genezzo-0.72-6Ru5rA/blib/lib/Genezzo/Tablespace.pm line 605.
Global symbol "$self" requires explicit package name at /tmp/loop_over_bdir-20670-xjO3og/Genezzo-0.72-6Ru5rA/blib/lib/Genezzo/Tablespace.pm line 608.
Global symbol "$tname" requires explicit package name at /tmp/loop_over_bdir-20670-xjO3og/Genezzo-0.72-6Ru5rA/blib/lib/Genezzo/Tablespace.pm line 608.
Global symbol "$preload" requires explicit package name at /tmp/loop_over_bdir-20670-xjO3og/Genezzo-0.72-6Ru5rA/blib/lib/Genezzo/Tablespace.pm line 614.
Global symbol "$self" requires explicit package name at /tmp/loop_over_bdir-20670-xjO3og/Genezzo-0.72-6Ru5rA/blib/lib/Genezzo/Tablespace.pm line 616.
Global symbol "$tname" requires explicit package name at /tmp/loop_over_bdir-20670-xjO3og/Genezzo-0.72-6Ru5rA/blib/lib/Genezzo/Tablespace.pm line 616.
Global symbol "$self" requires explicit package name at /tmp/loop_over_bdir-20670-xjO3og/Genezzo-0.72-6Ru5rA/blib/lib/Genezzo/Tablespace.pm line 617.
Global symbol "$tname" requires explicit package name at /tmp/loop_over_bdir-20670-xjO3og/Genezzo-0.72-6Ru5rA/blib/lib/Genezzo/Tablespace.pm line 617.
syntax error at /tmp/loop_over_bdir-20670-xjO3og/Genezzo-0.72-6Ru5rA/blib/lib/Genezzo/Tablespace.pm line 620, near "}"
/tmp/loop_over_bdir-20670-xjO3og/Genezzo-0.72-6Ru5rA/blib/lib/Genezzo/Tablespace.pm has too many errors.
Compilation failed in require at /tmp/loop_over_bdir-20670-xjO3og/Genezzo-0.72-6Ru5rA/blib/lib/Genezzo/Dict.pm line 15.
BEGIN failed--compilation aborted at /tmp/loop_over_bdir-20670-xjO3og/Genezzo-0.72-6Ru5rA/blib/lib/Genezzo/Dict.pm line 15.
Compilation failed in require at /tmp/loop_over_bdir-20670-xjO3og/Genezzo-0.72-6Ru5rA/blib/lib/Genezzo/GenDBI.pm line 21.
BEGIN failed--compilation aborted at /tmp/loop_over_bdir-20670-xjO3og/Genezzo-0.72-6Ru5rA/blib/lib/Genezzo/GenDBI.pm line 21.
Compilation failed in require at t/PTPrep1.t line 13.
BEGIN failed--compilation aborted at t/PTPrep1.t line 13.
t/PTPrep1.t ....
Dubious, test returned 255 (wstat 65280, 0xff00)
Failed 29/29 subtests
"my" variable $phclass masks earlier declaration in same statement at t/PushHash1.t line 177.
"my" variable $insert_num masks earlier declaration in same scope at t/PushHash1.t line 187.
"my" variable $delete_num masks earlier declaration in same scope at t/PushHash1.t line 188.
"my" variable %td_hash masks earlier declaration in same scope at t/PushHash1.t line 190.
"my" variable %realhash masks earlier declaration in same scope at t/PushHash1.t line 192.
"my" variable $foo masks earlier declaration in same scope at t/PushHash1.t line 194.
"my" variable $tiehash masks earlier declaration in same scope at t/PushHash1.t line 196.
"my" variable $icnt masks earlier declaration in same scope at t/PushHash1.t line 202.
"my" variable @tempo1 masks earlier declaration in same scope at t/PushHash1.t line 203.
"my" variable @tempo2 masks earlier declaration in same scope at t/PushHash1.t line 203.
"my" variable $loopfail masks earlier declaration in same scope at t/PushHash1.t line 216.
"my" variable $phclass masks earlier declaration in same scope at t/PushHash1.t line 235.
"my" variable $insert_num masks earlier declaration in same scope at t/PushHash1.t line 245.
"my" variable %td_hash masks earlier declaration in same scope at t/PushHash1.t line 247.
"my" variable %realhash masks earlier declaration in same scope at t/PushHash1.t line 249.
"my" variable $foo masks earlier declaration in same scope at t/PushHash1.t line 251.
"my" variable $tiehash masks earlier declaration in same scope at t/PushHash1.t line 253.
"my" variable $icnt masks earlier declaration in same scope at t/PushHash1.t line 259.
"my" variable @tempo1 masks earlier declaration in same scope at t/PushHash1.t line 260.
"my" variable @tempo2 masks earlier declaration in same scope at t/PushHash1.t line 260.
"my" variable $loopfail masks earlier declaration in same scope at t/PushHash1.t line 285.
"my" variable $phclass masks earlier declaration in same scope at t/PushHash1.t line 304.
"my" variable $insert_num masks earlier declaration in same scope at t/PushHash1.t line 313.
"my" variable %td_hash masks earlier declaration in same scope at t/PushHash1.t line 316.
"my" variable %realhash masks earlier declaration in same scope at t/PushHash1.t line 318.
"my" variable $foo masks earlier declaration in same scope at t/PushHash1.t line 320.
"my" variable $tiehash masks earlier declaration in same scope at t/PushHash1.t line 322.
"my" variable $icnt masks earlier declaration in same scope at t/PushHash1.t line 328.
"my" variable @tempo1 masks earlier declaration in same scope at t/PushHash1.t line 329.
"my" variable @tempo2 masks earlier declaration in same scope at t/PushHash1.t line 329.
"my" variable $loopfail masks earlier declaration in same scope at t/PushHash1.t line 348.
"my" variable $phclass masks earlier declaration in same scope at t/PushHash1.t line 451.
"my" variable $insert_num masks earlier declaration in same scope at t/PushHash1.t line 461.
"my" variable $delete_num masks earlier declaration in same scope at t/PushHash1.t line 462.
"my" variable %td_hash masks earlier declaration in same scope at t/PushHash1.t line 464.
"my" variable %realhash masks earlier declaration in same scope at t/PushHash1.t line 466.
"my" variable $foo masks earlier declaration in same scope at t/PushHash1.t line 468.
"my" variable $tiehash masks earlier declaration in same scope at t/PushHash1.t line 470.
"my" variable $icnt masks earlier declaration in same scope at t/PushHash1.t line 476.
"my" variable @tempo1 masks earlier declaration in same scope at t/PushHash1.t line 477.
"my" variable @tempo2 masks earlier declaration in same scope at t/PushHash1.t line 477.
"my" variable $phclass masks earlier declaration in same scope at t/PushHash1.t line 504.
"my" variable $insert_num masks earlier declaration in same scope at t/PushHash1.t line 514.
"my" variable $delete_num masks earlier declaration in same scope at t/PushHash1.t line 515.
"my" variable %td_hash masks earlier declaration in same scope at t/PushHash1.t line 517.
"my" variable %realhash masks earlier declaration in same scope at t/PushHash1.t line 519.
"my" variable $foo masks earlier declaration in same scope at t/PushHash1.t line 521.
"my" variable $tiehash masks earlier declaration in same scope at t/PushHash1.t line 523.
"my" variable $icnt masks earlier declaration in same scope at t/PushHash1.t line 529.
"my" variable @tempo1 masks earlier declaration in same scope at t/PushHash1.t line 530.
"my" variable @tempo2 masks earlier declaration in same scope at t/PushHash1.t line 530.
syntax error at t/PushHash1.t line 39, near ")"
(Might be a runaway multi-line () string starting on line 34)
Global symbol "$phclass" requires explicit package name at t/PushHash1.t line 54.
Global symbol "$phclass" requires explicit package name at t/PushHash1.t line 136.
syntax error at t/PushHash1.t line 174, near "}"
syntax error at t/PushHash1.t line 232, near "}"
syntax error at t/PushHash1.t line 301, near "}"
syntax error at t/PushHash1.t line 449, near "}"
syntax error at t/PushHash1.t line 503, near "}"
syntax error at t/PushHash1.t line 556, near "}"
syntax error at t/PushHash1.t line 563, near "}"
t/PushHash1.t has too many errors.
t/PushHash1.t ..
Dubious, test returned 255 (wstat 65280, 0xff00)
Failed 117/117 subtests
"my" variable $phclass masks earlier declaration in same statement at t/Row1.t line 177.
"my" variable $insert_num masks earlier declaration in same scope at t/Row1.t line 184.
"my" variable $delete_num masks earlier declaration in same scope at t/Row1.t line 185.
"my" variable $buff masks earlier declaration in same scope at t/Row1.t line 187.
"my" variable %td_hash masks earlier declaration in same scope at t/Row1.t line 188.
"my" variable $foo masks earlier declaration in same scope at t/Row1.t line 191.
"my" variable $tiehash masks earlier declaration in same scope at t/Row1.t line 193.
"my" variable $icnt masks earlier declaration in same scope at t/Row1.t line 200.
"my" variable @tempo1 masks earlier declaration in same scope at t/Row1.t line 201.
"my" variable @tempo2 masks earlier declaration in same scope at t/Row1.t line 201.
"my" variable $loopfail masks earlier declaration in same scope at t/Row1.t line 214.
"my" variable $phclass masks earlier declaration in same scope at t/Row1.t line 233.
"my" variable $insert_num masks earlier declaration in same scope at t/Row1.t line 240.
"my" variable $buff masks earlier declaration in same scope at t/Row1.t line 242.
"my" variable %td_hash masks earlier declaration in same scope at t/Row1.t line 243.
"my" variable $foo masks earlier declaration in same scope at t/Row1.t line 246.
"my" variable $tiehash masks earlier declaration in same scope at t/Row1.t line 248.
"my" variable $icnt masks earlier declaration in same scope at t/Row1.t line 255.
"my" variable @tempo1 masks earlier declaration in same scope at t/Row1.t line 256.
"my" variable @tempo2 masks earlier declaration in same scope at t/Row1.t line 256.
"my" variable $loopfail masks earlier declaration in same scope at t/Row1.t line 281.
"my" variable $phclass masks earlier declaration in same scope at t/Row1.t line 300.
"my" variable $insert_num masks earlier declaration in same scope at t/Row1.t line 307.
"my" variable $buff masks earlier declaration in same scope at t/Row1.t line 310.
"my" variable %td_hash masks earlier declaration in same scope at t/Row1.t line 311.
"my" variable $foo masks earlier declaration in same scope at t/Row1.t line 314.
"my" variable $tiehash masks earlier declaration in same scope at t/Row1.t line 316.
"my" variable $icnt masks earlier declaration in same scope at t/Row1.t line 323.
"my" variable @tempo1 masks earlier declaration in same scope at t/Row1.t line 324.
"my" variable @tempo2 masks earlier declaration in same scope at t/Row1.t line 324.
"my" variable $loopfail masks earlier declaration in same scope at t/Row1.t line 343.
"my" variable $phclass masks earlier declaration in same scope at t/Row1.t line 446.
"my" variable $insert_num masks earlier declaration in same scope at t/Row1.t line 453.
"my" variable $delete_num masks earlier declaration in same scope at t/Row1.t line 454.
"my" variable $buff masks earlier declaration in same scope at t/Row1.t line 456.
"my" variable %td_hash masks earlier declaration in same scope at t/Row1.t line 457.
"my" variable $foo masks earlier declaration in same scope at t/Row1.t line 460.
"my" variable $tiehash masks earlier declaration in same scope at t/Row1.t line 462.
"my" variable $icnt masks earlier declaration in same scope at t/Row1.t line 469.
"my" variable @tempo1 masks earlier declaration in same scope at t/Row1.t line 470.
"my" variable @tempo2 masks earlier declaration in same scope at t/Row1.t line 470.
"my" variable $phclass masks earlier declaration in same scope at t/Row1.t line 497.
"my" variable $insert_num masks earlier declaration in same scope at t/Row1.t line 504.
"my" variable $delete_num masks earlier declaration in same scope at t/Row1.t line 505.
"my" variable $buff masks earlier declaration in same scope at t/Row1.t line 507.
"my" variable %td_hash masks earlier declaration in same scope at t/Row1.t line 508.
"my" variable $foo masks earlier declaration in same scope at t/Row1.t line 511.
"my" variable $tiehash masks earlier declaration in same scope at t/Row1.t line 513.
"my" variable $icnt masks earlier declaration in same scope at t/Row1.t line 520.
"my" variable @tempo1 masks earlier declaration in same scope at t/Row1.t line 521.
"my" variable @tempo2 masks earlier declaration in same scope at t/Row1.t line 521.
"my" variable $buff masks earlier declaration in same scope at t/Row1.t line 551.
"my" variable $bufsize masks earlier declaration in same scope at t/Row1.t line 551.
"my" variable $icnt masks earlier declaration in same scope at t/Row1.t line 566.
"my" variable $loopfail masks earlier declaration in same scope at t/Row1.t line 567.
syntax error at t/Row1.t line 36, near ")"
(Might be a runaway multi-line () string starting on line 34)
Global symbol "$phclass" requires explicit package name at t/Row1.t line 53.
Global symbol "$phclass" requires explicit package name at t/Row1.t line 136.
syntax error at t/Row1.t line 174, near "}"
syntax error at t/Row1.t line 230, near "}"
syntax error at t/Row1.t line 297, near "}"
syntax error at t/Row1.t line 444, near "}"
syntax error at t/Row1.t line 496, near "}"
syntax error at t/Row1.t line 547, near "}"
syntax error at t/Row1.t line 659, near "}"
t/Row1.t has too many errors.
t/Row1.t .......
Dubious, test returned 255 (wstat 65280, 0xff00)
Failed 45/45 subtests
syntax error at /tmp/loop_over_bdir-20670-xjO3og/Genezzo-0.72-6Ru5rA/blib/lib/Genezzo/Tablespace.pm line 603, near "$tname qw(_tspace _tsfiles _tab1 _col1 allfileused)"
Global symbol "$tname" requires explicit package name at /tmp/loop_over_bdir-20670-xjO3og/Genezzo-0.72-6Ru5rA/blib/lib/Genezzo/Tablespace.pm line 605.
Global symbol "$self" requires explicit package name at /tmp/loop_over_bdir-20670-xjO3og/Genezzo-0.72-6Ru5rA/blib/lib/Genezzo/Tablespace.pm line 608.
Global symbol "$tname" requires explicit package name at /tmp/loop_over_bdir-20670-xjO3og/Genezzo-0.72-6Ru5rA/blib/lib/Genezzo/Tablespace.pm line 608.
Global symbol "$preload" requires explicit package name at /tmp/loop_over_bdir-20670-xjO3og/Genezzo-0.72-6Ru5rA/blib/lib/Genezzo/Tablespace.pm line 614.
Global symbol "$self" requires explicit package name at /tmp/loop_over_bdir-20670-xjO3og/Genezzo-0.72-6Ru5rA/blib/lib/Genezzo/Tablespace.pm line 616.
Global symbol "$tname" requires explicit package name at /tmp/loop_over_bdir-20670-xjO3og/Genezzo-0.72-6Ru5rA/blib/lib/Genezzo/Tablespace.pm line 616.
Global symbol "$self" requires explicit package name at /tmp/loop_over_bdir-20670-xjO3og/Genezzo-0.72-6Ru5rA/blib/lib/Genezzo/Tablespace.pm line 617.
Global symbol "$tname" requires explicit package name at /tmp/loop_over_bdir-20670-xjO3og/Genezzo-0.72-6Ru5rA/blib/lib/Genezzo/Tablespace.pm line 617.
syntax error at /tmp/loop_over_bdir-20670-xjO3og/Genezzo-0.72-6Ru5rA/blib/lib/Genezzo/Tablespace.pm line 620, near "}"
/tmp/loop_over_bdir-20670-xjO3og/Genezzo-0.72-6Ru5rA/blib/lib/Genezzo/Tablespace.pm has too many errors.
Compilation failed in require at /tmp/loop_over_bdir-20670-xjO3og/Genezzo-0.72-6Ru5rA/blib/lib/Genezzo/Dict.pm line 15.
BEGIN failed--compilation aborted at /tmp/loop_over_bdir-20670-xjO3og/Genezzo-0.72-6Ru5rA/blib/lib/Genezzo/Dict.pm line 15.
Compilation failed in require at /tmp/loop_over_bdir-20670-xjO3og/Genezzo-0.72-6Ru5rA/blib/lib/Genezzo/GenDBI.pm line 21.
BEGIN failed--compilation aborted at /tmp/loop_over_bdir-20670-xjO3og/Genezzo-0.72-6Ru5rA/blib/lib/Genezzo/GenDBI.pm line 21.
Compilation failed in require at t/SQLTest1.t line 13.
BEGIN failed--compilation aborted at t/SQLTest1.t line 13.
t/SQLTest1.t ...
Dubious, test returned 255 (wstat 65280, 0xff00)
Failed 4/4 subtests
t/Util1.t ...... ok
Test Summary Report
-------------------
t/AAASetup1.t (Wstat: 65280 Tests: 1 Failed: 1)
Failed test: 1
Non-zero exit status: 255
Parse errors: Bad plan. You planned 2 tests but ran 1.
t/Cons1.t (Wstat: 65280 Tests: 1 Failed: 1)
Failed test: 1
Non-zero exit status: 255
Parse errors: Bad plan. You planned 21 tests but ran 1.
t/DBI1.t (Wstat: 65280 Tests: 1 Failed: 1)
Failed test: 1
Non-zero exit status: 255
Parse errors: Bad plan. You planned 48 tests but ran 1.
t/Feeble1.t (Wstat: 65280 Tests: 1 Failed: 1)
Failed test: 1
Non-zero exit status: 255
Parse errors: Bad plan. You planned 18 tests but ran 1.
t/Gnzo1.t (Wstat: 65280 Tests: 1 Failed: 1)
Failed test: 1
Non-zero exit status: 255
Parse errors: Bad plan. You planned 14 tests but ran 1.
t/Gnzo2.t (Wstat: 65280 Tests: 1 Failed: 1)
Failed test: 1
Non-zero exit status: 255
Parse errors: Bad plan. You planned 31 tests but ran 1.
t/Gnzo3.t (Wstat: 65280 Tests: 1 Failed: 1)
Failed test: 1
Non-zero exit status: 255
Parse errors: Bad plan. You planned 15 tests but ran 1.
t/GSysHook1.t (Wstat: 65280 Tests: 1 Failed: 1)
Failed test: 1
Non-zero exit status: 255
Parse errors: Bad plan. You planned 14 tests but ran 1.
t/GSysHook2.t (Wstat: 65280 Tests: 1 Failed: 1)
Failed test: 1
Non-zero exit status: 255
Parse errors: Bad plan. You planned 4 tests but ran 1.
t/Havok1.t (Wstat: 65280 Tests: 1 Failed: 1)
Failed test: 1
Non-zero exit status: 255
Parse errors: Bad plan. You planned 26 tests but ran 1.
t/Index1.t (Wstat: 65280 Tests: 1 Failed: 1)
Failed test: 1
Non-zero exit status: 255
Parse errors: Bad plan. You planned 20 tests but ran 1.
t/Index2.t (Wstat: 65280 Tests: 1 Failed: 1)
Failed test: 1
Non-zero exit status: 255
Parse errors: Bad plan. You planned 10 tests but ran 1.
t/Index3.t (Wstat: 65280 Tests: 1 Failed: 1)
Failed test: 1
Non-zero exit status: 255
Parse errors: Bad plan. You planned 23 tests but ran 1.
t/Join1.t (Wstat: 65280 Tests: 1 Failed: 1)
Failed test: 1
Non-zero exit status: 255
Parse errors: Bad plan. You planned 10 tests but ran 1.
t/Prefs1.t (Wstat: 65280 Tests: 1 Failed: 1)
Failed test: 1
Non-zero exit status: 255
Parse errors: Bad plan. You planned 23 tests but ran 1.
t/PTPrep1.t (Wstat: 65280 Tests: 1 Failed: 1)
Failed test: 1
Non-zero exit status: 255
Parse errors: Bad plan. You planned 29 tests but ran 1.
t/PushHash1.t (Wstat: 65280 Tests: 1 Failed: 1)
Failed test: 1
Non-zero exit status: 255
Parse errors: Bad plan. You planned 117 tests but ran 1.
t/Row1.t (Wstat: 65280 Tests: 1 Failed: 1)
Failed test: 1
Non-zero exit status: 255
Parse errors: Bad plan. You planned 45 tests but ran 1.
t/SQLTest1.t (Wstat: 65280 Tests: 1 Failed: 1)
Failed test: 1
Non-zero exit status: 255
Parse errors: Bad plan. You planned 4 tests but ran 1.
Files=25, Tests=1016, 9 wallclock secs ( 0.14 usr 0.02 sys + 8.33 cusr 0.54 csys = 9.03 CPU)
Result: FAIL
Failed 19/25 test programs. 19/1016 subtests failed.
make: *** [test_dynamic] Error 255
------------------------------
PREREQUISITES
------------------------------
Prerequisite modules loaded:
requires:
Module Need Have
------------------- ---- --------
File::Compare 0.0 1.1006
File::Copy 0.0 2.28
File::Path 0.0 2.09
File::Spec 0.0 3.45
IO::Handle 0.0 1.35
Parse::RecDescent 1.94 1.967009
Term::ReadLine 0.0 1.14
Text::ParseWords 0.0 3.29
Text::Soundex 0.0 3.04
build_requires:
Module Need Have
------------------- ---- --------
ExtUtils::MakeMaker 0 6.82
------------------------------
ENVIRONMENT AND OTHER CONTEXT
------------------------------
Environment variables:
AUTOMATED_TESTING = 1
LANG = en_US.UTF-8
LANGUAGE = en_US:en
PATH = /usr/lib/ccache:/home/sand/bin:/usr/local/bin:/usr/bin:/bin:/usr/bin/X11:/usr/games:/usr/local/perl/bin:/usr/X11/bin:/sbin:/usr/sbin
PERL5LIB =
PERL5OPT =
PERL5_CPANPLUS_IS_RUNNING = 15200
PERL5_CPAN_IS_RUNNING = 15200
PERL_MM_USE_DEFAULT = 1
SHELL = /usr/bin/zsh
TERM = screen
Perl special variables (and OS-specific diagnostics, for MSWin32):
$^X = /tmp/basesmoker-reloperl-Runp/bin/perl
$UID/$EUID = 1005 / 1005
$GID = 1005 1005
$EGID = 1005 1005
Perl module toolchain versions installed:
Module Have
------------------- --------
CPAN 2.00
CPAN::Meta 2.132830
Cwd 3.45
ExtUtils::CBuilder 0.280212
ExtUtils::Command 1.18
ExtUtils::Install 1.61
ExtUtils::MakeMaker 6.82
ExtUtils::Manifest 1.63
ExtUtils::ParseXS 3.23
File::Spec 3.45
JSON 2.90
JSON::PP 2.27203
Module::Build 0.4202
Module::Signature n/a
Parse::CPAN::Meta 1.4409
Test::Harness 3.30
Test::More 1.001002
YAML 0.84
YAML::Syck 1.27
version 0.9904
--
Summary of my perl5 (revision 5 version 19 subversion 7) configuration:
Commit id: a2235d78944d9a704217e0fc4943f3f90ac51cc8
Platform:
osname=linux, osvers=3.10-3-amd64, archname=x86_64-linux-thread-multi
uname='linux k83 3.10-3-amd64 #1 smp debian 3.10.11-1 (2013-09-10) x86_64 gnulinux '
config_args='-Dprefix=/home/sand/src/perl/repoperls/installed-perls/perl/v5.19.6-26-ga2235d7/9980 -Dmyhostname=k83 -Dinstallusrbinperl=n -Uversiononly -Dusedevel -des -Ui_db -Duseithreads -Uuselongdouble -DDEBUGGING=-g'
hint=recommended, useposix=true, d_sigaction=define
useithreads=define, usemultiplicity=define
useperlio=define, d_sfio=undef, uselargefiles=define, usesocks=undef
use64bitint=define, use64bitall=define, uselongdouble=undef
usemymalloc=n, bincompat5005=undef
Compiler:
cc='cc', ccflags ='-D_REENTRANT -D_GNU_SOURCE -fno-strict-aliasing -pipe -fstack-protector -I/usr/local/include -D_LARGEFILE_SOURCE -D_FILE_OFFSET_BITS=64',
optimize='-O2 -g',
cppflags='-D_REENTRANT -D_GNU_SOURCE -fno-strict-aliasing -pipe -fstack-protector -I/usr/local/include'
ccversion='', gccversion='4.8.2', gccosandvers=''
intsize=4, longsize=8, ptrsize=8, doublesize=8, byteorder=12345678
d_longlong=define, longlongsize=8, d_longdbl=define, longdblsize=16
ivtype='long', ivsize=8, nvtype='double', nvsize=8, Off_t='off_t', lseeksize=8
alignbytes=8, prototype=define
Linker and Libraries:
ld='cc', ldflags =' -fstack-protector -L/usr/local/lib'
libpth=/usr/local/lib /lib/x86_64-linux-gnu /lib/../lib /usr/lib/x86_64-linux-gnu /usr/lib/../lib /lib /usr/lib
libs=-lnsl -lgdbm -ldb -ldl -lm -lcrypt -lutil -lpthread -lc -lgdbm_compat
perllibs=-lnsl -ldl -lm -lcrypt -lutil -lpthread -lc
libc=, so=so, useshrplib=false, libperl=libperl.a
gnulibc_version='2.17'
Dynamic Linking:
dlsrc=dl_dlopen.xs, dlext=so, d_dlsymun=undef, ccdlflags='-Wl,-E'
cccdlflags='-fPIC', lddlflags='-shared -O2 -g -L/usr/local/lib -fstack-protector'
Characteristics of this binary (from libperl):
Compile-time options: HAS_TIMES MULTIPLICITY PERLIO_LAYERS
PERL_DONT_CREATE_GVSV
PERL_HASH_FUNC_ONE_AT_A_TIME_HARD
PERL_IMPLICIT_CONTEXT PERL_MALLOC_WRAP
PERL_NEW_COPY_ON_WRITE PERL_PRESERVE_IVUV
PERL_USE_DEVEL USE_64_BIT_ALL USE_64_BIT_INT
USE_ITHREADS USE_LARGE_FILES USE_LOCALE
USE_LOCALE_COLLATE USE_LOCALE_CTYPE
USE_LOCALE_NUMERIC USE_PERLIO USE_PERL_ATOF
USE_REENTRANT_API
Built under linux
Compiled at Nov 23 2013 14:04:03
%ENV:
PERL5LIB=""
PERL5OPT=""
PERL5_CPANPLUS_IS_RUNNING="15200"
PERL5_CPAN_IS_RUNNING="15200"
PERL_MM_USE_DEFAULT="1"
@INC:
/home/sand/src/perl/repoperls/installed-perls/perl/v5.19.6-26-ga2235d7/9980/lib/site_perl/5.19.7/x86_64-linux-thread-multi
/home/sand/src/perl/repoperls/installed-perls/perl/v5.19.6-26-ga2235d7/9980/lib/site_perl/5.19.7
/home/sand/src/perl/repoperls/installed-perls/perl/v5.19.6-26-ga2235d7/9980/lib/5.19.7/x86_64-linux-thread-multi
/home/sand/src/perl/repoperls/installed-perls/perl/v5.19.6-26-ga2235d7/9980/lib/5.19.7
.