Report for Dist-Zilla-Plugin-EnsurePrereqsInstalled-0.009

Back
From: metabase:user:bf998058-baeb-11e4-99c3-b01b75490a75
Subject: FAIL Dist-Zilla-Plugin-EnsurePrereqsInstalled-0.009 5.36.0 Mac OS X
Date: 2022-05-29T23:27:25Z

This distribution has been tested as part of the CPAN Testers
project, supporting the Perl programming language.  See
http://wiki.cpantesters.org/ for more information or email
questions to cpan-testers-discuss@perl.org


--
Dear ETHER,

This is a computer-generated report for Dist-Zilla-Plugin-EnsurePrereqsInstalled-0.009
on perl 5.36.0, created by App::cpanminus::reporter 0.17 (1.7046).

Thank you for uploading your work to CPAN.  However, there was a problem
testing your distribution.

If you think this report is invalid, please consult the CPAN Testers Wiki
for suggestions on how to avoid getting FAIL reports for missing library
or binary dependencies, unsupported operating systems, and so on:

http://wiki.cpantesters.org/wiki/CPANAuthorNotes

Sections of this report:

    * Tester comments
    * Program output
    * Prerequisites
    * Environment and other context

------------------------------
TESTER COMMENTS
------------------------------

Additional comments from tester:

none provided

------------------------------
PROGRAM OUTPUT
------------------------------

Output from '':

Building and testing Dist-Zilla-Plugin-EnsurePrereqsInstalled-0.009
# 
# Versions for all modules listed in MYMETA.json (including optional ones):
# 
# === Configure Requires ===
# 
#     Module               Want  Have
#     ------------------- ----- -----
#     ExtUtils::MakeMaker   any  7.64
#     Module::Build::Tiny 0.034 0.039
# 
# === Test Requires ===
# 
#     Module                          Want     Have
#     ------------------------------- ---- --------
#     Dist::Zilla::Role::MetaProvider  any    6.026
#     File::Spec                       any     3.84
#     Module::Metadata                 any 1.000037
#     Path::Tiny                       any    0.122
#     Test::DZil                       any    6.026
#     Test::Deep                       any    1.130
#     Test::Fatal                      any    0.016
#     Test::More                      0.88 1.302190
#     if                               any   0.0610
#     lib                              any     0.65
# 
# === Test Recommends ===
# 
#     Module         Want     Have
#     ---------- -------- --------
#     CPAN::Meta 2.120900 2.150010
# 
# === Runtime Requires ===
# 
#     Module                               Want     Have
#     -------------------------------- -------- --------
#     CPAN::Meta::Check                   0.007    0.014
#     CPAN::Meta::Prereqs              2.132830 2.150010
#     CPAN::Meta::Requirements              any    2.140
#     Dist::Zilla                      4.300039    6.026
#     Dist::Zilla::Role::AfterBuild         any    6.026
#     Dist::Zilla::Role::BeforeBuild        any    6.026
#     Dist::Zilla::Role::BeforeRelease      any    6.026
#     Dist::Zilla::Util::AuthorDeps       5.021    6.026
#     Moose                                 any   2.2201
#     Moose::Util::TypeConstraints          any   2.2201
#     namespace::autoclean                  any     0.29
#     strict                                any     1.12
#     warnings                              any     1.58
# 
# === Other Modules ===
# 
#     Module           Have
#     ------------- -------
#     Encode           3.17
#     JSON::PP         4.07
#     Pod::Coverage missing
#     Sub::Name        0.26
#     YAML          missing
#     autodie          2.34
# 
t/00-report-prereqs.t .. ok

#   Failed test 'build aborted due to missing authordeps'
#   at t/02-authordeps.t line 31.
#                   'Too few arguments for subroutine 'Dist::Zilla::Util::AuthorDeps::format_author_deps' (got 1; expected 2) at /Volumes/amaretto/Users/ether/.cpanm/work/1653866307.54245/Dist-Zilla-Plugin-EnsurePrereqsInstalled-0.009/blib/lib/Dist/Zilla/Plugin/EnsurePrereqsInstalled.pm line 170.
# '
#     doesn't match '(?^m:^\[EnsurePrereqsInstalled\]\ Unsatisfied)'

#   Failed test 'build aborted'
#   at t/01-basic.t line 36.
#                   'Too few arguments for subroutine 'Dist::Zilla::Util::AuthorDeps::format_author_deps' (got 1; expected 2) at /Volumes/amaretto/Users/ether/.cpanm/work/1653866307.54245/Dist-Zilla-Plugin-EnsurePrereqsInstalled-0.009/blib/lib/Dist/Zilla/Plugin/EnsurePrereqsInstalled.pm line 170.
# '
#     doesn't match '(?^m:^\[EnsurePrereqsInstalled\]\ Unsatisfied)'

#   Failed test 'build was aborted: all prerequisites were checked'
#   at t/01-basic.t line 49.
# Compared array length of $data
#    got : array with 1 element(s)
# expect : array with 3 element(s)
# got log messages: [
#   '[EnsurePrereqsInstalled] checking that all authordeps are satisfied...'
# ]
# expected: qr/^\[EnsurePrereqsInstalled\]\ Unsatisfied\ prerequisites\:\
# \[EnsurePrereqsInstalled\]\ \ \ \ \ Module\ \'I\:\:Am\:\:Not\:\:Installed\'\ is\ not\ installed\
# \[EnsurePrereqsInstalled\]\ \ \ \ \ Installed\ version\ \(1.302190\)\ of\ Test\:\:More\ is\ not\ in\ range\ \'200\.0\'\
# \[EnsurePrereqsInstalled\]\ \ \ \ \ (Installed version \(5.036000\) of perl is not in range '500'|Your Perl \(5.036000\) is not in the range '500')\
# \[EnsurePrereqsInstalled\]\ To\ remedy\,\ do\:\ \ cpanm\ I\:\:Am\:\:Not\:\:Installed\ Test\:\:More\
# \[EnsurePrereqsInstalled\]\ And\ update\ your\ perl\!$/ms
# got log messages: [
#   '[EnsurePrereqsInstalled] checking that all authordeps are satisfied...'
# ]

#   Failed test 'build was aborted: authordeps and all prerequisites were checked'
#   at t/02-authordeps.t line 36.
# Compared array length of $data
#    got : array with 1 element(s)
# expect : array with 2 element(s)
# got log messages: [
#   '[EnsurePrereqsInstalled] checking that all authordeps are satisfied...'
# ]
# got log messages: [
#   '[EnsurePrereqsInstalled] checking that all authordeps are satisfied...'
# ]
# Looks like you failed 2 tests of 2.
t/01-basic.t ........... 
Dubious, test returned 2 (wstat 512, 0x200)
Failed 2/2 subtests 

#   Failed test 'build aborted'
#   at t/03-x_breaks.t line 35.
#                   'Too few arguments for subroutine 'Dist::Zilla::Util::AuthorDeps::format_author_deps' (got 1; expected 2) at /Volumes/amaretto/Users/ether/.cpanm/work/1653866307.54245/Dist-Zilla-Plugin-EnsurePrereqsInstalled-0.009/blib/lib/Dist/Zilla/Plugin/EnsurePrereqsInstalled.pm line 170.
# '
#     doesn't match '(?^m:^\[EnsurePrereqsInstalled\]\ Breakages\ found)'

#   Failed test 'build was aborted: x_breaks entries were checked'
#   at t/03-x_breaks.t line 49.
# Compared array length of $data
#    got : array with 1 element(s)
# expect : array with 4 element(s)
# got log messages: [
#   '[EnsurePrereqsInstalled] checking that all authordeps are satisfied...'
# ]
# expected: qr/^\[EnsurePrereqsInstalled\]\ Breakages\ found\:\
# \[EnsurePrereqsInstalled\]\ \ \ \ \ Installed\ version\ \(1.302190\)\ of\ Test\:\:More\ is\ in\ range\ \'\<\=\ 200\.0\'\
# \[EnsurePrereqsInstalled\]\ To\ remedy\,\ do\:\ \ cpanm\ Test\:\:More$/ms
# got log messages: [
#   '[EnsurePrereqsInstalled] checking that all authordeps are satisfied...'
# ]
# Looks like you failed 2 tests of 2.
t/03-x_breaks.t ........ 
Dubious, test returned 2 (wstat 512, 0x200)
Failed 2/2 subtests 

#   Failed test 'release aborted due to missing authordeps'
#   at t/02-authordeps.t line 31.
#                   'Too few arguments for subroutine 'Dist::Zilla::Util::AuthorDeps::format_author_deps' (got 1; expected 2) at /Volumes/amaretto/Users/ether/.cpanm/work/1653866307.54245/Dist-Zilla-Plugin-EnsurePrereqsInstalled-0.009/blib/lib/Dist/Zilla/Plugin/EnsurePrereqsInstalled.pm line 170.
# '
#     doesn't match '(?^m:^\[EnsurePrereqsInstalled\]\ Unsatisfied)'

#   Failed test 'release was aborted: authordeps and all prerequisites were checked'
#   at t/02-authordeps.t line 36.
# Compared array length of $data
#    got : array with 1 element(s)
# expect : array with 2 element(s)
# got log messages: [
#   '[EnsurePrereqsInstalled] checking that all authordeps are satisfied...'
# ]
# got log messages: [
#   '[EnsurePrereqsInstalled] checking that all authordeps are satisfied...'
# ]
# Looks like you failed 4 tests of 4.
t/02-authordeps.t ...... 
Dubious, test returned 4 (wstat 1024, 0x400)
Failed 4/4 subtests 

#   Failed test 'build aborted'
#   at t/04-conflicts.t line 31.
#                   'Too few arguments for subroutine 'Dist::Zilla::Util::AuthorDeps::format_author_deps' (got 1; expected 2) at /Volumes/amaretto/Users/ether/.cpanm/work/1653866307.54245/Dist-Zilla-Plugin-EnsurePrereqsInstalled-0.009/blib/lib/Dist/Zilla/Plugin/EnsurePrereqsInstalled.pm line 170.
# '
#     doesn't match '(?^m:^\[EnsurePrereqsInstalled\]\ Conflicts\ found)'

#   Failed test 'build was aborted: conflict prereqs were checked'
#   at t/04-conflicts.t line 44.
# Compared array length of $data
#    got : array with 1 element(s)
# expect : array with 3 element(s)
# got log messages: [
#   '[EnsurePrereqsInstalled] checking that all authordeps are satisfied...'
# ]
# expected: qr/^\[EnsurePrereqsInstalled\]\ Conflicts\ found\:\
# \[EnsurePrereqsInstalled\]\ \ \ \ \ Installed\ version\ \(1.302190\)\ of\ Test\:\:More\ is\ in\ range\ \'\<\=\ 200\.0\'\
# \[EnsurePrereqsInstalled\]\ To\ remedy\,\ do\:\ \ pm\-uninstall\ Test\:\:More$/ms
# got log messages: [
#   '[EnsurePrereqsInstalled] checking that all authordeps are satisfied...'
# ]
# Looks like you failed 2 tests of 2.
t/04-conflicts.t ....... 
Dubious, test returned 2 (wstat 512, 0x200)
Failed 2/2 subtests 

#   Failed test 'build aborted'
#   at t/05-relationship.t line 32.
#                   'Too few arguments for subroutine 'Dist::Zilla::Util::AuthorDeps::format_author_deps' (got 1; expected 2) at /Volumes/amaretto/Users/ether/.cpanm/work/1653866307.54245/Dist-Zilla-Plugin-EnsurePrereqsInstalled-0.009/blib/lib/Dist/Zilla/Plugin/EnsurePrereqsInstalled.pm line 170.
# '
#     doesn't match '(?^m:^\[EnsurePrereqsInstalled\]\ Unsatisfied)'

#   Failed test 'build was aborted: custom relationships are checked'
#   at t/05-relationship.t line 45.
# Compared array length of $data
#    got : array with 1 element(s)
# expect : array with 3 element(s)
# got log messages: [
#   '[EnsurePrereqsInstalled] checking that all authordeps are satisfied...'
# ]
# expected: qr/^\[EnsurePrereqsInstalled\]\ Unsatisfied\ prerequisites\:\
# \[EnsurePrereqsInstalled\]\ \ \ \ \ Module\ \'I\:\:Am\:\:Not\:\:Installed\'\ is\ not\ installed\
# \[EnsurePrereqsInstalled\]\ \ \ \ \ Installed\ version\ \(1.302190\)\ of\ Test\:\:More\ is\ not\ in\ range\ \'200\.0\'\
# \[EnsurePrereqsInstalled\]\ To\ remedy\,\ do\:\ \ cpanm\ I\:\:Am\:\:Not\:\:Installed\ Test\:\:More$/ms
# got log messages: [
#   '[EnsurePrereqsInstalled] checking that all authordeps are satisfied...'
# ]
# Looks like you failed 2 tests of 2.
t/05-relationship.t .... 
Dubious, test returned 2 (wstat 512, 0x200)
Failed 2/2 subtests 

#   Failed test 'build proceeds normally'
#   at t/06-release-phase.t line 39.
#          got: 'Too few arguments for subroutine 'Dist::Zilla::Util::AuthorDeps::format_author_deps' (got 1; expected 2) at /Volumes/amaretto/Users/ether/.cpanm/work/1653866307.54245/Dist-Zilla-Plugin-EnsurePrereqsInstalled-0.009/blib/lib/Dist/Zilla/Plugin/EnsurePrereqsInstalled.pm line 170.
# '
#     expected: undef

#   Failed test 'release aborted'
#   at t/06-release-phase.t line 44.
#                   'Too few arguments for subroutine 'Dist::Zilla::Util::AuthorDeps::format_author_deps' (got 1; expected 2) at /Volumes/amaretto/Users/ether/.cpanm/work/1653866307.54245/Dist-Zilla-Plugin-EnsurePrereqsInstalled-0.009/blib/lib/Dist/Zilla/Plugin/EnsurePrereqsInstalled.pm line 170.
# '
#     doesn't match '(?^m:^\[EnsurePrereqsInstalled\]\ Unsatisfied)'

#   Failed test 'release was aborted: checks delayed until the release phase'
#   at t/06-release-phase.t line 57.
# Compared array length of $data
#    got : array with 2 element(s)
# expect : array with 3 element(s)
# got log messages: [
#   '[EnsurePrereqsInstalled] checking that all authordeps are satisfied...',
#   '[EnsurePrereqsInstalled] checking that all authordeps are satisfied...'
# ]
# expected: qr/^\[EnsurePrereqsInstalled\]\ Unsatisfied\ prerequisites\:\
# \[EnsurePrereqsInstalled\]\ \ \ \ \ Module\ \'I\:\:Am\:\:Not\:\:Installed\'\ is\ not\ installed\
# \[EnsurePrereqsInstalled\]\ \ \ \ \ Installed\ version\ \(1.302190\)\ of\ Test\:\:More\ is\ not\ in\ range\ \'200\.0\'\
# \[EnsurePrereqsInstalled\]\ \ \ \ \ (Installed version \(5.036000\) of perl is not in range '500'|Your Perl \(5.036000\) is not in the range '500')\
# \[EnsurePrereqsInstalled\]\ To\ remedy\,\ do\:\ \ cpanm\ I\:\:Am\:\:Not\:\:Installed\ Test\:\:More\
# \[EnsurePrereqsInstalled\]\ And\ update\ your\ perl\!$/ms
# got log messages: [
#   '[EnsurePrereqsInstalled] checking that all authordeps are satisfied...',
#   '[EnsurePrereqsInstalled] checking that all authordeps are satisfied...'
# ]
# Looks like you failed 3 tests of 3.
t/06-release-phase.t ... 
Dubious, test returned 3 (wstat 768, 0x300)
Failed 3/3 subtests 
t/zzz-check-breaks.t ... ok
# got log messages: [
  '[EnsurePrereqsInstalled] checking that all authordeps are satisfied...'
]
t/07-x_prereqs.t ....... ok

Test Summary Report
-------------------
t/01-basic.t         (Wstat: 512 (exited 2) Tests: 2 Failed: 2)
  Failed tests:  1-2
  Non-zero exit status: 2
t/03-x_breaks.t      (Wstat: 512 (exited 2) Tests: 2 Failed: 2)
  Failed tests:  1-2
  Non-zero exit status: 2
t/02-authordeps.t    (Wstat: 1024 (exited 4) Tests: 4 Failed: 4)
  Failed tests:  1-4
  Non-zero exit status: 4
t/04-conflicts.t     (Wstat: 512 (exited 2) Tests: 2 Failed: 2)
  Failed tests:  1-2
  Non-zero exit status: 2
t/05-relationship.t  (Wstat: 512 (exited 2) Tests: 2 Failed: 2)
  Failed tests:  1-2
  Non-zero exit status: 2
t/06-release-phase.t (Wstat: 768 (exited 3) Tests: 3 Failed: 3)
  Failed tests:  1-3
  Non-zero exit status: 3
Files=9, Tests=21,  2 wallclock secs ( 0.04 usr  0.03 sys +  8.14 cusr  0.91 csys =  9.12 CPU)
Result: FAIL

------------------------------
PREREQUISITES
------------------------------

Prerequisite modules loaded:

    No requirements found

------------------------------
ENVIRONMENT AND OTHER CONTEXT
------------------------------

Environment variables:

    HARNESS_OPTIONS = j6:c
    LANG = en_CA.UTF-8
    NO_NETWORK_TESTING = 1
    PATH = /Volumes/amaretto/Users/ether/.perlbrew/libs/36.0@std/bin:/Volumes/amaretto/Users/ether/perl5/perlbrew/bin:/Volumes/amaretto/Users/ether/perl5/perlbrew/perls/36.0/bin:/Volumes/amaretto/Users/ether/bin:/Volumes/amaretto/Users/ether/git/misc/install/jaeger/bin:/Volumes/amaretto/Users/ether/git/misc/install/generic/bin:/opt/local/bin:/opt/local/sbin:/Volumes/amaretto/Users/ether/git/git-hub/lib:/usr/local/bin:/usr/bin:/bin:/usr/sbin:/sbin:/Library/Apple/usr/bin:/opt/local/share/git-core/contrib/workdir
    PERL5LIB = /Volumes/amaretto/Users/ether/.perlbrew/libs/36.0@std/lib/perl5
    PERLBREW_HOME = /Volumes/amaretto/Users/ether/.perlbrew
    PERLBREW_LIB = std
    PERLBREW_MANPATH = /Volumes/amaretto/Users/ether/.perlbrew/libs/36.0@std/man:/Volumes/amaretto/Users/ether/perl5/perlbrew/perls/36.0/man
    PERLBREW_PATH = /Volumes/amaretto/Users/ether/.perlbrew/libs/36.0@std/bin:/Volumes/amaretto/Users/ether/perl5/perlbrew/bin:/Volumes/amaretto/Users/ether/perl5/perlbrew/perls/36.0/bin
    PERLBREW_PERL = 36.0
    PERLBREW_ROOT = /Volumes/amaretto/Users/ether/perl5/perlbrew
    PERLBREW_SHELLRC_VERSION = 0.94
    PERLBREW_VERSION = 0.95
    PERLDOC = -oman
    PERLDOC_PAGER = less -sicMr
    PERL_AUTOINSTALL_PREFER_CPAN = 1
    PERL_INSTALL_QUIET = 1
    PERL_LOCAL_LIB_ROOT = /Volumes/amaretto/Users/ether/.perlbrew/libs/36.0@std
    PERL_MB_OPT = --install_base /Volumes/amaretto/Users/ether/.perlbrew/libs/36.0@std
    PERL_MM_OPT = INSTALL_BASE=/Volumes/amaretto/Users/ether/.perlbrew/libs/36.0@std
    PERL_TEST_HARNESS_ASAP = 1
    PERL_USE_UNSAFE_INC = 0
    SHELL = /bin/bash
    TERM = xterm-color

Perl special variables (and OS-specific diagnostics, for MSWin32):

    EGID = 20 20 12 61 79 80 81 98 701 33 100 204 250 395 398 399 400
    EUID = 502
    EXECUTABLE_NAME = /Volumes/amaretto/Users/ether/perl5/perlbrew/perls/36.0/bin/perl
    GID = 20 20 12 61 79 80 81 98 701 33 100 204 250 395 398 399 400
    UID = 502

Perl module toolchain versions installed:

    Module              Have    
    ------------------- --------
    CPAN                2.33    
    CPAN::Meta          2.150010
    Cwd                 3.84    
    ExtUtils::CBuilder  0.280236
    ExtUtils::Command   7.64    
    ExtUtils::Install   2.20    
    ExtUtils::MakeMaker 7.64    
    ExtUtils::Manifest  1.73    
    ExtUtils::ParseXS   3.45    
    File::Spec          3.84    
    JSON                4.06    
    JSON::PP            4.07    
    Module::Build       0.4231  
    Module::Signature   n/a     
    Parse::CPAN::Meta   2.150010
    Test::Harness       3.44    
    Test::More          1.302190
    YAML                1.30    
    YAML::Syck          n/a     
    version             0.9929  


--

Summary of my perl5 (revision 5 version 36 subversion 0) configuration:
   
  Platform:
    osname=darwin
    osvers=19.6.0
    archname=darwin-2level
    uname='darwin jaeger 19.6.0 darwin kernel version 19.6.0: thu jan 13 01:26:33 pst 2022; root:xnu-6153.141.51~3release_x86_64 x86_64 '
    config_args='-de -Dprefix=/Volumes/amaretto/Users/ether/perl5/perlbrew/perls/36.0 -Dman1dir=none -Dman3dir=none -Aeval:scriptdir=/Volumes/amaretto/Users/ether/perl5/perlbrew/perls/36.0/bin'
    hint=recommended
    useposix=true
    d_sigaction=define
    useithreads=undef
    usemultiplicity=undef
    use64bitint=define
    use64bitall=define
    uselongdouble=undef
    usemymalloc=n
    default_inc_excludes_dot=define
  Compiler:
    cc='cc'
    ccflags ='-fno-common -DPERL_DARWIN -mmacosx-version-min=10.15 -fno-strict-aliasing -pipe -fstack-protector-strong -I/opt/local/include -DPERL_USE_SAFE_PUTENV'
    optimize='-O3'
    cppflags='-fno-common -DPERL_DARWIN -mmacosx-version-min=10.15 -fno-strict-aliasing -pipe -fstack-protector-strong -I/opt/local/include'
    ccversion=''
    gccversion='Apple LLVM 12.0.0 (clang-1200.0.32.29)'
    gccosandvers=''
    intsize=4
    longsize=8
    ptrsize=8
    doublesize=8
    byteorder=12345678
    doublekind=3
    d_longlong=define
    longlongsize=8
    d_longdbl=define
    longdblsize=16
    longdblkind=3
    ivtype='long'
    ivsize=8
    nvtype='double'
    nvsize=8
    Off_t='off_t'
    lseeksize=8
    alignbytes=8
    prototype=define
  Linker and Libraries:
    ld='cc'
    ldflags =' -mmacosx-version-min=10.15 -fstack-protector-strong -L/opt/local/lib'
    libpth=/Applications/Xcode.app/Contents/Developer/Toolchains/XcodeDefault.xctoolchain/usr/lib/clang/12.0.0/lib /Library/Developer/CommandLineTools/SDKs/MacOSX.sdk/usr/lib /Applications/Xcode.app/Contents/Developer/Toolchains/XcodeDefault.xctoolchain/usr/lib /opt/local/lib /usr/lib
    libs=-lpthread -lgdbm -ldbm -ldl -lm -lutil -lc
    perllibs=-lpthread -ldl -lm -lutil -lc
    libc=
    so=dylib
    useshrplib=false
    libperl=libperl.a
    gnulibc_version=''
  Dynamic Linking:
    dlsrc=dl_dlopen.xs
    dlext=bundle
    d_dlsymun=undef
    ccdlflags=' '
    cccdlflags=' '
    lddlflags=' -mmacosx-version-min=10.15 -bundle -undefined dynamic_lookup -L/opt/local/lib -fstack-protector-strong'


Characteristics of this binary (from libperl): 
  Compile-time options:
    HAS_TIMES
    PERLIO_LAYERS
    PERL_COPY_ON_WRITE
    PERL_DONT_CREATE_GVSV
    PERL_MALLOC_WRAP
    PERL_OP_PARENT
    PERL_PRESERVE_IVUV
    PERL_USE_SAFE_PUTENV
    USE_64_BIT_ALL
    USE_64_BIT_INT
    USE_LARGE_FILES
    USE_LOCALE
    USE_LOCALE_COLLATE
    USE_LOCALE_CTYPE
    USE_LOCALE_NUMERIC
    USE_LOCALE_TIME
    USE_PERLIO
    USE_PERL_ATOF
  Built under darwin
  Compiled at May 29 2022 14:48:14
  %ENV:
    PERL5LIB="/Volumes/amaretto/Users/ether/.perlbrew/libs/36.0@std/lib/perl5"
    PERLBREW_HOME="/Volumes/amaretto/Users/ether/.perlbrew"
    PERLBREW_LIB="std"
    PERLBREW_MANPATH="/Volumes/amaretto/Users/ether/.perlbrew/libs/36.0@std/man:/Volumes/amaretto/Users/ether/perl5/perlbrew/perls/36.0/man"
    PERLBREW_PATH="/Volumes/amaretto/Users/ether/.perlbrew/libs/36.0@std/bin:/Volumes/amaretto/Users/ether/perl5/perlbrew/bin:/Volumes/amaretto/Users/ether/perl5/perlbrew/perls/36.0/bin"
    PERLBREW_PERL="36.0"
    PERLBREW_ROOT="/Volumes/amaretto/Users/ether/perl5/perlbrew"
    PERLBREW_SHELLRC_VERSION="0.94"
    PERLBREW_VERSION="0.95"
    PERLDOC="-oman"
    PERLDOC_PAGER="less -sicMr"
    PERL_AUTOINSTALL_PREFER_CPAN="1"
    PERL_INSTALL_QUIET="1"
    PERL_LOCAL_LIB_ROOT="/Volumes/amaretto/Users/ether/.perlbrew/libs/36.0@std"
    PERL_MB_OPT="--install_base /Volumes/amaretto/Users/ether/.perlbrew/libs/36.0@std"
    PERL_MM_OPT="INSTALL_BASE=/Volumes/amaretto/Users/ether/.perlbrew/libs/36.0@std"
    PERL_TEST_HARNESS_ASAP="1"
    PERL_USE_UNSAFE_INC="0"
  @INC:
    /Volumes/amaretto/Users/ether/.perlbrew/libs/36.0@std/lib/perl5/darwin-2level
    /Volumes/amaretto/Users/ether/.perlbrew/libs/36.0@std/lib/perl5
    /Volumes/amaretto/Users/ether/perl5/perlbrew/perls/36.0/lib/site_perl/5.36.0/darwin-2level
    /Volumes/amaretto/Users/ether/perl5/perlbrew/perls/36.0/lib/site_perl/5.36.0
    /Volumes/amaretto/Users/ether/perl5/perlbrew/perls/36.0/lib/5.36.0/darwin-2level
    /Volumes/amaretto/Users/ether/perl5/perlbrew/perls/36.0/lib/5.36.0