Back
From: metabase:user:314402c4-2aae-11df-837a-5e0a49663a4f
Subject: FAIL CGI-Buffer-0.83 5.20.1 FreeBSD
Date: 2023-03-10T17:48:41Z
This distribution has been tested as part of the CPAN Testers
project, supporting the Perl programming language. See
http://wiki.cpantesters.org/ for more information or email
questions to cpan-testers-discuss@perl.org
--
Dear Nigel Horne,
This is a computer-generated report for CGI-Buffer-0.83
on perl 5.20.1, created by CPAN-Reporter-1.2018.
Thank you for uploading your work to CPAN. However, there was a problem
testing your distribution.
If you think this report is invalid, please consult the CPAN Testers Wiki
for suggestions on how to avoid getting FAIL reports for missing library
or binary dependencies, unsupported operating systems, and so on:
http://wiki.cpantesters.org/wiki/CPANAuthorNotes
Sections of this report:
* Tester comments
* Program output
* Prerequisites
* Environment and other context
------------------------------
TESTER COMMENTS
------------------------------
Additional comments from tester:
none provided
------------------------------
PROGRAM OUTPUT
------------------------------
Output from '/usr/bin/make test':
PERL_DL_NONLAZY=1 "/usr/perl5.20.1p/bin/perl" "-MExtUtils::Command::MM" "-MTest::Harness" "-e" "undef *Test::Harness::Switches; test_harness(0, 'blib/lib', 'blib/arch')" t/*.t
# Testing CGI::Buffer 0.83, Perl 5.020001, /usr/perl5.20.1p/bin/perl
t/00-load.t ........... ok
t/apoc.t .............. skipped: Test::Apocalypse required for testing the distribution
t/boiler.t ............ ok
t/changes.t ........... skipped: Author tests not required for installation
t/comment-spelling.t .. skipped: Author tests not required for installation
t/coverage.t .......... ok
t/critic.t ............ skipped: Author tests not required for installation
t/cv.t ................ skipped: Author tests not required for installation
t/dist.t .............. skipped: Author tests not required for installation
t/eof.t ............... skipped: Author tests not required for installation
t/eol.t ............... skipped: Author tests not required for installation
t/gv.t ................ skipped: Author tests not required for installation
# Using CHI 0.60
t/is_cached.t ......... ok
t/js.t ................ ok
t/kwalitee.t .......... skipped: Author tests not required for installation
t/last_mod.t .......... ok
t/links.t ............. skipped: Author tests not required for installation
t/manifest.t .......... skipped: Author tests not required for installation
t/metrics.t ........... skipped: Author tests not required for installation
t/namespaces.t ........ skipped: Author tests not required for installation
t/no404s.t ............ skipped: Author tests not required for installation
# Author tests not required for installation
t/noopentickets.t ..... ok
t/noplan.t ............ skipped: Author tests not required for installation
# Ignore warning about <a> is never closed
(1:59): <a> at (1:13) is never closed
(1:66): <head> tag is required
(1:66): <title> tag is required
# Failed test at t/output.t line 559.
#
# Failed test at t/output.t line 563.
#
# Failed test at t/output.t line 565.
#
# Looks like you failed 3 tests of 101.
#
t/output.t ............
Dubious, test returned 3 (wstat 768, 0x300)
Failed 3/101 subtests
t/pod-cm.t ............ ok
t/pod.t ............... skipped: Author tests not required for installation
t/pod_spelling.t ...... skipped: Author tests not required for installation
t/port.t .............. ok
t/prereq.t ............ skipped: Author tests not required for installation
t/snippets.t .......... skipped: Author tests not required for installation
t/strict.t ............ skipped: Author tests not required for installation
# Using CHI 0.60
# Ignore the error that it can't retrieve the given body
CGI::Buffer: error retrieving data for key xyzzy at t/too_late.t line 0.
Use of uninitialized value in subroutine entry at /home/cpansand/.cpan/build/2023031010/CGI-Buffer-0.83-0/blib/lib/CGI/Buffer.pm line 426.
t/too_late.t .......... ok
t/unused.t ............ skipped: Author tests not required for installation
t/used.t .............. skipped: Author tests not required for installation
t/vars.t .............. skipped: Author tests not required for installation
Test Summary Report
-------------------
t/boiler.t (Wstat: 0 Tests: 3 Failed: 0)
TODO passed: 1-3
t/output.t (Wstat: 768 (exited 3) Tests: 101 Failed: 3)
Failed tests: 92-94
Non-zero exit status: 3
Files=35, Tests=143, 6 wallclock secs ( 0.05 usr 0.07 sys + 3.19 cusr 2.41 csys = 5.73 CPU)
Result: FAIL
Failed 1/35 test programs. 3/143 subtests failed.
*** Error code 255
Stop.
make: stopped in /home/cpansand/.cpan/build/2023031010/CGI-Buffer-0.83-0
------------------------------
PREREQUISITES
------------------------------
Prerequisite modules loaded:
requires:
Module Need Have
-------------------- -------- --------
Carp 0 1.50
CGI::Info 0.51 0.71
Compress::Zlib 0 2.106
CSS::Packer 0 2.08
Digest::MD5 0 2.58
Encode 0 3.19
File::Spec 0 3.75
HTML::Lint 0 2.32
HTML::Packer 1 2.07
HTTP::Date 0 6.05
HTTP::Status 0 6.43
IO::Compress::Brotli 0.003 0.003
IO::String 0 1.08
JavaScript::Packer 2 2.11
perl 5.014000 5.020001
Storable 0 3.25
Time::localtime 0 1.02
build_requires:
Module Need Have
-------------------- -------- --------
autodie 0 2.34
DateTime 0 1.59
ExtUtils::MakeMaker 0 7.64
Test::Most 0 0.37
Test::TempDir::Tiny 0 0.018
WWW::RT::CPAN 0 0.001
configure_requires:
Module Need Have
-------------------- -------- --------
ExtUtils::MakeMaker 0 7.64
------------------------------
ENVIRONMENT AND OTHER CONTEXT
------------------------------
Environment variables:
LC_ALL = de_DE.ISO8859-1
PATH = /usr/local/bin:/usr/bin:/bin:/usr/local/sbin:/usr/sbin:/sbin:/home/cpansand/bin/freebsd10.3:/home/cpansand/bin/sh:/home/cpansand/bin:/usr/games:/home/cpansand/devel:/home/eserte/src/srezic-misc/scripts
PERL5LIB =
PERL5OPT =
PERL5_CPANPLUS_IS_RUNNING = 62746
PERL5_CPAN_IS_RUNNING = 62746
PERL5_CPAN_IS_RUNNING_IN_RECURSION = 73780,62746
PERLDOC = -MPod::Perldoc::ToTextOverstrike
PERL_BATCH = yes
PERL_CANARY_STABILITY_NOPROMPT = 1
PERL_CPAN_REPORTER_CONFIG = /var/tmp/cpansmoker-1023/2023030709/cpanreporter_000_config.ini
PERL_EXTUTILS_AUTOINSTALL = --defaultdeps
PERL_USE_UNSAFE_INC = 1
SHELL = /usr/local/bin/zsh
TERM = screen
TMPDIR = /var/tmp/cpansmoker-1023/2023030709
Perl special variables (and OS-specific diagnostics, for MSWin32):
$^X = /usr/perl5.20.1p/bin/perl
$UID/$EUID = 1023 / 1023
$GID = 1023 1023
$EGID = 1023 1023
Perl module toolchain versions installed:
Module Have
------------------- --------
CPAN 2.34
CPAN::Meta 2.150010
Cwd 3.75
ExtUtils::CBuilder 0.280236
ExtUtils::Command 7.64
ExtUtils::Install 2.20
ExtUtils::MakeMaker 7.64
ExtUtils::Manifest 1.70
ExtUtils::ParseXS 3.35
File::Spec 3.75
JSON 4.10
JSON::PP 4.12
Module::Build 0.4232
Module::Signature 0.87
Parse::CPAN::Meta 2.150010
Test::Harness 3.44
Test::More 1.302191
YAML 1.30
YAML::Syck 1.34
version 0.9929
--
Summary of my perl5 (revision 5 version 20 subversion 1) configuration:
Platform:
osname=freebsd, osvers=10.1-release, archname=amd64-freebsd
uname='freebsd cvrsnica-freebsd-101.herceg.de 10.1-release freebsd 10.1-release #0 r274401: tue nov 11 21:02:49 utc 2014 root@releng1.nyi.freebsd.org:usrobjusrsrcsysgeneric amd64 '
config_args='-ds -e -Dprefix=/usr/perl5.20.1p'
hint=recommended, useposix=true, d_sigaction=define
useithreads=undef, usemultiplicity=undef
use64bitint=define, use64bitall=define, uselongdouble=undef
usemymalloc=n, bincompat5005=undef
Compiler:
cc='cc', ccflags ='-DHAS_FPSETMASK -DHAS_FLOATINGPOINT_H -fno-strict-aliasing -pipe -fstack-protector -I/usr/local/include',
optimize='-O',
cppflags='-DHAS_FPSETMASK -DHAS_FLOATINGPOINT_H -fno-strict-aliasing -pipe -fstack-protector -I/usr/local/include'
ccversion='', gccversion='4.2.1 Compatible FreeBSD Clang 3.4.1 (tags/RELEASE_34/dot1-final 208032)', gccosandvers=''
intsize=4, longsize=8, ptrsize=8, doublesize=8, byteorder=12345678
d_longlong=define, longlongsize=8, d_longdbl=define, longdblsize=16
ivtype='long', ivsize=8, nvtype='double', nvsize=8, Off_t='off_t', lseeksize=8
alignbytes=8, prototype=define
Linker and Libraries:
ld='cc', ldflags ='-pthread -Wl,-E -fstack-protector -L/usr/local/lib'
libpth=/usr/lib /usr/local/lib /usr/include/clang/3.4.1 /usr/lib
libs=-lm -lcrypt -lutil -lc
perllibs=-lm -lcrypt -lutil -lc
libc=, so=so, useshrplib=false, libperl=libperl.a
gnulibc_version=''
Dynamic Linking:
dlsrc=dl_dlopen.xs, dlext=so, d_dlsymun=undef, ccdlflags=' '
cccdlflags='-DPIC -fPIC', lddlflags='-shared -L/usr/local/lib -fstack-protector'
Characteristics of this binary (from libperl):
Compile-time options: HAS_TIMES PERLIO_LAYERS PERL_DONT_CREATE_GVSV
PERL_HASH_FUNC_ONE_AT_A_TIME_HARD PERL_MALLOC_WRAP
PERL_NEW_COPY_ON_WRITE PERL_PRESERVE_IVUV
USE_64_BIT_ALL USE_64_BIT_INT USE_LARGE_FILES
USE_LOCALE USE_LOCALE_COLLATE USE_LOCALE_CTYPE
USE_LOCALE_NUMERIC USE_PERLIO USE_PERL_ATOF
Built under freebsd
Compiled at Jan 29 2015 08:45:50
%ENV:
PERL5LIB=""
PERL5OPT=""
PERL5_CPANPLUS_IS_RUNNING="62746"
PERL5_CPAN_IS_RUNNING="62746"
PERL5_CPAN_IS_RUNNING_IN_RECURSION="73780,62746"
PERLDOC="-MPod::Perldoc::ToTextOverstrike"
PERL_BATCH="yes"
PERL_CANARY_STABILITY_NOPROMPT="1"
PERL_CPAN_REPORTER_CONFIG="/var/tmp/cpansmoker-1023/2023030709/cpanreporter_000_config.ini"
PERL_EXTUTILS_AUTOINSTALL="--defaultdeps"
PERL_USE_UNSAFE_INC="1"
@INC:
/usr/perl5.20.1p/lib/site_perl/5.20.1/amd64-freebsd
/usr/perl5.20.1p/lib/site_perl/5.20.1
/usr/perl5.20.1p/lib/5.20.1/amd64-freebsd
/usr/perl5.20.1p/lib/5.20.1
.