Back
From: metabase:user:322078bc-2aae-11df-837a-5e0a49663a4f
Subject: FAIL Mail-SpamAssassin-4.0.0-rc4-TRIAL 5.18.4 GNU/Linux
Date: 2022-12-08T01:07:51Z
This distribution has been tested as part of the CPAN Testers
project, supporting the Perl programming language. See
http://wiki.cpantesters.org/ for more information or email
questions to cpan-testers-discuss@perl.org
--
Dear SIDNEY,
This is a computer-generated error report created automatically by
CPANPLUS, version 0.9914. Testers personal comments may appear
at the end of this report.
Thank you for uploading your work to CPAN. However, it appears that
there were some problems testing your distribution.
TEST RESULTS:
Below is the error stack from stage 'make test':
"/home/cpan/pit/thr/perl-5.18.4/bin/perl" build/mkrules --exit_on_no_src --src rulesrc --out rules --manifest MANIFEST --manifestskip MANIFEST.SKIP
no source directory found: exiting
"/home/cpan/pit/thr/perl-5.18.4/bin/perl" build/preprocessor -Mvars -DVERSION="4.000000" -DPREFIX="/home/cpan/pit/jail/9l4x65gJ_V" -DDEF_RULES_DIR="/home/cpan/pit/jail/9l4x65gJ_V/share/spamassassin" -DLOCAL_RULES_DIR="/home/cpan/pit/jail/9l4x65gJ_V/etc/mail/spamassassin" -DLOCAL_STATE_DIR="/home/cpan/pit/jail/9l4x65gJ_V/var/spamassassin" -DINSTALLSITELIB="/home/cpan/pit/jail/9l4x65gJ_V/lib/perl5" -DCONTACT_ADDRESS="the administrator of that system" -DRE2C_BIN="re2c" -Msharpbang -Mconditional -DPERL_BIN=""/home/cpan/pit/thr/perl-5.18.4/bin/perl"" -DPERL_WARN="" -DPERL_TAINT="" -m755 -isa-update.raw -osa-update
cp sa-update blib/script/sa-update
"/home/cpan/pit/thr/perl-5.18.4/bin/perl" -MExtUtils::MY -e 'MY->fixin(shift)' -- blib/script/sa-update
PERL_DL_NONLAZY=1 "/home/cpan/pit/thr/perl-5.18.4/bin/perl" "-MExtUtils::Command::MM" "-MTest::Harness" "-e" "undef *Test::Harness::Switches; test_harness(0, 'blib/lib', 'blib/arch')" t/*.t
Insecure dependency in mkdir while running with -T switch at /home/cpan/pit/thr/perl-5.18.4/lib/site_perl/5.18.4/File/Temp.pm line 542.
t/all_modules.t ...................
Dubious, test returned 2 (wstat 512, 0x200)
No subtests run
Insecure dependency in mkdir while running with -T switch at /home/cpan/pit/thr/perl-5.18.4/lib/site_perl/5.18.4/File/Temp.pm line 542.
t/basic_lint.t ....................
Dubious, test returned 255 (wstat 65280, 0xff00)
No subtests run
t/basic_lint_net.t ................
Dubious, test returned 255 (wstat 65280, 0xff00)
No subtests run
Insecure dependency in mkdir while running with -T switch at /home/cpan/pit/thr/perl-5.18.4/lib/site_perl/5.18.4/File/Temp.pm line 542.
Insecure dependency in mkdir while running with -T switch at /home/cpan/pit/thr/perl-5.18.4/lib/site_perl/5.18.4/File/Temp.pm line 542.
# Looks like your test exited with 255 before it could output anything.
t/basic_lint_without_sandbox.t ....
Dubious, test returned 255 (wstat 65280, 0xff00)
Failed 3/3 subtests
Insecure dependency in mkdir while running with -T switch at /home/cpan/pit/thr/perl-5.18.4/lib/site_perl/5.18.4/File/Temp.pm line 542.
t/basic_meta.t ....................
Dubious, test returned 255 (wstat 65280, 0xff00)
No subtests run
Insecure dependency in mkdir while running with -T switch at /home/cpan/pit/thr/perl-5.18.4/lib/site_perl/5.18.4/File/Temp.pm line 542.
t/basic_meta2.t ...................
Dubious, test returned 255 (wstat 65280, 0xff00)
No subtests run
Insecure dependency in mkdir while running with -T switch at /home/cpan/pit/thr/perl-5.18.4/lib/site_perl/5.18.4/File/Temp.pm line 542.
# Looks like your test exited with 255 before it could output anything.
t/basic_obj_api.t .................
Dubious, test returned 255 (wstat 65280, 0xff00)
Failed 4/4 subtests
Insecure dependency in mkdir while running with -T switch at /home/cpan/pit/thr/perl-5.18.4/lib/site_perl/5.18.4/File/Temp.pm line 542.
# Looks like your test exited with 255 before it could output anything.
t/html_colors.t ...................
Dubious, test returned 255 (wstat 65280, 0xff00)
Failed 28/28 subtests
t/html_obfu.t .....................
Dubious, test returned 255 (wstat 65280, 0xff00)
Failed 9/9 subtests
Insecure dependency in mkdir while running with -T switch at /home/cpan/pit/thr/perl-5.18.4/lib/site_perl/5.18.4/File/Temp.pm line 542.
# Looks like your test exited with 255 before it could output anything.
Insecure dependency in mkdir while running with -T switch at /home/cpan/pit/thr/perl-5.18.4/lib/site_perl/5.18.4/File/Temp.pm line 542.
t/html_utf8.t .....................
Dubious, test returned 255 (wstat 65280, 0xff00)
No subtests run
Insecure dependency in mkdir while running with -T switch at /home/cpan/pit/thr/perl-5.18.4/lib/site_perl/5.18.4/File/Temp.pm line 542.
t/mimeheader.t ....................
Dubious, test returned 255 (wstat 65280, 0xff00)
Failed 18/18 subtests
# Looks like your test exited with 255 before it could output anything.
Insecure dependency in mkdir while running with -T switch at /home/cpan/pit/thr/perl-5.18.4/lib/site_perl/5.18.4/File/Temp.pm line 542.
# Looks like your test exited with 255 before it could output anything.
t/mimeparse.t .....................
Dubious, test returned 255 (wstat 65280, 0xff00)
Failed 33/33 subtests
Insecure dependency in mkdir while running with -T switch at /home/cpan/pit/thr/perl-5.18.4/lib/site_perl/5.18.4/File/Temp.pm line 542.
t/uri.t ...........................
Dubious, test returned 255 (wstat 65280, 0xff00)
No subtests run
Insecure dependency in mkdir while running with -T switch at /home/cpan/pit/thr/perl-5.18.4/lib/site_perl/5.18.4/File/Temp.pm line 542.
# Looks like your test exited with 255 before it could output anything.
t/uri_html.t ......................
Dubious, test returned 255 (wstat 65280, 0xff00)
Failed 2/2 subtests
Insecure dependency in mkdir while running with -T switch at /home/cpan/pit/thr/perl-5.18.4/lib/site_perl/5.18.4/File/Temp.pm line 542.
# Looks like your test exited with 255 before it could output anything.
t/uri_list.t ......................
Dubious, test returned 255 (wstat 65280, 0xff00)
Failed 12/12 subtests
Insecure dependency in mkdir while running with -T switch at /home/cpan/pit/thr/perl-5.18.4/lib/site_perl/5.18.4/File/Temp.pm line 542.
# Looks like your test exited with 255 before it could output anything.
t/uri_saferedirect.t ..............
Dubious, test returned 255 (wstat 65280, 0xff00)
Failed 2/2 subtests
Insecure dependency in mkdir while running with -T switch at /home/cpan/pit/thr/perl-5.18.4/lib/site_perl/5.18.4/File/Temp.pm line 542.
# Looks like your test exited with 255 before it could output anything.
t/uri_text.t ......................
Dubious, test returned 255 (wstat 65280, 0xff00)
Failed 168/168 subtests
Insecure dependency in mkdir while running with -T switch at /home/cpan/pit/thr/perl-5.18.4/lib/site_perl/5.18.4/File/Temp.pm line 542.
t/uribl.t .........................
Dubious, test returned 255 (wstat 65280, 0xff00)
No subtests run
Insecure dependency in mkdir while running with -T switch at /home/cpan/pit/thr/perl-5.18.4/lib/site_perl/5.18.4/File/Temp.pm line 542.
t/uribl_all_types.t ...............
Dubious, test returned 255 (wstat 65280, 0xff00)
No subtests run
Insecure dependency in mkdir while running with -T switch at /home/cpan/pit/thr/perl-5.18.4/lib/site_perl/5.18.4/File/Temp.pm line 542.
t/uribl_domains_only.t ............
Dubious, test returned 255 (wstat 65280, 0xff00)
No subtests run
Insecure dependency in mkdir while running with -T switch at /home/cpan/pit/thr/perl-5.18.4/lib/site_perl/5.18.4/File/Temp.pm line 542.
t/uribl_ips_only.t ................
Dubious, test returned 255 (wstat 65280, 0xff00)
No subtests run
t/urilocalbl.t ....................
Dubious, test returned 255 (wstat 65280, 0xff00)
No subtests run
Insecure dependency in mkdir while running with -T switch at /home/cpan/pit/thr/perl-5.18.4/lib/site_perl/5.18.4/File/Temp.pm line 542.
Insecure dependency in mkdir while running with -T switch at /home/cpan/pit/thr/perl-5.18.4/lib/site_perl/5.18.4/File/Temp.pm line 542.
t/get_all_headers.t ...............
Dubious, test returned 255 (wstat 65280, 0xff00)
No subtests run
Insecure dependency in mkdir while running with -T switch at /home/cpan/pit/thr/perl-5.18.4/lib/site_perl/5.18.4/File/Temp.pm line 542.
t/get_headers.t ...................
Dubious, test returned 255 (wstat 65280, 0xff00)
No subtests run
Insecure dependency in mkdir while running with -T switch at /home/cpan/pit/thr/perl-5.18.4/lib/site_perl/5.18.4/File/Temp.pm line 542.
t/header.t ........................
Dubious, test returned 255 (wstat 65280, 0xff00)
Failed 23/23 subtests
# Looks like your test exited with 255 before it could output anything.
Insecure dependency in mkdir while running with -T switch at /home/cpan/pit/thr/perl-5.18.4/lib/site_perl/5.18.4/File/Temp.pm line 542.
t/header_utf8.t ...................
Dubious, test returned 255 (wstat 65280, 0xff00)
No subtests run
Insecure dependency in mkdir while running with -T switch at /home/cpan/pit/thr/perl-5.18.4/lib/site_perl/5.18.4/File/Temp.pm line 542.
t/regexp_named_capture.t ..........
Dubious, test returned 255 (wstat 65280, 0xff00)
No subtests run
Insecure dependency in mkdir while running with -T switch at /home/cpan/pit/thr/perl-5.18.4/lib/site_perl/5.18.4/File/Temp.pm line 542.
# Looks like your test exited with 255 before it could output anything.
t/regexp_valid.t ..................
Dubious, test returned 255 (wstat 65280, 0xff00)
Failed 39/39 subtests
Insecure dependency in mkdir while running with -T switch at /home/cpan/pit/thr/perl-5.18.4/lib/site_perl/5.18.4/File/Temp.pm line 542.
t/askdns.t ........................
Dubious, test returned 255 (wstat 65280, 0xff00)
No subtests run
Insecure dependency in mkdir while running with -T switch at /home/cpan/pit/thr/perl-5.18.4/lib/site_perl/5.18.4/File/Temp.pm line 542.
t/dnsbl.t .........................
Dubious, test returned 255 (wstat 65280, 0xff00)
No subtests run
Insecure dependency in mkdir while running with -T switch at /home/cpan/pit/thr/perl-5.18.4/lib/site_perl/5.18.4/File/Temp.pm line 542.
t/dnsbl_sc_meta.t .................
Dubious, test returned 255 (wstat 65280, 0xff00)
No subtests run
Insecure dependency in mkdir while running with -T switch at /home/cpan/pit/thr/perl-5.18.4/lib/site_perl/5.18.4/File/Temp.pm line 542.
t/dnsbl_subtests.t ................
Dubious, test returned 255 (wstat 65280, 0xff00)
No subtests run
Insecure dependency in mkdir while running with -T switch at /home/cpan/pit/thr/perl-5.18.4/lib/site_perl/5.18.4/File/Temp.pm line 542.
t/shortcircuit_before_dns.t .......
Dubious, test returned 255 (wstat 65280, 0xff00)
No subtests run
Insecure dependency in mkdir while running with -T switch at /home/cpan/pit/thr/perl-5.18.4/lib/site_perl/5.18.4/File/Temp.pm line 542.
# Looks like your test exited with 255 before it could output anything.
t/rule_multiple.t .................
Dubious, test returned 255 (wstat 65280, 0xff00)
Failed 42/42 subtests
Insecure dependency in mkdir while running with -T switch at /home/cpan/pit/thr/perl-5.18.4/lib/site_perl/5.18.4/File/Temp.pm line 542.
t/rule_names.t ....................
Dubious, test returned 255 (wstat 65280, 0xff00)
No subtests run
Insecure dependency in mkdir while running with -T switch at /home/cpan/pit/thr/perl-5.18.4/lib/site_perl/5.18.4/File/Temp.pm line 542.
# Looks like your test exited with 255 before it could output anything.
t/rule_types.t ....................
Dubious, test returned 255 (wstat 65280, 0xff00)
Failed 9/9 subtests
# some binaries missing, not running all tests
t/extracttext.t ................... ok
t/spamd_prefork_stress.t ..........
Dubious, test returned 255 (wstat 65280, 0xff00)
No subtests run
Insecure dependency in mkdir while running with -T switch at /home/cpan/pit/thr/perl-5.18.4/lib/site_perl/5.18.4/File/Temp.pm line 542.
t/spamd_prefork_stress_2.t ........
Dubious, test returned 255 (wstat 65280, 0xff00)
No subtests run
Insecure dependency in mkdir while running with -T switch at /home/cpan/pit/thr/perl-5.18.4/lib/site_perl/5.18.4/File/Temp.pm line 542.
t/arc.t ...........................
Dubious, test returned 255 (wstat 65280, 0xff00)
No subtests run
Insecure dependency in mkdir while running with -T switch at /home/cpan/pit/thr/perl-5.18.4/lib/site_perl/5.18.4/File/Temp.pm line 542.
Insecure dependency in mkdir while running with -T switch at /home/cpan/pit/thr/perl-5.18.4/lib/site_perl/5.18.4/File/Temp.pm line 542.
t/authres.t .......................
Dubious, test returned 255 (wstat 65280, 0xff00)
No subtests run
Insecure dependency in mkdir while running with -T switch at /home/cpan/pit/thr/perl-5.18.4/lib/site_perl/5.18.4/File/Temp.pm line 542.
t/autolearn.t .....................
Dubious, test returned 255 (wstat 65280, 0xff00)
No subtests run
Insecure dependency in mkdir while running with -T switch at /home/cpan/pit/thr/perl-5.18.4/lib/site_perl/5.18.4/File/Temp.pm line 542.
t/autolearn_force.t ...............
Dubious, test returned 255 (wstat 65280, 0xff00)
No subtests run
t/autolearn_force_fail.t ..........
Dubious, test returned 255 (wstat 65280, 0xff00)
No subtests run
Insecure dependency in mkdir while running with -T switch at /home/cpan/pit/thr/perl-5.18.4/lib/site_perl/5.18.4/File/Temp.pm line 542.
Insecure dependency in mkdir while running with -T switch at /home/cpan/pit/thr/perl-5.18.4/lib/site_perl/5.18.4/File/Temp.pm line 542.
t/bayesbdb.t ......................
Dubious, test returned 255 (wstat 65280, 0xff00)
No subtests run
Insecure dependency in mkdir while running with -T switch at /home/cpan/pit/thr/perl-5.18.4/lib/site_perl/5.18.4/File/Temp.pm line 542.
t/bayesdbm.t ......................
Dubious, test returned 255 (wstat 65280, 0xff00)
No subtests run
Insecure dependency in mkdir while running with -T switch at /home/cpan/pit/thr/perl-5.18.4/lib/site_perl/5.18.4/File/Temp.pm line 542.
t/bayesdbm_flock.t ................
Dubious, test returned 255 (wstat 65280, 0xff00)
No subtests run
Insecure dependency in mkdir while running with -T switch at /home/cpan/pit/thr/perl-5.18.4/lib/site_perl/5.18.4/File/Temp.pm line 542.
t/bayessdbm.t .....................
Dubious, test returned 255 (wstat 65280, 0xff00)
No subtests run
Insecure dependency in mkdir while running with -T switch at /home/cpan/pit/thr/perl-5.18.4/lib/site_perl/5.18.4/File/Temp.pm line 542.
t/bayessdbm_seen_delete.t .........
Dubious, test returned 255 (wstat 65280, 0xff00)
No subtests run
Insecure dependency in mkdir while running with -T switch at /home/cpan/pit/thr/perl-5.18.4/lib/site_perl/5.18.4/File/Temp.pm line 542.
t/bayessql.t ......................
Dubious, test returned 255 (wstat 65280, 0xff00)
No subtests run
Insecure dependency in mkdir while running with -T switch at /home/cpan/pit/thr/perl-5.18.4/lib/site_perl/5.18.4/File/Temp.pm line 542.
t/blacklist_autolearn.t ...........
Dubious, test returned 255 (wstat 65280, 0xff00)
# Looks like your test exited with 255 before it could output anything.
Failed 3/3 subtests
Insecure dependency in mkdir while running with -T switch at /home/cpan/pit/thr/perl-5.18.4/lib/site_perl/5.18.4/File/Temp.pm line 542.
# Looks like your test exited with 255 before it could output anything.
t/blocklist_autolearn.t ...........
Dubious, test returned 255 (wstat 65280, 0xff00)
Failed 3/3 subtests
Insecure dependency in mkdir while running with -T switch at /home/cpan/pit/thr/perl-5.18.4/lib/site_perl/5.18.4/File/Temp.pm line 542.
# Looks like your test exited with 255 before it could output anything.
t/body_mod.t ......................
Dubious, test returned 255 (wstat 65280, 0xff00)
Failed 3/3 subtests
Insecure dependency in mkdir while running with -T switch at /home/cpan/pit/thr/perl-5.18.4/lib/site_perl/5.18.4/File/Temp.pm line 542.
# Looks like your test exited with 255 before it could output anything.
t/body_str.t ......................
Dubious, test returned 255 (wstat 65280, 0xff00)
Failed 12/12 subtests
Insecure dependency in mkdir while running with -T switch at /home/cpan/pit/thr/perl-5.18.4/lib/site_perl/5.18.4/File/Temp.pm line 542.
# Looks like your test exited with 255 before it could output anything.
t/check_implemented.t .............
Dubious, test returned 255 (wstat 65280, 0xff00)
Failed 2/2 subtests
Insecure dependency in mkdir while running with -T switch at /home/cpan/pit/thr/perl-5.18.4/lib/site_perl/5.18.4/File/Temp.pm line 542.
t/cidrs.t .........................
Dubious, test returned 255 (wstat 65280, 0xff00)
No subtests run
t/config_errs.t ................... skipped: This script does not work yet. There are (a) lots of failures and (b) the 'plan' line means all tests are effectively ignored from 'make test'.
Insecure dependency in mkdir while running with -T switch at /home/cpan/pit/thr/perl-5.18.4/lib/site_perl/5.18.4/File/Temp.pm line 542.
t/config_text.t ...................
Dubious, test returned 255 (wstat 65280, 0xff00)
No subtests run
Insecure dependency in mkdir while running with -T switch at /home/cpan/pit/thr/perl-5.18.4/lib/site_perl/5.18.4/File/Temp.pm line 542.
# Looks like your test exited with 255 before it could output anything.
t/config_tree_recurse.t ...........
Dubious, test returned 255 (wstat 65280, 0xff00)
Failed 4/4 subtests
Insecure dependency in mkdir while running with -T switch at /home/cpan/pit/thr/perl-5.18.4/lib/site_perl/5.18.4/File/Temp.pm line 542.
# Looks like your test exited with 255 before it could output anything.
t/cpp_comments_in_spamc.t .........
Dubious, test returned 255 (wstat 65280, 0xff00)
Failed 1/1 subtests
Insecure dependency in mkdir while running with -T switch at /home/cpan/pit/thr/perl-5.18.4/lib/site_perl/5.18.4/File/Temp.pm line 542.
# Looks like your test exited with 255 before it could output anything.
t/cross_user_config_leak.t ........
Dubious, test returned 255 (wstat 65280, 0xff00)
Failed 6/6 subtests
Insecure dependency in mkdir while running with -T switch at /home/cpan/pit/thr/perl-5.18.4/lib/site_perl/5.18.4/File/Temp.pm line 542.
# Looks like your test exited with 255 before it could output anything.
t/date.t ..........................
Dubious, test returned 255 (wstat 65280, 0xff00)
Failed 14/14 subtests
Insecure dependency in mkdir while running with -T switch at /home/cpan/pit/thr/perl-5.18.4/lib/site_perl/5.18.4/File/Temp.pm line 542.
t/db_awl_path.t ...................
Dubious, test returned 255 (wstat 65280, 0xff00)
No subtests run
Insecure dependency in mkdir while running with -T switch at /home/cpan/pit/thr/perl-5.18.4/lib/site_perl/5.18.4/File/Temp.pm line 542.
t/db_awl_path_welcome_block.t .....
Dubious, test returned 255 (wstat 65280, 0xff00)
No subtests run
Insecure dependency in mkdir while running with -T switch at /home/cpan/pit/thr/perl-5.18.4/lib/site_perl/5.18.4/File/Temp.pm line 542.
t/db_awl_perms.t ..................
Dubious, test returned 255 (wstat 65280, 0xff00)
No subtests run
Insecure dependency in mkdir while running with -T switch at /home/cpan/pit/thr/perl-5.18.4/lib/site_perl/5.18.4/File/Temp.pm line 542.
t/db_awl_perms_welcome_block.t ....
Dubious, test returned 255 (wstat 65280, 0xff00)
No subtests run
Insecure dependency in mkdir while running with -T switch at /home/cpan/pit/thr/perl-5.18.4/lib/site_perl/5.18.4/File/Temp.pm line 542.
t/db_based_welcomelist.t ..........
Dubious, test returned 255 (wstat 65280, 0xff00)
No subtests run
Insecure dependency in mkdir while running with -T switch at /home/cpan/pit/thr/perl-5.18.4/lib/site_perl/5.18.4/File/Temp.pm line 542.
t/db_based_welcomelist_ips.t ......
Dubious, test returned 255 (wstat 65280, 0xff00)
No subtests run
t/db_based_whitelist.t ............
Dubious, test returned 255 (wstat 65280, 0xff00)
No subtests run
Insecure dependency in mkdir while running with -T switch at /home/cpan/pit/thr/perl-5.18.4/lib/site_perl/5.18.4/File/Temp.pm line 542.
Insecure dependency in mkdir while running with -T switch at /home/cpan/pit/thr/perl-5.18.4/lib/site_perl/5.18.4/File/Temp.pm line 542.
t/db_based_whitelist_ips.t ........
Dubious, test returned 255 (wstat 65280, 0xff00)
No subtests run
Insecure dependency in mkdir while running with -T switch at /home/cpan/pit/thr/perl-5.18.4/lib/site_perl/5.18.4/File/Temp.pm line 542.
t/dcc.t ...........................
Dubious, test returned 255 (wstat 65280, 0xff00)
No subtests run
Insecure dependency in mkdir while running with -T switch at /home/cpan/pit/thr/perl-5.18.4/lib/site_perl/5.18.4/File/Temp.pm line 542.
t/debug.t .........................
Dubious, test returned 255 (wstat 65280, 0xff00)
No subtests run
t/decodeshorturl.t ................
Dubious, test returned 255 (wstat 65280, 0xff00)
No subtests run
Insecure dependency in mkdir while running with -T switch at /home/cpan/pit/thr/perl-5.18.4/lib/site_perl/5.18.4/File/Temp.pm line 542.
Insecure dependency in mkdir while running with -T switch at /home/cpan/pit/thr/perl-5.18.4/lib/site_perl/5.18.4/File/Temp.pm line 542.
# Looks like your test exited with 255 before it could output anything.
t/desc_wrap.t .....................
Dubious, test returned 255 (wstat 65280, 0xff00)
Failed 10/10 subtests
Insecure dependency in mkdir while running with -T switch at /home/cpan/pit/thr/perl-5.18.4/lib/site_perl/5.18.4/File/Temp.pm line 542.
t/dkim.t ..........................
Dubious, test returned 255 (wstat 65280, 0xff00)
No subtests run
Insecure dependency in mkdir while running with -T switch at /home/cpan/pit/thr/perl-5.18.4/lib/site_perl/5.18.4/File/Temp.pm line 542.
t/dmarc.t .........................
Dubious, test returned 255 (wstat 65280, 0xff00)
No subtests run
t/enable_compat.t .................
Dubious, test returned 255 (wstat 65280, 0xff00)
Failed 6/6 subtests
Insecure dependency in mkdir while running with -T switch at /home/cpan/pit/thr/perl-5.18.4/lib/site_perl/5.18.4/File/Temp.pm line 542.
# Looks like your test exited with 255 before it could output anything.
Insecure dependency in mkdir while running with -T switch at /home/cpan/pit/thr/perl-5.18.4/lib/site_perl/5.18.4/File/Temp.pm line 542.
t/freemail.t ......................
Dubious, test returned 255 (wstat 65280, 0xff00)
No subtests run
t/freemail_welcome_block.t ........
Dubious, test returned 255 (wstat 65280, 0xff00)
No subtests run
Insecure dependency in mkdir while running with -T switch at /home/cpan/pit/thr/perl-5.18.4/lib/site_perl/5.18.4/File/Temp.pm line 542.
t/fromnamespoof.t .................
Dubious, test returned 255 (wstat 65280, 0xff00)
No subtests run
Insecure dependency in mkdir while running with -T switch at /home/cpan/pit/thr/perl-5.18.4/lib/site_perl/5.18.4/File/Temp.pm line 542.
Insecure dependency in mkdir while running with -T switch at /home/cpan/pit/thr/perl-5.18.4/lib/site_perl/5.18.4/File/Temp.pm line 542.
# Looks like your test exited with 255 before it could output anything.
t/gtube.t .........................
Dubious, test returned 255 (wstat 65280, 0xff00)
Failed 4/4 subtests
Insecure dependency in mkdir while running with -T switch at /home/cpan/pit/thr/perl-5.18.4/lib/site_perl/5.18.4/File/Temp.pm line 542.
t/hashbl.t ........................
Dubious, test returned 255 (wstat 65280, 0xff00)
No subtests run
Insecure dependency in mkdir while running with -T switch at /home/cpan/pit/thr/perl-5.18.4/lib/site_perl/5.18.4/File/Temp.pm line 542.
t/idn_dots.t ......................
Dubious, test returned 255 (wstat 65280, 0xff00)
No subtests run
t/if_can.t ........................
Dubious, test returned 255 (wstat 65280, 0xff00)
Failed 19/19 subtests
Insecure dependency in mkdir while running with -T switch at /home/cpan/pit/thr/perl-5.18.4/lib/site_perl/5.18.4/File/Temp.pm line 542.
# Looks like your test exited with 255 before it could output anything.
Insecure dependency in mkdir while running with -T switch at /home/cpan/pit/thr/perl-5.18.4/lib/site_perl/5.18.4/File/Temp.pm line 542.
# Looks like your test exited with 255 before it could output anything.
t/if_else.t .......................
Dubious, test returned 255 (wstat 65280, 0xff00)
Failed 21/21 subtests
Insecure dependency in mkdir while running with -T switch at /home/cpan/pit/thr/perl-5.18.4/lib/site_perl/5.18.4/File/Temp.pm line 542.
# Looks like your test exited with 255 before it could output anything.
t/ifversion.t .....................
Dubious, test returned 255 (wstat 65280, 0xff00)
Failed 4/4 subtests
Insecure dependency in mkdir while running with -T switch at /home/cpan/pit/thr/perl-5.18.4/lib/site_perl/5.18.4/File/Temp.pm line 542.
# Looks like your test exited with 255 before it could output anything.
t/ip_addrs.t ......................
Dubious, test returned 255 (wstat 65280, 0xff00)
Failed 105/105 subtests
Insecure dependency in mkdir while running with -T switch at /home/cpan/pit/thr/perl-5.18.4/lib/site_perl/5.18.4/File/Temp.pm line 542.
t/lang_lint.t .....................
Dubious, test returned 255 (wstat 65280, 0xff00)
No subtests run
t/lang_pl_tests.t .................
Dubious, test returned 255 (wstat 65280, 0xff00)
No subtests run
Insecure dependency in mkdir while running with -T switch at /home/cpan/pit/thr/perl-5.18.4/lib/site_perl/5.18.4/File/Temp.pm line 542.
Insecure dependency in mkdir while running with -T switch at /home/cpan/pit/thr/perl-5.18.4/lib/site_perl/5.18.4/File/Temp.pm line 542.
t/line_endings.t ..................
Dubious, test returned 255 (wstat 65280, 0xff00)
No subtests run
Insecure dependency in mkdir while running with -T switch at /home/cpan/pit/thr/perl-5.18.4/lib/site_perl/5.18.4/File/Temp.pm line 542.
# Looks like your test exited with 255 before it could output anything.
t/lint_nocreate_prefs.t ...........
Dubious, test returned 255 (wstat 65280, 0xff00)
Failed 2/2 subtests
Insecure dependency in mkdir while running with -T switch at /home/cpan/pit/thr/perl-5.18.4/lib/site_perl/5.18.4/File/Temp.pm line 542.
t/local_tests_only.t ..............
Dubious, test returned 255 (wstat 65280, 0xff00)
No subtests run
Insecure dependency in mkdir while running with -T switch at /home/cpan/pit/thr/perl-5.18.4/lib/site_perl/5.18.4/File/Temp.pm line 542.
t/memory_cycles.t .................
Dubious, test returned 255 (wstat 65280, 0xff00)
No subtests run
Insecure dependency in mkdir while running with -T switch at /home/cpan/pit/thr/perl-5.18.4/lib/site_perl/5.18.4/File/Temp.pm line 542.
# Looks like your test exited with 255 before it could output anything.
t/metadata.t ......................
Dubious, test returned 255 (wstat 65280, 0xff00)
Failed 3/3 subtests
Insecure dependency in mkdir while running with -T switch at /home/cpan/pit/thr/perl-5.18.4/lib/site_perl/5.18.4/File/Temp.pm line 542.
# Looks like your test exited with 255 before it could output anything.
t/missing_hb_separator.t ..........
Dubious, test returned 255 (wstat 65280, 0xff00)
Failed 13/13 subtests
Insecure dependency in mkdir while running with -T switch at /home/cpan/pit/thr/perl-5.18.4/lib/site_perl/5.18.4/File/Temp.pm line 542.
t/mkrules.t .......................
Dubious, test returned 255 (wstat 65280, 0xff00)
No subtests run
Insecure dependency in mkdir while running with -T switch at /home/cpan/pit/thr/perl-5.18.4/lib/site_perl/5.18.4/File/Temp.pm line 542.
t/mkrules_else.t ..................
Dubious, test returned 255 (wstat 65280, 0xff00)
No subtests run
Insecure dependency in mkdir while running with -T switch at /home/cpan/pit/thr/perl-5.18.4/lib/site_perl/5.18.4/File/Temp.pm line 542.
# Looks like your test exited with 255 before it could output anything.
t/nonspam.t .......................
Dubious, test returned 255 (wstat 65280, 0xff00)
Failed 1/1 subtests
Insecure dependency in mkdir while running with -T switch at /home/cpan/pit/thr/perl-5.18.4/lib/site_perl/5.18.4/File/Temp.pm line 542.
t/olevbmacro.t ....................
Dubious, test returned 255 (wstat 65280, 0xff00)
No subtests run
Insecure dependency in mkdir while running with -T switch at /home/cpan/pit/thr/perl-5.18.4/lib/site_perl/5.18.4/File/Temp.pm line 542.
# Looks like your test exited with 255 before it could output anything.
t/originating_ip_hdr.t ............
Dubious, test returned 255 (wstat 65280, 0xff00)
Failed 9/9 subtests
Insecure dependency in mkdir while running with -T switch at /home/cpan/pit/thr/perl-5.18.4/lib/site_perl/5.18.4/File/Temp.pm line 542.
t/pdfinfo.t .......................
Dubious, test returned 255 (wstat 65280, 0xff00)
No subtests run
Insecure dependency in mkdir while running with -T switch at /home/cpan/pit/thr/perl-5.18.4/lib/site_perl/5.18.4/File/Temp.pm line 542.
t/perlcritic.t ....................
Dubious, test returned 255 (wstat 65280, 0xff00)
No subtests run
Insecure dependency in mkdir while running with -T switch at /home/cpan/pit/thr/perl-5.18.4/lib/site_perl/5.18.4/File/Temp.pm line 542.
t/phishing.t ......................
Dubious, test returned 255 (wstat 65280, 0xff00)
No subtests run
Insecure dependency in mkdir while running with -T switch at /home/cpan/pit/thr/perl-5.18.4/lib/site_perl/5.18.4/File/Temp.pm line 542.
# Looks like your test exited with 255 before it could output anything.
t/plugin.t ........................
Dubious, test returned 255 (wstat 65280, 0xff00)
Failed 6/6 subtests
Insecure dependency in mkdir while running with -T switch at /home/cpan/pit/thr/perl-5.18.4/lib/site_perl/5.18.4/File/Temp.pm line 542.
# Looks like your test exited with 255 before it could output anything.
t/plugin_file.t ...................
Dubious, test returned 255 (wstat 65280, 0xff00)
Failed 9/9 subtests
Insecure dependency in mkdir while running with -T switch at /home/cpan/pit/thr/perl-5.18.4/lib/site_perl/5.18.4/File/Temp.pm line 542.
t/plugin_priorities.t .............
Dubious, test returned 255 (wstat 65280, 0xff00)
Failed 2/2 subtests
# Looks like your test exited with 255 before it could output anything.
t/prefs_include.t .................
Dubious, test returned 255 (wstat 65280, 0xff00)
Failed 3/3 subtests
Insecure dependency in mkdir while running with -T switch at /home/cpan/pit/thr/perl-5.18.4/lib/site_perl/5.18.4/File/Temp.pm line 542.
# Looks like your test exited with 255 before it could output anything.
Insecure dependency in mkdir while running with -T switch at /home/cpan/pit/thr/perl-5.18.4/lib/site_perl/5.18.4/File/Temp.pm line 542.
# Looks like your test exited with 255 before it could output anything.
t/priorities.t ....................
Dubious, test returned 255 (wstat 65280, 0xff00)
Failed 10/10 subtests
Insecure dependency in mkdir while running with -T switch at /home/cpan/pit/thr/perl-5.18.4/lib/site_perl/5.18.4/File/Temp.pm line 542.
# Looks like your test exited with 255 before it could output anything.
t/priorities_welcome_block.t ......
Dubious, test returned 255 (wstat 65280, 0xff00)
Failed 10/10 subtests
t/pyzor.t ......................... skipped: Net tests disabled
Insecure dependency in mkdir while running with -T switch at /home/cpan/pit/thr/perl-5.18.4/lib/site_perl/5.18.4/File/Temp.pm line 542.
t/razor2.t ........................
Dubious, test returned 255 (wstat 65280, 0xff00)
No subtests run
t/rcvd_parser.t ...................
Dubious, test returned 255 (wstat 65280, 0xff00)
Failed 147/147 subtests
Insecure dependency in mkdir while running with -T switch at /home/cpan/pit/thr/perl-5.18.4/lib/site_perl/5.18.4/File/Temp.pm line 542.
# Looks like your test exited with 255 before it could output anything.
Insecure dependency in mkdir while running with -T switch at /home/cpan/pit/thr/perl-5.18.4/lib/site_perl/5.18.4/File/Temp.pm line 542.
t/re_base_extraction.t ............
Dubious, test returned 255 (wstat 65280, 0xff00)
No subtests run
Insecure dependency in mkdir while running with -T switch at /home/cpan/pit/thr/perl-5.18.4/lib/site_perl/5.18.4/File/Temp.pm line 542.
# Looks like your test exited with 255 before it could output anything.
t/recips.t ........................
Dubious, test returned 255 (wstat 65280, 0xff00)
Failed 6/6 subtests
Insecure dependency in mkdir while running with -T switch at /home/cpan/pit/thr/perl-5.18.4/lib/site_perl/5.18.4/File/Temp.pm line 542.
# Looks like your test exited with 255 before it could output anything.
t/recreate.t ......................
Dubious, test returned 255 (wstat 65280, 0xff00)
Failed 9/9 subtests
Insecure dependency in mkdir while running with -T switch at /home/cpan/pit/thr/perl-5.18.4/lib/site_perl/5.18.4/File/Temp.pm line 542.
# Looks like your test exited with 255 before it could output anything.
t/recursion.t .....................
Dubious, test returned 255 (wstat 65280, 0xff00)
Failed 10/10 subtests
Insecure dependency in mkdir while running with -T switch at /home/cpan/pit/thr/perl-5.18.4/lib/site_perl/5.18.4/File/Temp.pm line 542.
# Looks like your test exited with 255 before it could output anything.
t/relative_scores.t ...............
Dubious, test returned 255 (wstat 65280, 0xff00)
Failed 4/4 subtests
t/relaycountry.t ..................
Dubious, test returned 255 (wstat 65280, 0xff00)
No subtests run
Insecure dependency in mkdir while running with -T switch at /home/cpan/pit/thr/perl-5.18.4/lib/site_perl/5.18.4/File/Temp.pm line 542.
Insecure dependency in mkdir while running with -T switch at /home/cpan/pit/thr/perl-5.18.4/lib/site_perl/5.18.4/File/Temp.pm line 542.
t/report_safe.t ...................
# Looks like your test exited with 255 before it could output anything.
Dubious, test returned 255 (wstat 65280, 0xff00)
Failed 8/8 subtests
Insecure dependency in mkdir while running with -T switch at /home/cpan/pit/thr/perl-5.18.4/lib/site_perl/5.18.4/File/Temp.pm line 542.
t/reportheader.t ..................
Dubious, test returned 255 (wstat 65280, 0xff00)
Failed 11/11 subtests
# Looks like your test exited with 255 before it could output anything.
Insecure dependency in mkdir while running with -T switch at /home/cpan/pit/thr/perl-5.18.4/lib/site_perl/5.18.4/File/Temp.pm line 542.
# Looks like your test exited with 255 before it could output anything.
t/reportheader_8bit.t .............
Dubious, test returned 255 (wstat 65280, 0xff00)
Failed 3/3 subtests
Insecure dependency in mkdir while running with -T switch at /home/cpan/pit/thr/perl-5.18.4/lib/site_perl/5.18.4/File/Temp.pm line 542.
t/reuse.t .........................
Dubious, test returned 255 (wstat 65280, 0xff00)
No subtests run
Insecure dependency in mkdir while running with -T switch at /home/cpan/pit/thr/perl-5.18.4/lib/site_perl/5.18.4/File/Temp.pm line 542.
t/root_spamd.t ....................
Dubious, test returned 255 (wstat 65280, 0xff00)
No subtests run
Insecure dependency in mkdir while running with -T switch at /home/cpan/pit/thr/perl-5.18.4/lib/site_perl/5.18.4/File/Temp.pm line 542.
t/root_spamd_tell.t ...............
Dubious, test returned 255 (wstat 65280, 0xff00)
No subtests run
t/root_spamd_tell_paranoid.t ......
Dubious, test returned 255 (wstat 65280, 0xff00)
No subtests run
Insecure dependency in mkdir while running with -T switch at /home/cpan/pit/thr/perl-5.18.4/lib/site_perl/5.18.4/File/Temp.pm line 542.
Insecure dependency in mkdir while running with -T switch at /home/cpan/pit/thr/perl-5.18.4/lib/site_perl/5.18.4/File/Temp.pm line 542.
t/root_spamd_tell_x.t .............
Dubious, test returned 255 (wstat 65280, 0xff00)
No subtests run
Insecure dependency in mkdir while running with -T switch at /home/cpan/pit/thr/perl-5.18.4/lib/site_perl/5.18.4/File/Temp.pm line 542.
t/root_spamd_tell_x_paranoid.t ....
Dubious, test returned 255 (wstat 65280, 0xff00)
No subtests run
Insecure dependency in mkdir while running with -T switch at /home/cpan/pit/thr/perl-5.18.4/lib/site_perl/5.18.4/File/Temp.pm line 542.
t/root_spamd_u.t ..................
Dubious, test returned 255 (wstat 65280, 0xff00)
No subtests run
Insecure dependency in mkdir while running with -T switch at /home/cpan/pit/thr/perl-5.18.4/lib/site_perl/5.18.4/File/Temp.pm line 542.
t/root_spamd_u_dcc.t ..............
Dubious, test returned 255 (wstat 65280, 0xff00)
No subtests run
Insecure dependency in mkdir while running with -T switch at /home/cpan/pit/thr/perl-5.18.4/lib/site_perl/5.18.4/File/Temp.pm line 542.
t/root_spamd_virtual.t ............
Dubious, test returned 255 (wstat 65280, 0xff00)
No subtests run
Insecure dependency in mkdir while running with -T switch at /home/cpan/pit/thr/perl-5.18.4/lib/site_perl/5.18.4/File/Temp.pm line 542.
t/root_spamd_x.t ..................
Dubious, test returned 255 (wstat 65280, 0xff00)
No subtests run
Insecure dependency in mkdir while running with -T switch at /home/cpan/pit/thr/perl-5.18.4/lib/site_perl/5.18.4/File/Temp.pm line 542.
t/root_spamd_x_paranoid.t .........
Dubious, test returned 255 (wstat 65280, 0xff00)
No subtests run
t/root_spamd_x_u.t ................
Dubious, test returned 255 (wstat 65280, 0xff00)
No subtests run
Insecure dependency in mkdir while running with -T switch at /home/cpan/pit/thr/perl-5.18.4/lib/site_perl/5.18.4/File/Temp.pm line 542.
Insecure dependency in mkdir while running with -T switch at /home/cpan/pit/thr/perl-5.18.4/lib/site_perl/5.18.4/File/Temp.pm line 542.
# Looks like your test exited with 255 before it could output anything.
t/sa_awl.t ........................
Dubious, test returned 255 (wstat 65280, 0xff00)
Failed 1/1 subtests
Insecure dependency in mkdir while running with -T switch at /home/cpan/pit/thr/perl-5.18.4/lib/site_perl/5.18.4/File/Temp.pm line 542.
t/sa_awl_welcome_block.t ..........
Dubious, test returned 255 (wstat 65280, 0xff00)
Failed 1/1 subtests
# Looks like your test exited with 255 before it could output anything.
Insecure dependency in mkdir while running with -T switch at /home/cpan/pit/thr/perl-5.18.4/lib/site_perl/5.18.4/File/Temp.pm line 542.
t/sa_check_spamd.t ................
Dubious, test returned 255 (wstat 65280, 0xff00)
No subtests run
Insecure dependency in mkdir while running with -T switch at /home/cpan/pit/thr/perl-5.18.4/lib/site_perl/5.18.4/File/Temp.pm line 542.
t/sa_compile.t ....................
Dubious, test returned 255 (wstat 65280, 0xff00)
No subtests run
Insecure dependency in mkdir while running with -T switch at /home/cpan/pit/thr/perl-5.18.4/lib/site_perl/5.18.4/File/Temp.pm line 542.
# Looks like your test exited with 255 before it could output anything.
t/sha1.t ..........................
Dubious, test returned 255 (wstat 65280, 0xff00)
Failed 15/15 subtests
Insecure dependency in mkdir while running with -T switch at /home/cpan/pit/thr/perl-5.18.4/lib/site_perl/5.18.4/File/Temp.pm line 542.
# Looks like your test exited with 255 before it could output anything.
t/shortcircuit.t ..................
Dubious, test returned 255 (wstat 65280, 0xff00)
Failed 18/18 subtests
Insecure dependency in mkdir while running with -T switch at /home/cpan/pit/thr/perl-5.18.4/lib/site_perl/5.18.4/File/Temp.pm line 542.
# Looks like your test exited with 255 before it could output anything.
t/spam.t ..........................
Dubious, test returned 255 (wstat 65280, 0xff00)
Failed 7/7 subtests
Insecure dependency in mkdir while running with -T switch at /home/cpan/pit/thr/perl-5.18.4/lib/site_perl/5.18.4/File/Temp.pm line 542.
t/spamc.t .........................
Dubious, test returned 255 (wstat 65280, 0xff00)
No subtests run
Insecure dependency in mkdir while running with -T switch at /home/cpan/pit/thr/perl-5.18.4/lib/site_perl/5.18.4/File/Temp.pm line 542.
t/spamc_B.t .......................
Dubious, test returned 255 (wstat 65280, 0xff00)
No subtests run
Insecure dependency in mkdir while running with -T switch at /home/cpan/pit/thr/perl-5.18.4/lib/site_perl/5.18.4/File/Temp.pm line 542.
t/spamc_bug6176.t .................
Dubious, test returned 255 (wstat 65280, 0xff00)
No subtests run
Insecure dependency in mkdir while running with -T switch at /home/cpan/pit/thr/perl-5.18.4/lib/site_perl/5.18.4/File/Temp.pm line 542.
t/spamc_c.t .......................
Dubious, test returned 255 (wstat 65280, 0xff00)
No subtests run
Insecure dependency in mkdir while running with -T switch at /home/cpan/pit/thr/perl-5.18.4/lib/site_perl/5.18.4/File/Temp.pm line 542.
t/spamc_c_stdout_closed.t .........
Dubious, test returned 255 (wstat 65280, 0xff00)
No subtests run
t/spamc_cf.t ......................
Dubious, test returned 255 (wstat 65280, 0xff00)
No subtests run
Insecure dependency in mkdir while running with -T switch at /home/cpan/pit/thr/perl-5.18.4/lib/site_perl/5.18.4/File/Temp.pm line 542.
Insecure dependency in mkdir while running with -T switch at /home/cpan/pit/thr/perl-5.18.4/lib/site_perl/5.18.4/File/Temp.pm line 542.
t/spamc_E.t .......................
Dubious, test returned 255 (wstat 65280, 0xff00)
No subtests run
Insecure dependency in mkdir while running with -T switch at /home/cpan/pit/thr/perl-5.18.4/lib/site_perl/5.18.4/File/Temp.pm line 542.
t/spamc_H.t .......................
Dubious, test returned 255 (wstat 65280, 0xff00)
No subtests run
Insecure dependency in mkdir while running with -T switch at /home/cpan/pit/thr/perl-5.18.4/lib/site_perl/5.18.4/File/Temp.pm line 542.
t/spamc_headers.t .................
Dubious, test returned 255 (wstat 65280, 0xff00)
No subtests run
t/spamc_l.t .......................
Dubious, test returned 255 (wstat 65280, 0xff00)
No subtests run
Insecure dependency in mkdir while running with -T switch at /home/cpan/pit/thr/perl-5.18.4/lib/site_perl/5.18.4/File/Temp.pm line 542.
Insecure dependency in mkdir while running with -T switch at /home/cpan/pit/thr/perl-5.18.4/lib/site_perl/5.18.4/File/Temp.pm line 542.
t/spamc_optC.t ....................
Dubious, test returned 255 (wstat 65280, 0xff00)
No subtests run
Insecure dependency in mkdir while running with -T switch at /home/cpan/pit/thr/perl-5.18.4/lib/site_perl/5.18.4/File/Temp.pm line 542.
t/spamc_optL.t ....................
Dubious, test returned 255 (wstat 65280, 0xff00)
No subtests run
Insecure dependency in mkdir while running with -T switch at /home/cpan/pit/thr/perl-5.18.4/lib/site_perl/5.18.4/File/Temp.pm line 542.
t/spamc_x_e.t .....................
Dubious, test returned 255 (wstat 65280, 0xff00)
No subtests run
Insecure dependency in mkdir while running with -T switch at /home/cpan/pit/thr/perl-5.18.4/lib/site_perl/5.18.4/File/Temp.pm line 542.
t/spamc_x_E_R.t ...................
Dubious, test returned 255 (wstat 65280, 0xff00)
No subtests run
t/spamc_y.t .......................
Dubious, test returned 255 (wstat 65280, 0xff00)
No subtests run
Insecure dependency in mkdir while running with -T switch at /home/cpan/pit/thr/perl-5.18.4/lib/site_perl/5.18.4/File/Temp.pm line 542.
t/spamc_z.t .......................
Dubious, test returned 255 (wstat 65280, 0xff00)
No subtests run
Insecure dependency in mkdir while running with -T switch at /home/cpan/pit/thr/perl-5.18.4/lib/site_perl/5.18.4/File/Temp.pm line 542.
Insecure dependency in mkdir while running with -T switch at /home/cpan/pit/thr/perl-5.18.4/lib/site_perl/5.18.4/File/Temp.pm line 542.
t/spamd.t .........................
Dubious, test returned 255 (wstat 65280, 0xff00)
No subtests run
Insecure dependency in mkdir while running with -T switch at /home/cpan/pit/thr/perl-5.18.4/lib/site_perl/5.18.4/File/Temp.pm line 542.
t/spamd_allow_user_rules.t ........
Dubious, test returned 255 (wstat 65280, 0xff00)
No subtests run
t/spamd_client.t ..................
Dubious, test returned 255 (wstat 65280, 0xff00)
No subtests run
Insecure dependency in mkdir while running with -T switch at /home/cpan/pit/thr/perl-5.18.4/lib/site_perl/5.18.4/File/Temp.pm line 542.
t/spamd_hup.t ..................... ok
t/spamd_kill_restart.t ............ ok
t/spamd_kill_restart_rr.t ......... ok
Insecure dependency in mkdir while running with -T switch at /home/cpan/pit/thr/perl-5.18.4/lib/site_perl/5.18.4/File/Temp.pm line 542.
t/spamd_ldap.t ....................
Dubious, test returned 255 (wstat 65280, 0xff00)
No subtests run
Insecure dependency in mkdir while running with -T switch at /home/cpan/pit/thr/perl-5.18.4/lib/site_perl/5.18.4/File/Temp.pm line 542.
t/spamd_maxchildren.t .............
Dubious, test returned 255 (wstat 65280, 0xff00)
No subtests run
Insecure dependency in mkdir while running with -T switch at /home/cpan/pit/thr/perl-5.18.4/lib/site_perl/5.18.4/File/Temp.pm line 542.
t/spamd_maxsize.t .................
Dubious, test returned 255 (wstat 65280, 0xff00)
No subtests run
Insecure dependency in mkdir while running with -T switch at /home/cpan/pit/thr/perl-5.18.4/lib/site_perl/5.18.4/File/Temp.pm line 542.
t/spamd_parallel.t ................
Dubious, test returned 255 (wstat 65280, 0xff00)
No subtests run
Insecure dependency in mkdir while running with -T switch at /home/cpan/pit/thr/perl-5.18.4/lib/site_perl/5.18.4/File/Temp.pm line 542.
t/spamd_plugin.t ..................
Dubious, test returned 255 (wstat 65280, 0xff00)
No subtests run
Insecure dependency in mkdir while running with -T switch at /home/cpan/pit/thr/perl-5.18.4/lib/site_perl/5.18.4/File/Temp.pm line 542.
t/spamd_port.t ....................
Dubious, test returned 255 (wstat 65280, 0xff00)
No subtests run
t/spamd_prefork_stress_3.t ........
Dubious, test returned 255 (wstat 65280, 0xff00)
No subtests run
Insecure dependency in mkdir while running with -T switch at /home/cpan/pit/thr/perl-5.18.4/lib/site_perl/5.18.4/File/Temp.pm line 542.
t/spamd_prefork_stress_4.t ........
Dubious, test returned 255 (wstat 65280, 0xff00)
No subtests run
Insecure dependency in mkdir while running with -T switch at /home/cpan/pit/thr/perl-5.18.4/lib/site_perl/5.18.4/File/Temp.pm line 542.
t/spamd_protocol_10.t .............
Dubious, test returned 255 (wstat 65280, 0xff00)
No subtests run
Insecure dependency in mkdir while running with -T switch at /home/cpan/pit/thr/perl-5.18.4/lib/site_perl/5.18.4/File/Temp.pm line 542.
Insecure dependency in mkdir while running with -T switch at /home/cpan/pit/thr/perl-5.18.4/lib/site_perl/5.18.4/File/Temp.pm line 542.
t/spamd_report.t ..................
Dubious, test returned 255 (wstat 65280, 0xff00)
No subtests run
Insecure dependency in mkdir while running with -T switch at /home/cpan/pit/thr/perl-5.18.4/lib/site_perl/5.18.4/File/Temp.pm line 542.
t/spamd_report_ifspam.t ...........
Dubious, test returned 255 (wstat 65280, 0xff00)
No subtests run
Insecure dependency in mkdir while running with -T switch at /home/cpan/pit/thr/perl-5.18.4/lib/site_perl/5.18.4/File/Temp.pm line 542.
t/spamd_sql_prefs.t ...............
Dubious, test returned 255 (wstat 65280, 0xff00)
No subtests run
Insecure dependency in mkdir while running with -T switch at /home/cpan/pit/thr/perl-5.18.4/lib/site_perl/5.18.4/File/Temp.pm line 542.
t/spamd_ssl.t .....................
Dubious, test returned 255 (wstat 65280, 0xff00)
No subtests run
Insecure dependency in mkdir while running with -T switch at /home/cpan/pit/thr/perl-5.18.4/lib/site_perl/5.18.4/File/Temp.pm line 542.
t/spamd_ssl_accept_fail.t .........
Dubious, test returned 255 (wstat 65280, 0xff00)
No subtests run
Insecure dependency in mkdir while running with -T switch at /home/cpan/pit/thr/perl-5.18.4/lib/site_perl/5.18.4/File/Temp.pm line 542.
t/spamd_ssl_z.t ...................
Dubious, test returned 255 (wstat 65280, 0xff00)
No subtests run
Insecure dependency in mkdir while running with -T switch at /home/cpan/pit/thr/perl-5.18.4/lib/site_perl/5.18.4/File/Temp.pm line 542.
t/spamd_stop.t ....................
Dubious, test returned 255 (wstat 65280, 0xff00)
No subtests run
Insecure dependency in mkdir while running with -T switch at /home/cpan/pit/thr/perl-5.18.4/lib/site_perl/5.18.4/File/Temp.pm line 542.
t/spamd_symbols.t .................
Dubious, test returned 255 (wstat 65280, 0xff00)
No subtests run
t/spamd_syslog.t ..................
Insecure dependency in mkdir while running with -T switch at /home/cpan/pit/thr/perl-5.18.4/lib/site_perl/5.18.4/File/Temp.pm line 542.
Dubious, test returned 255 (wstat 65280, 0xff00)
No subtests run
Insecure dependency in mkdir while running with -T switch at /home/cpan/pit/thr/perl-5.18.4/lib/site_perl/5.18.4/File/Temp.pm line 542.
t/spamd_unix.t ....................
Dubious, test returned 255 (wstat 65280, 0xff00)
No subtests run
Insecure dependency in mkdir while running with -T switch at /home/cpan/pit/thr/perl-5.18.4/lib/site_perl/5.18.4/File/Temp.pm line 542.
t/spamd_unix_and_tcp.t ............
Dubious, test returned 255 (wstat 65280, 0xff00)
No subtests run
Insecure dependency in mkdir while running with -T switch at /home/cpan/pit/thr/perl-5.18.4/lib/site_perl/5.18.4/File/Temp.pm line 542.
t/spamd_user_rules_leak.t .........
Dubious, test returned 255 (wstat 65280, 0xff00)
No subtests run
Insecure dependency in mkdir while running with -T switch at /home/cpan/pit/thr/perl-5.18.4/lib/site_perl/5.18.4/File/Temp.pm line 542.
# Looks like your test exited with 255 before it could output anything.
t/spamd_utf8.t ....................
Dubious, test returned 255 (wstat 65280, 0xff00)
Failed 3/3 subtests
Insecure dependency in mkdir while running with -T switch at /home/cpan/pit/thr/perl-5.18.4/lib/site_perl/5.18.4/File/Temp.pm line 542.
t/spamd_welcomelist_leak.t ........
Dubious, test returned 255 (wstat 65280, 0xff00)
No subtests run
Insecure dependency in mkdir while running with -T switch at /home/cpan/pit/thr/perl-5.18.4/lib/site_perl/5.18.4/File/Temp.pm line 542.
t/spamd_whitelist_leak.t ..........
Dubious, test returned 255 (wstat 65280, 0xff00)
No subtests run
Insecure dependency in mkdir while running with -T switch at /home/cpan/pit/thr/perl-5.18.4/lib/site_perl/5.18.4/File/Temp.pm line 542.
t/spf.t ...........................
Dubious, test returned 255 (wstat 65280, 0xff00)
No subtests run
t/spf_welcome_block.t .............
Dubious, test returned 255 (wstat 65280, 0xff00)
No subtests run
Insecure dependency in mkdir while running with -T switch at /home/cpan/pit/thr/perl-5.18.4/lib/site_perl/5.18.4/File/Temp.pm line 542.
t/sql_based_welcomelist.t ......... skipped: run_awl_sql_tests not enabled or DBI/SQLite not found
t/sql_based_whitelist.t ........... skipped: run_awl_sql_tests not enabled or DBI/SQLite not found
Insecure dependency in mkdir while running with -T switch at /home/cpan/pit/thr/perl-5.18.4/lib/site_perl/5.18.4/File/Temp.pm line 542.
# Looks like your test exited with 255 before it could output anything.
t/stop_always_matching_regexps.t ..
Dubious, test returned 255 (wstat 65280, 0xff00)
Failed 12/12 subtests
Insecure dependency in mkdir while running with -T switch at /home/cpan/pit/thr/perl-5.18.4/lib/site_perl/5.18.4/File/Temp.pm line 542.
t/strip2.t ........................
Dubious, test returned 255 (wstat 65280, 0xff00)
No subtests run
Insecure dependency in mkdir while running with -T switch at /home/cpan/pit/thr/perl-5.18.4/lib/site_perl/5.18.4/File/Temp.pm line 542.
t/strip_no_subject.t ..............
Dubious, test returned 255 (wstat 65280, 0xff00)
No subtests run
Insecure dependency in mkdir while running with -T switch at /home/cpan/pit/thr/perl-5.18.4/lib/site_perl/5.18.4/File/Temp.pm line 542.
t/stripmarkup.t ...................
Dubious, test returned 255 (wstat 65280, 0xff00)
Failed 4/4 subtests
# Looks like your test exited with 255 before it could output anything.
Insecure dependency in mkdir while running with -T switch at /home/cpan/pit/thr/perl-5.18.4/lib/site_perl/5.18.4/File/Temp.pm line 542.
t/tainted_msg.t ...................
Dubious, test returned 255 (wstat 65280, 0xff00)
No subtests run
Insecure dependency in mkdir while running with -T switch at /home/cpan/pit/thr/perl-5.18.4/lib/site_perl/5.18.4/File/Temp.pm line 542.
# Looks like your test exited with 255 before it could output anything.
t/text_bad_ctype.t ................
Dubious, test returned 255 (wstat 65280, 0xff00)
Failed 2/2 subtests
t/timeout.t .......................
Dubious, test returned 255 (wstat 65280, 0xff00)
Failed 33/33 subtests
Insecure dependency in mkdir while running with -T switch at /home/cpan/pit/thr/perl-5.18.4/lib/site_perl/5.18.4/File/Temp.pm line 542.
# Looks like your test exited with 255 before it could output anything.
Insecure dependency in mkdir while running with -T switch at /home/cpan/pit/thr/perl-5.18.4/lib/site_perl/5.18.4/File/Temp.pm line 542.
t/trust_path.t ....................
Dubious, test returned 2 (wstat 512, 0x200)
No subtests run
Insecure dependency in mkdir while running with -T switch at /home/cpan/pit/thr/perl-5.18.4/lib/site_perl/5.18.4/File/Temp.pm line 542.
# Looks like your test exited with 255 before it could output anything.
t/utf8.t ..........................
Dubious, test returned 255 (wstat 65280, 0xff00)
Failed 14/14 subtests
Insecure dependency in mkdir while running with -T switch at /home/cpan/pit/thr/perl-5.18.4/lib/site_perl/5.18.4/File/Temp.pm line 542.
# Looks like your test exited with 255 before it could output anything.
t/util_wrap.t .....................
Dubious, test returned 255 (wstat 65280, 0xff00)
Failed 5/5 subtests
Insecure dependency in mkdir while running with -T switch at /home/cpan/pit/thr/perl-5.18.4/lib/site_perl/5.18.4/File/Temp.pm line 542.
t/welcomelist_addrs.t .............
Dubious, test returned 255 (wstat 65280, 0xff00)
No subtests run
t/welcomelist_from.t ..............
Dubious, test returned 255 (wstat 65280, 0xff00)
No subtests run
Insecure dependency in mkdir while running with -T switch at /home/cpan/pit/thr/perl-5.18.4/lib/site_perl/5.18.4/File/Temp.pm line 542.
t/welcomelist_subject.t ...........
Dubious, test returned 255 (wstat 65280, 0xff00)
Failed 4/4 subtests
Insecure dependency in mkdir while running with -T switch at /home/cpan/pit/thr/perl-5.18.4/lib/site_perl/5.18.4/File/Temp.pm line 542.
# Looks like your test exited with 255 before it could output anything.
Insecure dependency in mkdir while running with -T switch at /home/cpan/pit/thr/perl-5.18.4/lib/site_perl/5.18.4/File/Temp.pm line 542.
t/welcomelist_to.t ................
Dubious, test returned 255 (wstat 65280, 0xff00)
Failed 1/1 subtests
# Looks like your test exited with 255 before it could output anything.
Insecure dependency in mkdir while running with -T switch at /home/cpan/pit/thr/perl-5.18.4/lib/site_perl/5.18.4/File/Temp.pm line 542.
t/whitelist_addrs.t ...............
Dubious, test returned 255 (wstat 65280, 0xff00)
No subtests run
t/whitelist_from.t ................
Dubious, test returned 255 (wstat 65280, 0xff00)
No subtests run
Insecure dependency in mkdir while running with -T switch at /home/cpan/pit/thr/perl-5.18.4/lib/site_perl/5.18.4/File/Temp.pm line 542.
Insecure dependency in mkdir while running with -T switch at /home/cpan/pit/thr/perl-5.18.4/lib/site_perl/5.18.4/File/Temp.pm line 542.
t/whitelist_subject.t .............
Dubious, test returned 255 (wstat 65280, 0xff00)
Failed 4/4 subtests
# Looks like your test exited with 255 before it could output anything.
Insecure dependency in mkdir while running with -T switch at /home/cpan/pit/thr/perl-5.18.4/lib/site_perl/5.18.4/File/Temp.pm line 542.
t/whitelist_to.t ..................
Dubious, test returned 255 (wstat 65280, 0xff00)
Failed 1/1 subtests
# Looks like your test exited with 255 before it could output anything.
Insecure dependency in mkdir while running with -T switch at /home/cpan/pit/thr/perl-5.18.4/lib/site_perl/5.18.4/File/Temp.pm line 542.
# Looks like your test exited with 255 before it could output anything.
t/wlbl_uri.t ......................
Dubious, test returned 255 (wstat 65280, 0xff00)
Failed 12/12 subtests
Test Summary Report
-------------------
t/all_modules.t (Wstat: 512 (exited 2) Tests: 0 Failed: 0)
Non-zero exit status: 2
Parse errors: No plan found in TAP output
t/basic_lint.t (Wstat: 65280 (exited 255) Tests: 0 Failed: 0)
Non-zero exit status: 255
Parse errors: No plan found in TAP output
t/basic_lint_net.t (Wstat: 65280 (exited 255) Tests: 0 Failed: 0)
Non-zero exit status: 255
Parse errors: No plan found in TAP output
t/basic_lint_without_sandbox.t (Wstat: 65280 (exited 255) Tests: 0 Failed: 0)
Non-zero exit status: 255
Parse errors: Bad plan. You planned 3 tests but ran 0.
t/basic_meta.t (Wstat: 65280 (exited 255) Tests: 0 Failed: 0)
Non-zero exit status: 255
Parse errors: No plan found in TAP output
t/basic_meta2.t (Wstat: 65280 (exited 255) Tests: 0 Failed: 0)
Non-zero exit status: 255
Parse errors: No plan found in TAP output
t/basic_obj_api.t (Wstat: 65280 (exited 255) Tests: 0 Failed: 0)
Non-zero exit status: 255
Parse errors: Bad plan. You planned 4 tests but ran 0.
t/html_colors.t (Wstat: 65280 (exited 255) Tests: 0 Failed: 0)
Non-zero exit status: 255
Parse errors: Bad plan. You planned 28 tests but ran 0.
t/html_obfu.t (Wstat: 65280 (exited 255) Tests: 0 Failed: 0)
Non-zero exit status: 255
Parse errors: Bad plan. You planned 9 tests but ran 0.
t/html_utf8.t (Wstat: 65280 (exited 255) Tests: 0 Failed: 0)
Non-zero exit status: 255
Parse errors: No plan found in TAP output
t/mimeheader.t (Wstat: 65280 (exited 255) Tests: 0 Failed: 0)
Non-zero exit status: 255
Parse errors: Bad plan. You planned 18 tests but ran 0.
t/mimeparse.t (Wstat: 65280 (exited 255) Tests: 0 Failed: 0)
Non-zero exit status: 255
Parse errors: Bad plan. You planned 33 tests but ran 0.
t/uri.t (Wstat: 65280 (exited 255) Tests: 0 Failed: 0)
Non-zero exit status: 255
Parse errors: No plan found in TAP output
t/uri_html.t (Wstat: 65280 (exited 255) Tests: 0 Failed: 0)
Non-zero exit status: 255
Parse errors: Bad plan. You planned 2 tests but ran 0.
t/uri_list.t (Wstat: 65280 (exited 255) Tests: 0 Failed: 0)
Non-zero exit status: 255
Parse errors: Bad plan. You planned 12 tests but ran 0.
t/uri_saferedirect.t (Wstat: 65280 (exited 255) Tests: 0 Failed: 0)
Non-zero exit status: 255
Parse errors: Bad plan. You planned 2 tests but ran 0.
t/uri_text.t (Wstat: 65280 (exited 255) Tests: 0 Failed: 0)
Non-zero exit status: 255
Parse errors: Bad plan. You planned 168 tests but ran 0.
t/uribl.t (Wstat: 65280 (exited 255) Tests: 0 Failed: 0)
Non-zero exit status: 255
Parse errors: No plan found in TAP output
t/uribl_all_types.t (Wstat: 65280 (exited 255) Tests: 0 Failed: 0)
Non-zero exit status: 255
Parse errors: No plan found in TAP output
t/uribl_domains_only.t (Wstat: 65280 (exited 255) Tests: 0 Failed: 0)
Non-zero exit status: 255
Parse errors: No plan found in TAP output
t/uribl_ips_only.t (Wstat: 65280 (exited 255) Tests: 0 Failed: 0)
Non-zero exit status: 255
Parse errors: No plan found in TAP output
t/urilocalbl.t (Wstat: 65280 (exited 255) Tests: 0 Failed: 0)
Non-zero exit status: 255
Parse errors: No plan found in TAP output
t/get_all_headers.t (Wstat: 65280 (exited 255) Tests: 0 Failed: 0)
Non-zero exit status: 255
Parse errors: No plan found in TAP output
t/get_headers.t (Wstat: 65280 (exited 255) Tests: 0 Failed: 0)
Non-zero exit status: 255
Parse errors: No plan found in TAP output
t/header.t (Wstat: 65280 (exited 255) Tests: 0 Failed: 0)
Non-zero exit status: 255
Parse errors: Bad plan. You planned 23 tests but ran 0.
t/header_utf8.t (Wstat: 65280 (exited 255) Tests: 0 Failed: 0)
Non-zero exit status: 255
Parse errors: No plan found in TAP output
t/regexp_named_capture.t (Wstat: 65280 (exited 255) Tests: 0 Failed: 0)
Non-zero exit status: 255
Parse errors: No plan found in TAP output
t/regexp_valid.t (Wstat: 65280 (exited 255) Tests: 0 Failed: 0)
Non-zero exit status: 255
Parse errors: Bad plan. You planned 39 tests but ran 0.
t/askdns.t (Wstat: 65280 (exited 255) Tests: 0 Failed: 0)
Non-zero exit status: 255
Parse errors: No plan found in TAP output
t/dnsbl.t (Wstat: 65280 (exited 255) Tests: 0 Failed: 0)
Non-zero exit status: 255
Parse errors: No plan found in TAP output
t/dnsbl_sc_meta.t (Wstat: 65280 (exited 255) Tests: 0 Failed: 0)
Non-zero exit status: 255
Parse errors: No plan found in TAP output
t/dnsbl_subtests.t (Wstat: 65280 (exited 255) Tests: 0 Failed: 0)
Non-zero exit status: 255
Parse errors: No plan found in TAP output
t/shortcircuit_before_dns.t (Wstat: 65280 (exited 255) Tests: 0 Failed: 0)
Non-zero exit status: 255
Parse errors: No plan found in TAP output
t/rule_multiple.t (Wstat: 65280 (exited 255) Tests: 0 Failed: 0)
Non-zero exit status: 255
Parse errors: Bad plan. You planned 42 tests but ran 0.
t/rule_names.t (Wstat: 65280 (exited 255) Tests: 0 Failed: 0)
Non-zero exit status: 255
Parse errors: No plan found in TAP output
t/rule_types.t (Wstat: 65280 (exited 255) Tests: 0 Failed: 0)
Non-zero exit status: 255
Parse errors: Bad plan. You planned 9 tests but ran 0.
t/spamd_prefork_stress.t (Wstat: 65280 (exited 255) Tests: 0 Failed: 0)
Non-zero exit status: 255
Parse errors: No plan found in TAP output
t/spamd_prefork_stress_2.t (Wstat: 65280 (exited 255) Tests: 0 Failed: 0)
Non-zero exit status: 255
Parse errors: No plan found in TAP output
t/arc.t (Wstat: 65280 (exited 255) Tests: 0 Failed: 0)
Non-zero exit status: 255
Parse errors: No plan found in TAP output
t/authres.t (Wstat: 65280 (exited 255) Tests: 0 Failed: 0)
Non-zero exit status: 255
Parse errors: No plan found in TAP output
t/autolearn.t (Wstat: 65280 (exited 255) Tests: 0 Failed: 0)
Non-zero exit status: 255
Parse errors: No plan found in TAP output
t/autolearn_force.t (Wstat: 65280 (exited 255) Tests: 0 Failed: 0)
Non-zero exit status: 255
Parse errors: No plan found in TAP output
t/autolearn_force_fail.t (Wstat: 65280 (exited 255) Tests: 0 Failed: 0)
Non-zero exit status: 255
Parse errors: No plan found in TAP output
t/bayesbdb.t (Wstat: 65280 (exited 255) Tests: 0 Failed: 0)
Non-zero exit status: 255
Parse errors: No plan found in TAP output
t/bayesdbm.t (Wstat: 65280 (exited 255) Tests: 0 Failed: 0)
Non-zero exit status: 255
Parse errors: No plan found in TAP output
t/bayesdbm_flock.t (Wstat: 65280 (exited 255) Tests: 0 Failed: 0)
Non-zero exit status: 255
Parse errors: No plan found in TAP output
t/bayessdbm.t (Wstat: 65280 (exited 255) Tests: 0 Failed: 0)
Non-zero exit status: 255
Parse errors: No plan found in TAP output
t/bayessdbm_seen_delete.t (Wstat: 65280 (exited 255) Tests: 0 Failed: 0)
Non-zero exit status: 255
Parse errors: No plan found in TAP output
t/bayessql.t (Wstat: 65280 (exited 255) Tests: 0 Failed: 0)
Non-zero exit status: 255
Parse errors: No plan found in TAP output
t/blacklist_autolearn.t (Wstat: 65280 (exited 255) Tests: 0 Failed: 0)
Non-zero exit status: 255
Parse errors: Bad plan. You planned 3 tests but ran 0.
t/blocklist_autolearn.t (Wstat: 65280 (exited 255) Tests: 0 Failed: 0)
Non-zero exit status: 255
Parse errors: Bad plan. You planned 3 tests but ran 0.
t/body_mod.t (Wstat: 65280 (exited 255) Tests: 0 Failed: 0)
Non-zero exit status: 255
Parse errors: Bad plan. You planned 3 tests but ran 0.
t/body_str.t (Wstat: 65280 (exited 255) Tests: 0 Failed: 0)
Non-zero exit status: 255
Parse errors: Bad plan. You planned 12 tests but ran 0.
t/check_implemented.t (Wstat: 65280 (exited 255) Tests: 0 Failed: 0)
Non-zero exit status: 255
Parse errors: Bad plan. You planned 2 tests but ran 0.
t/cidrs.t (Wstat: 65280 (exited 255) Tests: 0 Failed: 0)
Non-zero exit status: 255
Parse errors: No plan found in TAP output
t/config_text.t (Wstat: 65280 (exited 255) Tests: 0 Failed: 0)
Non-zero exit status: 255
Parse errors: No plan found in TAP output
t/config_tree_recurse.t (Wstat: 65280 (exited 255) Tests: 0 Failed: 0)
Non-zero exit status: 255
Parse errors: Bad plan. You planned 4 tests but ran 0.
t/cpp_comments_in_spamc.t (Wstat: 65280 (exited 255) Tests: 0 Failed: 0)
Non-zero exit status: 255
Parse errors: Bad plan. You planned 1 tests but ran 0.
t/cross_user_config_leak.t (Wstat: 65280 (exited 255) Tests: 0 Failed: 0)
Non-zero exit status: 255
Parse errors: Bad plan. You planned 6 tests but ran 0.
t/date.t (Wstat: 65280 (exited 255) Tests: 0 Failed: 0)
Non-zero exit status: 255
Parse errors: Bad plan. You planned 14 tests but ran 0.
t/db_awl_path.t (Wstat: 65280 (exited 255) Tests: 0 Failed: 0)
Non-zero exit status: 255
Parse errors: No plan found in TAP output
t/db_awl_path_welcome_block.t (Wstat: 65280 (exited 255) Tests: 0 Failed: 0)
Non-zero exit status: 255
Parse errors: No plan found in TAP output
t/db_awl_perms.t (Wstat: 65280 (exited 255) Tests: 0 Failed: 0)
Non-zero exit status: 255
Parse errors: No plan found in TAP output
t/db_awl_perms_welcome_block.t (Wstat: 65280 (exited 255) Tests: 0 Failed: 0)
Non-zero exit status: 255
Parse errors: No plan found in TAP output
t/db_based_welcomelist.t (Wstat: 65280 (exited 255) Tests: 0 Failed: 0)
Non-zero exit status: 255
Parse errors: No plan found in TAP output
t/db_based_welcomelist_ips.t (Wstat: 65280 (exited 255) Tests: 0 Failed: 0)
Non-zero exit status: 255
Parse errors: No plan found in TAP output
t/db_based_whitelist.t (Wstat: 65280 (exited 255) Tests: 0 Failed: 0)
Non-zero exit status: 255
Parse errors: No plan found in TAP output
t/db_based_whitelist_ips.t (Wstat: 65280 (exited 255) Tests: 0 Failed: 0)
Non-zero exit status: 255
Parse errors: No plan found in TAP output
t/dcc.t (Wstat: 65280 (exited 255) Tests: 0 Failed: 0)
Non-zero exit status: 255
Parse errors: No plan found in TAP output
t/debug.t (Wstat: 65280 (exited 255) Tests: 0 Failed: 0)
Non-zero exit status: 255
Parse errors: No plan found in TAP output
t/decodeshorturl.t (Wstat: 65280 (exited 255) Tests: 0 Failed: 0)
Non-zero exit status: 255
Parse errors: No plan found in TAP output
t/desc_wrap.t (Wstat: 65280 (exited 255) Tests: 0 Failed: 0)
Non-zero exit status: 255
Parse errors: Bad plan. You planned 10 tests but ran 0.
t/dkim.t (Wstat: 65280 (exited 255) Tests: 0 Failed: 0)
Non-zero exit status: 255
Parse errors: No plan found in TAP output
t/dmarc.t (Wstat: 65280 (exited 255) Tests: 0 Failed: 0)
Non-zero exit status: 255
Parse errors: No plan found in TAP output
t/enable_compat.t (Wstat: 65280 (exited 255) Tests: 0 Failed: 0)
Non-zero exit status: 255
Parse errors: Bad plan. You planned 6 tests but ran 0.
t/freemail.t (Wstat: 65280 (exited 255) Tests: 0 Failed: 0)
Non-zero exit status: 255
Parse errors: No plan found in TAP output
t/freemail_welcome_block.t (Wstat: 65280 (exited 255) Tests: 0 Failed: 0)
Non-zero exit status: 255
Parse errors: No plan found in TAP output
t/fromnamespoof.t (Wstat: 65280 (exited 255) Tests: 0 Failed: 0)
Non-zero exit status: 255
Parse errors: No plan found in TAP output
t/gtube.t (Wstat: 65280 (exited 255) Tests: 0 Failed: 0)
Non-zero exit status: 255
Parse errors: Bad plan. You planned 4 tests but ran 0.
t/hashbl.t (Wstat: 65280 (exited 255) Tests: 0 Failed: 0)
Non-zero exit status: 255
Parse errors: No plan found in TAP output
t/idn_dots.t (Wstat: 65280 (exited 255) Tests: 0 Failed: 0)
Non-zero exit status: 255
Parse errors: No plan found in TAP output
t/if_can.t (Wstat: 65280 (exited 255) Tests: 0 Failed: 0)
Non-zero exit status: 255
Parse errors: Bad plan. You planned 19 tests but ran 0.
t/if_else.t (Wstat: 65280 (exited 255) Tests: 0 Failed: 0)
Non-zero exit status: 255
Parse errors: Bad plan. You planned 21 tests but ran 0.
t/ifversion.t (Wstat: 65280 (exited 255) Tests: 0 Failed: 0)
Non-zero exit status: 255
Parse errors: Bad plan. You planned 4 tests but ran 0.
t/ip_addrs.t (Wstat: 65280 (exited 255) Tests: 0 Failed: 0)
Non-zero exit status: 255
Parse errors: Bad plan. You planned 105 tests but ran 0.
t/lang_lint.t (Wstat: 65280 (exited 255) Tests: 0 Failed: 0)
Non-zero exit status: 255
Parse errors: No plan found in TAP output
t/lang_pl_tests.t (Wstat: 65280 (exited 255) Tests: 0 Failed: 0)
Non-zero exit status: 255
Parse errors: No plan found in TAP output
t/line_endings.t (Wstat: 65280 (exited 255) Tests: 0 Failed: 0)
Non-zero exit status: 255
Parse errors: No plan found in TAP output
t/lint_nocreate_prefs.t (Wstat: 65280 (exited 255) Tests: 0 Failed: 0)
Non-zero exit status: 255
Parse errors: Bad plan. You planned 2 tests but ran 0.
t/local_tests_only.t (Wstat: 65280 (exited 255) Tests: 0 Failed: 0)
Non-zero exit status: 255
Parse errors: No plan found in TAP output
t/memory_cycles.t (Wstat: 65280 (exited 255) Tests: 0 Failed: 0)
Non-zero exit status: 255
Parse errors: No plan found in TAP output
t/metadata.t (Wstat: 65280 (exited 255) Tests: 0 Failed: 0)
Non-zero exit status: 255
Parse errors: Bad plan. You planned 3 tests but ran 0.
t/missing_hb_separator.t (Wstat: 65280 (exited 255) Tests: 0 Failed: 0)
Non-zero exit status: 255
Parse errors: Bad plan. You planned 13 tests but ran 0.
t/mkrules.t (Wstat: 65280 (exited 255) Tests: 0 Failed: 0)
Non-zero exit status: 255
Parse errors: No plan found in TAP output
t/mkrules_else.t (Wstat: 65280 (exited 255) Tests: 0 Failed: 0)
Non-zero exit status: 255
Parse errors: No plan found in TAP output
t/nonspam.t (Wstat: 65280 (exited 255) Tests: 0 Failed: 0)
Non-zero exit status: 255
Parse errors: Bad plan. You planned 1 tests but ran 0.
t/olevbmacro.t (Wstat: 65280 (exited 255) Tests: 0 Failed: 0)
Non-zero exit status: 255
Parse errors: No plan found in TAP output
t/originating_ip_hdr.t (Wstat: 65280 (exited 255) Tests: 0 Failed: 0)
Non-zero exit status: 255
Parse errors: Bad plan. You planned 9 tests but ran 0.
t/pdfinfo.t (Wstat: 65280 (exited 255) Tests: 0 Failed: 0)
Non-zero exit status: 255
Parse errors: No plan found in TAP output
t/perlcritic.t (Wstat: 65280 (exited 255) Tests: 0 Failed: 0)
Non-zero exit status: 255
Parse errors: No plan found in TAP output
t/phishing.t (Wstat: 65280 (exited 255) Tests: 0 Failed: 0)
Non-zero exit status: 255
Parse errors: No plan found in TAP output
t/plugin.t (Wstat: 65280 (exited 255) Tests: 0 Failed: 0)
Non-zero exit status: 255
Parse errors: Bad plan. You planned 6 tests but ran 0.
t/plugin_file.t (Wstat: 65280 (exited 255) Tests: 0 Failed: 0)
Non-zero exit status: 255
Parse errors: Bad plan. You planned 9 tests but ran 0.
t/plugin_priorities.t (Wstat: 65280 (exited 255) Tests: 0 Failed: 0)
Non-zero exit status: 255
Parse errors: Bad plan. You planned 2 tests but ran 0.
t/prefs_include.t (Wstat: 65280 (exited 255) Tests: 0 Failed: 0)
Non-zero exit status: 255
Parse errors: Bad plan. You planned 3 tests but ran 0.
t/priorities.t (Wstat: 65280 (exited 255) Tests: 0 Failed: 0)
Non-zero exit status: 255
Parse errors: Bad plan. You planned 10 tests but ran 0.
t/priorities_welcome_block.t (Wstat: 65280 (exited 255) Tests: 0 Failed: 0)
Non-zero exit status: 255
Parse errors: Bad plan. You planned 10 tests but ran 0.
t/razor2.t (Wstat: 65280 (exited 255) Tests: 0 Failed: 0)
Non-zero exit status: 255
Parse errors: No plan found in TAP output
t/rcvd_parser.t (Wstat: 65280 (exited 255) Tests: 0 Failed: 0)
Non-zero exit status: 255
Parse errors: Bad plan. You planned 147 tests but ran 0.
t/re_base_extraction.t (Wstat: 65280 (exited 255) Tests: 0 Failed: 0)
Non-zero exit status: 255
Parse errors: No plan found in TAP output
t/recips.t (Wstat: 65280 (exited 255) Tests: 0 Failed: 0)
Non-zero exit status: 255
Parse errors: Bad plan. You planned 6 tests but ran 0.
t/recreate.t (Wstat: 65280 (exited 255) Tests: 0 Failed: 0)
Non-zero exit status: 255
Parse errors: Bad plan. You planned 9 tests but ran 0.
t/recursion.t (Wstat: 65280 (exited 255) Tests: 0 Failed: 0)
Non-zero exit status: 255
Parse errors: Bad plan. You planned 10 tests but ran 0.
t/relative_scores.t (Wstat: 65280 (exited 255) Tests: 0 Failed: 0)
Non-zero exit status: 255
Parse errors: Bad plan. You planned 4 tests but ran 0.
t/relaycountry.t (Wstat: 65280 (exited 255) Tests: 0 Failed: 0)
Non-zero exit status: 255
Parse errors: No plan found in TAP output
t/report_safe.t (Wstat: 65280 (exited 255) Tests: 0 Failed: 0)
Non-zero exit status: 255
Parse errors: Bad plan. You planned 8 tests but ran 0.
t/reportheader.t (Wstat: 65280 (exited 255) Tests: 0 Failed: 0)
Non-zero exit status: 255
Parse errors: Bad plan. You planned 11 tests but ran 0.
t/reportheader_8bit.t (Wstat: 65280 (exited 255) Tests: 0 Failed: 0)
Non-zero exit status: 255
Parse errors: Bad plan. You planned 3 tests but ran 0.
t/reuse.t (Wstat: 65280 (exited 255) Tests: 0 Failed: 0)
Non-zero exit status: 255
Parse errors: No plan found in TAP output
t/root_spamd.t (Wstat: 65280 (exited 255) Tests: 0 Failed: 0)
Non-zero exit status: 255
Parse errors: No plan found in TAP output
t/root_spamd_tell.t (Wstat: 65280 (exited 255) Tests: 0 Failed: 0)
Non-zero exit status: 255
Parse errors: No plan found in TAP output
t/root_spamd_tell_paranoid.t (Wstat: 65280 (exited 255) Tests: 0 Failed: 0)
Non-zero exit status: 255
Parse errors: No plan found in TAP output
t/root_spamd_tell_x.t (Wstat: 65280 (exited 255) Tests: 0 Failed: 0)
Non-zero exit status: 255
Parse errors: No plan found in TAP output
t/root_spamd_tell_x_paranoid.t (Wstat: 65280 (exited 255) Tests: 0 Failed: 0)
Non-zero exit status: 255
Parse errors: No plan found in TAP output
t/root_spamd_u.t (Wstat: 65280 (exited 255) Tests: 0 Failed: 0)
Non-zero exit status: 255
Parse errors: No plan found in TAP output
t/root_spamd_u_dcc.t (Wstat: 65280 (exited 255) Tests: 0 Failed: 0)
Non-zero exit status: 255
Parse errors: No plan found in TAP output
t/root_spamd_virtual.t (Wstat: 65280 (exited 255) Tests: 0 Failed: 0)
Non-zero exit status: 255
Parse errors: No plan found in TAP output
t/root_spamd_x.t (Wstat: 65280 (exited 255) Tests: 0 Failed: 0)
Non-zero exit status: 255
Parse errors: No plan found in TAP output
t/root_spamd_x_paranoid.t (Wstat: 65280 (exited 255) Tests: 0 Failed: 0)
Non-zero exit status: 255
Parse errors: No plan found in TAP output
t/root_spamd_x_u.t (Wstat: 65280 (exited 255) Tests: 0 Failed: 0)
Non-zero exit status: 255
Parse errors: No plan found in TAP output
t/sa_awl.t (Wstat: 65280 (exited 255) Tests: 0 Failed: 0)
Non-zero exit status: 255
Parse errors: Bad plan. You planned 1 tests but ran 0.
t/sa_awl_welcome_block.t (Wstat: 65280 (exited 255) Tests: 0 Failed: 0)
Non-zero exit status: 255
Parse errors: Bad plan. You planned 1 tests but ran 0.
t/sa_check_spamd.t (Wstat: 65280 (exited 255) Tests: 0 Failed: 0)
Non-zero exit status: 255
Parse errors: No plan found in TAP output
t/sa_compile.t (Wstat: 65280 (exited 255) Tests: 0 Failed: 0)
Non-zero exit status: 255
Parse errors: No plan found in TAP output
t/sha1.t (Wstat: 65280 (exited 255) Tests: 0 Failed: 0)
Non-zero exit status: 255
Parse errors: Bad plan. You planned 15 tests but ran 0.
t/shortcircuit.t (Wstat: 65280 (exited 255) Tests: 0 Failed: 0)
Non-zero exit status: 255
Parse errors: Bad plan. You planned 18 tests but ran 0.
t/spam.t (Wstat: 65280 (exited 255) Tests: 0 Failed: 0)
Non-zero exit status: 255
Parse errors: Bad plan. You planned 7 tests but ran 0.
t/spamc.t (Wstat: 65280 (exited 255) Tests: 0 Failed: 0)
Non-zero exit status: 255
Parse errors: No plan found in TAP output
t/spamc_B.t (Wstat: 65280 (exited 255) Tests: 0 Failed: 0)
Non-zero exit status: 255
Parse errors: No plan found in TAP output
t/spamc_bug6176.t (Wstat: 65280 (exited 255) Tests: 0 Failed: 0)
Non-zero exit status: 255
Parse errors: No plan found in TAP output
t/spamc_c.t (Wstat: 65280 (exited 255) Tests: 0 Failed: 0)
Non-zero exit status: 255
Parse errors: No plan found in TAP output
t/spamc_c_stdout_closed.t (Wstat: 65280 (exited 255) Tests: 0 Failed: 0)
Non-zero exit status: 255
Parse errors: No plan found in TAP output
t/spamc_cf.t (Wstat: 65280 (exited 255) Tests: 0 Failed: 0)
Non-zero exit status: 255
Parse errors: No plan found in TAP output
t/spamc_E.t (Wstat: 65280 (exited 255) Tests: 0 Failed: 0)
Non-zero exit status: 255
Parse errors: No plan found in TAP output
t/spamc_H.t (Wstat: 65280 (exited 255) Tests: 0 Failed: 0)
Non-zero exit status: 255
Parse errors: No plan found in TAP output
t/spamc_headers.t (Wstat: 65280 (exited 255) Tests: 0 Failed: 0)
Non-zero exit status: 255
Parse errors: No plan found in TAP output
t/spamc_l.t (Wstat: 65280 (exited 255) Tests: 0 Failed: 0)
Non-zero exit status: 255
Parse errors: No plan found in TAP output
t/spamc_optC.t (Wstat: 65280 (exited 255) Tests: 0 Failed: 0)
Non-zero exit status: 255
Parse errors: No plan found in TAP output
t/spamc_optL.t (Wstat: 65280 (exited 255) Tests: 0 Failed: 0)
Non-zero exit status: 255
Parse errors: No plan found in TAP output
t/spamc_x_e.t (Wstat: 65280 (exited 255) Tests: 0 Failed: 0)
Non-zero exit status: 255
Parse errors: No plan found in TAP output
t/spamc_x_E_R.t (Wstat: 65280 (exited 255) Tests: 0 Failed: 0)
Non-zero exit status: 255
Parse errors: No plan found in TAP output
t/spamc_y.t (Wstat: 65280 (exited 255) Tests: 0 Failed: 0)
Non-zero exit status: 255
Parse errors: No plan found in TAP output
t/spamc_z.t (Wstat: 65280 (exited 255) Tests: 0 Failed: 0)
Non-zero exit status: 255
Parse errors: No plan found in TAP output
t/spamd.t (Wstat: 65280 (exited 255) Tests: 0 Failed: 0)
Non-zero exit status: 255
Parse errors: No plan found in TAP output
t/spamd_allow_user_rules.t (Wstat: 65280 (exited 255) Tests: 0 Failed: 0)
Non-zero exit status: 255
Parse errors: No plan found in TAP output
t/spamd_client.t (Wstat: 65280 (exited 255) Tests: 0 Failed: 0)
Non-zero exit status: 255
Parse errors: No plan found in TAP output
t/spamd_ldap.t (Wstat: 65280 (exited 255) Tests: 0 Failed: 0)
Non-zero exit status: 255
Parse errors: No plan found in TAP output
t/spamd_maxchildren.t (Wstat: 65280 (exited 255) Tests: 0 Failed: 0)
Non-zero exit status: 255
Parse errors: No plan found in TAP output
t/spamd_maxsize.t (Wstat: 65280 (exited 255) Tests: 0 Failed: 0)
Non-zero exit status: 255
Parse errors: No plan found in TAP output
t/spamd_parallel.t (Wstat: 65280 (exited 255) Tests: 0 Failed: 0)
Non-zero exit status: 255
Parse errors: No plan found in TAP output
t/spamd_plugin.t (Wstat: 65280 (exited 255) Tests: 0 Failed: 0)
Non-zero exit status: 255
Parse errors: No plan found in TAP output
t/spamd_port.t (Wstat: 65280 (exited 255) Tests: 0 Failed: 0)
Non-zero exit status: 255
Parse errors: No plan found in TAP output
t/spamd_prefork_stress_3.t (Wstat: 65280 (exited 255) Tests: 0 Failed: 0)
Non-zero exit status: 255
Parse errors: No plan found in TAP output
t/spamd_prefork_stress_4.t (Wstat: 65280 (exited 255) Tests: 0 Failed: 0)
Non-zero exit status: 255
Parse errors: No plan found in TAP output
t/spamd_protocol_10.t (Wstat: 65280 (exited 255) Tests: 0 Failed: 0)
Non-zero exit status: 255
Parse errors: No plan found in TAP output
t/spamd_report.t (Wstat: 65280 (exited 255) Tests: 0 Failed: 0)
Non-zero exit status: 255
Parse errors: No plan found in TAP output
t/spamd_report_ifspam.t (Wstat: 65280 (exited 255) Tests: 0 Failed: 0)
Non-zero exit status: 255
Parse errors: No plan found in TAP output
t/spamd_sql_prefs.t (Wstat: 65280 (exited 255) Tests: 0 Failed: 0)
Non-zero exit status: 255
Parse errors: No plan found in TAP output
t/spamd_ssl.t (Wstat: 65280 (exited 255) Tests: 0 Failed: 0)
Non-zero exit status: 255
Parse errors: No plan found in TAP output
t/spamd_ssl_accept_fail.t (Wstat: 65280 (exited 255) Tests: 0 Failed: 0)
Non-zero exit status: 255
Parse errors: No plan found in TAP output
t/spamd_ssl_z.t (Wstat: 65280 (exited 255) Tests: 0 Failed: 0)
Non-zero exit status: 255
Parse errors: No plan found in TAP output
t/spamd_stop.t (Wstat: 65280 (exited 255) Tests: 0 Failed: 0)
Non-zero exit status: 255
Parse errors: No plan found in TAP output
t/spamd_symbols.t (Wstat: 65280 (exited 255) Tests: 0 Failed: 0)
Non-zero exit status: 255
Parse errors: No plan found in TAP output
t/spamd_syslog.t (Wstat: 65280 (exited 255) Tests: 0 Failed: 0)
Non-zero exit status: 255
Parse errors: No plan found in TAP output
t/spamd_unix.t (Wstat: 65280 (exited 255) Tests: 0 Failed: 0)
Non-zero exit status: 255
Parse errors: No plan found in TAP output
t/spamd_unix_and_tcp.t (Wstat: 65280 (exited 255) Tests: 0 Failed: 0)
Non-zero exit status: 255
Parse errors: No plan found in TAP output
t/spamd_user_rules_leak.t (Wstat: 65280 (exited 255) Tests: 0 Failed: 0)
Non-zero exit status: 255
Parse errors: No plan found in TAP output
t/spamd_utf8.t (Wstat: 65280 (exited 255) Tests: 0 Failed: 0)
Non-zero exit status: 255
Parse errors: Bad plan. You planned 3 tests but ran 0.
t/spamd_welcomelist_leak.t (Wstat: 65280 (exited 255) Tests: 0 Failed: 0)
Non-zero exit status: 255
Parse errors: No plan found in TAP output
t/spamd_whitelist_leak.t (Wstat: 65280 (exited 255) Tests: 0 Failed: 0)
Non-zero exit status: 255
Parse errors: No plan found in TAP output
t/spf.t (Wstat: 65280 (exited 255) Tests: 0 Failed: 0)
Non-zero exit status: 255
Parse errors: No plan found in TAP output
t/spf_welcome_block.t (Wstat: 65280 (exited 255) Tests: 0 Failed: 0)
Non-zero exit status: 255
Parse errors: No plan found in TAP output
t/stop_always_matching_regexps.t (Wstat: 65280 (exited 255) Tests: 0 Failed: 0)
Non-zero exit status: 255
Parse errors: Bad plan. You planned 12 tests but ran 0.
t/strip2.t (Wstat: 65280 (exited 255) Tests: 0 Failed: 0)
Non-zero exit status: 255
Parse errors: No plan found in TAP output
t/strip_no_subject.t (Wstat: 65280 (exited 255) Tests: 0 Failed: 0)
Non-zero exit status: 255
Parse errors: No plan found in TAP output
t/stripmarkup.t (Wstat: 65280 (exited 255) Tests: 0 Failed: 0)
Non-zero exit status: 255
Parse errors: Bad plan. You planned 4 tests but ran 0.
t/tainted_msg.t (Wstat: 65280 (exited 255) Tests: 0 Failed: 0)
Non-zero exit status: 255
Parse errors: No plan found in TAP output
t/text_bad_ctype.t (Wstat: 65280 (exited 255) Tests: 0 Failed: 0)
Non-zero exit status: 255
Parse errors: Bad plan. You planned 2 tests but ran 0.
t/timeout.t (Wstat: 65280 (exited 255) Tests: 0 Failed: 0)
Non-zero exit status: 255
Parse errors: Bad plan. You planned 33 tests but ran 0.
t/trust_path.t (Wstat: 512 (exited 2) Tests: 0 Failed: 0)
Non-zero exit status: 2
Parse errors: No plan found in TAP output
t/utf8.t (Wstat: 65280 (exited 255) Tests: 0 Failed: 0)
Non-zero exit status: 255
Parse errors: Bad plan. You planned 14 tests but ran 0.
t/util_wrap.t (Wstat: 65280 (exited 255) Tests: 0 Failed: 0)
Non-zero exit status: 255
Parse errors: Bad plan. You planned 5 tests but ran 0.
t/welcomelist_addrs.t (Wstat: 65280 (exited 255) Tests: 0 Failed: 0)
Non-zero exit status: 255
Parse errors: No plan found in TAP output
t/welcomelist_from.t (Wstat: 65280 (exited 255) Tests: 0 Failed: 0)
Non-zero exit status: 255
Parse errors: No plan found in TAP output
t/welcomelist_subject.t (Wstat: 65280 (exited 255) Tests: 0 Failed: 0)
Non-zero exit status: 255
Parse errors: Bad plan. You planned 4 tests but ran 0.
t/welcomelist_to.t (Wstat: 65280 (exited 255) Tests: 0 Failed: 0)
Non-zero exit status: 255
Parse errors: Bad plan. You planned 1 tests but ran 0.
t/whitelist_addrs.t (Wstat: 65280 (exited 255) Tests: 0 Failed: 0)
Non-zero exit status: 255
Parse errors: No plan found in TAP output
t/whitelist_from.t (Wstat: 65280 (exited 255) Tests: 0 Failed: 0)
Non-zero exit status: 255
Parse errors: No plan found in TAP output
t/whitelist_subject.t (Wstat: 65280 (exited 255) Tests: 0 Failed: 0)
Non-zero exit status: 255
Parse errors: Bad plan. You planned 4 tests but ran 0.
t/whitelist_to.t (Wstat: 65280 (exited 255) Tests: 0 Failed: 0)
Non-zero exit status: 255
Parse errors: Bad plan. You planned 1 tests but ran 0.
t/wlbl_uri.t (Wstat: 65280 (exited 255) Tests: 0 Failed: 0)
Non-zero exit status: 255
Parse errors: Bad plan. You planned 12 tests but ran 0.
Files=209, Tests=297, 273 wallclock secs ( 0.44 usr 0.15 sys + 17.95 cusr 2.90 csys = 21.44 CPU)
Result: FAIL
Failed 201/209 test programs. 0/297 subtests failed.
make: *** [Makefile:1489: test_dynamic] Error 255
PREREQUISITES:
Here is a list of prerequisites you specified and versions we
managed to load:
Module Name Have Want
Archive::Tar 2.40 1.23
Devel::Cycle 1.12 0
ExtUtils::MakeMaker 7.64 6.64
File::Copy 2.26 2.02
File::Spec 3.75 0.8
HTML::Parser 3.80 3.43
IO::Zlib 1.11 1.04
Mail::DKIM 1.20220520 0.31
Net::DNS 1.35 0.69
NetAddr::IP 4.079 4.01
Perl::Critic::Policy::Perlsecret 0.0.11 0
Perl::Critic::Policy::TestingAndDebugging::ProhibitNoStrict 1.144 0
Pod::Usage 1.61 1.1
Sys::Hostname 1.17 0
Test::More 1.302191 0
Text::Diff 1.45 0
Time::HiRes 1.9725 0
Time::Local 1.30 0
Perl module toolchain versions installed:
Module Name Have
CPANPLUS 0.9914
CPANPLUS::Dist::Build 0.90
Cwd 3.75
ExtUtils::CBuilder 0.280236
ExtUtils::Command 7.64
ExtUtils::Install 2.20
ExtUtils::MakeMaker 7.64
ExtUtils::Manifest 1.73
ExtUtils::ParseXS 3.44
File::Spec 3.75
Module::Build 0.4231
Pod::Parser 1.60
Pod::Simple 3.28
Test2 1.302191
Test::Harness 3.44
Test::More 1.302191
version 0.9929
******************************** NOTE ********************************
The comments above are created mechanically, possibly without manual
checking by the sender. As there are many people performing automatic
tests on each upload to CPAN, it is likely that you will receive
identical messages about the same problem.
If you believe that the message is mistaken, please reply to the first
one with correction and/or additional informations, and do not take
it personally. We appreciate your patience. :)
**********************************************************************
Additional comments:
This report was machine-generated by CPANPLUS::Dist::YACSmoke 1.08.
Powered by minismokebox version 0.68
CPANPLUS is prefering Build.PL
------------------------------
ENVIRONMENT AND OTHER CONTEXT
------------------------------
Environment variables:
AUTOMATED_TESTING = 1
LANG = en_GB.UTF-8
LANGUAGE = en_GB:en
NONINTERACTIVE_TESTING = 1
PATH = /home/cpan/pit/thr/conf/perl-5.18.4/.cpanplus/5.18.4/build/fP9h7I_T8j/Mail-SpamAssassin-4.0.0/blib/script:/usr/local/sbin:/usr/local/bin:/usr/sbin:/usr/bin:/sbin:/bin:/usr/games:/usr/local/games:/snap/bin
PERL5LIB = /home/cpan/pit/jail/9l4x65gJ_V/lib/perl5:/home/cpan/pit/thr/conf/perl-5.18.4/.cpanplus/5.18.4/build/fP9h7I_T8j/Mail-SpamAssassin-4.0.0/blib/lib:/home/cpan/pit/thr/conf/perl-5.18.4/.cpanplus/5.18.4/build/fP9h7I_T8j/Mail-SpamAssassin-4.0.0/blib/arch
PERL5_CPANPLUS_IS_RUNNING = 3445660
PERL5_CPANPLUS_IS_VERSION = 0.9914
PERL5_MINISMOKEBOX = 0.68
PERL5_YACSMOKE_BASE = /home/cpan/pit/thr/conf/perl-5.18.4
PERL_EXTUTILS_AUTOINSTALL = --defaultdeps
PERL_LOCAL_LIB_ROOT = /home/cpan/pit/jail/9l4x65gJ_V
PERL_MB_OPT = --install_base "/home/cpan/pit/jail/9l4x65gJ_V"
PERL_MM_OPT = INSTALL_BASE=/home/cpan/pit/jail/9l4x65gJ_V
PERL_MM_USE_DEFAULT = 1
SHELL = /bin/bash
TERM = screen.xterm-256color
Perl special variables (and OS-specific diagnostics, for MSWin32):
Perl: $^X = /home/cpan/pit/thr/perl-5.18.4/bin/perl
UID: $< = 1001
EUID: $> = 1001
GID: $( = 1001 1001
EGID: $) = 1001 1001
-------------------------------
--
Summary of my perl5 (revision 5 version 18 subversion 4) configuration:
Platform:
osname=linux, osvers=5.4.0-26-generic, archname=x86_64-linux-thread-multi
uname='linux uchder 5.4.0-26-generic #30-ubuntu smp mon apr 20 16:58:30 utc 2020 x86_64 x86_64 x86_64 gnulinux '
config_args='-des -Dprefix=/home/cpan/pit/thr/perl-5.18.4 -Dusethreads'
hint=recommended, useposix=true, d_sigaction=define
useithreads=define, usemultiplicity=define
useperlio=define, d_sfio=undef, uselargefiles=define, usesocks=undef
use64bitint=define, use64bitall=define, uselongdouble=undef
usemymalloc=n, bincompat5005=undef
Compiler:
cc='cc', ccflags ='-D_REENTRANT -D_GNU_SOURCE -fwrapv -fno-strict-aliasing -pipe -fstack-protector -I/usr/local/include -D_LARGEFILE_SOURCE -D_FILE_OFFSET_BITS=64',
optimize='-O2',
cppflags='-D_REENTRANT -D_GNU_SOURCE -fwrapv -fno-strict-aliasing -pipe -fstack-protector -I/usr/local/include'
ccversion='', gccversion='9.3.0', gccosandvers=''
intsize=4, longsize=8, ptrsize=8, doublesize=8, byteorder=12345678
d_longlong=define, longlongsize=8, d_longdbl=define, longdblsize=16
ivtype='long', ivsize=8, nvtype='double', nvsize=8, Off_t='off_t', lseeksize=8
alignbytes=8, prototype=define
Linker and Libraries:
ld='cc', ldflags =' -fstack-protector -L/usr/local/lib'
libpth=/usr/local/lib /lib/x86_64-linux-gnu /lib/../lib /usr/lib/x86_64-linux-gnu /usr/lib/../lib /lib /usr/lib
libs=-lnsl -lgdbm -ldl -lm -lcrypt -lutil -lpthread -lc
perllibs=-lnsl -ldl -lm -lcrypt -lutil -lpthread -lc
libc=libc-2.31.so, so=so, useshrplib=false, libperl=libperl.a
gnulibc_version='2.31'
Dynamic Linking:
dlsrc=dl_dlopen.xs, dlext=so, d_dlsymun=undef, ccdlflags='-Wl,-E'
cccdlflags='-fPIC', lddlflags='-shared -O2 -L/usr/local/lib -fstack-protector'
Characteristics of this binary (from libperl):
Compile-time options: HAS_TIMES MULTIPLICITY PERLIO_LAYERS
PERL_DONT_CREATE_GVSV
PERL_HASH_FUNC_ONE_AT_A_TIME_HARD
PERL_IMPLICIT_CONTEXT PERL_MALLOC_WRAP
PERL_PRESERVE_IVUV PERL_SAWAMPERSAND USE_64_BIT_ALL
USE_64_BIT_INT USE_ITHREADS USE_LARGE_FILES
USE_LOCALE USE_LOCALE_COLLATE USE_LOCALE_CTYPE
USE_LOCALE_NUMERIC USE_PERLIO USE_PERL_ATOF
USE_REENTRANT_API
Locally applied patches:
Devel::PatchPerl 1.92
Built under linux
Compiled at Apr 27 2020 20:10:56
%ENV:
PERL5LIB="/home/cpan/pit/jail/9l4x65gJ_V/lib/perl5:/home/cpan/pit/thr/conf/perl-5.18.4/.cpanplus/5.18.4/build/fP9h7I_T8j/Mail-SpamAssassin-4.0.0/blib/lib:/home/cpan/pit/thr/conf/perl-5.18.4/.cpanplus/5.18.4/build/fP9h7I_T8j/Mail-SpamAssassin-4.0.0/blib/arch"
PERL5_CPANPLUS_IS_RUNNING="3445660"
PERL5_CPANPLUS_IS_VERSION="0.9914"
PERL5_MINISMOKEBOX="0.68"
PERL5_YACSMOKE_BASE="/home/cpan/pit/thr/conf/perl-5.18.4"
PERL_EXTUTILS_AUTOINSTALL="--defaultdeps"
PERL_LOCAL_LIB_ROOT="/home/cpan/pit/jail/9l4x65gJ_V"
PERL_MB_OPT="--install_base "/home/cpan/pit/jail/9l4x65gJ_V""
PERL_MM_OPT="INSTALL_BASE=/home/cpan/pit/jail/9l4x65gJ_V"
PERL_MM_USE_DEFAULT="1"
@INC:
/home/cpan/pit/jail/9l4x65gJ_V/lib/perl5/5.18.4/x86_64-linux-thread-multi
/home/cpan/pit/jail/9l4x65gJ_V/lib/perl5/5.18.4
/home/cpan/pit/jail/9l4x65gJ_V/lib/perl5/x86_64-linux-thread-multi
/home/cpan/pit/jail/9l4x65gJ_V/lib/perl5
/home/cpan/pit/thr/conf/perl-5.18.4/.cpanplus/5.18.4/build/fP9h7I_T8j/Mail-SpamAssassin-4.0.0/blib/lib
/home/cpan/pit/thr/conf/perl-5.18.4/.cpanplus/5.18.4/build/fP9h7I_T8j/Mail-SpamAssassin-4.0.0/blib/arch
/home/cpan/pit/thr/perl-5.18.4/lib/site_perl/5.18.4/x86_64-linux-thread-multi
/home/cpan/pit/thr/perl-5.18.4/lib/site_perl/5.18.4
/home/cpan/pit/thr/perl-5.18.4/lib/5.18.4/x86_64-linux-thread-multi
/home/cpan/pit/thr/perl-5.18.4/lib/5.18.4
.