Back
From: metabase:user:322078bc-2aae-11df-837a-5e0a49663a4f
Subject: FAIL Process-SubProcess-2.1.3 5.18.2 GNU/Linux
Date: 2023-08-06T20:34:32Z
This distribution has been tested as part of the CPAN Testers
project, supporting the Perl programming language. See
http://wiki.cpantesters.org/ for more information or email
questions to cpan-testers-discuss@perl.org
--
Dear BODOLFO,
This is a computer-generated error report created automatically by
CPANPLUS, version 0.9914. Testers personal comments may appear
at the end of this report.
Thank you for uploading your work to CPAN. However, it appears that
there were some problems testing your distribution.
TEST RESULTS:
Below is the error stack from stage 'make test':
PERL_DL_NONLAZY=1 "/home/cpan/pit/thr-ld/perl-5.18.2/bin/perl" "-MExtUtils::Command::MM" "-MTest::Harness" "-e" "undef *Test::Harness::Switches; test_harness(0, 'blib/lib', 'blib/arch')" t/*.t
t/test_group.t ........ ok
t/test_performance.t .. ok
Can't load '/home/cpan/pit/jail/cm2baDMkN6/lib/perl5/x86_64-linux-thread-multi-ld/auto/Params/Util/Util.so' for module Params::Util: /home/cpan/pit/jail/cm2baDMkN6/lib/perl5/x86_64-linux-thread-multi-ld/auto/Params/Util/Util.so: undefined symbol: Perl_xs_version_bootcheck at /home/cpan/pit/jail/cm2baDMkN6/lib/perl5/x86_64-linux-thread-multi-ld/XSLoader.pm line 96.
at /home/cpan/pit/jail/cm2baDMkN6/lib/perl5/x86_64-linux-thread-multi-ld/Params/Util.pm line 68.
Compilation failed in require at /home/cpan/pit/jail/cm2baDMkN6/lib/perl5/Data/OptList.pm line 7.
BEGIN failed--compilation aborted at /home/cpan/pit/jail/cm2baDMkN6/lib/perl5/Data/OptList.pm line 7.
Compilation failed in require at /home/cpan/pit/jail/cm2baDMkN6/lib/perl5/Sub/Exporter/Util.pm line 6.
BEGIN failed--compilation aborted at /home/cpan/pit/jail/cm2baDMkN6/lib/perl5/Sub/Exporter/Util.pm line 6.
Compilation failed in require at /home/cpan/pit/jail/cm2baDMkN6/lib/perl5/Getopt/Long/Descriptive.pm line 271.
BEGIN failed--compilation aborted at /home/cpan/pit/jail/cm2baDMkN6/lib/perl5/Getopt/Long/Descriptive.pm line 271.
Compilation failed in require at /home/cpan/pit/thr-ld/conf/perl-5.18.2/.cpanplus/5.18.2/build/7SrlCQvp6r/Process-SubProcess-2.1.3/t/../bin/run_subprocess.pl line 15.
BEGIN failed--compilation aborted at /home/cpan/pit/thr-ld/conf/perl-5.18.2/.cpanplus/5.18.2/build/7SrlCQvp6r/Process-SubProcess-2.1.3/t/../bin/run_subprocess.pl line 15.
# Failed test 'Runner EXIT CODE is numeric'
# at t/test_runner.t line 73.
# Failed test 'Runner EXIT CODE '0' is correct'
# at t/test_runner.t line 74.
# got: '512'
# expected: '0'
# Failed test 'Runner Usage Message is printed'
# at t/test_runner.t line 76.
# Looks like you failed 3 tests of 4.
# Failed test 'Runner Script Usage'
# at t/test_runner.t line 77.
Can't load '/home/cpan/pit/jail/cm2baDMkN6/lib/perl5/x86_64-linux-thread-multi-ld/auto/Params/Util/Util.so' for module Params::Util: /home/cpan/pit/jail/cm2baDMkN6/lib/perl5/x86_64-linux-thread-multi-ld/auto/Params/Util/Util.so: undefined symbol: Perl_xs_version_bootcheck at /home/cpan/pit/jail/cm2baDMkN6/lib/perl5/x86_64-linux-thread-multi-ld/XSLoader.pm line 96.
at /home/cpan/pit/jail/cm2baDMkN6/lib/perl5/x86_64-linux-thread-multi-ld/Params/Util.pm line 68.
Compilation failed in require at /home/cpan/pit/jail/cm2baDMkN6/lib/perl5/Data/OptList.pm line 7.
BEGIN failed--compilation aborted at /home/cpan/pit/jail/cm2baDMkN6/lib/perl5/Data/OptList.pm line 7.
Compilation failed in require at /home/cpan/pit/jail/cm2baDMkN6/lib/perl5/Sub/Exporter/Util.pm line 6.
BEGIN failed--compilation aborted at /home/cpan/pit/jail/cm2baDMkN6/lib/perl5/Sub/Exporter/Util.pm line 6.
Compilation failed in require at /home/cpan/pit/jail/cm2baDMkN6/lib/perl5/Getopt/Long/Descriptive.pm line 271.
BEGIN failed--compilation aborted at /home/cpan/pit/jail/cm2baDMkN6/lib/perl5/Getopt/Long/Descriptive.pm line 271.
Compilation failed in require at /home/cpan/pit/thr-ld/conf/perl-5.18.2/.cpanplus/5.18.2/build/7SrlCQvp6r/Process-SubProcess-2.1.3/t/../bin/run_subprocess.pl line 15.
BEGIN failed--compilation aborted at /home/cpan/pit/thr-ld/conf/perl-5.18.2/.cpanplus/5.18.2/build/7SrlCQvp6r/Process-SubProcess-2.1.3/t/../bin/run_subprocess.pl line 15.
# Failed test 'Runner EXIT CODE is numeric'
# at t/test_runner.t line 91.
# Failed test 'Runner EXIT CODE '0' is correct'
# at t/test_runner.t line 92.
# got: '512'
# expected: '0'
# Failed test 'Script Summary is returned'
# at t/test_runner.t line 105.
# got: undef
# expected: anything else
# Failed test 'Script STDOUT is returned'
# at t/test_runner.t line 106.
# got: undef
# expected: anything else
# Failed test 'Script STDERR is returned'
# at t/test_runner.t line 107.
# got: undef
# expected: anything else
Use of uninitialized value $sscriptsummary in pattern match (m//) at t/test_runner.t line 109.
Use of uninitialized value $sscriptsummary in pattern match (m//) at t/test_runner.t line 110.
Use of uninitialized value $sscriptsummary in pattern match (m//) at t/test_runner.t line 111.
# Failed test 'Script Process ID is returned'
# at t/test_runner.t line 113.
# got: '-2'
# expected: anything else
# Failed test 'Script EXIT CODE is returned'
# at t/test_runner.t line 114.
# got: '-2'
# expected: anything else
# Failed test 'Process Error Code is returned'
# at t/test_runner.t line 115.
# got: '-2'
# expected: anything else
# Failed test 'Script Process ID > 0 is a valid Process ID'
# at t/test_runner.t line 117.
# Failed test 'Script EXIT CODE '4' is correct'
# at t/test_runner.t line 118.
# got: '-2'
# expected: '4'
# Failed test 'Process Error Code '1' is correct'
# at t/test_runner.t line 119.
# got: '-2'
# expected: '1'
# Looks like you failed 11 tests of 12.
# Failed test 'Runner Plain Text Result'
# at t/test_runner.t line 136.
Can't load '/home/cpan/pit/jail/cm2baDMkN6/lib/perl5/x86_64-linux-thread-multi-ld/auto/Params/Util/Util.so' for module Params::Util: /home/cpan/pit/jail/cm2baDMkN6/lib/perl5/x86_64-linux-thread-multi-ld/auto/Params/Util/Util.so: undefined symbol: Perl_xs_version_bootcheck at /home/cpan/pit/jail/cm2baDMkN6/lib/perl5/x86_64-linux-thread-multi-ld/XSLoader.pm line 96.
at /home/cpan/pit/jail/cm2baDMkN6/lib/perl5/x86_64-linux-thread-multi-ld/Params/Util.pm line 68.
Compilation failed in require at /home/cpan/pit/jail/cm2baDMkN6/lib/perl5/Data/OptList.pm line 7.
BEGIN failed--compilation aborted at /home/cpan/pit/jail/cm2baDMkN6/lib/perl5/Data/OptList.pm line 7.
Compilation failed in require at /home/cpan/pit/jail/cm2baDMkN6/lib/perl5/Sub/Exporter/Util.pm line 6.
BEGIN failed--compilation aborted at /home/cpan/pit/jail/cm2baDMkN6/lib/perl5/Sub/Exporter/Util.pm line 6.
Compilation failed in require at /home/cpan/pit/jail/cm2baDMkN6/lib/perl5/Getopt/Long/Descriptive.pm line 271.
BEGIN failed--compilation aborted at /home/cpan/pit/jail/cm2baDMkN6/lib/perl5/Getopt/Long/Descriptive.pm line 271.
Compilation failed in require at /home/cpan/pit/thr-ld/conf/perl-5.18.2/.cpanplus/5.18.2/build/7SrlCQvp6r/Process-SubProcess-2.1.3/t/../bin/run_subprocess.pl line 15.
BEGIN failed--compilation aborted at /home/cpan/pit/thr-ld/conf/perl-5.18.2/.cpanplus/5.18.2/build/7SrlCQvp6r/Process-SubProcess-2.1.3/t/../bin/run_subprocess.pl line 15.
# Failed test 'Runner EXIT CODE is numeric'
# at t/test_runner.t line 150.
# Failed test 'Runner EXIT CODE '0' is correct'
# at t/test_runner.t line 151.
# got: '512'
# expected: '0'
# Looks like you failed 2 tests of 3.
# Failed test 'Runner JSON Result'
# at t/test_runner.t line 204.
Undefined subroutine &main::fails called at t/test_runner.t line 166.
# Tests were run but no plan was declared and done_testing() was not seen.
# Looks like your test exited with 2 just after 3.
t/test_runner.t .......
Dubious, test returned 2 (wstat 512, 0x200)
Failed 3/3 subtests
t/test_subprocess.t ... ok
Test Summary Report
-------------------
t/test_runner.t (Wstat: 512 (exited 2) Tests: 3 Failed: 3)
Failed tests: 1-3
Non-zero exit status: 2
Parse errors: No plan found in TAP output
Files=4, Tests=15, 56 wallclock secs ( 0.04 usr 0.01 sys + 7.24 cusr 0.77 csys = 8.06 CPU)
Result: FAIL
Failed 1/4 test programs. 3/15 subtests failed.
make: *** [Makefile:882: test_dynamic] Error 255
PREREQUISITES:
Here is a list of prerequisites you specified and versions we
managed to load:
Module Name Have Want
Capture::Tiny 0.48 0
Data::Dump 1.25 0
ExtUtils::MakeMaker 7.70 0
Getopt::Long::Descriptive 0.111 0
JSON 4.10 0
Path::Tiny 0.144 0
Test::More 1.302195 0
YAML 1.30 0
Perl module toolchain versions installed:
Module Name Have
CPANPLUS 0.9914
CPANPLUS::Dist::Build 0.90
Cwd 3.75
ExtUtils::CBuilder 0.280236
ExtUtils::Command 7.70
ExtUtils::Install 2.22
ExtUtils::MakeMaker 7.70
ExtUtils::Manifest 1.75
ExtUtils::ParseXS 3.44
File::Spec 3.75
Module::Build 0.4234
Pod::Parser 1.60
Pod::Simple 3.28
Test2 1.302195
Test::Harness 3.44
Test::More 1.302195
version 0.9929
******************************** NOTE ********************************
The comments above are created mechanically, possibly without manual
checking by the sender. As there are many people performing automatic
tests on each upload to CPAN, it is likely that you will receive
identical messages about the same problem.
If you believe that the message is mistaken, please reply to the first
one with correction and/or additional informations, and do not take
it personally. We appreciate your patience. :)
**********************************************************************
Additional comments:
This report was machine-generated by CPANPLUS::Dist::YACSmoke 1.08.
Powered by minismokebox version 0.68
CPANPLUS is prefering Build.PL
------------------------------
ENVIRONMENT AND OTHER CONTEXT
------------------------------
Environment variables:
AUTOMATED_TESTING = 1
LANG = en_GB.UTF-8
LANGUAGE = en_GB:en
NONINTERACTIVE_TESTING = 1
PATH = /usr/local/sbin:/usr/local/bin:/usr/sbin:/usr/bin:/sbin:/bin:/usr/games:/usr/local/games:/snap/bin
PERL5LIB = /home/cpan/pit/jail/cm2baDMkN6/lib/perl5:/home/cpan/pit/thr-ld/conf/perl-5.18.2/.cpanplus/5.18.2/build/7SrlCQvp6r/Process-SubProcess-2.1.3/blib/lib:/home/cpan/pit/thr-ld/conf/perl-5.18.2/.cpanplus/5.18.2/build/7SrlCQvp6r/Process-SubProcess-2.1.3/blib/arch
PERL5_CPANPLUS_IS_RUNNING = 1863731
PERL5_CPANPLUS_IS_VERSION = 0.9914
PERL5_MINISMOKEBOX = 0.68
PERL5_YACSMOKE_BASE = /home/cpan/pit/thr-ld/conf/perl-5.18.2
PERL_EXTUTILS_AUTOINSTALL = --defaultdeps
PERL_LOCAL_LIB_ROOT = /home/cpan/pit/jail/cm2baDMkN6
PERL_MB_OPT = --install_base "/home/cpan/pit/jail/cm2baDMkN6"
PERL_MM_OPT = INSTALL_BASE=/home/cpan/pit/jail/cm2baDMkN6
PERL_MM_USE_DEFAULT = 1
SHELL = /bin/bash
TERM = screen.xterm-256color
Perl special variables (and OS-specific diagnostics, for MSWin32):
Perl: $^X = /home/cpan/pit/thr-ld/perl-5.18.2/bin/perl
UID: $< = 1001
EUID: $> = 1001
GID: $( = 1001 1001
EGID: $) = 1001 1001
-------------------------------
--
Summary of my perl5 (revision 5 version 18 subversion 2) configuration:
Platform:
osname=linux, osvers=5.4.0-26-generic, archname=x86_64-linux-thread-multi-ld
uname='linux uchder 5.4.0-26-generic #30-ubuntu smp mon apr 20 16:58:30 utc 2020 x86_64 x86_64 x86_64 gnulinux '
config_args='-des -Dprefix=/home/cpan/pit/thr-ld/perl-5.18.2 -Dusethreads -Duselongdouble'
hint=recommended, useposix=true, d_sigaction=define
useithreads=define, usemultiplicity=define
useperlio=define, d_sfio=undef, uselargefiles=define, usesocks=undef
use64bitint=define, use64bitall=define, uselongdouble=define
usemymalloc=n, bincompat5005=undef
Compiler:
cc='cc', ccflags ='-D_REENTRANT -D_GNU_SOURCE -fwrapv -fno-strict-aliasing -pipe -fstack-protector -I/usr/local/include -D_LARGEFILE_SOURCE -D_FILE_OFFSET_BITS=64',
optimize='-O2',
cppflags='-D_REENTRANT -D_GNU_SOURCE -fwrapv -fno-strict-aliasing -pipe -fstack-protector -I/usr/local/include'
ccversion='', gccversion='9.3.0', gccosandvers=''
intsize=4, longsize=8, ptrsize=8, doublesize=8, byteorder=12345678
d_longlong=define, longlongsize=8, d_longdbl=define, longdblsize=16
ivtype='long', ivsize=8, nvtype='long double', nvsize=16, Off_t='off_t', lseeksize=8
alignbytes=16, prototype=define
Linker and Libraries:
ld='cc', ldflags =' -fstack-protector -L/usr/local/lib'
libpth=/usr/local/lib /lib/x86_64-linux-gnu /lib/../lib /usr/lib/x86_64-linux-gnu /usr/lib/../lib /lib /usr/lib
libs=-lnsl -lgdbm -ldl -lm -lcrypt -lutil -lpthread -lc
perllibs=-lnsl -ldl -lm -lcrypt -lutil -lpthread -lc
libc=libc-2.31.so, so=so, useshrplib=false, libperl=libperl.a
gnulibc_version='2.31'
Dynamic Linking:
dlsrc=dl_dlopen.xs, dlext=so, d_dlsymun=undef, ccdlflags='-Wl,-E'
cccdlflags='-fPIC', lddlflags='-shared -O2 -L/usr/local/lib -fstack-protector'
Characteristics of this binary (from libperl):
Compile-time options: HAS_TIMES MULTIPLICITY PERLIO_LAYERS
PERL_DONT_CREATE_GVSV
PERL_HASH_FUNC_ONE_AT_A_TIME_HARD
PERL_IMPLICIT_CONTEXT PERL_MALLOC_WRAP
PERL_PRESERVE_IVUV PERL_SAWAMPERSAND USE_64_BIT_ALL
USE_64_BIT_INT USE_ITHREADS USE_LARGE_FILES
USE_LOCALE USE_LOCALE_COLLATE USE_LOCALE_CTYPE
USE_LOCALE_NUMERIC USE_LONG_DOUBLE USE_PERLIO
USE_PERL_ATOF USE_REENTRANT_API
Locally applied patches:
Devel::PatchPerl 1.92
Built under linux
Compiled at Apr 28 2020 02:14:19
%ENV:
PERL5LIB="/home/cpan/pit/jail/cm2baDMkN6/lib/perl5:/home/cpan/pit/thr-ld/conf/perl-5.18.2/.cpanplus/5.18.2/build/7SrlCQvp6r/Process-SubProcess-2.1.3/blib/lib:/home/cpan/pit/thr-ld/conf/perl-5.18.2/.cpanplus/5.18.2/build/7SrlCQvp6r/Process-SubProcess-2.1.3/blib/arch"
PERL5_CPANPLUS_IS_RUNNING="1863731"
PERL5_CPANPLUS_IS_VERSION="0.9914"
PERL5_MINISMOKEBOX="0.68"
PERL5_YACSMOKE_BASE="/home/cpan/pit/thr-ld/conf/perl-5.18.2"
PERL_EXTUTILS_AUTOINSTALL="--defaultdeps"
PERL_LOCAL_LIB_ROOT="/home/cpan/pit/jail/cm2baDMkN6"
PERL_MB_OPT="--install_base "/home/cpan/pit/jail/cm2baDMkN6""
PERL_MM_OPT="INSTALL_BASE=/home/cpan/pit/jail/cm2baDMkN6"
PERL_MM_USE_DEFAULT="1"
@INC:
/home/cpan/pit/jail/cm2baDMkN6/lib/perl5/5.18.2/x86_64-linux-thread-multi-ld
/home/cpan/pit/jail/cm2baDMkN6/lib/perl5/5.18.2
/home/cpan/pit/jail/cm2baDMkN6/lib/perl5/x86_64-linux-thread-multi-ld
/home/cpan/pit/jail/cm2baDMkN6/lib/perl5
/home/cpan/pit/thr-ld/conf/perl-5.18.2/.cpanplus/5.18.2/build/7SrlCQvp6r/Process-SubProcess-2.1.3/blib/lib
/home/cpan/pit/thr-ld/conf/perl-5.18.2/.cpanplus/5.18.2/build/7SrlCQvp6r/Process-SubProcess-2.1.3/blib/arch
/home/cpan/pit/thr-ld/perl-5.18.2/lib/site_perl/5.18.2/x86_64-linux-thread-multi-ld
/home/cpan/pit/thr-ld/perl-5.18.2/lib/site_perl/5.18.2
/home/cpan/pit/thr-ld/perl-5.18.2/lib/5.18.2/x86_64-linux-thread-multi-ld
/home/cpan/pit/thr-ld/perl-5.18.2/lib/5.18.2
.