Report for PAR-Dist-0.49

Back
From: metabase:user:30977d10-2aae-11df-837a-5e0a49663a4f
Subject: FAIL PAR-Dist-0.49 5.28.2 Haiku
Date: 2019-05-28T19:13:06Z

This distribution has been tested as part of the CPAN Testers
project, supporting the Perl programming language.  See
http://wiki.cpantesters.org/ for more information or email
questions to cpan-testers-discuss@perl.org


--
Dear Roderich Schupp,

This is a computer-generated report for PAR-Dist-0.49
on perl 5.28.2, created by CPAN-Reporter-1.2018.

Thank you for uploading your work to CPAN.  However, there was a problem
testing your distribution.

If you think this report is invalid, please consult the CPAN Testers Wiki
for suggestions on how to avoid getting FAIL reports for missing library
or binary dependencies, unsupported operating systems, and so on:

http://wiki.cpantesters.org/wiki/CPANAuthorNotes

Sections of this report:

    * Tester comments
    * Program output
    * Prerequisites
    * Environment and other context

------------------------------
TESTER COMMENTS
------------------------------

Additional comments from tester:

this report is from an automated smoke testing program
and was not reviewed by a human for accuracy

------------------------------
PROGRAM OUTPUT
------------------------------

Output from '/bin/make test':

"/packages/perl-5.28.2-1/.self/bin/perl" "-MExtUtils::Command::MM" "-MTest::Harness" "-e" "undef *Test::Harness::Switches; test_harness(0, 'blib/lib', 'blib/arch')" t/*.t
t/00pod.t ............ skipped: Set environment variable PERL_TEST_POD=1 to test POD
t/00podcover.t ....... skipped: Set environment variable PERL_TEST_POD=1 to test POD
t/01basic.t .......... ok
t/02parsedistname.t .. ok
PAR::Dist testers/debug info: Using 'YAML' as YAML implementation at /boot/home/.cpan/build/PAR-Dist-0.49-0/blib/lib/PAR/Dist.pm line 1357.
Using Archive::Zip as ZIP tool.
error: Could not extract /tmp/par4D_mq/blib/META.yml safely: /tmp is an existing symbolic link 
 at /boot/home/perl5/lib/perl5/Archive/Zip/Archive.pm line 857.
	Archive::Zip::Archive::_extractionNameIsSafe("/tmp/par4D_mq/blib/META.yml") called at /boot/home/perl5/lib/perl5/Archive/Zip/Archive.pm line 901
	Archive::Zip::Archive::extractTree(Archive::Zip::Archive=HASH(0x8d3348), "", "/tmp/par4D_mq/blib/") called at /boot/home/.cpan/build/PAR-Dist-0.49-0/blib/lib/PAR/Dist.pm line 943
	PAR::Dist::_unzip("dist", "/boot/home/.cpan/build/PAR-Dist-0.49-0/t/dist1.par", "path", "/tmp/par4D_mq/blib") called at /boot/home/.cpan/build/PAR-Dist-0.49-0/blib/lib/PAR/Dist.pm line 1105
	PAR::Dist::_unzip_to_tmpdir("dist", "dist1.par", "subdir", "blib") called at /boot/home/.cpan/build/PAR-Dist-0.49-0/blib/lib/PAR/Dist.pm line 661
	PAR::Dist::merge_par("dist1.par", "dist2.par") called at t/03merge_meta.t line 100
error: Could not extract /tmp/parYWGVl/MANIFEST safely: /tmp is an existing symbolic link 
 at /boot/home/perl5/lib/perl5/Archive/Zip/Archive.pm line 857.
	Archive::Zip::Archive::_extractionNameIsSafe("/tmp/parYWGVl/MANIFEST") called at /boot/home/perl5/lib/perl5/Archive/Zip/Archive.pm line 901
	Archive::Zip::Archive::extractTree(Archive::Zip::Archive=HASH(0x8d6d90), "", "/tmp/parYWGVl/") called at /boot/home/.cpan/build/PAR-Dist-0.49-0/blib/lib/PAR/Dist.pm line 943
	PAR::Dist::_unzip("dist", "/boot/home/.cpan/build/PAR-Dist-0.49-0/t/dist2.par", "path", "/tmp/parYWGVl") called at /boot/home/.cpan/build/PAR-Dist-0.49-0/blib/lib/PAR/Dist.pm line 1105
	PAR::Dist::_unzip_to_tmpdir("dist", "dist2.par") called at /boot/home/.cpan/build/PAR-Dist-0.49-0/blib/lib/PAR/Dist.pm line 680
	PAR::Dist::merge_par("dist1.par", "dist2.par") called at t/03merge_meta.t line 100
I was unable to determine the name and version of the PAR distribution. Please create a Makefile or META.yml file from which we can infer the information or just specify the missing information as an option to blib_to_par. at t/03merge_meta.t line 100.

#   Failed test at t/03merge_meta.t line 107.

#   Failed test at t/03merge_meta.t line 110.

#   Failed test at t/03merge_meta.t line 114.

#   Failed test at t/03merge_meta.t line 117.
Use of uninitialized value in string eq at t/03merge_meta.t line 121.

#   Failed test at t/03merge_meta.t line 121.
Use of uninitialized value in string eq at t/03merge_meta.t line 123.

#   Failed test at t/03merge_meta.t line 122.

#   Failed test at t/03merge_meta.t line 117.
Use of uninitialized value in string eq at t/03merge_meta.t line 121.

#   Failed test at t/03merge_meta.t line 121.
Use of uninitialized value in string eq at t/03merge_meta.t line 123.

#   Failed test at t/03merge_meta.t line 122.

#   Failed test at t/03merge_meta.t line 117.
Use of uninitialized value in string eq at t/03merge_meta.t line 121.

#   Failed test at t/03merge_meta.t line 121.
Use of uninitialized value in string eq at t/03merge_meta.t line 123.

#   Failed test at t/03merge_meta.t line 122.

#   Failed test at t/03merge_meta.t line 117.
Use of uninitialized value in string eq at t/03merge_meta.t line 121.

#   Failed test at t/03merge_meta.t line 121.

#   Failed test at t/03merge_meta.t line 117.
Use of uninitialized value in string eq at t/03merge_meta.t line 121.

#   Failed test at t/03merge_meta.t line 121.
Use of uninitialized value in string eq at t/03merge_meta.t line 123.

#   Failed test at t/03merge_meta.t line 122.

#   Failed test 'requires merged as expected'
#   at t/03merge_meta.t line 130.
#     Structures begin differing at:
#          $got = undef
#     $expected = HASH(0x8e3fe8)

#   Failed test 'build_requires merged as expected'
#   at t/03merge_meta.t line 131.
#     Structures begin differing at:
#          $got = undef
#     $expected = HASH(0x8e4060)

#   Failed test 'recommends merged as expected'
#   at t/03merge_meta.t line 133.
#     Structures begin differing at:
#          $got = undef
#     $expected = HASH(0x8e3ee0)
# Looks like you failed 20 tests of 29.
t/03merge_meta.t ..... 
Dubious, test returned 20 (wstat 5120, 0x1400)
Failed 20/29 subtests 

Test Summary Report
-------------------
t/03merge_meta.t   (Wstat: 5120 Tests: 29 Failed: 20)
  Failed tests:  8-21, 23-27, 29
  Non-zero exit status: 20
Files=5, Tests=36,  1 wallclock secs ( 0.03 usr  0.01 sys +  0.60 cusr  0.10 csys =  0.74 CPU)
Result: FAIL
Failed 1/5 test programs. 20/36 subtests failed.
Makefile:843: recipe for target 'test_dynamic' failed
make: *** [test_dynamic] Error 20

------------------------------
PREREQUISITES
------------------------------

Prerequisite modules loaded:

requires:

    Module              Need Have  
    ------------------- ---- ------
    File::Find          0    1.34  
    File::Path          0    2.15  
    File::Spec          0    3.74  
    File::Temp          0    0.2304

build_requires:

    Module              Need Have  
    ------------------- ---- ------
    ExtUtils::MakeMaker 0    7.34  

configure_requires:

    Module              Need Have  
    ------------------- ---- ------
    ExtUtils::MakeMaker 0    7.34  


------------------------------
ENVIRONMENT AND OTHER CONTEXT
------------------------------

Environment variables:

    AUTOMATED_TESTING = 1
    LC_COLLATE = en.UTF-8
    LC_CTYPE = en.UTF-8
    LC_MESSAGES = en.UTF-8
    LC_MONETARY = en.UTF-8
    LC_NUMERIC = en.UTF-8
    LC_TIME = en.UTF-8
    LC_TYPE = en_US.UTF-8
    PATH = /boot/home/perl5/bin:.:/boot/home/config/non-packaged/bin:/boot/home/config/bin:/boot/system/non-packaged/bin:/bin:/boot/system/apps:/boot/system/preferences
    PERL5LIB = /boot/home/perl5/lib/perl5
    PERL5OPT = 
    PERL5_CPANPLUS_IS_RUNNING = 189346
    PERL5_CPAN_IS_RUNNING = 189346
    PERL5_CPAN_IS_RUNNING_IN_RECURSION = 393,189346
    PERL_CR_SMOKER_CURRENT = MasonX-Resolver-PAR-0.2
    PERL_EXTUTILS_AUTOINSTALL = --defaultdeps
    PERL_LOCAL_LIB_ROOT = /boot/home/perl5
    PERL_MB_OPT = --install_base "/boot/home/perl5"
    PERL_MM_OPT = INSTALL_BASE=/boot/home/perl5
    PERL_MM_USE_DEFAULT = 1
    PERL_USE_UNSAFE_INC = 1
    TERM = xterm

Perl special variables (and OS-specific diagnostics, for MSWin32):

    $^X = /packages/perl-5.28.2-1/.self/bin/perl
    $UID/$EUID = 0 / 0
    $GID = 0 101 0
    $EGID = 0 101 0

Perl module toolchain versions installed:

    Module              Have    
    ------------------- --------
    CPAN                2.20    
    CPAN::Meta          2.150010
    Cwd                 3.74    
    ExtUtils::CBuilder  0.280230
    ExtUtils::Command   7.34    
    ExtUtils::Install   2.14    
    ExtUtils::MakeMaker 7.34    
    ExtUtils::Manifest  1.70    
    ExtUtils::ParseXS   3.39    
    File::Spec          3.74    
    JSON                n/a     
    JSON::PP            2.97001 
    Module::Build       0.4229  
    Module::Signature   n/a     
    Parse::CPAN::Meta   2.150010
    Test::Harness       3.42    
    Test::More          1.302164
    YAML                1.29    
    YAML::Syck          n/a     
    version             0.9923  


--

Summary of my perl5 (revision 5 version 28 subversion 2) configuration:
  Derived from: 
  Platform:
    osname=haiku
    osvers=1
    archname=x86_64-haiku
    uname='haiku shredder 1 hrev52295+129 nov 14 2018 21:53 x86_64 x86_64 haiku '
    config_args='-Dprefix=/packages/perl-5.28.2-1/.self -Dprivlib=/packages/perl-5.28.2-1/.self/lib/perl5/5.28.2 -Dsiteprefix=/packages/perl-5.28.2-1/.self/non-packaged -Dsitelib=/packages/perl-5.28.2-1/.self/non-packaged/lib/perl5/site_perl/5.28 -Dvendorprefix=/packages/perl-5.28.2-1/.self -Dvendorlib=/packages/perl-5.28.2-1/.self/lib/perl5/vendor_perl/5.28 -Dcf_email=zooey@hirschkaefer.de -Uusenm -Duseshrplib -Uusemymalloc -Dlibpth=/boot/home/config/develop/lib /boot/system/develop/lib -Dusrinc=/boot/system/develop/headers/posix -Dlocinc=/boot/home/config/develop/headers /boot/system/develop/headers -Dlibc='/boot/system/lib/libroot.so' -Dlibs=-lnetwork -Dcc=gcc -Dld=gcc -Ud_link -Ddont_use_nlink -Ud_syserrlst -Dldlibpthname=LIBRARY_PATH -Dstartperl=#! perl -Dccdlflags=-Wl,-fno-stack-protector,-rpath=/packages/perl-5.28.2-1/.self/lib/perl5/5.28.2/x86_64-haiku/CORE -Dusesitecustomize -de'
    hint=recommended
    useposix=true
    d_sigaction=define
    useithreads=undef
    usemultiplicity=undef
    use64bitint=define
    use64bitall=define
    uselongdouble=undef
    usemymalloc=n
    default_inc_excludes_dot=define
    bincompat5005=undef
  Compiler:
    cc='gcc'
    ccflags ='-fwrapv -fno-strict-aliasing -pipe -D_FORTIFY_SOURCE=2'
    optimize='-O'
    cppflags='-fwrapv -fno-strict-aliasing -pipe'
    ccversion=''
    gccversion='7.3.0'
    gccosandvers=''
    intsize=4
    longsize=8
    ptrsize=8
    doublesize=8
    byteorder=12345678
    doublekind=3
    d_longlong=define
    longlongsize=8
    d_longdbl=define
    longdblsize=16
    longdblkind=3
    ivtype='long'
    ivsize=8
    nvtype='double'
    nvsize=8
    Off_t='off_t'
    lseeksize=8
    alignbytes=8
    prototype=define
  Linker and Libraries:
    ld='gcc'
    ldflags =''
    libpth=/boot/home/config/develop/lib /boot/system/develop/lib /boot/system/develop/tools/bin/../lib/gcc/x86_64-unknown-haiku/7.3.0/include-fixed
    libs=-lnetwork
    perllibs=-lnetwork
    libc=/boot/system/lib/libroot.so
    so=so
    useshrplib=true
    libperl=libperl.so
    gnulibc_version=''
  Dynamic Linking:
    dlsrc=dl_dlopen.xs
    dlext=so
    d_dlsymun=undef
    ccdlflags='-Wl,-fno-stack-protector,-rpath=/packages/perl-5.28.2-1/.self/lib/perl5/5.28.2/x86_64-haiku/CORE -Wl,-rpath,/packages/perl-5.28.2-1/.self/lib/perl5/5.28.2/x86_64-haiku/CORE'
    cccdlflags='-fpic'
    lddlflags='-shared'


Characteristics of this binary (from libperl): 
  Compile-time options:
    HAS_TIMES
    PERLIO_LAYERS
    PERL_COPY_ON_WRITE
    PERL_DONT_CREATE_GVSV
    PERL_OP_PARENT
    PERL_PRESERVE_IVUV
    USE_64_BIT_ALL
    USE_64_BIT_INT
    USE_LARGE_FILES
    USE_LOCALE
    USE_LOCALE_COLLATE
    USE_LOCALE_CTYPE
    USE_LOCALE_NUMERIC
    USE_LOCALE_TIME
    USE_PERLIO
    USE_PERL_ATOF
    USE_SITECUSTOMIZE
  Locally applied patches:
    uncommitted-changes
  Built under haiku
  Compiled at May  5 2019 19:09:54
  %ENV:
    PERL5LIB="/boot/home/perl5/lib/perl5"
    PERL5OPT=""
    PERL5_CPANPLUS_IS_RUNNING="189346"
    PERL5_CPAN_IS_RUNNING="189346"
    PERL5_CPAN_IS_RUNNING_IN_RECURSION="393,189346"
    PERL_CR_SMOKER_CURRENT="MasonX-Resolver-PAR-0.2"
    PERL_EXTUTILS_AUTOINSTALL="--defaultdeps"
    PERL_LOCAL_LIB_ROOT="/boot/home/perl5"
    PERL_MB_OPT="--install_base "/boot/home/perl5""
    PERL_MM_OPT="INSTALL_BASE=/boot/home/perl5"
    PERL_MM_USE_DEFAULT="1"
    PERL_USE_UNSAFE_INC="1"
  @INC:
    /boot/home/perl5/lib/perl5/x86_64-haiku
    /boot/home/perl5/lib/perl5
    /boot/home/config/lib/perl5/5.28.2/x86_64-haiku
    /boot/home/config/lib/perl5/5.28.2
    /boot/home/config/non-packaged/lib/perl5/site_perl/5.28/x86_64-haiku
    /boot/home/config/non-packaged/lib/perl5/site_perl/5.28
    /boot/home/config/lib/perl5/vendor_perl/5.28/x86_64-haiku
    /boot/home/config/lib/perl5/vendor_perl/5.28
    /boot/home/config/lib/perl5/vendor_perl
    /boot/system/lib/perl5/5.28.2/x86_64-haiku
    /boot/system/lib/perl5/5.28.2
    /boot/system/non-packaged/lib/perl5/site_perl/5.28/x86_64-haiku
    /boot/system/non-packaged/lib/perl5/site_perl/5.28
    /boot/system/lib/perl5/vendor_perl/5.28/x86_64-haiku
    /boot/system/lib/perl5/vendor_perl/5.28
    /boot/system/lib/perl5/vendor_perl
    .