Report for Dist-Zilla-Plugin-PromptIfStale-0.057

Back
From: metabase:user:320bfe00-2aae-11df-837a-5e0a49663a4f
Subject: FAIL Dist-Zilla-Plugin-PromptIfStale-0.057 5.37.0 GNU/Linux
Date: 2022-06-15T05:09:28Z

This distribution has been tested as part of the CPAN Testers
project, supporting the Perl programming language.  See
http://wiki.cpantesters.org/ for more information or email
questions to cpan-testers-discuss@perl.org


--
Dear Karen Etheridge,

This is a computer-generated report for Dist-Zilla-Plugin-PromptIfStale-0.057
on perl 5.37.0, created by CPAN-Reporter-1.2018.

Thank you for uploading your work to CPAN.  However, there was a problem
testing your distribution.

If you think this report is invalid, please consult the CPAN Testers Wiki
for suggestions on how to avoid getting FAIL reports for missing library
or binary dependencies, unsupported operating systems, and so on:

http://wiki.cpantesters.org/wiki/CPANAuthorNotes

Sections of this report:

    * Tester comments
    * Program output
    * Prerequisites
    * Environment and other context

------------------------------
TESTER COMMENTS
------------------------------

Additional comments from tester:

this report is from an automated smoke testing program
and was not reviewed by a human for accuracy

------------------------------
PROGRAM OUTPUT
------------------------------

Output from '/usr/bin/make test':

PERL_DL_NONLAZY=1 "/tmp/basesmoker-reloperl-WvdJ/bin/perl" "-MExtUtils::Command::MM" "-MTest::Harness" "-e" "undef *Test::Harness::Switches; test_harness(0, 'blib/lib', 'blib/arch')" t/*.t
# 
# Versions for all modules listed in MYMETA.json (including optional ones):
# 
# === Configure Requires ===
# 
#     Module                       Want     Have
#     ------------------------ -------- --------
#     CPAN::Meta::Requirements 2.120620    2.140
#     ExtUtils::MakeMaker           any     7.64
#     Module::Metadata              any 1.000037
# 
# === Build Requires ===
# 
#     Module              Want Have
#     ------------------- ---- ----
#     ExtUtils::MakeMaker  any 7.64
# 
# === Test Requires ===
# 
#     Module                                 Want     Have
#     ------------------------------------- ----- --------
#     App::Cmd::Tester                      0.328    0.334
#     Class::Method::Modifiers                any     2.13
#     Dist::Zilla::App::Tester                any    6.026
#     Dist::Zilla::Chrome::Test               any    6.026
#     Dist::Zilla::Plugin::MakeMaker          any    6.026
#     Dist::Zilla::Role::Plugin               any    6.026
#     Dist::Zilla::Role::PluginBundle::Easy   any    6.026
#     ExtUtils::MakeMaker                     any     7.64
#     File::Spec                              any     3.84
#     File::pushd                             any    1.016
#     IO::Pty                                 any     1.16
#     Module::Runtime                         any    0.016
#     Test::DZil                              any    6.026
#     Test::Deep                              any    1.130
#     Test::Fatal                             any    0.016
#     Test::More                             0.96 1.302190
#     if                                      any   0.0610
#     lib                                     any     0.65
# 
# === Test Recommends ===
# 
#     Module         Want     Have
#     ---------- -------- --------
#     CPAN::Meta 2.120900 2.150010
# 
# === Runtime Requires ===
# 
#     Module                                 Want       Have
#     -------------------------------- ---------- ----------
#     CPAN::DistnameInfo                      any       0.12
#     Config::MVP::Section               2.200004   2.200012
#     Dist::Zilla                        4.300039      6.026
#     Dist::Zilla::App                        any      6.026
#     Dist::Zilla::Role::AfterBuild           any      6.026
#     Dist::Zilla::Role::BeforeBuild          any      6.026
#     Dist::Zilla::Role::BeforeRelease        any      6.026
#     Dist::Zilla::Util::AuthorDeps         5.021      6.026
#     Encode                                  any       3.17
#     HTTP::Headers                           any       6.37
#     HTTP::Tiny                              any      0.080
#     List::Util                             1.45       1.62
#     Module::CoreList                 5.20151213 5.20220527
#     Module::Metadata                   1.000023   1.000037
#     Moose                                   any     2.2201
#     Moose::Util                             any     2.2201
#     Moose::Util::TypeConstraints            any     2.2201
#     Parse::CPAN::Packages::Fast             any       0.09
#     Path::Tiny                              any      0.122
#     Term::ANSIColor                        3.00       5.01
#     Try::Tiny                               any       0.31
#     YAML::Tiny                              any       1.73
#     namespace::autoclean                    any       0.29
#     strict                                  any       1.12
#     version                                 any     0.9929
#     warnings                                any       1.58
# 
# === Other Modules ===
# 
#     Module                    Have
#     --------------------- --------
#     App::Cmd                 0.334
#     CPAN::Meta::Validator 2.150010
#     Carp                      1.52
#     Cpanel::JSON::XS          4.29
#     Encode                    3.17
#     File::Temp              0.2311
#     JSON::PP                  4.09
#     JSON::XS                  4.03
#     Log::Dispatch             2.70
#     Module::Runtime          0.016
#     Pod::Coverage             0.23
#     Sub::Name                 0.26
#     YAML                      1.30
#     autodie                   2.34
# 
t/00-report-prereqs.t ........... ok
t/01-basic.t .................... ok
t/02-not-installed.t ............ ok
t/03-bunk-module.t .............. ok
t/04-two-configs.t .............. ok
t/05-check-all-prereqs.t ........ ok
t/06-duplicates.t ............... ok
t/07-two-stale.t ................ ok
t/08-many-modules.t ............. ok
t/10-release-prompt.t ........... ok
t/11-local-module.t ............. ok
t/12-skip.t ..................... ok
t/13-fatal.t .................... ok
t/14-index-base-url.t ........... ok
t/15-command.t .................. ok

#   Failed test 'stale prereqs and authordeps found with --all, despite no PromptIfStale plugins configured'
#   at t/16-command-all.t line 96.
#          got: '
# got error from stale_modules check: Too few arguments for subroutine 'Dist::Zilla::Util::AuthorDeps::extract_author_deps' (got 1; expected 2) at /home/sand/.cpan/privbuild/k93msid/Dist-Zilla-Plugin-PromptIfStale-0.057-2/blib/lib/Dist/Zilla/Plugin/PromptIfStale.pm line 316.
# 
# '
#     expected: 'Carp
# Foo0
# Foo1
# Foo2
# Foo3
# Foo4
# Foo5
# Foo6
# Foo7
# Foo8
# '

#   Failed test 'indexed versions of plugins were checked'
#   at t/16-command-all.t line 102.
# Comparing $data as a SuperSet
# Missing: 'Carp', 1 reference
# checked modules: []
# got result: bless( {
#   'app' => bless( {
#     'Dist::Zilla::App' => {
#       'zilla' => bless( {
#         '_copyright_holder' => 'E. Xavier Ample',
#         '_global_stashes' => {},
#         '_license_class' => 'Perl_5',
#         '_override_is_trial' => 0,
#         '_release_status_from_env' => '',
#         '_version_override' => '0.001',
#         'abstract' => 'Sample DZ Dist',
#         'authors' => [
#           'E. Xavier Ample <example@example.org>'
#         ],
#         'chrome' => bless( {
#           'logger' => bless( {
#             'config_id' => 'Dist::Zilla',
#             'debug' => 0,
#             'dispatcher' => bless( {
#               'outputs' => {
#                 'self' => bless( {
#                   'array' => [
#                     {
#                       'level' => 'info',
#                       'message' => ''
#                     },
#                     {
#                       'level' => 'info',
#                       'message' => 'got error from stale_modules check: Too few arguments for subroutine \'Dist::Zilla::Util::AuthorDeps::extract_author_deps\' (got 1; expected 2) at /home/sand/.cpan/privbuild/k93msid/Dist-Zilla-Plugin-PromptIfStale-0.057-2/blib/lib/Dist/Zilla/Plugin/PromptIfStale.pm line 316.
# '
#                     }
#                   ],
#                   'level_names' => [
#                     'debug',
#                     'info',
#                     'notice',
#                     'warning',
#                     'error',
#                     'critical',
#                     'alert',
#                     'emergency'
#                   ],
#                   'max_level' => 7,
#                   'min_level' => 0,
#                   'name' => 'self'
#                 }, 'Log::Dispatch::Array' ),
#                 'stdout' => bless( {
#                   'callbacks' => [
#                     sub { "DUMMY" }
#                   ],
#                   'level_names' => $VAR1->{'app'}{'Dist::Zilla::App'}{'zilla'}{'chrome'}{'logger'}{'dispatcher'}{'outputs'}{'self'}{'level_names'},
#                   'max_level' => 7,
#                   'min_level' => 0,
#                   'name' => 'stdout',
#                   'stderr' => 0,
#                   'utf8' => 0
#                 }, 'Log::Dispatch::Screen' )
#               }
#             }, 'Log::Dispatch' ),
#             'events' => $VAR1->{'app'}{'Dist::Zilla::App'}{'zilla'}{'chrome'}{'logger'}{'dispatcher'}{'outputs'}{'self'}{'array'},
#             'fail_fatal' => 1,
#             'ident' => 'Dist::Zilla',
#             'log_pid' => 0,
#             'muted' => 0,
#             'prefix' => undef,
#             'quiet_fatal' => {
#               'stdout' => 1
#             }
#           }, 'Log::Dispatchouli' ),
#           'term_enc' => 'utf-8'
#         }, 'Dist::Zilla::Chrome::Term' ),
#         'files' => [
#           bless( {
#             '_content_source' => 'encoded_content',
#             '_original_name' => '/tmp/WIqY6XzGkd/source/dist.ini',
#             'added_by' => [
#               'filename set by GatherDir (Dist::Zilla::Plugin::GatherDir line 227)',
#               'encoded_content added by GatherDir (Dist::Zilla::Plugin::GatherDir line 228)'
#             ],
#             'mode' => 420,
#             'name' => 'dist.ini'
#           }, 'Dist::Zilla::File::OnDisk' )
#         ],
#         'logger' => bless( {
#           'debug' => 0,
#           'logger' => $VAR1->{'app'}{'Dist::Zilla::App'}{'zilla'}{'chrome'}{'logger'},
#           'parent' => $VAR1->{'app'}{'Dist::Zilla::App'}{'zilla'}{'chrome'}{'logger'},
#           'proxy_prefix' => '[DZ] '
#         }, 'Log::Dispatchouli::Proxy' ),
#         'name' => 'DZT-Sample',
#         'plugins' => [
#           bless( {
#             'exclude_filename' => [],
#             'exclude_match' => [],
#             'follow_symlinks' => 0,
#             'include_dotfiles' => 0,
#             'logger' => bless( {
#               'debug' => undef,
#               'logger' => $VAR1->{'app'}{'Dist::Zilla::App'}{'zilla'}{'chrome'}{'logger'},
#               'parent' => $VAR1->{'app'}{'Dist::Zilla::App'}{'zilla'}{'chrome'}{'logger'},
#               'proxy_prefix' => '[GatherDir] '
#             }, 'Log::Dispatchouli::Proxy' ),
#             'plugin_name' => 'GatherDir',
#             'prefix' => '',
#             'prune_directory' => [],
#             'root' => bless( [
#               '.',
#               '.'
#             ], 'Dist::Zilla::Path' ),
#             'zilla' => $VAR1->{'app'}{'Dist::Zilla::App'}{'zilla'}
#           }, 'Dist::Zilla::Plugin::GatherDir' ),
#           bless( {
#             '_prereq' => {
#               'Foo0' => '0'
#             },
#             'logger' => bless( {
#               'debug' => undef,
#               'logger' => $VAR1->{'app'}{'Dist::Zilla::App'}{'zilla'}{'chrome'}{'logger'},
#               'parent' => $VAR1->{'app'}{'Dist::Zilla::App'}{'zilla'}{'chrome'}{'logger'},
#               'proxy_prefix' => '[RuntimeRequires] '
#             }, 'Log::Dispatchouli::Proxy' ),
#             'plugin_name' => 'RuntimeRequires',
#             'prereq_phase' => 'runtime',
#             'prereq_type' => 'requires',
#             'zilla' => $VAR1->{'app'}{'Dist::Zilla::App'}{'zilla'}
#           }, 'Dist::Zilla::Plugin::Prereqs' ),
#           bless( {
#             '_prereq' => {
#               'Foo1' => '0'
#             },
#             'logger' => bless( {
#               'debug' => undef,
#               'logger' => $VAR1->{'app'}{'Dist::Zilla::App'}{'zilla'}{'chrome'}{'logger'},
#               'parent' => $VAR1->{'app'}{'Dist::Zilla::App'}{'zilla'}{'chrome'}{'logger'},
#               'proxy_prefix' => '[RuntimeRecommends] '
#             }, 'Log::Dispatchouli::Proxy' ),
#             'plugin_name' => 'RuntimeRecommends',
#             'prereq_phase' => 'runtime',
#             'prereq_type' => 'recommends',
#             'zilla' => $VAR1->{'app'}{'Dist::Zilla::App'}{'zilla'}
#           }, 'Dist::Zilla::Plugin::Prereqs' ),
#           bless( {
#             '_prereq' => {
#               'Foo2' => '0'
#             },
#             'logger' => bless( {
#               'debug' => undef,
#               'logger' => $VAR1->{'app'}{'Dist::Zilla::App'}{'zilla'}{'chrome'}{'logger'},
#               'parent' => $VAR1->{'app'}{'Dist::Zilla::App'}{'zilla'}{'chrome'}{'logger'},
#               'proxy_prefix' => '[RuntimeSuggests] '
#             }, 'Log::Dispatchouli::Proxy' ),
#             'plugin_name' => 'RuntimeSuggests',
#             'prereq_phase' => 'runtime',
#             'prereq_type' => 'suggests',
#             'zilla' => $VAR1->{'app'}{'Dist::Zilla::App'}{'zilla'}
#           }, 'Dist::Zilla::Plugin::Prereqs' ),
#           bless( {
#             '_prereq' => {
#               'Foo3' => '0'
#             },
#             'logger' => bless( {
#               'debug' => undef,
#               'logger' => $VAR1->{'app'}{'Dist::Zilla::App'}{'zilla'}{'chrome'}{'logger'},
#               'parent' => $VAR1->{'app'}{'Dist::Zilla::App'}{'zilla'}{'chrome'}{'logger'},
#               'proxy_prefix' => '[TestRequires] '
#             }, 'Log::Dispatchouli::Proxy' ),
#             'plugin_name' => 'TestRequires',
#             'prereq_phase' => 'test',
#             'prereq_type' => 'requires',
#             'zilla' => $VAR1->{'app'}{'Dist::Zilla::App'}{'zilla'}
#           }, 'Dist::Zilla::Plugin::Prereqs' ),
#           bless( {
#             '_prereq' => {
#               'Foo4' => '0'
#             },
#             'logger' => bless( {
#               'debug' => undef,
#               'logger' => $VAR1->{'app'}{'Dist::Zilla::App'}{'zilla'}{'chrome'}{'logger'},
#               'parent' => $VAR1->{'app'}{'Dist::Zilla::App'}{'zilla'}{'chrome'}{'logger'},
#               'proxy_prefix' => '[TestRecommends] '
#             }, 'Log::Dispatchouli::Proxy' ),
#             'plugin_name' => 'TestRecommends',
#             'prereq_phase' => 'test',
#             'prereq_type' => 'recommends',
#             'zilla' => $VAR1->{'app'}{'Dist::Zilla::App'}{'zilla'}
#           }, 'Dist::Zilla::Plugin::Prereqs' ),
#           bless( {
#             '_prereq' => {
#               'Foo5' => '0'
#             },
#             'logger' => bless( {
#               'debug' => undef,
#               'logger' => $VAR1->{'app'}{'Dist::Zilla::App'}{'zilla'}{'chrome'}{'logger'},
#               'parent' => $VAR1->{'app'}{'Dist::Zilla::App'}{'zilla'}{'chrome'}{'logger'},
#               'proxy_prefix' => '[TestSuggests] '
#             }, 'Log::Dispatchouli::Proxy' ),
#             'plugin_name' => 'TestSuggests',
#             'prereq_phase' => 'test',
#             'prereq_type' => 'suggests',
#             'zilla' => $VAR1->{'app'}{'Dist::Zilla::App'}{'zilla'}
#           }, 'Dist::Zilla::Plugin::Prereqs' ),
#           bless( {
#             '_prereq' => {
#               'Foo6' => '0'
#             },
#             'logger' => bless( {
#               'debug' => undef,
#               'logger' => $VAR1->{'app'}{'Dist::Zilla::App'}{'zilla'}{'chrome'}{'logger'},
#               'parent' => $VAR1->{'app'}{'Dist::Zilla::App'}{'zilla'}{'chrome'}{'logger'},
#               'proxy_prefix' => '[DevelopRequires] '
#             }, 'Log::Dispatchouli::Proxy' ),
#             'plugin_name' => 'DevelopRequires',
#             'prereq_phase' => 'develop',
#             'prereq_type' => 'requires',
#             'zilla' => $VAR1->{'app'}{'Dist::Zilla::App'}{'zilla'}
#           }, 'Dist::Zilla::Plugin::Prereqs' ),
#           bless( {
#             '_prereq' => {
#               'Foo7' => '0'
#             },
#             'logger' => bless( {
#               'debug' => undef,
#               'logger' => $VAR1->{'app'}{'Dist::Zilla::App'}{'zilla'}{'chrome'}{'logger'},
#               'parent' => $VAR1->{'app'}{'Dist::Zilla::App'}{'zilla'}{'chrome'}{'logger'},
#               'proxy_prefix' => '[DevelopRecommends] '
#             }, 'Log::Dispatchouli::Proxy' ),
#             'plugin_name' => 'DevelopRecommends',
#             'prereq_phase' => 'develop',
#             'prereq_type' => 'recommends',
#             'zilla' => $VAR1->{'app'}{'Dist::Zilla::App'}{'zilla'}
#           }, 'Dist::Zilla::Plugin::Prereqs' ),
#           bless( {
#             '_prereq' => {
#               'Foo8' => '0'
#             },
#             'logger' => bless( {
#               'debug' => undef,
#               'logger' => $VAR1->{'app'}{'Dist::Zilla::App'}{'zilla'}{'chrome'}{'logger'},
#               'parent' => $VAR1->{'app'}{'Dist::Zilla::App'}{'zilla'}{'chrome'}{'logger'},
#               'proxy_prefix' => '[DevelopSuggests] '
#             }, 'Log::Dispatchouli::Proxy' ),
#             'plugin_name' => 'DevelopSuggests',
#             'prereq_phase' => 'develop',
#             'prereq_type' => 'suggests',
#             'zilla' => $VAR1->{'app'}{'Dist::Zilla::App'}{'zilla'}
#           }, 'Dist::Zilla::Plugin::Prereqs' ),
#           bless( {
#             'code' => sub { "DUMMY" },
#             'plugin_name' => ':InstallModules',
#             'style' => 'grep',
#             'zilla' => $VAR1->{'app'}{'Dist::Zilla::App'}{'zilla'}
#           }, 'Dist::Zilla::Plugin::FinderCode' ),
#           bless( {
#             'code' => sub { "DUMMY" },
#             'plugin_name' => ':IncModules',
#             'style' => 'grep',
#             'zilla' => $VAR1->{'app'}{'Dist::Zilla::App'}{'zilla'}
#           }, 'Dist::Zilla::Plugin::FinderCode' ),
#           bless( {
#             'code' => sub { "DUMMY" },
#             'plugin_name' => ':TestFiles',
#             'style' => 'grep',
#             'zilla' => $VAR1->{'app'}{'Dist::Zilla::App'}{'zilla'}
#           }, 'Dist::Zilla::Plugin::FinderCode' ),
#           bless( {
#             'code' => sub { "DUMMY" },
#             'plugin_name' => ':ExtraTestFiles',
#             'style' => 'grep',
#             'zilla' => $VAR1->{'app'}{'Dist::Zilla::App'}{'zilla'}
#           }, 'Dist::Zilla::Plugin::FinderCode' ),
#           bless( {
#             'code' => sub { "DUMMY" },
#             'plugin_name' => ':ExecFiles',
#             'style' => 'list',
#             'zilla' => $VAR1->{'app'}{'Dist::Zilla::App'}{'zilla'}
#           }, 'Dist::Zilla::Plugin::FinderCode' ),
#           bless( {
#             'code' => sub { "DUMMY" },
#             'plugin_name' => ':PerlExecFiles',
#             'style' => 'list',
#             'zilla' => $VAR1->{'app'}{'Dist::Zilla::App'}{'zilla'}
#           }, 'Dist::Zilla::Plugin::FinderCode' ),
#           bless( {
#             'code' => sub { "DUMMY" },
#             'plugin_name' => ':ShareFiles',
#             'style' => 'list',
#             'zilla' => $VAR1->{'app'}{'Dist::Zilla::App'}{'zilla'}
#           }, 'Dist::Zilla::Plugin::FinderCode' ),
#           bless( {
#             'code' => sub { "DUMMY" },
#             'plugin_name' => ':MainModule',
#             'style' => 'grep',
#             'zilla' => $VAR1->{'app'}{'Dist::Zilla::App'}{'zilla'}
#           }, 'Dist::Zilla::Plugin::FinderCode' ),
#           bless( {
#             'code' => sub { "DUMMY" },
#             'plugin_name' => ':AllFiles',
#             'style' => 'grep',
#             'zilla' => $VAR1->{'app'}{'Dist::Zilla::App'}{'zilla'}
#           }, 'Dist::Zilla::Plugin::FinderCode' ),
#           bless( {
#             'code' => sub { "DUMMY" },
#             'plugin_name' => ':NoFiles',
#             'style' => 'list',
#             'zilla' => $VAR1->{'app'}{'Dist::Zilla::App'}{'zilla'}
#           }, 'Dist::Zilla::Plugin::FinderCode' )
#         ],
#         'prereqs' => bless( {
#           'cpan_meta_prereqs' => bless( {
#             'prereqs' => {
#               'develop' => {
#                 'recommends' => bless( {
#                   'bad_version_hook' => undef,
#                   'requirements' => {
#                     'Foo7' => bless( {
#                       'minimum' => bless( {
#                         'original' => '0',
#                         'version' => [
#                           0
#                         ]
#                       }, 'version' )
#                     }, 'CPAN::Meta::Requirements::_Range::Range' )
#                   }
#                 }, 'CPAN::Meta::Requirements' ),
#                 'requires' => bless( {
#                   'bad_version_hook' => undef,
#                   'requirements' => {
#                     'Foo6' => bless( {
#                       'minimum' => $VAR1->{'app'}{'Dist::Zilla::App'}{'zilla'}{'prereqs'}{'cpan_meta_prereqs'}{'prereqs'}{'develop'}{'recommends'}{'requirements'}{'Foo7'}{'minimum'}
#                     }, 'CPAN::Meta::Requirements::_Range::Range' )
#                   }
#                 }, 'CPAN::Meta::Requirements' ),
#                 'suggests' => bless( {
#                   'bad_version_hook' => undef,
#                   'requirements' => {
#                     'Foo8' => bless( {
#                       'minimum' => $VAR1->{'app'}{'Dist::Zilla::App'}{'zilla'}{'prereqs'}{'cpan_meta_prereqs'}{'prereqs'}{'develop'}{'recommends'}{'requirements'}{'Foo7'}{'minimum'}
#                     }, 'CPAN::Meta::Requirements::_Range::Range' )
#                   }
#                 }, 'CPAN::Meta::Requirements' )
#               },
#               'runtime' => {
#                 'recommends' => bless( {
#                   'bad_version_hook' => undef,
#                   'requirements' => {
#                     'Foo1' => bless( {
#                       'minimum' => $VAR1->{'app'}{'Dist::Zilla::App'}{'zilla'}{'prereqs'}{'cpan_meta_prereqs'}{'prereqs'}{'develop'}{'recommends'}{'requirements'}{'Foo7'}{'minimum'}
#                     }, 'CPAN::Meta::Requirements::_Range::Range' )
#                   }
#                 }, 'CPAN::Meta::Requirements' ),
#                 'requires' => bless( {
#                   'bad_version_hook' => undef,
#                   'requirements' => {
#                     'Foo0' => bless( {
#                       'minimum' => $VAR1->{'app'}{'Dist::Zilla::App'}{'zilla'}{'prereqs'}{'cpan_meta_prereqs'}{'prereqs'}{'develop'}{'recommends'}{'requirements'}{'Foo7'}{'minimum'}
#                     }, 'CPAN::Meta::Requirements::_Range::Range' )
#                   }
#                 }, 'CPAN::Meta::Requirements' ),
#                 'suggests' => bless( {
#                   'bad_version_hook' => undef,
#                   'requirements' => {
#                     'Foo2' => bless( {
#                       'minimum' => $VAR1->{'app'}{'Dist::Zilla::App'}{'zilla'}{'prereqs'}{'cpan_meta_prereqs'}{'prereqs'}{'develop'}{'recommends'}{'requirements'}{'Foo7'}{'minimum'}
#                     }, 'CPAN::Meta::Requirements::_Range::Range' )
#                   }
#                 }, 'CPAN::Meta::Requirements' )
#               },
#               'test' => {
#                 'recommends' => bless( {
#                   'bad_version_hook' => undef,
#                   'requirements' => {
#                     'Foo4' => bless( {
#                       'minimum' => $VAR1->{'app'}{'Dist::Zilla::App'}{'zilla'}{'prereqs'}{'cpan_meta_prereqs'}{'prereqs'}{'develop'}{'recommends'}{'requirements'}{'Foo7'}{'minimum'}
#                     }, 'CPAN::Meta::Requirements::_Range::Range' )
#                   }
#                 }, 'CPAN::Meta::Requirements' ),
#                 'requires' => bless( {
#                   'bad_version_hook' => undef,
#                   'requirements' => {
#                     'Foo3' => bless( {
#                       'minimum' => $VAR1->{'app'}{'Dist::Zilla::App'}{'zilla'}{'prereqs'}{'cpan_meta_prereqs'}{'prereqs'}{'develop'}{'recommends'}{'requirements'}{'Foo7'}{'minimum'}
#                     }, 'CPAN::Meta::Requirements::_Range::Range' )
#                   }
#                 }, 'CPAN::Meta::Requirements' ),
#                 'suggests' => bless( {
#                   'bad_version_hook' => undef,
#                   'requirements' => {
#                     'Foo5' => bless( {
#                       'minimum' => $VAR1->{'app'}{'Dist::Zilla::App'}{'zilla'}{'prereqs'}{'cpan_meta_prereqs'}{'prereqs'}{'develop'}{'recommends'}{'requirements'}{'Foo7'}{'minimum'}
#                     }, 'CPAN::Meta::Requirements::_Range::Range' )
#                   }
#                 }, 'CPAN::Meta::Requirements' )
#               }
#             }
#           }, 'CPAN::Meta::Prereqs' ),
#           'merged_requires' => bless( {
#             'bad_version_hook' => undef
#           }, 'CPAN::Meta::Requirements' )
#         }, 'Dist::Zilla::Prereqs' ),
#         'root' => $VAR1->{'app'}{'Dist::Zilla::App'}{'zilla'}{'plugins'}[0]{'root'}
#       }, 'Dist::Zilla::Dist::Builder' )
#     },
#     '__chrome__' => $VAR1->{'app'}{'Dist::Zilla::App'}{'zilla'}{'chrome'},
#     'arg0' => '16-command-all.t',
#     'command' => {
#       '--help' => 'App::Cmd::Command::help',
#       '--version' => 'Dist::Zilla::App::Command::version',
#       '-?' => 'App::Cmd::Command::help',
#       '-h' => 'App::Cmd::Command::help',
#       'add' => 'Dist::Zilla::App::Command::add',
#       'authordeps' => 'Dist::Zilla::App::Command::authordeps',
#       'build' => 'Dist::Zilla::App::Command::build',
#       'clean' => 'Dist::Zilla::App::Command::clean',
#       'commands' => 'App::Cmd::Command::commands',
#       'cover' => 'Dist::Zilla::App::Command::cover',
#       'gh' => 'Dist::Zilla::App::Command::gh',
#       'help' => 'App::Cmd::Command::help',
#       'install' => 'Dist::Zilla::App::Command::install',
#       'listdeps' => 'Dist::Zilla::App::Command::listdeps',
#       'new' => 'Dist::Zilla::App::Command::new',
#       'nop' => 'Dist::Zilla::App::Command::nop',
#       'release' => 'Dist::Zilla::App::Command::release',
#       'run' => 'Dist::Zilla::App::Command::run',
#       'setup' => 'Dist::Zilla::App::Command::setup',
#       'smoke' => 'Dist::Zilla::App::Command::smoke',
#       'stale' => 'Dist::Zilla::App::Command::stale',
#       'test' => 'Dist::Zilla::App::Command::test',
#       'version' => 'Dist::Zilla::App::Command::version',
#       'xt' => 'Dist::Zilla::App::Command::xtest',
#       'xtest' => 'Dist::Zilla::App::Command::xtest'
#     },
#     'full_arg0' => 't/16-command-all.t',
#     'global_options' => bless( {}, 'Getopt::Long::Descriptive::Opts::__OPT__::3' ),
#     'show_version' => 0,
#     'usage' => bless( {
#       'leader_text' => '16-command-all.t <command> [-?hIVv] [long options...]',
#       'options' => [
#         {
#           'constraint' => {},
#           'desc' => 'log additional output',
#           'name' => 'verbose',
#           'spec' => 'verbose|v'
#         },
#         {
#           'constraint' => {},
#           'desc' => 'log additional output from some plugins only',
#           'name' => 'verbose_plugin',
#           'spec' => 'verbose-plugin|V=s@'
#         },
#         {
#           'constraint' => {
#             'callbacks' => {
#               'always fine' => sub { "DUMMY" }
#             }
#           },
#           'desc' => 'additional @INC dirs',
#           'name' => 'lib_inc',
#           'spec' => 'lib-inc|I=s@'
#         },
#         {
#           'constraint' => {},
#           'desc' => 'show help',
#           'name' => 'help',
#           'spec' => 'help|h|?'
#         }
#       ],
#       'show_defaults' => undef
#     }, 'Getopt::Long::Descriptive::Usage' )
#   }, 'Dist::Zilla::App' ),
#   'error' => undef,
#   'exit_code' => 0,
#   'output' => '
# got error from stale_modules check: Too few arguments for subroutine \'Dist::Zilla::Util::AuthorDeps::extract_author_deps\' (got 1; expected 2) at /home/sand/.cpan/privbuild/k93msid/Dist-Zilla-Plugin-PromptIfStale-0.057-2/blib/lib/Dist/Zilla/Plugin/PromptIfStale.pm line 316.
# 
# ',
#   'run_rv' => undef,
#   'stderr' => '',
#   'stdout' => '
# got error from stale_modules check: Too few arguments for subroutine \'Dist::Zilla::Util::AuthorDeps::extract_author_deps\' (got 1; expected 2) at /home/sand/.cpan/privbuild/k93msid/Dist-Zilla-Plugin-PromptIfStale-0.057-2/blib/lib/Dist/Zilla/Plugin/PromptIfStale.pm line 316.
# 
# ',
#   'tempdir' => '/tmp/WIqY6XzGkd'
# }, 'Dist::Zilla::App::Tester::Result' )
# plugin logged messages: []
# status of filehandles: {
#   '-c STDOUT' => '',
#   '-f STDOUT' => '',
#   '-t STDIN' => 1,
#   '-t STDOUT' => ''
# }
# Looks like you failed 2 tests of 8.
t/16-command-all.t .............. 
Dubious, test returned 2 (wstat 512, 0x200)
Failed 2/8 subtests 
t/17-command-missing-plugins.t .. ok
t/18-command-old-plugins.t ...... ok
t/19-build-failure.t ............ ok
t/20-ensure-not-stale.t ......... ok
Too few arguments for subroutine 'Dist::Zilla::Util::AuthorDeps::extract_author_deps' (got 1; expected 2) at /home/sand/.cpan/privbuild/k93msid/Dist-Zilla-Plugin-PromptIfStale-0.057-2/blib/lib/Dist/Zilla/Plugin/PromptIfStale.pm line 316.
t/21-authordeps.t ............... 
Dubious, test returned 255 (wstat 65280, 0xff00)
No subtests run 
t/22-perl.t ..................... ok
t/23-noninteractive.t ........... ok
t/24-unindexed-core-modules.t ... ok
t/25-core-modules.t ............. ok
t/26-command-missing-module.t ... ok
t/27-travis.t ................... ok
t/28-local-plugin.t ............. ok
t/99-placeholder.t .............. ok
t/zzz-check-breaks.t ............ ok

Test Summary Report
-------------------
t/16-command-all.t            (Wstat: 512 (exited 2) Tests: 8 Failed: 2)
  Failed tests:  7-8
  Non-zero exit status: 2
t/21-authordeps.t             (Wstat: 65280 (exited 255) Tests: 0 Failed: 0)
  Non-zero exit status: 255
  Parse errors: No plan found in TAP output
Files=30, Tests=114, 44 wallclock secs ( 0.13 usr  0.12 sys + 31.07 cusr  4.95 csys = 36.27 CPU)
Result: FAIL
Failed 2/30 test programs. 2/114 subtests failed.
make: *** [Makefile:948: test_dynamic] Error 255

------------------------------
PREREQUISITES
------------------------------

Prerequisite modules loaded:

requires:

    Module                                Need       Have      
    ------------------------------------- ---------- ----------
    Config::MVP::Section                  2.200004   2.200012  
    CPAN::DistnameInfo                    0          0.12      
    Dist::Zilla                           4.300039   6.026     
    Dist::Zilla::App                      0          6.026     
    Dist::Zilla::Role::AfterBuild         0          6.026     
    Dist::Zilla::Role::BeforeBuild        0          6.026     
    Dist::Zilla::Role::BeforeRelease      0          6.026     
    Dist::Zilla::Util::AuthorDeps         5.021      6.026     
    Encode                                0          3.17      
    HTTP::Headers                         0          6.37      
    HTTP::Tiny                            0          0.080     
    List::Util                            1.45       1.62      
    Module::CoreList                      5.20151213 5.20220527
    Module::Metadata                      1.000023   1.000037  
    Moose                                 0          2.2201    
    Moose::Util                           0          2.2201    
    Moose::Util::TypeConstraints          0          2.2201    
    namespace::autoclean                  0          0.29      
    Parse::CPAN::Packages::Fast           0          0.09      
    Path::Tiny                            0          0.122     
    perl                                  5.010      5.037000  
    strict                                0          1.12      
    Term::ANSIColor                       3.00       5.01      
    Try::Tiny                             0          0.31      
    version                               0          0.9929    
    warnings                              0          1.58      
    YAML::Tiny                            0          1.73      

build_requires:

    Module                                Need       Have      
    ------------------------------------- ---------- ----------
    App::Cmd::Tester                      0.328      0.334     
    Class::Method::Modifiers              0          2.13      
    Dist::Zilla::App::Tester              0          6.026     
    Dist::Zilla::Chrome::Test             0          6.026     
    Dist::Zilla::Plugin::MakeMaker        0          6.026     
    Dist::Zilla::Role::Plugin             0          6.026     
    Dist::Zilla::Role::PluginBundle::Easy 0          6.026     
    ExtUtils::MakeMaker                   0          7.64      
    File::pushd                           0          1.016     
    File::Spec                            0          3.84      
    if                                    0          0.0610    
    IO::Pty                               0          1.16      
    lib                                   0          0.65      
    Module::Runtime                       0          0.016     
    Test::Deep                            0          1.130     
    Test::DZil                            0          6.026     
    Test::Fatal                           0          0.016     
    Test::More                            0.96       1.302190  

configure_requires:

    Module                                Need       Have      
    ------------------------------------- ---------- ----------
    CPAN::Meta::Requirements              2.120620   2.140     
    ExtUtils::MakeMaker                   0          7.64      
    Module::Metadata                      0          1.000037  
    perl                                  5.010      5.037000  


------------------------------
ENVIRONMENT AND OTHER CONTEXT
------------------------------

Environment variables:

    AUTOMATED_TESTING = 1
    LANG = en_US.UTF-8
    LANGUAGE = en_US:en
    PATH = /home/sand/bin:/usr/local/bin:/usr/bin:/bin:/usr/games:/usr/local/perl/bin:/usr/X11/bin:/sbin:/usr/sbin
    PERL = /tmp/basesmoker-reloperl-WvdJ/bin/perl
    PERL5LIB = 
    PERL5OPT = 
    PERL5_CPANPLUS_IS_RUNNING = 3279675
    PERL5_CPAN_IS_RUNNING = 3279675
    PERL_CANARY_STABILITY_NOPROMPT = 1
    PERL_MM_USE_DEFAULT = 1
    PERL_USE_UNSAFE_INC = 1
    SHELL = /usr/bin/zsh
    TERM = screen

Perl special variables (and OS-specific diagnostics, for MSWin32):

    $^X = /tmp/basesmoker-reloperl-WvdJ/bin/perl
    $UID/$EUID = 1005 / 1005
    $GID = 1005 1005
    $EGID = 1005 1005

Perl module toolchain versions installed:

    Module              Have    
    ------------------- --------
    CPAN                2.34    
    CPAN::Meta          2.150010
    Cwd                 3.84    
    ExtUtils::CBuilder  0.280236
    ExtUtils::Command   7.64    
    ExtUtils::Install   2.20    
    ExtUtils::MakeMaker 7.64    
    ExtUtils::Manifest  1.73    
    ExtUtils::ParseXS   3.45    
    File::Spec          3.84    
    JSON                4.06    
    JSON::PP            4.09    
    Module::Build       0.4231  
    Module::Signature   0.88    
    Parse::CPAN::Meta   2.150010
    Test::Harness       3.44    
    Test::More          1.302190
    YAML                1.30    
    YAML::Syck          1.34    
    version             0.9929  


--

Summary of my perl5 (revision 5 version 37 subversion 0) configuration:
  Commit id: 2c8fc00e10c85d241338e71377aff04f4f7a7b6f
  Platform:
    osname=linux
    osvers=5.10.0-14-amd64
    archname=x86_64-linux-thread-multi-ld
    uname='linux k93msid 5.10.0-14-amd64 #1 smp debian 5.10.113-1 (2022-04-29) x86_64 gnulinux '
    config_args='-Dprefix=/home/sand/src/perl/repoperls/installed-perls/host/k93msid/v5.37.0/ac75 -Dmyhostname=k93msid -Dinstallusrbinperl=n -Uversiononly -Dusedevel -des -Ui_db -Dlibswanted=cl pthread socket inet nsl gdbm dbm malloc dl ld sun m crypt sec util c cposix posix ucb BSD gdbm_compat -Duseithreads -Duselongdouble -DEBUGGING=both'
    hint=recommended
    useposix=true
    d_sigaction=define
    useithreads=define
    usemultiplicity=define
    use64bitint=define
    use64bitall=define
    uselongdouble=define
    usemymalloc=n
    default_inc_excludes_dot=define
  Compiler:
    cc='cc'
    ccflags ='-D_REENTRANT -D_GNU_SOURCE -fwrapv -DDEBUGGING -fno-strict-aliasing -pipe -fstack-protector-strong -I/usr/local/include -D_LARGEFILE_SOURCE -D_FILE_OFFSET_BITS=64 -D_FORTIFY_SOURCE=2'
    optimize='-O2 -g'
    cppflags='-D_REENTRANT -D_GNU_SOURCE -fwrapv -DDEBUGGING -fno-strict-aliasing -pipe -fstack-protector-strong -I/usr/local/include'
    ccversion=''
    gccversion='11.3.0'
    gccosandvers=''
    intsize=4
    longsize=8
    ptrsize=8
    doublesize=8
    byteorder=12345678
    doublekind=3
    d_longlong=define
    longlongsize=8
    d_longdbl=define
    longdblsize=16
    longdblkind=3
    ivtype='long'
    ivsize=8
    nvtype='long double'
    nvsize=16
    Off_t='off_t'
    lseeksize=8
    alignbytes=16
    prototype=define
  Linker and Libraries:
    ld='cc'
    ldflags =' -fstack-protector-strong -L/usr/local/lib'
    libpth=/usr/local/lib /usr/lib/x86_64-linux-gnu /usr/lib /usr/lib64
    libs=-lpthread -lnsl -ldl -lm -lcrypt -lutil -lc
    perllibs=-lpthread -lnsl -ldl -lm -lcrypt -lutil -lc
    libc=libc-2.33.so
    so=so
    useshrplib=false
    libperl=libperl.a
    gnulibc_version='2.33'
  Dynamic Linking:
    dlsrc=dl_dlopen.xs
    dlext=so
    d_dlsymun=undef
    ccdlflags='-Wl,-E'
    cccdlflags='-fPIC'
    lddlflags='-shared -O2 -g -L/usr/local/lib -fstack-protector-strong'


Characteristics of this binary (from libperl): 
  Compile-time options:
    DEBUGGING
    HAS_TIMES
    MULTIPLICITY
    PERLIO_LAYERS
    PERL_COPY_ON_WRITE
    PERL_DONT_CREATE_GVSV
    PERL_MALLOC_WRAP
    PERL_OP_PARENT
    PERL_PRESERVE_IVUV
    PERL_TRACK_MEMPOOL
    PERL_USE_DEVEL
    USE_64_BIT_ALL
    USE_64_BIT_INT
    USE_ITHREADS
    USE_LARGE_FILES
    USE_LOCALE
    USE_LOCALE_COLLATE
    USE_LOCALE_CTYPE
    USE_LOCALE_NUMERIC
    USE_LOCALE_TIME
    USE_LONG_DOUBLE
    USE_PERLIO
    USE_PERL_ATOF
    USE_REENTRANT_API
    USE_THREAD_SAFE_LOCALE
  Built under linux
  Compiled at May 29 2022 19:45:18
  %ENV:
    PERL="/tmp/basesmoker-reloperl-WvdJ/bin/perl"
    PERL5LIB=""
    PERL5OPT=""
    PERL5_CPANPLUS_IS_RUNNING="3279675"
    PERL5_CPAN_IS_RUNNING="3279675"
    PERL_CANARY_STABILITY_NOPROMPT="1"
    PERL_MM_USE_DEFAULT="1"
    PERL_USE_UNSAFE_INC="1"
  @INC:
    /home/sand/src/perl/repoperls/installed-perls/host/k93msid/v5.37.0/ac75/lib/site_perl/5.37.0/x86_64-linux-thread-multi-ld
    /home/sand/src/perl/repoperls/installed-perls/host/k93msid/v5.37.0/ac75/lib/site_perl/5.37.0
    /home/sand/src/perl/repoperls/installed-perls/host/k93msid/v5.37.0/ac75/lib/5.37.0/x86_64-linux-thread-multi-ld
    /home/sand/src/perl/repoperls/installed-perls/host/k93msid/v5.37.0/ac75/lib/5.37.0
    .