Back
From: metabase:user:d2c9f356-b46f-11df-9a90-20a83c0b7757
Subject: FAIL Template-Plugin-Filter-VisualTruncate-0.05 v5.14.4 SunOS/Solaris
Date: 2013-04-28T04:08:24Z
This distribution has been tested as part of the CPAN Testers
project, supporting the Perl programming language. See
http://wiki.cpantesters.org/ for more information or email
questions to cpan-testers-discuss@perl.org
--
Dear Tomohiro Hosaka,
This is a computer-generated report for Template-Plugin-Filter-VisualTruncate-0.05
on perl 5.14.4, created by CPAN-Reporter-1.2010.
Thank you for uploading your work to CPAN. However, there was a problem
testing your distribution.
If you think this report is invalid, please consult the CPAN Testers Wiki
for suggestions on how to avoid getting FAIL reports for missing library
or binary dependencies, unsupported operating systems, and so on:
http://wiki.cpantesters.org/wiki/CPANAuthorNotes
Sections of this report:
* Tester comments
* Program output
* Prerequisites
* Environment and other context
------------------------------
TESTER COMMENTS
------------------------------
Additional comments from tester:
this report is from an automated smoke testing program
and was not reviewed by a human for accuracy
------------------------------
PROGRAM OUTPUT
------------------------------
Output from '/usr/local/bin/make test':
/export/home/cpant2/perl5/perlbrew/perls/perl-5.14.4/bin/perl5.14.4 "-Iinc" Makefile.PL --config= --installdeps=Text::CharWidth,0.04,Text::VisualWidth,0.01
Cannot determine perl version info from lib/Template/Plugin/Filter/VisualTruncate.pm
LEGAL WARNING: 'All rights reserved' may invalidate Open Source licenses. Consider removing it. at inc/Module/Install/Metadata.pm line 323.
PERL_DL_NONLAZY=1 /export/home/cpant2/perl5/perlbrew/perls/perl-5.14.4/bin/perl5.14.4 "-MExtUtils::Command::MM" "-e" "test_harness(0, 'inc', 'blib/lib', 'blib/arch')" t/00-load.t t/01-inernal_utf8.t t/02-utf8.t t/03-euc_jp.t t/04-locale.t t/boilerplate.t t/pod-coverage.t t/pod.t
# Testing Template::Plugin::Filter::VisualTruncate 0.05, Perl 5.014004, /export/home/cpant2/perl5/perlbrew/perls/perl-5.14.4/bin/perl5.14.4
t/00-load.t .......... ok
t/01-inernal_utf8.t .. ok
t/02-utf8.t .......... ok
t/03-euc_jp.t ........ ok
"\x{672c}" does not map to ascii at /export/home/cpant2/perl5/perlbrew/perls/perl-5.14.4/lib/site_perl/5.14.4/i86pc-solaris-64int/Encode.pm line 197.
# Looks like you planned 19 tests but ran 7.
# Looks like your test exited with 255 just after 7.
t/04-locale.t ........
Dubious, test returned 255 (wstat 65280, 0xff00)
Failed 12/19 subtests
(5 TODO tests unexpectedly succeeded)
t/boilerplate.t ...... ok
t/pod-coverage.t ..... ok
t/pod.t .............. ok
Test Summary Report
-------------------
t/04-locale.t (Wstat: 65280 Tests: 7 Failed: 0)
TODO passed: 3-7
Non-zero exit status: 255
Parse errors: Bad plan. You planned 19 tests but ran 7.
Files=8, Tests=71, 2 wallclock secs ( 0.12 usr 0.07 sys + 1.00 cusr 0.21 csys = 1.40 CPU)
Result: FAIL
Failed 1/8 test programs. 0/71 subtests failed.
make: *** [test_dynamic] Error 255
------------------------------
PREREQUISITES
------------------------------
Prerequisite modules loaded:
requires:
Module Need Have
------------------- ---- ----
Encode 2.23 2.49
Template 0 2.24
Test::Base 0 0.60
Test::More 0.42 0.98
Text::CharWidth 0.04 0.04
Text::VisualWidth 0.01 0.02
UNIVERSAL::require 0 0.13
build_requires:
Module Need Have
------------------- ---- ----
ExtUtils::MakeMaker 0 6.66
------------------------------
ENVIRONMENT AND OTHER CONTEXT
------------------------------
Environment variables:
AUTOMATED_TESTING = 1
LANG = C
LD_LIBRARY_PATH = /usr/local/lib:
MANPATH_WITHOUT_PERLBREW =
PATH = /export/home/cpant2/perl5/perlbrew/bin:/export/home/cpant2/perl5/perlbrew/perls/perl-5.14.4/bin:/export/home/cpant2/perl5/bin:/usr/local/bin:/usr/bin
PATH_WITHOUT_PERLBREW = /export/home/cpant2/perl5/bin:/usr/local/bin:/usr/bin
PERL5LIB = /export/home/cpant2/.cpan/build/Text-VisualWidth-0.02-xx1Q_u/blib/arch:/export/home/cpant2/.cpan/build/Text-VisualWidth-0.02-xx1Q_u/blib/lib:/export/home/cpant2/.cpan/build/Text-CharWidth-0.04-L84Kf_/blib/arch:/export/home/cpant2/.cpan/build/Text-CharWidth-0.04-L84Kf_/blib/lib
PERL5OPT =
PERL5_CPANPLUS_IS_RUNNING = 10063
PERL5_CPAN_IS_RUNNING = 10063
PERL5_CPAN_IS_RUNNING_IN_RECURSION = 1070,10063
PERLBREW_BASHRC_VERSION = 0.44
PERLBREW_HOME = /export/home/cpant2/.perlbrew
PERLBREW_MANPATH = /export/home/cpant2/perl5/perlbrew/perls/perl-5.14.4/man
PERLBREW_PATH = /export/home/cpant2/perl5/perlbrew/bin:/export/home/cpant2/perl5/perlbrew/perls/perl-5.14.4/bin
PERLBREW_PERL = perl-5.14.4
PERLBREW_ROOT = /export/home/cpant2/perl5/perlbrew
PERLBREW_VERSION = 0.44
PERL_CR_SMOKER_CURRENT = Template-Plugin-Filter-VisualTruncate-0.05
PERL_EXTUTILS_AUTOINSTALL = --defaultdeps
PERL_MM_USE_DEFAULT = 1
SHELL = /usr/bin/bash
TERM = xterm
Perl special variables (and OS-specific diagnostics, for MSWin32):
$^X = /export/home/cpant2/perl5/perlbrew/perls/perl-5.14.4/bin/perl5.14.4
$UID/$EUID = 101 / 101
$GID = 1 1
$EGID = 1 1
Perl module toolchain versions installed:
Module Have
------------------- --------
CPAN 2.00
CPAN::Meta 2.130880
Cwd 3.40
ExtUtils::CBuilder 0.280205
ExtUtils::Command 1.17
ExtUtils::Install 1.56
ExtUtils::MakeMaker 6.66
ExtUtils::Manifest 1.61
ExtUtils::ParseXS 3.18
File::Spec 3.40
JSON 2.57
JSON::PP 2.27202
Module::Build 0.4004
Module::Signature n/a
Parse::CPAN::Meta 1.4404
Test::Harness 3.26
Test::More 0.98
YAML 0.84
YAML::Syck 1.25
version 0.9902
--
Summary of my perl5 (revision 5 version 14 subversion 4) configuration:
Platform:
osname=solaris, osvers=2.10, archname=i86pc-solaris-64int
uname='sunos vmrz0046 5.10 generic_141445-09 i86pc i386 i86pc solaris '
config_args='-de -Dprefix=/export/home/cpant2/perl5/perlbrew/perls/perl-5.14.4 -Dcc=gcc -Duse64bitint -Dusedevel -Aeval:scriptdir=/export/home/cpant2/perl5/perlbrew/perls/perl-5.14.4/bin'
hint=recommended, useposix=true, d_sigaction=define
useithreads=undef, usemultiplicity=undef
useperlio=define, d_sfio=undef, uselargefiles=define, usesocks=undef
use64bitint=define, use64bitall=undef, uselongdouble=undef
usemymalloc=n, bincompat5005=undef
Compiler:
cc='gcc', ccflags ='-DPTR_IS_LONG -fno-strict-aliasing -pipe -I/usr/local/include -D_LARGEFILE_SOURCE -D_FILE_OFFSET_BITS=64 -DPERL_USE_SAFE_PUTENV',
optimize='-O',
cppflags='-DPTR_IS_LONG -fno-strict-aliasing -pipe -I/usr/local/include'
ccversion='', gccversion='3.4.6', gccosandvers='solaris2.10'
intsize=4, longsize=4, ptrsize=4, doublesize=8, byteorder=12345678
d_longlong=define, longlongsize=8, d_longdbl=define, longdblsize=12
ivtype='long long', ivsize=8, nvtype='double', nvsize=8, Off_t='off_t', lseeksize=8
alignbytes=4, prototype=define
Linker and Libraries:
ld='gcc', ldflags =' -L/usr/local/lib '
libpth=/usr/local/lib /usr/lib /usr/ccs/lib
libs=-lsocket -lnsl -lgdbm -ldl -lm -lc
perllibs=-lsocket -lnsl -ldl -lm -lc
libc=/lib/libc.so, so=so, useshrplib=false, libperl=libperl.a
gnulibc_version=''
Dynamic Linking:
dlsrc=dl_dlopen.xs, dlext=so, d_dlsymun=undef, ccdlflags=' '
cccdlflags='-fPIC', lddlflags='-G -L/usr/local/lib'
Characteristics of this binary (from libperl):
Compile-time options: PERL_DONT_CREATE_GVSV PERL_MALLOC_WRAP
PERL_PRESERVE_IVUV PERL_USE_DEVEL
PERL_USE_SAFE_PUTENV USE_64_BIT_INT USE_LARGE_FILES
USE_PERLIO USE_PERL_ATOF
Built under solaris
Compiled at Mar 19 2013 21:06:29
%ENV:
PERL5LIB="/export/home/cpant2/.cpan/build/Text-VisualWidth-0.02-xx1Q_u/blib/arch:/export/home/cpant2/.cpan/build/Text-VisualWidth-0.02-xx1Q_u/blib/lib:/export/home/cpant2/.cpan/build/Text-CharWidth-0.04-L84Kf_/blib/arch:/export/home/cpant2/.cpan/build/Text-CharWidth-0.04-L84Kf_/blib/lib"
PERL5OPT=""
PERL5_CPANPLUS_IS_RUNNING="10063"
PERL5_CPAN_IS_RUNNING="10063"
PERL5_CPAN_IS_RUNNING_IN_RECURSION="1070,10063"
PERLBREW_BASHRC_VERSION="0.44"
PERLBREW_HOME="/export/home/cpant2/.perlbrew"
PERLBREW_MANPATH="/export/home/cpant2/perl5/perlbrew/perls/perl-5.14.4/man"
PERLBREW_PATH="/export/home/cpant2/perl5/perlbrew/bin:/export/home/cpant2/perl5/perlbrew/perls/perl-5.14.4/bin"
PERLBREW_PERL="perl-5.14.4"
PERLBREW_ROOT="/export/home/cpant2/perl5/perlbrew"
PERLBREW_VERSION="0.44"
PERL_CR_SMOKER_CURRENT="Template-Plugin-Filter-VisualTruncate-0.05"
PERL_EXTUTILS_AUTOINSTALL="--defaultdeps"
PERL_MM_USE_DEFAULT="1"
@INC:
/export/home/cpant2/.cpan/build/Text-VisualWidth-0.02-xx1Q_u/blib/arch
/export/home/cpant2/.cpan/build/Text-VisualWidth-0.02-xx1Q_u/blib/lib
/export/home/cpant2/.cpan/build/Text-CharWidth-0.04-L84Kf_/blib/arch
/export/home/cpant2/.cpan/build/Text-CharWidth-0.04-L84Kf_/blib/lib
/export/home/cpant2/perl5/perlbrew/perls/perl-5.14.4/lib/site_perl/5.14.4/i86pc-solaris-64int
/export/home/cpant2/perl5/perlbrew/perls/perl-5.14.4/lib/site_perl/5.14.4
/export/home/cpant2/perl5/perlbrew/perls/perl-5.14.4/lib/5.14.4/i86pc-solaris-64int
/export/home/cpant2/perl5/perlbrew/perls/perl-5.14.4/lib/5.14.4
.