Back
From: metabase:user:775a6ef0-a30d-11e0-b928-abcd0a1a245f
Subject: FAIL Template-Plugin-Filter-VisualTruncate-0.05 v5.14.0 GNU/Linux
Date: 2011-09-18T06:05:50Z
This distribution has been tested as part of the CPAN Testers
project, supporting the Perl programming language. See
http://wiki.cpantesters.org/ for more information or email
questions to cpan-testers-discuss@perl.org
--
Dear Tomohiro Hosaka,
This is a computer-generated report for Template-Plugin-Filter-VisualTruncate-0.05
on perl 5.14.0, created by CPAN-Reporter-1.1902.
Thank you for uploading your work to CPAN. However, there was a problem
testing your distribution.
If you think this report is invalid, please consult the CPAN Testers Wiki
for suggestions on how to avoid getting FAIL reports for missing library
or binary dependencies, unsupported operating systems, and so on:
http://wiki.cpantesters.org/wiki/CPANAuthorNotes
Sections of this report:
* Tester comments
* Program output
* Prerequisites
* Environment and other context
------------------------------
TESTER COMMENTS
------------------------------
Additional comments from tester:
this report is from an automated smoke testing program
and was not reviewed by a human for accuracy
------------------------------
PROGRAM OUTPUT
------------------------------
Output from '/usr/bin/make test':
PERL_DL_NONLAZY=1 /smoker/5.14.0/perl/bin/perl "-MExtUtils::Command::MM" "-e" "test_harness(0, 'inc', 'blib/lib', 'blib/arch')" t/00-load.t t/01-inernal_utf8.t t/02-utf8.t t/03-euc_jp.t t/04-locale.t t/boilerplate.t t/pod-coverage.t t/pod.t
# Testing Template::Plugin::Filter::VisualTruncate 0.05, Perl 5.014000, /smoker/5.14.0/perl/bin/perl
t/00-load.t .......... ok
t/01-inernal_utf8.t .. ok
t/02-utf8.t .......... ok
t/03-euc_jp.t ........ ok
"\x{672c}" does not map to ascii at /smoker/5.14.0/perl/lib/Encode.pm line 195.
# Looks like you planned 19 tests but ran 7.
# Looks like your test exited with 255 just after 7.
t/04-locale.t ........
Dubious, test returned 255 (wstat 65280, 0xff00)
Failed 12/19 subtests
(5 TODO tests unexpectedly succeeded)
t/boilerplate.t ...... ok
t/pod-coverage.t ..... skipped: Test::Pod::Coverage 1.04 required for testing POD coverage
t/pod.t .............. skipped: Test::Pod 1.14 required for testing POD
Test Summary Report
-------------------
t/04-locale.t (Wstat: 65280 Tests: 7 Failed: 0)
TODO passed: 3-7
Non-zero exit status: 255
Parse errors: Bad plan. You planned 19 tests but ran 7.
Files=8, Tests=66, 2 wallclock secs ( 0.06 usr 0.00 sys + 0.58 cusr 0.04 csys = 0.68 CPU)
Result: FAIL
Failed 1/8 test programs. 0/66 subtests failed.
make: *** [test_dynamic] Error 255
------------------------------
PREREQUISITES
------------------------------
Prerequisite modules loaded:
requires:
Module Need Have
------------------- ---- -------
Encode 2.23 2.42
Template 0 2.22
Test::Base 0 0.60
Test::More 0.42 0.98
Text::CharWidth 0.04 0.04
Text::VisualWidth 0.01 0.02
UNIVERSAL::require 0 0.13
build_requires:
Module Need Have
------------------- ---- -------
ExtUtils::MakeMaker 0 6.57_05
------------------------------
ENVIRONMENT AND OTHER CONTEXT
------------------------------
Environment variables:
AUTOMATED_TESTING = 1
LANG = en_US.UTF-8
LC_ALL = C
PATH = /usr/local/bin:/usr/bin:/bin:/usr/local/games:/usr/games
PERL5LIB = /smoker/5.14.0/cpan/build/Template-Toolkit-2.22-9n3uZf/blib/arch:/smoker/5.14.0/cpan/build/Template-Toolkit-2.22-9n3uZf/blib/lib:/smoker/5.14.0/cpan/build/UNIVERSAL-require-0.13-vxV4jE/blib/arch:/smoker/5.14.0/cpan/build/UNIVERSAL-require-0.13-vxV4jE/blib/lib:/smoker/5.14.0/cpan/build/AppConfig-1.66-x5yj_5/blib/arch:/smoker/5.14.0/cpan/build/AppConfig-1.66-x5yj_5/blib/lib:/smoker/5.14.0/cpan/build/Text-CharWidth-0.04-jIOrDE/blib/arch:/smoker/5.14.0/cpan/build/Text-CharWidth-0.04-jIOrDE/blib/lib:/smoker/5.14.0/cpan/build/Text-VisualWidth-0.02-SjtiUz/blib/arch:/smoker/5.14.0/cpan/build/Text-VisualWidth-0.02-SjtiUz/blib/lib:/smoker/5.14.0/cpan/build/Test-Base-0.60-tyReea/blib/arch:/smoker/5.14.0/cpan/build/Test-Base-0.60-tyReea/blib/lib:/smoker/5.14.0/cpan/build/Spiffy-0.30-f8yovT/blib/arch:/smoker/5.14.0/cpan/build/Spiffy-0.30-f8yovT/blib/lib
PERL5OPT =
PERL5_CPANPLUS_IS_RUNNING = 53981
PERL5_CPAN_IS_RUNNING = 53981
PERL5_CPAN_IS_RUNNING_IN_RECURSION = 70801,53981
PERL_AUTOINSTALL = --skip
PERL_CPAN_REPORTER_CONFIG = /smoker/cpanreporter-config.ini
PERL_CPAN_REPORTER_DIR = /smoker/5.14.0/cpanreporter
PERL_CR_SMOKER_CURRENT = Template-Plugin-Filter-VisualTruncate-0.05
PERL_CR_SMOKER_RUNONCE = 1
PERL_EXTUTILS_AUTOINSTALL = --defaultdeps
PERL_MM_USE_DEFAULT = 1
SHELL = /bin/sh
TERM = screen
Perl special variables (and OS-specific diagnostics, for MSWin32):
$^X = /smoker/5.14.0/perl/bin/perl
$UID/$EUID = 60000 / 60000
$GID = 60000 60000
$EGID = 60000 60000
Perl module toolchain versions installed:
Module Have
------------------- --------
CPAN 1.9600
Cwd 3.36
ExtUtils::CBuilder 0.280203
ExtUtils::Command 1.17
ExtUtils::Install 1.56
ExtUtils::MakeMaker 6.57_05
ExtUtils::Manifest 1.58
ExtUtils::ParseXS 2.2210
File::Spec 3.33
Module::Build 0.3800
Module::Signature n/a
Test::Harness 3.23
Test::More 0.98
YAML 0.73
YAML::Syck 1.17
version 0.91
--
Summary of my perl5 (revision 5 version 14 subversion 0) configuration:
Platform:
osname=linux, osvers=2.6.26-2-amd64, archname=i686-linux
uname='linux rijk 2.6.26-2-amd64 #1 smp thu nov 5 02:23:12 utc 2009 i686 gnulinux '
config_args='-Duselargefiles -Uuse64bitint -Dusemymalloc=n -Uusedl -Uusethreads -Uuseithreads -Uusemultiplicity -Uusesfio -Uuseshrplib -Uinstallusrbinperl -A ccflags= -g -DPERL_DISABLE_PMC -DPERL_ARENA_SIZE=16376 -DNO_PERL_MALLOC_ENV -D_GNU_SOURCE -DNDEBUG -Dcc=cc -Doptimize=-O2 -mpush-args -fomit-frame-pointer -march=core2 -mtune=core2 -Dldflags= -lc -lm -ldl -lpthread -Dlibs=-lm -lcrypt -Dprefix=/smoker/5.14.0/perl -Dbin=/smoker/5.14.0/perl/bin -Dprivlib=/smoker/5.14.0/perl/lib -Darchlib=/smoker/5.14.0/perl/lib -Uusevendorprefix -Dsitelib=/smoker/5.14.0/perl/lib -Dsitearch=/smoker/5.14.0/perl/lib -Uman1dir -Uman3dir -Usiteman1dir -Usiteman3dir -Dpager=/usr/bin/less -Demail=Marc Lehmann <staticperl-smoker-5.14.0@plan9.de> -Dcf_email=Marc Lehmann <staticperl-smoker-5.14.0@plan9.de> -Dcf_by=Marc Lehmann <staticperl-smoker-5.14.0@plan9.de> -Dusedl -Uusemymalloc -Duseperlio -dE'
hint=recommended, useposix=true, d_sigaction=define
useithreads=undef, usemultiplicity=undef
useperlio=define, d_sfio=undef, uselargefiles=define, usesocks=undef
use64bitint=undef, use64bitall=undef, uselongdouble=undef
usemymalloc=n, bincompat5005=undef
Compiler:
cc='cc', ccflags ='-g -DPERL_DISABLE_PMC -DPERL_ARENA_SIZE=16376 -DNO_PERL_MALLOC_ENV -D_GNU_SOURCE -DNDEBUG -fno-strict-aliasing -pipe -I/usr/local/include -D_LARGEFILE_SOURCE -D_FILE_OFFSET_BITS=64',
optimize='-O2 -mpush-args -fomit-frame-pointer -march=core2 -mtune=core2',
cppflags='-g -DPERL_DISABLE_PMC -DPERL_ARENA_SIZE=16376 -DNO_PERL_MALLOC_ENV -D_GNU_SOURCE -DNDEBUG -fno-strict-aliasing -pipe -I/usr/local/include'
ccversion='', gccversion='4.4.5', gccosandvers=''
intsize=4, longsize=4, ptrsize=4, doublesize=8, byteorder=1234
d_longlong=define, longlongsize=8, d_longdbl=define, longdblsize=12
ivtype='long', ivsize=4, nvtype='double', nvsize=8, Off_t='off_t', lseeksize=8
alignbytes=4, prototype=define
Linker and Libraries:
ld='cc', ldflags =' -lc -lm -ldl -lpthread -L/usr/local/lib'
libpth=/usr/local/lib /lib/../lib /usr/lib/../lib /lib /usr/lib /usr/lib64
libs=-lm -lcrypt
perllibs=-lm -lcrypt
libc=/lib/libc-2.11.2.so, so=so, useshrplib=false, libperl=libperl.a
gnulibc_version='2.11.2'
Dynamic Linking:
dlsrc=dl_dlopen.xs, dlext=so, d_dlsymun=undef, ccdlflags='-Wl,-E'
cccdlflags='-fPIC', lddlflags='-shared -O2 -mpush-args -fomit-frame-pointer -march=core2 -mtune=core2 -L/usr/local/lib '
Characteristics of this binary (from libperl):
Compile-time options: PERL_DISABLE_PMC PERL_DONT_CREATE_GVSV
PERL_MALLOC_WRAP PERL_PRESERVE_IVUV USE_LARGE_FILES
USE_PERLIO USE_PERL_ATOF
Built under linux
Compiled at Jul 1 2011 16:58:20
%ENV:
PERL5LIB="/smoker/5.14.0/cpan/build/Template-Toolkit-2.22-9n3uZf/blib/arch:/smoker/5.14.0/cpan/build/Template-Toolkit-2.22-9n3uZf/blib/lib:/smoker/5.14.0/cpan/build/UNIVERSAL-require-0.13-vxV4jE/blib/arch:/smoker/5.14.0/cpan/build/UNIVERSAL-require-0.13-vxV4jE/blib/lib:/smoker/5.14.0/cpan/build/AppConfig-1.66-x5yj_5/blib/arch:/smoker/5.14.0/cpan/build/AppConfig-1.66-x5yj_5/blib/lib:/smoker/5.14.0/cpan/build/Text-CharWidth-0.04-jIOrDE/blib/arch:/smoker/5.14.0/cpan/build/Text-CharWidth-0.04-jIOrDE/blib/lib:/smoker/5.14.0/cpan/build/Text-VisualWidth-0.02-SjtiUz/blib/arch:/smoker/5.14.0/cpan/build/Text-VisualWidth-0.02-SjtiUz/blib/lib:/smoker/5.14.0/cpan/build/Test-Base-0.60-tyReea/blib/arch:/smoker/5.14.0/cpan/build/Test-Base-0.60-tyReea/blib/lib:/smoker/5.14.0/cpan/build/Spiffy-0.30-f8yovT/blib/arch:/smoker/5.14.0/cpan/build/Spiffy-0.30-f8yovT/blib/lib"
PERL5OPT=""
PERL5_CPANPLUS_IS_RUNNING="53981"
PERL5_CPAN_IS_RUNNING="53981"
PERL5_CPAN_IS_RUNNING_IN_RECURSION="70801,53981"
PERL_AUTOINSTALL="--skip"
PERL_CPAN_REPORTER_CONFIG="/smoker/cpanreporter-config.ini"
PERL_CPAN_REPORTER_DIR="/smoker/5.14.0/cpanreporter"
PERL_CR_SMOKER_CURRENT="Template-Plugin-Filter-VisualTruncate-0.05"
PERL_CR_SMOKER_RUNONCE="1"
PERL_EXTUTILS_AUTOINSTALL="--defaultdeps"
PERL_MM_USE_DEFAULT="1"
@INC:
/smoker/5.14.0/cpan/build/Template-Toolkit-2.22-9n3uZf/blib/arch
/smoker/5.14.0/cpan/build/Template-Toolkit-2.22-9n3uZf/blib/lib
/smoker/5.14.0/cpan/build/UNIVERSAL-require-0.13-vxV4jE/blib/arch
/smoker/5.14.0/cpan/build/UNIVERSAL-require-0.13-vxV4jE/blib/lib
/smoker/5.14.0/cpan/build/AppConfig-1.66-x5yj_5/blib/arch
/smoker/5.14.0/cpan/build/AppConfig-1.66-x5yj_5/blib/lib
/smoker/5.14.0/cpan/build/Text-CharWidth-0.04-jIOrDE/blib/arch
/smoker/5.14.0/cpan/build/Text-CharWidth-0.04-jIOrDE/blib/lib
/smoker/5.14.0/cpan/build/Text-VisualWidth-0.02-SjtiUz/blib/arch
/smoker/5.14.0/cpan/build/Text-VisualWidth-0.02-SjtiUz/blib/lib
/smoker/5.14.0/cpan/build/Test-Base-0.60-tyReea/blib/arch
/smoker/5.14.0/cpan/build/Test-Base-0.60-tyReea/blib/lib
/smoker/5.14.0/cpan/build/Spiffy-0.30-f8yovT/blib/arch
/smoker/5.14.0/cpan/build/Spiffy-0.30-f8yovT/blib/lib
/smoker/5.14.0/perl/lib
.