Back
From: metabase:user:320bfe00-2aae-11df-837a-5e0a49663a4f
Subject: FAIL Database-Abstraction-0.27 5.30.3 GNU/Linux
Date: 2025-06-17T14:20:40Z
This distribution has been tested as part of the CPAN Testers
project, supporting the Perl programming language. See
http://wiki.cpantesters.org/ for more information or email
questions to cpan-testers-discuss@perl.org
--
Dear Nigel Horne,
This is a computer-generated report for Database-Abstraction-0.27
on perl 5.30.3, created by CPAN-Reporter-1.2020.
Thank you for uploading your work to CPAN. However, there was a problem
testing your distribution.
If you think this report is invalid, please consult the CPAN Testers Wiki
for suggestions on how to avoid getting FAIL reports for missing library
or binary dependencies, unsupported operating systems, and so on:
http://wiki.cpantesters.org/wiki/CPANAuthorNotes
Sections of this report:
* Tester comments
* Program output
* Prerequisites
* Environment and other context
------------------------------
TESTER COMMENTS
------------------------------
Additional comments from tester:
this report is from an automated smoke testing program
and was not reviewed by a human for accuracy
------------------------------
PROGRAM OUTPUT
------------------------------
Output from '/usr/bin/make test':
PERL_DL_NONLAZY=1 "/home/sand/src/perl/repoperls/installed-perls/host/k93msid/v5.30.3/29fb/bin/perl" "-MExtUtils::Command::MM" "-MTest::Harness" "-e" "undef *Test::Harness::Switches; test_harness(0, 'blib/lib', 'blib/arch')" t/*.t
# Testing Database::Abstraction 0.27, Perl 5.030003, /home/sand/src/perl/repoperls/installed-perls/host/k93msid/v5.30.3/29fb/bin/perl
t/00-load.t ........... ok
t/10-compile.t ........ ok
t/20-new.t ............ ok
t/30-basics.t ......... ok
t/carp.t .............. ok
t/chi.t ............... ok
t/comment-spelling.t .. skipped: Not running author tests
t/csv.t ............... ok
t/csv_id.t ............ ok
t/eof.t ............... skipped: Not running author tests
t/eol.t ............... skipped: Not running author tests
t/init.t .............. ok
# Failed test at t/logger.t line 102.
# Structures begin differing at:
# $got = undef
# $expected = HASH(0x55d6528224f8)
# Looks like you failed 1 test of 3.
# Failed test 'Logger with Array'
# at t/logger.t line 107.
# Looks like you failed 1 test of 34.
t/logger.t ............
Dubious, test returned 1 (wstat 256, 0x100)
Failed 1/34 subtests
t/no_entry.t .......... ok
t/passwd.t ............ ok
t/pod-cm.t ............ skipped: Not running author tests
t/pod-coverage.t ...... skipped: Not running author tests
t/pod-links.t ......... skipped: Not running author tests
t/pod-snippets.t ...... skipped: Not running author tests
t/pod-spelling.t ...... skipped: Not running author tests
t/pod-synopsis.t ...... skipped: Not running author tests
t/pod.t ............... skipped: Not running author tests
t/psv.t ............... ok
t/tabs.t .............. skipped: Not running author tests
t/test7.t ............. ok
t/test8.t ............. ok
t/two_databases.t ..... ok
t/vars.t .............. skipped: Not running author tests
t/version.t ........... skipped: Not running author tests
t/xml.t ............... ok
t/xml_record.t ........ ok
Test Summary Report
-------------------
t/logger.t (Wstat: 256 (exited 1) Tests: 34 Failed: 1)
Failed test: 34
Non-zero exit status: 1
Files=31, Tests=168, 14 wallclock secs ( 0.09 usr 0.07 sys + 6.20 cusr 1.37 csys = 7.73 CPU)
Result: FAIL
Failed 1/31 test programs. 1/168 subtests failed.
make: *** [Makefile:930: test_dynamic] Error 255
------------------------------
PREREQUISITES
------------------------------
Prerequisite modules loaded:
requires:
Module Need Have
---------------------- ----- --------
autodie 0 2.35
boolean 0 0.46
Carp 0 1.50
Data::Dumper 0 2.183
Data::Reuse 0 0.13
DBD::SQLite::Constants 0 0
ExtUtils::MakeMaker 6.64 7.70
File::pfopen 0.03 0.03
File::Spec 0 3.78
File::Temp 0 0.2311
Log::Abstraction 0.05 0.17
Object::Configure 0 0.07
Params::Get 0 0.08
perl 5.008 5.030003
Scalar::Util 0 1.68
strict 0 1.11
warnings 0 1.44
build_requires:
Module Need Have
---------------------- ----- --------
DBD::CSV 0 0.60
DBD::XMLSimple 0.07 0.07
ExtUtils::MakeMaker 0 7.70
File::Spec 0 3.78
File::Temp 0 0.2311
FindBin 0 1.54
Test::Carp 0 0.2
Test::Compile 0 v3.3.3
Test::DescribeMe 0 0.004
Test::Most 0 0.38
Test::Needs 0 0.002010
Test::NoWarnings 0 1.06
Text::xSV::Slurp 0 0.23
XML::Simple 0 2.25
configure_requires:
Module Need Have
---------------------- ----- --------
ExtUtils::MakeMaker 0 7.70
------------------------------
ENVIRONMENT AND OTHER CONTEXT
------------------------------
Environment variables:
AUTOMATED_TESTING = 1
LANG = en_US.UTF-8
LANGUAGE = en_US:en
PATH = /home/sand/bin:/usr/local/bin:/usr/bin:/bin:/usr/games:/usr/local/perl/bin:/usr/X11/bin:/sbin:/usr/sbin
PERL5LIB =
PERL5OPT =
PERL5_CPANPLUS_IS_RUNNING = 1861570
PERL5_CPAN_IS_RUNNING = 1861570
PERL_CANARY_STABILITY_NOPROMPT = 1
PERL_MM_USE_DEFAULT = 1
PERL_USE_UNSAFE_INC = 1
SHELL = /usr/bin/zsh
TERM = screen
Perl special variables (and OS-specific diagnostics, for MSWin32):
$^X = /home/sand/src/perl/repoperls/installed-perls/host/k93msid/v5.30.3/29fb/bin/perl
$UID/$EUID = 1005 / 1005
$GID = 1005 1005
$EGID = 1005 1005
Perl module toolchain versions installed:
Module Have
------------------- --------
CPAN 2.38
CPAN::Meta 2.150010
Cwd 3.78
ExtUtils::CBuilder 0.280236
ExtUtils::Command 7.70
ExtUtils::Install 2.22
ExtUtils::MakeMaker 7.70
ExtUtils::Manifest 1.75
ExtUtils::ParseXS 3.51
File::Spec 3.78
JSON 4.10
JSON::PP 4.16
Module::Build 0.4234
Module::Signature 0.88
Parse::CPAN::Meta 2.150010
Test2 1.302211
Test::Harness 3.49_02
Test::More 1.302211
YAML 1.30
YAML::Syck 1.34
version 0.9929
--
Summary of my perl5 (revision 5 version 30 subversion 3) configuration:
Commit id: 65ddc30325817c6cd4df6ca1d4a1af2383875c3f
Platform:
osname=linux
osvers=5.16.0-5-amd64
archname=x86_64-linux-thread-multi
uname='linux k93msid 5.16.0-5-amd64 #1 smp preempt debian 5.16.14-1 (2022-03-15) x86_64 gnulinux '
config_args='-Dprefix=/home/sand/src/perl/repoperls/installed-perls/host/k93msid/v5.30.3/29fb -Dmyhostname=k93msid -Dinstallusrbinperl=n -Uversiononly -Dusedevel -des -Ui_db -Dlibswanted=cl pthread socket inet nsl gdbm dbm malloc dl ld sun m crypt sec util c cposix posix ucb BSD gdbm_compat -Duseithreads -Uuselongdouble -DEBUGGING=both'
hint=recommended
useposix=true
d_sigaction=define
useithreads=define
usemultiplicity=define
use64bitint=define
use64bitall=define
uselongdouble=undef
usemymalloc=n
default_inc_excludes_dot=define
bincompat5005=undef
Compiler:
cc='cc'
ccflags ='-D_REENTRANT -D_GNU_SOURCE -fwrapv -DDEBUGGING -fno-strict-aliasing -pipe -fstack-protector-strong -I/usr/local/include -D_LARGEFILE_SOURCE -D_FILE_OFFSET_BITS=64 -D_FORTIFY_SOURCE=2'
optimize='-O2 -g'
cppflags='-D_REENTRANT -D_GNU_SOURCE -fwrapv -DDEBUGGING -fno-strict-aliasing -pipe -fstack-protector-strong -I/usr/local/include'
ccversion=''
gccversion='11.2.0'
gccosandvers=''
intsize=4
longsize=8
ptrsize=8
doublesize=8
byteorder=12345678
doublekind=3
d_longlong=define
longlongsize=8
d_longdbl=define
longdblsize=16
longdblkind=3
ivtype='long'
ivsize=8
nvtype='double'
nvsize=8
Off_t='off_t'
lseeksize=8
alignbytes=8
prototype=define
Linker and Libraries:
ld='cc'
ldflags =' -fstack-protector-strong -L/usr/local/lib'
libpth=/usr/local/lib /usr/include/x86_64-linux-gnu /usr/lib /lib/x86_64-linux-gnu /lib/../lib /usr/lib/x86_64-linux-gnu /usr/lib/../lib /lib
libs=-lpthread -lnsl -ldl -lm -lcrypt -lutil -lc
perllibs=-lpthread -lnsl -ldl -lm -lcrypt -lutil -lc
libc=libc-2.33.so
so=so
useshrplib=false
libperl=libperl.a
gnulibc_version='2.33'
Dynamic Linking:
dlsrc=dl_dlopen.xs
dlext=so
d_dlsymun=undef
ccdlflags='-Wl,-E'
cccdlflags='-fPIC'
lddlflags='-shared -O2 -g -L/usr/local/lib -fstack-protector-strong'
Characteristics of this binary (from libperl):
Compile-time options:
DEBUGGING
HAS_TIMES
MULTIPLICITY
PERLIO_LAYERS
PERL_COPY_ON_WRITE
PERL_DONT_CREATE_GVSV
PERL_IMPLICIT_CONTEXT
PERL_MALLOC_WRAP
PERL_OP_PARENT
PERL_PRESERVE_IVUV
PERL_TRACK_MEMPOOL
PERL_USE_DEVEL
USE_64_BIT_ALL
USE_64_BIT_INT
USE_ITHREADS
USE_LARGE_FILES
USE_LOCALE
USE_LOCALE_COLLATE
USE_LOCALE_CTYPE
USE_LOCALE_NUMERIC
USE_LOCALE_TIME
USE_PERLIO
USE_PERL_ATOF
USE_REENTRANT_API
USE_THREAD_SAFE_LOCALE
Built under linux
Compiled at Mar 19 2022 10:31:42
%ENV:
PERL5LIB=""
PERL5OPT=""
PERL5_CPANPLUS_IS_RUNNING="1861570"
PERL5_CPAN_IS_RUNNING="1861570"
PERL_CANARY_STABILITY_NOPROMPT="1"
PERL_MM_USE_DEFAULT="1"
PERL_USE_UNSAFE_INC="1"
@INC:
/home/sand/src/perl/repoperls/installed-perls/host/k93msid/v5.30.3/29fb/lib/site_perl/5.30.3/x86_64-linux-thread-multi
/home/sand/src/perl/repoperls/installed-perls/host/k93msid/v5.30.3/29fb/lib/site_perl/5.30.3
/home/sand/src/perl/repoperls/installed-perls/host/k93msid/v5.30.3/29fb/lib/5.30.3/x86_64-linux-thread-multi
/home/sand/src/perl/repoperls/installed-perls/host/k93msid/v5.30.3/29fb/lib/5.30.3
.