Report for Pod-Tree-1.26

Back
From: metabase:user:30f4dfbe-2aae-11df-837a-5e0a49663a4f
Subject: FAIL Pod-Tree-1.26 5.24.4 FreeBSD
Date: 2018-11-29T19:30:18Z

This distribution has been tested as part of the CPAN Testers
project, supporting the Perl programming language.  See
http://wiki.cpantesters.org/ for more information or email
questions to cpan-testers-discuss@perl.org


--
Dear Mohammad S Anwar,

This is a computer-generated report for Pod-Tree-1.26
on perl 5.24.4, created by CPAN-Reporter-1.2018.

Thank you for uploading your work to CPAN.  However, there was a problem
testing your distribution.

If you think this report is invalid, please consult the CPAN Testers Wiki
for suggestions on how to avoid getting FAIL reports for missing library
or binary dependencies, unsupported operating systems, and so on:

http://wiki.cpantesters.org/wiki/CPANAuthorNotes

Sections of this report:

    * Tester comments
    * Program output
    * Prerequisites
    * Environment and other context

------------------------------
TESTER COMMENTS
------------------------------

Additional comments from tester:

this report is from an automated smoke testing program
and was not reviewed by a human for accuracy

------------------------------
PROGRAM OUTPUT
------------------------------

Output from '/usr/bin/make test':

PERL_DL_NONLAZY=1 "/mnt/nas/home/pi2b/njh/perl5/perlbrew/perls/perl-5.24.4/bin/perl" "-MExtUtils::Command::MM" "-MTest::Harness" "-e" "undef *Test::Harness::Switches; test_harness(0, 'blib/lib', 'blib/arch')" t/*.t
Error flock (1) on 't/cut.d/fileU.exp': Bad file descriptor at t/10-cut.t line 29.
# Looks like your test exited with 9 before it could output anything.
t/10-cut.t ........ 
Dubious, test returned 9 (wstat 2304, 0x900)
Failed 6/6 subtests 
Error flock (1) on 't/load.d/list.exp': Bad file descriptor at t/12-load.t line 24.
# Looks like your test exited with 9 before it could output anything.
t/12-load.t ....... 
Dubious, test returned 9 (wstat 2304, 0x900)
Failed 3/3 subtests 
Error flock (1) on 't/html.d/paragraph.exp': Bad file descriptor at t/11-html.t line 78.
# Looks like your test exited with 9 before it could output anything.
t/11-html.t ....... 
Dubious, test returned 9 (wstat 2304, 0x900)
Failed 22/22 subtests 
Error flock (1) on 't/mapper.d/cut.exp': Bad file descriptor at t/13-mapper.t line 31.
# Looks like your test exited with 9 before it could output anything.
t/13-mapper.t ..... 
Dubious, test returned 9 (wstat 2304, 0x900)
Failed 18/18 subtests 
Error flock (1) on 't/option.d/toc0.exp': Bad file descriptor at t/14-option.t line 33.
# Looks like your test exited with 9 before it could output anything.
t/14-option.t ..... 
Dubious, test returned 9 (wstat 2304, 0x900)
Failed 8/8 subtests 
Error flock (1) on 't/pod.d/cut.pod': Bad file descriptor at t/15-pod.t line 19.
# Looks like your test exited with 9 before it could output anything.
t/15-pod.t ........ 
Dubious, test returned 9 (wstat 2304, 0x900)
Failed 6/6 subtests 
Error flock (1) on 't/template.d/cut.exp': Bad file descriptor at t/18-template.t line 26.
# Looks like your test exited with 9 before it could output anything.
t/18-template.t ... 
Dubious, test returned 9 (wstat 2304, 0x900)
Failed 12/12 subtests 
mod2html syntax OK
podtree2html syntax OK
pods2html syntax OK
perl2html syntax OK
Error flock (1) on 't/tree.d/cut.exp': Bad file descriptor at t/19-tree.t line 22.
# Looks like your test exited with 9 before it could output anything.
t/19-tree.t ....... 
Dubious, test returned 9 (wstat 2304, 0x900)
Failed 9/9 subtests 
t/00-compile.t .... ok
t/94-version.t .... skipped: Test::Version 1.003001 required for testing version numbers
t/17-pods2html.t .. ok
t/16-pod2html.t ... ok

Test Summary Report
-------------------
t/10-cut.t      (Wstat: 2304 Tests: 0 Failed: 0)
  Non-zero exit status: 9
  Parse errors: Bad plan.  You planned 6 tests but ran 0.
t/12-load.t     (Wstat: 2304 Tests: 0 Failed: 0)
  Non-zero exit status: 9
  Parse errors: Bad plan.  You planned 3 tests but ran 0.
t/11-html.t     (Wstat: 2304 Tests: 0 Failed: 0)
  Non-zero exit status: 9
  Parse errors: Bad plan.  You planned 22 tests but ran 0.
t/13-mapper.t   (Wstat: 2304 Tests: 0 Failed: 0)
  Non-zero exit status: 9
  Parse errors: Bad plan.  You planned 18 tests but ran 0.
t/14-option.t   (Wstat: 2304 Tests: 0 Failed: 0)
  Non-zero exit status: 9
  Parse errors: Bad plan.  You planned 8 tests but ran 0.
t/15-pod.t      (Wstat: 2304 Tests: 0 Failed: 0)
  Non-zero exit status: 9
  Parse errors: Bad plan.  You planned 6 tests but ran 0.
t/18-template.t (Wstat: 2304 Tests: 0 Failed: 0)
  Non-zero exit status: 9
  Parse errors: Bad plan.  You planned 12 tests but ran 0.
t/19-tree.t     (Wstat: 2304 Tests: 0 Failed: 0)
  Non-zero exit status: 9
  Parse errors: Bad plan.  You planned 9 tests but ran 0.
Files=12, Tests=43, 33 wallclock secs ( 0.62 usr  0.33 sys + 44.09 cusr 13.97 csys = 59.01 CPU)
Result: FAIL
Failed 8/12 test programs. 0/43 subtests failed.
*** Error code 255

Stop.
make: stopped in /var/tmp/build/Pod-Tree-1.26-3

------------------------------
PREREQUISITES
------------------------------

Prerequisite modules loaded:

requires:

    Module              Need   Have    
    ------------------- ------ --------
    File::Find          1      1.34    
    HTML::Stream        1.49   1.60    
    IO::File            1      1.39    
    IO::String          1      1.08    
    Pod::Escapes        1.02   1.07    
    Text::Template      1      1.53    

build_requires:

    Module              Need   Have    
    ------------------- ------ --------
    ExtUtils::MakeMaker 0      7.34    
    Path::Tiny          0.068  0.104   
    Test::Compile       v1.2.1 v1.3.0  
    Test::More          1      1.302136

configure_requires:

    Module              Need   Have    
    ------------------- ------ --------
    ExtUtils::MakeMaker 0      7.34    


------------------------------
ENVIRONMENT AND OTHER CONTEXT
------------------------------

Environment variables:

    AUTOMATED_TESTING = 1
    HARNESS_OPTIONS = j4
    PATH = /home/njh/perl5/perlbrew/bin:/home/njh/perl5/perlbrew/perls/perl-5.24.4/bin:/usr/local/bin:/bin:/usr/bin:src/njh/smoker/bin
    PERL5LIB = /var/tmp/build/HTML-Stream-1.60-3/blib/arch:/var/tmp/build/HTML-Stream-1.60-3/blib/lib:/var/tmp/build/MySQL-Sandbox-3.2.18-3/blib/arch:/var/tmp/build/MySQL-Sandbox-3.2.18-3/blib/lib
    PERL5OPT = 
    PERL5_CPANPLUS_IS_RUNNING = 27445
    PERL5_CPAN_IS_RUNNING = 27445
    PERLBREW_HOME = /home/njh/.perlbrew
    PERLBREW_MANPATH = /home/njh/perl5/perlbrew/perls/perl-5.24.4/man
    PERLBREW_PATH = /home/njh/perl5/perlbrew/bin:/home/njh/perl5/perlbrew/perls/perl-5.24.4/bin
    PERLBREW_PERL = perl-5.24.4
    PERLBREW_ROOT = /home/njh/perl5/perlbrew
    PERLBREW_SHELLRC_VERSION = 0.84
    PERLBREW_VERSION = 0.84
    SHELL = /bin/sh
    TMPDIR = /tmp/testwrapper.27432

Perl special variables (and OS-specific diagnostics, for MSWin32):

    $^X = /mnt/nas/home/pi2b/njh/perl5/perlbrew/perls/perl-5.24.4/bin/perl
    $UID/$EUID = 1000 / 1000
    $GID = 1000 1000 0
    $EGID = 1000 1000 0

Perl module toolchain versions installed:

    Module              Have    
    ------------------- --------
    CPAN                2.16    
    CPAN::Meta          2.150010
    Cwd                 3.74    
    ExtUtils::CBuilder  0.280230
    ExtUtils::Command   7.34    
    ExtUtils::Install   2.14    
    ExtUtils::MakeMaker 7.34    
    ExtUtils::Manifest  1.71    
    ExtUtils::ParseXS   3.35    
    File::Spec          3.74    
    JSON                2.97001 
    JSON::PP            2.97001 
    Module::Build       0.4224  
    Module::Signature   n/a     
    Parse::CPAN::Meta   2.150010
    Test::Harness       3.36_01 
    Test::More          1.302136
    YAML                1.26    
    YAML::Syck          1.30    
    version             0.9916  


--

Summary of my perl5 (revision 5 version 24 subversion 4) configuration:
   
  Platform:
    osname=freebsd, osvers=11.1-stable, archname=arm-freebsd
    uname='freebsd pi2b.bandsman.co.uk 11.1-stable freebsd 11.1-stable #0 r330605: wed mar 7 18:50:15 utc 2018 root@releng2.nyi.freebsd.org:usrobjarm.armv6usrsrcsysrpi2 arm '
    config_args='-des -Ud_flock'
    hint=previous, useposix=true, d_sigaction=define
    useithreads=undef, usemultiplicity=undef
    use64bitint=undef, use64bitall=undef, uselongdouble=undef
    usemymalloc=n, bincompat5005=undef
  Compiler:
    cc='cc', ccflags ='-DHAS_FPSETMASK -DHAS_FLOATINGPOINT_H -fno-strict-aliasing -pipe -fstack-protector-strong -I/usr/local/include -D_FORTIFY_SOURCE=2',
    optimize='-O',
    cppflags='-DHAS_FPSETMASK -DHAS_FLOATINGPOINT_H -fno-strict-aliasing -pipe -fstack-protector-strong -I/usr/local/include'
    ccversion='', gccversion='4.2.1 Compatible FreeBSD Clang 5.0.1 (tags/RELEASE_501/final 320880)', gccosandvers=''
    intsize=4, longsize=4, ptrsize=4, doublesize=8, byteorder=1234, doublekind=3
    d_longlong=define, longlongsize=8, d_longdbl=define, longdblsize=8, longdblkind=0
    ivtype='long', ivsize=4, nvtype='double', nvsize=8, Off_t='off_t', lseeksize=8
    alignbytes=8, prototype=define
  Linker and Libraries:
    ld='cc', ldflags ='-Wl,-E  -fstack-protector-strong -L/usr/local/lib'
    libpth=/usr/lib /usr/local/lib /usr/lib/clang/5.0.1/lib /usr/lib /usr/lib/clang/5.0.1/lib /usr/lib /usr/lib/clang/5.0.1/lib /usr/lib
    libs=-lpthread -lm -lcrypt -lutil -lc
    perllibs=-lpthread -lm -lcrypt -lutil -lc
    libc=, so=so, useshrplib=false, libperl=libperl.a
    gnulibc_version=''
  Dynamic Linking:
    dlsrc=dl_dlopen.xs, dlext=so, d_dlsymun=undef, ccdlflags=' '
    cccdlflags='-DPIC -fPIC', lddlflags='-shared  -L/usr/local/lib -fstack-protector-strong'


Characteristics of this binary (from libperl): 
  Compile-time options: HAS_TIMES PERLIO_LAYERS PERL_COPY_ON_WRITE
                        PERL_DONT_CREATE_GVSV
                        PERL_HASH_FUNC_ONE_AT_A_TIME_HARD PERL_MALLOC_WRAP
                        PERL_PRESERVE_IVUV USE_LARGE_FILES USE_LOCALE
                        USE_LOCALE_COLLATE USE_LOCALE_CTYPE
                        USE_LOCALE_NUMERIC USE_LOCALE_TIME USE_PERLIO
                        USE_PERL_ATOF
  Locally applied patches:
	Devel::PatchPerl 1.38
  Built under freebsd
  Compiled at May 28 2018 11:33:07
  %ENV:
    PERL5LIB="/var/tmp/build/HTML-Stream-1.60-3/blib/arch:/var/tmp/build/HTML-Stream-1.60-3/blib/lib:/var/tmp/build/MySQL-Sandbox-3.2.18-3/blib/arch:/var/tmp/build/MySQL-Sandbox-3.2.18-3/blib/lib"
    PERL5OPT=""
    PERL5_CPANPLUS_IS_RUNNING="27445"
    PERL5_CPAN_IS_RUNNING="27445"
    PERLBREW_HOME="/home/njh/.perlbrew"
    PERLBREW_MANPATH="/home/njh/perl5/perlbrew/perls/perl-5.24.4/man"
    PERLBREW_PATH="/home/njh/perl5/perlbrew/bin:/home/njh/perl5/perlbrew/perls/perl-5.24.4/bin"
    PERLBREW_PERL="perl-5.24.4"
    PERLBREW_ROOT="/home/njh/perl5/perlbrew"
    PERLBREW_SHELLRC_VERSION="0.84"
    PERLBREW_VERSION="0.84"
  @INC:
    /var/tmp/build/HTML-Stream-1.60-3/blib/arch
    /var/tmp/build/HTML-Stream-1.60-3/blib/lib
    /var/tmp/build/MySQL-Sandbox-3.2.18-3/blib/arch
    /var/tmp/build/MySQL-Sandbox-3.2.18-3/blib/lib
    /home/njh/perl5/perlbrew/perls/perl-5.24.4/lib/site_perl/5.24.4/arm-freebsd
    /home/njh/perl5/perlbrew/perls/perl-5.24.4/lib/site_perl/5.24.4
    /home/njh/perl5/perlbrew/perls/perl-5.24.4/lib/5.24.4/arm-freebsd
    /home/njh/perl5/perlbrew/perls/perl-5.24.4/lib/5.24.4
    .