Back
From: metabase:user:3215efbe-2aae-11df-837a-5e0a49663a4f
Subject: FAIL Template-Plugin-Filter-VisualTruncate-0.05 v5.12.3 GNU/Linux
Date: 2011-05-27T12:45:13Z
This distribution has been tested as part of the CPAN Testers
project, supporting the Perl programming language. See
http://wiki.cpantesters.org/ for more information or email
questions to cpan-testers-discuss@perl.org
--
Dear Tomohiro Hosaka,
This is a computer-generated report for Template-Plugin-Filter-VisualTruncate-0.05
on perl 5.12.3, created by CPAN-Reporter-1.1902.
Thank you for uploading your work to CPAN. However, there was a problem
testing your distribution.
If you think this report is invalid, please consult the CPAN Testers Wiki
for suggestions on how to avoid getting FAIL reports for missing library
or binary dependencies, unsupported operating systems, and so on:
http://wiki.cpantesters.org/wiki/CPANAuthorNotes
Sections of this report:
* Tester comments
* Program output
* Prerequisites
* Environment and other context
------------------------------
TESTER COMMENTS
------------------------------
Additional comments from tester:
this report is from an automated smoke testing program
and was not reviewed by a human for accuracy
------------------------------
PROGRAM OUTPUT
------------------------------
Output from '/usr/bin/make test':
PERL_DL_NONLAZY=1 /opt/perls/nothreads/perl-5.12.3/bin/perl "-MExtUtils::Command::MM" "-e" "test_harness(0, 'inc', 'blib/lib', 'blib/arch')" t/00-load.t t/01-inernal_utf8.t t/02-utf8.t t/03-euc_jp.t t/04-locale.t t/boilerplate.t t/pod-coverage.t t/pod.t
# Testing Template::Plugin::Filter::VisualTruncate 0.05, Perl 5.012003, /opt/perls/nothreads/perl-5.12.3/bin/perl
t/00-load.t .......... ok
t/01-inernal_utf8.t .. ok
t/02-utf8.t .......... ok
t/03-euc_jp.t ........ ok
"\x{672c}" does not map to ascii at /opt/perls/nothreads/perl-5.12.3/lib/5.12.3/armv5tel-linux/Encode.pm line 197.
# Looks like you planned 19 tests but ran 7.
# Looks like your test exited with 255 just after 7.
t/04-locale.t ........
Dubious, test returned 255 (wstat 65280, 0xff00)
Failed 12/19 subtests
(5 TODO tests unexpectedly succeeded)
t/boilerplate.t ...... ok
t/pod-coverage.t ..... ok
t/pod.t .............. ok
Test Summary Report
-------------------
t/04-locale.t (Wstat: 65280 Tests: 7 Failed: 0)
TODO passed: 3-7
Non-zero exit status: 255
Parse errors: Bad plan. You planned 19 tests but ran 7.
Files=8, Tests=71, 8 wallclock secs ( 0.32 usr 0.10 sys + 6.81 cusr 0.28 csys = 7.51 CPU)
Result: FAIL
Failed 1/8 test programs. 0/71 subtests failed.
make: *** [test_dynamic] Error 255
------------------------------
PREREQUISITES
------------------------------
Prerequisite modules loaded:
requires:
Module Need Have
------------------- ---- -------
Encode 2.23 2.43
Template 0 2.22
Test::Base 0 0.60
Test::More 0.42 0.98
Text::CharWidth 0.04 0.04
Text::VisualWidth 0.01 0.02
UNIVERSAL::require 0 0.13
build_requires:
Module Need Have
------------------- ---- -------
ExtUtils::MakeMaker 0 6.57_11
------------------------------
ENVIRONMENT AND OTHER CONTEXT
------------------------------
Environment variables:
AUTOMATED_TESTING = 1
LANG = C
PATH = /usr/local/bin:/usr/bin:/bin:/usr/local/games:/usr/games
PERL5LIB =
PERL5OPT =
PERL5_CPANPLUS_IS_RUNNING = 31895
PERL5_CPAN_IS_RUNNING = 31895
PERL5_CPAN_IS_RUNNING_IN_RECURSION = 8435,31895
PERL_CR_SMOKER_CURRENT = Template-Plugin-Filter-VisualTruncate-0.05
PERL_EXTUTILS_AUTOINSTALL = --defaultdeps
PERL_MM_USE_DEFAULT = 1
SHELL = /bin/bash
TERM = xterm
Perl special variables (and OS-specific diagnostics, for MSWin32):
$^X = /opt/perls/nothreads/perl-5.12.3/bin/perl
$UID/$EUID = 1000 / 1000
$GID = 1000 24 25 27 29 30 44 46 1000
$EGID = 1000 24 25 27 29 30 44 46 1000
Perl module toolchain versions installed:
Module Have
------------------- --------
CPAN 1.9600
Cwd 3.33
ExtUtils::CBuilder 0.280202
ExtUtils::Command 1.17
ExtUtils::Install 1.52
ExtUtils::MakeMaker 6.57_11
ExtUtils::Manifest 1.58
ExtUtils::ParseXS 2.2206
File::Spec 3.33
Module::Build 0.3800
Module::Signature 0.68
Test::Harness 3.23
Test::More 0.98
YAML 0.73
YAML::Syck 1.17
version 0.88
--
Summary of my perl5 (revision 5 version 12 subversion 3) configuration:
Platform:
osname=linux, osvers=2.6.32-5-kirkwood, archname=armv5tel-linux
uname='linux plugpc 2.6.32-5-kirkwood #1 tue mar 8 10:56:14 utc 2011 armv5tel gnulinux '
config_args='-des -Dprefix=/opt/perls/nothreads/perl-5.12.3'
hint=recommended, useposix=true, d_sigaction=define
useithreads=undef, usemultiplicity=undef
useperlio=define, d_sfio=undef, uselargefiles=define, usesocks=undef
use64bitint=undef, use64bitall=undef, uselongdouble=undef
usemymalloc=n, bincompat5005=undef
Compiler:
cc='cc', ccflags ='-fno-strict-aliasing -pipe -fstack-protector -I/usr/local/include -D_LARGEFILE_SOURCE -D_FILE_OFFSET_BITS=64',
optimize='-O2',
cppflags='-fno-strict-aliasing -pipe -fstack-protector -I/usr/local/include'
ccversion='', gccversion='4.4.5', gccosandvers=''
intsize=4, longsize=4, ptrsize=4, doublesize=8, byteorder=1234
d_longlong=define, longlongsize=8, d_longdbl=define, longdblsize=8
ivtype='long', ivsize=4, nvtype='double', nvsize=8, Off_t='off_t', lseeksize=8
alignbytes=8, prototype=define
Linker and Libraries:
ld='cc', ldflags =' -fstack-protector -L/usr/local/lib'
libpth=/usr/local/lib /lib /usr/lib
libs=-lnsl -lgdbm -ldb -ldl -lm -lcrypt -lutil -lc -lgdbm_compat
perllibs=-lnsl -ldl -lm -lcrypt -lutil -lc
libc=/lib/libc-2.11.2.so, so=so, useshrplib=false, libperl=libperl.a
gnulibc_version='2.11.2'
Dynamic Linking:
dlsrc=dl_dlopen.xs, dlext=so, d_dlsymun=undef, ccdlflags='-Wl,-E'
cccdlflags='-fPIC', lddlflags='-shared -O2 -L/usr/local/lib -fstack-protector'
Characteristics of this binary (from libperl):
Compile-time options: PERL_DONT_CREATE_GVSV PERL_MALLOC_WRAP
USE_LARGE_FILES USE_PERLIO USE_PERL_ATOF
Built under linux
Compiled at Apr 8 2011 10:25:52
%ENV:
PERL5LIB=""
PERL5OPT=""
PERL5_CPANPLUS_IS_RUNNING="31895"
PERL5_CPAN_IS_RUNNING="31895"
PERL5_CPAN_IS_RUNNING_IN_RECURSION="8435,31895"
PERL_CR_SMOKER_CURRENT="Template-Plugin-Filter-VisualTruncate-0.05"
PERL_EXTUTILS_AUTOINSTALL="--defaultdeps"
PERL_MM_USE_DEFAULT="1"
@INC:
/opt/perls/nothreads/perl-5.12.3/lib/site_perl/5.12.3/armv5tel-linux
/opt/perls/nothreads/perl-5.12.3/lib/site_perl/5.12.3
/opt/perls/nothreads/perl-5.12.3/lib/5.12.3/armv5tel-linux
/opt/perls/nothreads/perl-5.12.3/lib/5.12.3
.