Back
From: metabase:user:6de09b72-6e12-11e5-b7e7-eb4337c3f097
Subject: FAIL HTML-Parser-3.83 5.43.2 FreeBSD
Date: 2025-07-31T23:57:01Z
This distribution has been tested as part of the CPAN Testers
project, supporting the Perl programming language. See
http://wiki.cpantesters.org/ for more information or email
questions to cpan-testers-discuss@perl.org
--
Dear Olaf Alders,
This is a computer-generated report for HTML-Parser-3.83
on perl 5.43.2, created by CPAN-Reporter-1.2020.
Thank you for uploading your work to CPAN. However, there was a problem
testing your distribution.
If you think this report is invalid, please consult the CPAN Testers Wiki
for suggestions on how to avoid getting FAIL reports for missing library
or binary dependencies, unsupported operating systems, and so on:
http://wiki.cpantesters.org/wiki/CPANAuthorNotes
Sections of this report:
* Tester comments
* Program output
* Prerequisites
* Environment and other context
------------------------------
TESTER COMMENTS
------------------------------
Additional comments from tester:
none provided
------------------------------
PROGRAM OUTPUT
------------------------------
Output from '/usr/bin/make test':
"/usr/home/jkeenan/testing/blead/bin/perl" -MExtUtils::Command::MM -e 'cp_nonempty' -- Parser.bs blib/arch/auto/HTML/Parser/Parser.bs 644
PERL_DL_NONLAZY=1 "/usr/home/jkeenan/testing/blead/bin/perl" "-MExtUtils::Command::MM" "-MTest::Harness" "-e" "undef *Test::Harness::Switches; test_harness(0, 'blib/lib', 'blib/arch')" t/*.t
#
# Versions for all modules listed in MYMETA.json (including optional ones):
#
# === Configure Requires ===
#
# Module Want Have
# ------------------- ----- --------
# ExtUtils::MakeMaker 6.52 7.76
# perl 5.008 5.043002
#
# === Configure Suggests ===
#
# Module Want Have
# -------- ------- ----
# JSON::PP 2.27300 4.16
#
# === Build Requires ===
#
# Module Want Have
# ------------------- ---- ----
# ExtUtils::MakeMaker any 7.76
#
# === Test Requires ===
#
# Module Want Have
# ------------------- ----- --------
# Config any 5.043002
# ExtUtils::MakeMaker any 7.76
# File::Spec any 3.94
# IO::File any 1.55
# SelectSaver any 1.02
# Test::More any 1.302214
# URI any 5.32
# perl 5.008 5.043002
# strict any 1.14
#
# === Test Recommends ===
#
# Module Want Have
# ---------- -------- --------
# CPAN::Meta 2.120900 2.150010
#
# === Runtime Requires ===
#
# Module Want Have
# ------------- ----- --------
# Carp any 1.54
# Exporter any 5.79
# HTML::Tagset any 3.24
# HTTP::Headers any 7.00
# IO::File any 1.55
# URI any 5.32
# URI::URL any 5.32
# XSLoader any 0.32
# perl 5.008 5.043002
# strict any 1.14
#
t/00-report-prereqs.t .. ok
Can't load '/usr/home/jkeenan/.cpan/build/HTML-Parser-3.83-2/blib/arch/auto/HTML/Parser/Parser.so' for module HTML::Parser: /usr/home/jkeenan/.cpan/build/HTML-Parser-3.83-2/blib/arch/auto/HTML/Parser/Parser.so: Undefined symbol "uvuni_to_utf8" at /home/jkeenan/testing/blead/lib/perl5/5.43.2/amd64-freebsd-thread-multi/DynaLoader.pm line 206.
at t/api_version.t line 4.
Compilation failed in require at t/api_version.t line 4.
BEGIN failed--compilation aborted at t/api_version.t line 4.
t/api_version.t ........
Dubious, test returned 255 (wstat 65280, 0xff00)
No subtests run
Can't load '/usr/home/jkeenan/.cpan/build/HTML-Parser-3.83-2/blib/arch/auto/HTML/Parser/Parser.so' for module HTML::Parser: /usr/home/jkeenan/.cpan/build/HTML-Parser-3.83-2/blib/arch/auto/HTML/Parser/Parser.so: Undefined symbol "uvuni_to_utf8" at /home/jkeenan/testing/blead/lib/perl5/5.43.2/amd64-freebsd-thread-multi/DynaLoader.pm line 206.
at t/argspec-bad.t line 4.
Compilation failed in require at t/argspec-bad.t line 4.
BEGIN failed--compilation aborted at t/argspec-bad.t line 4.
t/argspec-bad.t ........
Dubious, test returned 255 (wstat 65280, 0xff00)
No subtests run
Can't load '/usr/home/jkeenan/.cpan/build/HTML-Parser-3.83-2/blib/arch/auto/HTML/Parser/Parser.so' for module HTML::Parser: /usr/home/jkeenan/.cpan/build/HTML-Parser-3.83-2/blib/arch/auto/HTML/Parser/Parser.so: Undefined symbol "uvuni_to_utf8" at /home/jkeenan/testing/blead/lib/perl5/5.43.2/amd64-freebsd-thread-multi/DynaLoader.pm line 206.
at t/argspec.t line 4.
Compilation failed in require at t/argspec.t line 4.
BEGIN failed--compilation aborted at t/argspec.t line 4.
t/argspec.t ............
Dubious, test returned 255 (wstat 65280, 0xff00)
No subtests run
Can't load '/usr/home/jkeenan/.cpan/build/HTML-Parser-3.83-2/blib/arch/auto/HTML/Parser/Parser.so' for module HTML::Parser: /usr/home/jkeenan/.cpan/build/HTML-Parser-3.83-2/blib/arch/auto/HTML/Parser/Parser.so: Undefined symbol "uvuni_to_utf8" at /home/jkeenan/testing/blead/lib/perl5/5.43.2/amd64-freebsd-thread-multi/DynaLoader.pm line 206.
at t/argspec2.t line 4.
Compilation failed in require at t/argspec2.t line 4.
BEGIN failed--compilation aborted at t/argspec2.t line 4.
t/argspec2.t ...........
Dubious, test returned 255 (wstat 65280, 0xff00)
No subtests run
Can't load '/usr/home/jkeenan/.cpan/build/HTML-Parser-3.83-2/blib/arch/auto/HTML/Parser/Parser.so' for module HTML::Parser: /usr/home/jkeenan/.cpan/build/HTML-Parser-3.83-2/blib/arch/auto/HTML/Parser/Parser.so: Undefined symbol "uvuni_to_utf8" at /home/jkeenan/testing/blead/lib/perl5/5.43.2/amd64-freebsd-thread-multi/DynaLoader.pm line 206.
at t/attr-encoded.t line 4.
Compilation failed in require at t/attr-encoded.t line 4.
BEGIN failed--compilation aborted at t/attr-encoded.t line 4.
t/attr-encoded.t .......
Dubious, test returned 255 (wstat 65280, 0xff00)
No subtests run
Can't load '/usr/home/jkeenan/.cpan/build/HTML-Parser-3.83-2/blib/arch/auto/HTML/Parser/Parser.so' for module HTML::Parser: /usr/home/jkeenan/.cpan/build/HTML-Parser-3.83-2/blib/arch/auto/HTML/Parser/Parser.so: Undefined symbol "uvuni_to_utf8" at /home/jkeenan/testing/blead/lib/perl5/5.43.2/amd64-freebsd-thread-multi/DynaLoader.pm line 206.
at t/callback.t line 4.
Compilation failed in require at t/callback.t line 4.
BEGIN failed--compilation aborted at t/callback.t line 4.
t/callback.t ...........
Dubious, test returned 255 (wstat 65280, 0xff00)
No subtests run
Can't load '/usr/home/jkeenan/.cpan/build/HTML-Parser-3.83-2/blib/arch/auto/HTML/Parser/Parser.so' for module HTML::Parser: /usr/home/jkeenan/.cpan/build/HTML-Parser-3.83-2/blib/arch/auto/HTML/Parser/Parser.so: Undefined symbol "uvuni_to_utf8" at /home/jkeenan/testing/blead/lib/perl5/5.43.2/amd64-freebsd-thread-multi/DynaLoader.pm line 206.
at t/case-sensitive.t line 4.
Compilation failed in require at t/case-sensitive.t line 4.
BEGIN failed--compilation aborted at t/case-sensitive.t line 4.
t/case-sensitive.t .....
Dubious, test returned 255 (wstat 65280, 0xff00)
No subtests run
Can't load '/usr/home/jkeenan/.cpan/build/HTML-Parser-3.83-2/blib/arch/auto/HTML/Parser/Parser.so' for module HTML::Parser: /usr/home/jkeenan/.cpan/build/HTML-Parser-3.83-2/blib/arch/auto/HTML/Parser/Parser.so: Undefined symbol "uvuni_to_utf8" at /home/jkeenan/testing/blead/lib/perl5/5.43.2/amd64-freebsd-thread-multi/DynaLoader.pm line 206.
at t/cases.t line 5.
Compilation failed in require at t/cases.t line 5.
BEGIN failed--compilation aborted at t/cases.t line 5.
t/cases.t ..............
Dubious, test returned 255 (wstat 65280, 0xff00)
No subtests run
Can't load '/usr/home/jkeenan/.cpan/build/HTML-Parser-3.83-2/blib/arch/auto/HTML/Parser/Parser.so' for module HTML::Parser: /usr/home/jkeenan/.cpan/build/HTML-Parser-3.83-2/blib/arch/auto/HTML/Parser/Parser.so: Undefined symbol "uvuni_to_utf8" at /home/jkeenan/testing/blead/lib/perl5/5.43.2/amd64-freebsd-thread-multi/DynaLoader.pm line 206.
at t/comment.t line 4.
Compilation failed in require at t/comment.t line 4.
BEGIN failed--compilation aborted at t/comment.t line 4.
t/comment.t ............
Dubious, test returned 255 (wstat 65280, 0xff00)
No subtests run
Can't load '/usr/home/jkeenan/.cpan/build/HTML-Parser-3.83-2/blib/arch/auto/HTML/Parser/Parser.so' for module HTML::Parser: /usr/home/jkeenan/.cpan/build/HTML-Parser-3.83-2/blib/arch/auto/HTML/Parser/Parser.so: Undefined symbol "uvuni_to_utf8" at /home/jkeenan/testing/blead/lib/perl5/5.43.2/amd64-freebsd-thread-multi/DynaLoader.pm line 206.
at t/crashme.t line 4.
Compilation failed in require at t/crashme.t line 4.
BEGIN failed--compilation aborted at t/crashme.t line 4.
t/crashme.t ............
Dubious, test returned 255 (wstat 65280, 0xff00)
No subtests run
Can't load '/usr/home/jkeenan/.cpan/build/HTML-Parser-3.83-2/blib/arch/auto/HTML/Parser/Parser.so' for module HTML::Parser: /usr/home/jkeenan/.cpan/build/HTML-Parser-3.83-2/blib/arch/auto/HTML/Parser/Parser.so: Undefined symbol "uvuni_to_utf8" at /home/jkeenan/testing/blead/lib/perl5/5.43.2/amd64-freebsd-thread-multi/DynaLoader.pm line 206.
at t/declaration.t line 4.
Compilation failed in require at t/declaration.t line 4.
BEGIN failed--compilation aborted at t/declaration.t line 4.
t/declaration.t ........
Dubious, test returned 255 (wstat 65280, 0xff00)
No subtests run
Can't load '/usr/home/jkeenan/.cpan/build/HTML-Parser-3.83-2/blib/arch/auto/HTML/Parser/Parser.so' for module HTML::Parser: /usr/home/jkeenan/.cpan/build/HTML-Parser-3.83-2/blib/arch/auto/HTML/Parser/Parser.so: Undefined symbol "uvuni_to_utf8" at /home/jkeenan/testing/blead/lib/perl5/5.43.2/amd64-freebsd-thread-multi/DynaLoader.pm line 206.
at t/default.t line 4.
Compilation failed in require at t/default.t line 4.
BEGIN failed--compilation aborted at t/default.t line 4.
t/default.t ............
Dubious, test returned 255 (wstat 65280, 0xff00)
No subtests run
Can't load '/usr/home/jkeenan/.cpan/build/HTML-Parser-3.83-2/blib/arch/auto/HTML/Parser/Parser.so' for module HTML::Parser: /usr/home/jkeenan/.cpan/build/HTML-Parser-3.83-2/blib/arch/auto/HTML/Parser/Parser.so: Undefined symbol "uvuni_to_utf8" at /home/jkeenan/testing/blead/lib/perl5/5.43.2/amd64-freebsd-thread-multi/DynaLoader.pm line 206.
at t/document.t line 5.
Compilation failed in require at t/document.t line 5.
BEGIN failed--compilation aborted at t/document.t line 5.
t/document.t ...........
Dubious, test returned 255 (wstat 65280, 0xff00)
No subtests run
Can't load '/usr/home/jkeenan/.cpan/build/HTML-Parser-3.83-2/blib/arch/auto/HTML/Parser/Parser.so' for module HTML::Parser: /usr/home/jkeenan/.cpan/build/HTML-Parser-3.83-2/blib/arch/auto/HTML/Parser/Parser.so: Undefined symbol "uvuni_to_utf8" at /home/jkeenan/testing/blead/lib/perl5/5.43.2/amd64-freebsd-thread-multi/DynaLoader.pm line 206.
at t/dtext.t line 5.
Compilation failed in require at t/dtext.t line 5.
BEGIN failed--compilation aborted at t/dtext.t line 5.
t/dtext.t ..............
Dubious, test returned 255 (wstat 65280, 0xff00)
No subtests run
Can't load '/usr/home/jkeenan/.cpan/build/HTML-Parser-3.83-2/blib/arch/auto/HTML/Parser/Parser.so' for module HTML::Parser: /usr/home/jkeenan/.cpan/build/HTML-Parser-3.83-2/blib/arch/auto/HTML/Parser/Parser.so: Undefined symbol "uvuni_to_utf8" at /home/jkeenan/testing/blead/lib/perl5/5.43.2/amd64-freebsd-thread-multi/DynaLoader.pm line 206.
at /usr/home/jkeenan/.cpan/build/HTML-Parser-3.83-2/blib/lib/HTML/Entities.pm line 151.
Compilation failed in require at /usr/home/jkeenan/.cpan/build/HTML-Parser-3.83-2/blib/lib/HTML/Entities.pm line 151.
Compilation failed in require at t/entities.t line 5.
BEGIN failed--compilation aborted at t/entities.t line 5.
t/entities.t ...........
Dubious, test returned 255 (wstat 65280, 0xff00)
No subtests run
Can't load '/usr/home/jkeenan/.cpan/build/HTML-Parser-3.83-2/blib/arch/auto/HTML/Parser/Parser.so' for module HTML::Parser: /usr/home/jkeenan/.cpan/build/HTML-Parser-3.83-2/blib/arch/auto/HTML/Parser/Parser.so: Undefined symbol "uvuni_to_utf8" at /home/jkeenan/testing/blead/lib/perl5/5.43.2/amd64-freebsd-thread-multi/DynaLoader.pm line 206.
at /usr/home/jkeenan/.cpan/build/HTML-Parser-3.83-2/blib/lib/HTML/Entities.pm line 151.
Compilation failed in require at /usr/home/jkeenan/.cpan/build/HTML-Parser-3.83-2/blib/lib/HTML/Entities.pm line 151.
Compilation failed in require at t/entities2.t line 5.
BEGIN failed--compilation aborted at t/entities2.t line 5.
t/entities2.t ..........
Dubious, test returned 255 (wstat 65280, 0xff00)
No subtests run
Can't load '/usr/home/jkeenan/.cpan/build/HTML-Parser-3.83-2/blib/arch/auto/HTML/Parser/Parser.so' for module HTML::Parser: /usr/home/jkeenan/.cpan/build/HTML-Parser-3.83-2/blib/arch/auto/HTML/Parser/Parser.so: Undefined symbol "uvuni_to_utf8" at /home/jkeenan/testing/blead/lib/perl5/5.43.2/amd64-freebsd-thread-multi/DynaLoader.pm line 206.
at t/filter-methods.t line 5.
Compilation failed in require at t/filter-methods.t line 5.
BEGIN failed--compilation aborted at t/filter-methods.t line 5.
t/filter-methods.t .....
Dubious, test returned 255 (wstat 65280, 0xff00)
No subtests run
Can't load '/usr/home/jkeenan/.cpan/build/HTML-Parser-3.83-2/blib/arch/auto/HTML/Parser/Parser.so' for module HTML::Parser: /usr/home/jkeenan/.cpan/build/HTML-Parser-3.83-2/blib/arch/auto/HTML/Parser/Parser.so: Undefined symbol "uvuni_to_utf8" at /home/jkeenan/testing/blead/lib/perl5/5.43.2/amd64-freebsd-thread-multi/DynaLoader.pm line 206.
at /usr/home/jkeenan/.cpan/build/HTML-Parser-3.83-2/blib/lib/HTML/Filter.pm line 5.
Compilation failed in require at /usr/home/jkeenan/.cpan/build/HTML-Parser-3.83-2/blib/lib/HTML/Filter.pm line 5.
Compilation failed in require at t/filter.t line 4.
BEGIN failed--compilation aborted at t/filter.t line 4.
t/filter.t .............
Dubious, test returned 255 (wstat 65280, 0xff00)
No subtests run
Can't load '/usr/home/jkeenan/.cpan/build/HTML-Parser-3.83-2/blib/arch/auto/HTML/Parser/Parser.so' for module HTML::Parser: /usr/home/jkeenan/.cpan/build/HTML-Parser-3.83-2/blib/arch/auto/HTML/Parser/Parser.so: Undefined symbol "uvuni_to_utf8" at /home/jkeenan/testing/blead/lib/perl5/5.43.2/amd64-freebsd-thread-multi/DynaLoader.pm line 206.
at t/free.t line 4.
Compilation failed in require at t/free.t line 4.
BEGIN failed--compilation aborted at t/free.t line 4.
t/free.t ...............
Dubious, test returned 255 (wstat 65280, 0xff00)
No subtests run
Can't load '/usr/home/jkeenan/.cpan/build/HTML-Parser-3.83-2/blib/arch/auto/HTML/Parser/Parser.so' for module HTML::Parser: /usr/home/jkeenan/.cpan/build/HTML-Parser-3.83-2/blib/arch/auto/HTML/Parser/Parser.so: Undefined symbol "uvuni_to_utf8" at /home/jkeenan/testing/blead/lib/perl5/5.43.2/amd64-freebsd-thread-multi/DynaLoader.pm line 206.
at t/handler-eof.t line 4.
Compilation failed in require at t/handler-eof.t line 4.
BEGIN failed--compilation aborted at t/handler-eof.t line 4.
t/handler-eof.t ........
Dubious, test returned 255 (wstat 65280, 0xff00)
No subtests run
Can't load '/usr/home/jkeenan/.cpan/build/HTML-Parser-3.83-2/blib/arch/auto/HTML/Parser/Parser.so' for module HTML::Parser: /usr/home/jkeenan/.cpan/build/HTML-Parser-3.83-2/blib/arch/auto/HTML/Parser/Parser.so: Undefined symbol "uvuni_to_utf8" at /home/jkeenan/testing/blead/lib/perl5/5.43.2/amd64-freebsd-thread-multi/DynaLoader.pm line 206.
at t/handler.t line 4.
Compilation failed in require at t/handler.t line 4.
BEGIN failed--compilation aborted at t/handler.t line 4.
t/handler.t ............
Dubious, test returned 255 (wstat 65280, 0xff00)
No subtests run
Can't load '/usr/home/jkeenan/.cpan/build/HTML-Parser-3.83-2/blib/arch/auto/HTML/Parser/Parser.so' for module HTML::Parser: /usr/home/jkeenan/.cpan/build/HTML-Parser-3.83-2/blib/arch/auto/HTML/Parser/Parser.so: Undefined symbol "uvuni_to_utf8" at /home/jkeenan/testing/blead/lib/perl5/5.43.2/amd64-freebsd-thread-multi/DynaLoader.pm line 206.
at /usr/home/jkeenan/.cpan/build/HTML-Parser-3.83-2/blib/lib/HTML/Entities.pm line 151.
Compilation failed in require at /usr/home/jkeenan/.cpan/build/HTML-Parser-3.83-2/blib/lib/HTML/Entities.pm line 151.
Compilation failed in require at /usr/home/jkeenan/.cpan/build/HTML-Parser-3.83-2/blib/lib/HTML/HeadParser.pm line 89.
BEGIN failed--compilation aborted at /usr/home/jkeenan/.cpan/build/HTML-Parser-3.83-2/blib/lib/HTML/HeadParser.pm line 89.
Compilation failed in require at t/headparser-http.t line 4.
BEGIN failed--compilation aborted at t/headparser-http.t line 4.
t/headparser-http.t ....
Dubious, test returned 255 (wstat 65280, 0xff00)
No subtests run
Can't load '/usr/home/jkeenan/.cpan/build/HTML-Parser-3.83-2/blib/arch/auto/HTML/Parser/Parser.so' for module HTML::Parser: /usr/home/jkeenan/.cpan/build/HTML-Parser-3.83-2/blib/arch/auto/HTML/Parser/Parser.so: Undefined symbol "uvuni_to_utf8" at /home/jkeenan/testing/blead/lib/perl5/5.43.2/amd64-freebsd-thread-multi/DynaLoader.pm line 206.
at /usr/home/jkeenan/.cpan/build/HTML-Parser-3.83-2/blib/lib/HTML/Entities.pm line 151.
Compilation failed in require at /usr/home/jkeenan/.cpan/build/HTML-Parser-3.83-2/blib/lib/HTML/Entities.pm line 151.
Compilation failed in require at /usr/home/jkeenan/.cpan/build/HTML-Parser-3.83-2/blib/lib/HTML/HeadParser.pm line 89.
BEGIN failed--compilation aborted at /usr/home/jkeenan/.cpan/build/HTML-Parser-3.83-2/blib/lib/HTML/HeadParser.pm line 89.
Compilation failed in require at t/headparser.t line 5.
BEGIN failed--compilation aborted at t/headparser.t line 5.
t/headparser.t .........
Dubious, test returned 255 (wstat 65280, 0xff00)
No subtests run
Can't load '/usr/home/jkeenan/.cpan/build/HTML-Parser-3.83-2/blib/arch/auto/HTML/Parser/Parser.so' for module HTML::Parser: /usr/home/jkeenan/.cpan/build/HTML-Parser-3.83-2/blib/arch/auto/HTML/Parser/Parser.so: Undefined symbol "uvuni_to_utf8" at /home/jkeenan/testing/blead/lib/perl5/5.43.2/amd64-freebsd-thread-multi/DynaLoader.pm line 206.
at t/ignore.t line 4.
Compilation failed in require at t/ignore.t line 4.
BEGIN failed--compilation aborted at t/ignore.t line 4.
t/ignore.t .............
Dubious, test returned 255 (wstat 65280, 0xff00)
No subtests run
Can't load '/usr/home/jkeenan/.cpan/build/HTML-Parser-3.83-2/blib/arch/auto/HTML/Parser/Parser.so' for module HTML::Parser: /usr/home/jkeenan/.cpan/build/HTML-Parser-3.83-2/blib/arch/auto/HTML/Parser/Parser.so: Undefined symbol "uvuni_to_utf8" at /home/jkeenan/testing/blead/lib/perl5/5.43.2/amd64-freebsd-thread-multi/DynaLoader.pm line 206.
at t/largetags.t line 4.
Compilation failed in require at t/largetags.t line 4.
BEGIN failed--compilation aborted at t/largetags.t line 4.
t/largetags.t ..........
Dubious, test returned 255 (wstat 65280, 0xff00)
No subtests run
Can't load '/usr/home/jkeenan/.cpan/build/HTML-Parser-3.83-2/blib/arch/auto/HTML/Parser/Parser.so' for module HTML::Parser: /usr/home/jkeenan/.cpan/build/HTML-Parser-3.83-2/blib/arch/auto/HTML/Parser/Parser.so: Undefined symbol "uvuni_to_utf8" at /home/jkeenan/testing/blead/lib/perl5/5.43.2/amd64-freebsd-thread-multi/DynaLoader.pm line 206.
at /usr/home/jkeenan/.cpan/build/HTML-Parser-3.83-2/blib/lib/HTML/LinkExtor.pm line 3.
Compilation failed in require at /usr/home/jkeenan/.cpan/build/HTML-Parser-3.83-2/blib/lib/HTML/LinkExtor.pm line 3.
Compilation failed in require at t/linkextor-base.t line 4.
BEGIN failed--compilation aborted at t/linkextor-base.t line 4.
t/linkextor-base.t .....
Dubious, test returned 255 (wstat 65280, 0xff00)
No subtests run
Can't load '/usr/home/jkeenan/.cpan/build/HTML-Parser-3.83-2/blib/arch/auto/HTML/Parser/Parser.so' for module HTML::Parser: /usr/home/jkeenan/.cpan/build/HTML-Parser-3.83-2/blib/arch/auto/HTML/Parser/Parser.so: Undefined symbol "uvuni_to_utf8" at /home/jkeenan/testing/blead/lib/perl5/5.43.2/amd64-freebsd-thread-multi/DynaLoader.pm line 206.
at /usr/home/jkeenan/.cpan/build/HTML-Parser-3.83-2/blib/lib/HTML/LinkExtor.pm line 3.
Compilation failed in require at /usr/home/jkeenan/.cpan/build/HTML-Parser-3.83-2/blib/lib/HTML/LinkExtor.pm line 3.
Compilation failed in require at t/linkextor-rel.t line 4.
BEGIN failed--compilation aborted at t/linkextor-rel.t line 4.
t/linkextor-rel.t ......
Dubious, test returned 255 (wstat 65280, 0xff00)
No subtests run
Can't load '/usr/home/jkeenan/.cpan/build/HTML-Parser-3.83-2/blib/arch/auto/HTML/Parser/Parser.so' for module HTML::Parser: /usr/home/jkeenan/.cpan/build/HTML-Parser-3.83-2/blib/arch/auto/HTML/Parser/Parser.so: Undefined symbol "uvuni_to_utf8" at /home/jkeenan/testing/blead/lib/perl5/5.43.2/amd64-freebsd-thread-multi/DynaLoader.pm line 206.
at t/magic.t line 4.
Compilation failed in require at t/magic.t line 4.
BEGIN failed--compilation aborted at t/magic.t line 4.
t/magic.t ..............
Dubious, test returned 255 (wstat 65280, 0xff00)
No subtests run
Can't load '/usr/home/jkeenan/.cpan/build/HTML-Parser-3.83-2/blib/arch/auto/HTML/Parser/Parser.so' for module HTML::Parser: /usr/home/jkeenan/.cpan/build/HTML-Parser-3.83-2/blib/arch/auto/HTML/Parser/Parser.so: Undefined symbol "uvuni_to_utf8" at /home/jkeenan/testing/blead/lib/perl5/5.43.2/amd64-freebsd-thread-multi/DynaLoader.pm line 206.
at t/marked-sect.t line 5.
Compilation failed in require at t/marked-sect.t line 5.
BEGIN failed--compilation aborted at t/marked-sect.t line 5.
t/marked-sect.t ........
Dubious, test returned 255 (wstat 65280, 0xff00)
No subtests run
Can't load '/usr/home/jkeenan/.cpan/build/HTML-Parser-3.83-2/blib/arch/auto/HTML/Parser/Parser.so' for module HTML::Parser: /usr/home/jkeenan/.cpan/build/HTML-Parser-3.83-2/blib/arch/auto/HTML/Parser/Parser.so: Undefined symbol "uvuni_to_utf8" at /home/jkeenan/testing/blead/lib/perl5/5.43.2/amd64-freebsd-thread-multi/DynaLoader.pm line 206.
at t/msie-compat.t line 4.
Compilation failed in require at t/msie-compat.t line 4.
BEGIN failed--compilation aborted at t/msie-compat.t line 4.
t/msie-compat.t ........
Dubious, test returned 255 (wstat 65280, 0xff00)
No subtests run
Can't load '/usr/home/jkeenan/.cpan/build/HTML-Parser-3.83-2/blib/arch/auto/HTML/Parser/Parser.so' for module HTML::Parser: /usr/home/jkeenan/.cpan/build/HTML-Parser-3.83-2/blib/arch/auto/HTML/Parser/Parser.so: Undefined symbol "uvuni_to_utf8" at /home/jkeenan/testing/blead/lib/perl5/5.43.2/amd64-freebsd-thread-multi/DynaLoader.pm line 206.
at t/offset.t line 4.
Compilation failed in require at t/offset.t line 4.
BEGIN failed--compilation aborted at t/offset.t line 4.
t/offset.t .............
Dubious, test returned 255 (wstat 65280, 0xff00)
No subtests run
Can't load '/usr/home/jkeenan/.cpan/build/HTML-Parser-3.83-2/blib/arch/auto/HTML/Parser/Parser.so' for module HTML::Parser: /usr/home/jkeenan/.cpan/build/HTML-Parser-3.83-2/blib/arch/auto/HTML/Parser/Parser.so: Undefined symbol "uvuni_to_utf8" at /home/jkeenan/testing/blead/lib/perl5/5.43.2/amd64-freebsd-thread-multi/DynaLoader.pm line 206.
at t/options.t line 5.
Compilation failed in require at t/options.t line 5.
BEGIN failed--compilation aborted at t/options.t line 5.
t/options.t ............
Dubious, test returned 255 (wstat 65280, 0xff00)
No subtests run
Can't load '/usr/home/jkeenan/.cpan/build/HTML-Parser-3.83-2/blib/arch/auto/HTML/Parser/Parser.so' for module HTML::Parser: /usr/home/jkeenan/.cpan/build/HTML-Parser-3.83-2/blib/arch/auto/HTML/Parser/Parser.so: Undefined symbol "uvuni_to_utf8" at /home/jkeenan/testing/blead/lib/perl5/5.43.2/amd64-freebsd-thread-multi/DynaLoader.pm line 206.
at t/parsefile.t line 4.
Compilation failed in require at t/parsefile.t line 4.
BEGIN failed--compilation aborted at t/parsefile.t line 4.
t/parsefile.t ..........
Dubious, test returned 255 (wstat 65280, 0xff00)
No subtests run
Can't load '/usr/home/jkeenan/.cpan/build/HTML-Parser-3.83-2/blib/arch/auto/HTML/Parser/Parser.so' for module HTML::Parser: /usr/home/jkeenan/.cpan/build/HTML-Parser-3.83-2/blib/arch/auto/HTML/Parser/Parser.so: Undefined symbol "uvuni_to_utf8" at /home/jkeenan/testing/blead/lib/perl5/5.43.2/amd64-freebsd-thread-multi/DynaLoader.pm line 206.
at t/parser.t line 5.
Compilation failed in require at t/parser.t line 5.
BEGIN failed--compilation aborted at t/parser.t line 5.
t/parser.t .............
Dubious, test returned 255 (wstat 65280, 0xff00)
No subtests run
Can't load '/usr/home/jkeenan/.cpan/build/HTML-Parser-3.83-2/blib/arch/auto/HTML/Parser/Parser.so' for module HTML::Parser: /usr/home/jkeenan/.cpan/build/HTML-Parser-3.83-2/blib/arch/auto/HTML/Parser/Parser.so: Undefined symbol "uvuni_to_utf8" at /home/jkeenan/testing/blead/lib/perl5/5.43.2/amd64-freebsd-thread-multi/DynaLoader.pm line 206.
at t/plaintext.t line 4.
Compilation failed in require at t/plaintext.t line 4.
BEGIN failed--compilation aborted at t/plaintext.t line 4.
t/plaintext.t ..........
Dubious, test returned 255 (wstat 65280, 0xff00)
No subtests run
Can't load '/usr/home/jkeenan/.cpan/build/HTML-Parser-3.83-2/blib/arch/auto/HTML/Parser/Parser.so' for module HTML::Parser: /usr/home/jkeenan/.cpan/build/HTML-Parser-3.83-2/blib/arch/auto/HTML/Parser/Parser.so: Undefined symbol "uvuni_to_utf8" at /home/jkeenan/testing/blead/lib/perl5/5.43.2/amd64-freebsd-thread-multi/DynaLoader.pm line 206.
at t/process.t line 4.
Compilation failed in require at t/process.t line 4.
BEGIN failed--compilation aborted at t/process.t line 4.
t/process.t ............
Dubious, test returned 255 (wstat 65280, 0xff00)
No subtests run
Can't load '/usr/home/jkeenan/.cpan/build/HTML-Parser-3.83-2/blib/arch/auto/HTML/Parser/Parser.so' for module HTML::Parser: /usr/home/jkeenan/.cpan/build/HTML-Parser-3.83-2/blib/arch/auto/HTML/Parser/Parser.so: Undefined symbol "uvuni_to_utf8" at /home/jkeenan/testing/blead/lib/perl5/5.43.2/amd64-freebsd-thread-multi/DynaLoader.pm line 206.
at /usr/home/jkeenan/.cpan/build/HTML-Parser-3.83-2/blib/lib/HTML/PullParser.pm line 5.
Compilation failed in require at /usr/home/jkeenan/.cpan/build/HTML-Parser-3.83-2/blib/lib/HTML/PullParser.pm line 5.
Compilation failed in require at t/pullparser.t line 4.
BEGIN failed--compilation aborted at t/pullparser.t line 4.
t/pullparser.t .........
Dubious, test returned 2 (wstat 512, 0x200)
No subtests run
Can't load '/usr/home/jkeenan/.cpan/build/HTML-Parser-3.83-2/blib/arch/auto/HTML/Parser/Parser.so' for module HTML::Parser: /usr/home/jkeenan/.cpan/build/HTML-Parser-3.83-2/blib/arch/auto/HTML/Parser/Parser.so: Undefined symbol "uvuni_to_utf8" at /home/jkeenan/testing/blead/lib/perl5/5.43.2/amd64-freebsd-thread-multi/DynaLoader.pm line 206.
at t/script.t line 4.
Compilation failed in require at t/script.t line 4.
BEGIN failed--compilation aborted at t/script.t line 4.
t/script.t .............
Dubious, test returned 255 (wstat 65280, 0xff00)
No subtests run
Can't load '/usr/home/jkeenan/.cpan/build/HTML-Parser-3.83-2/blib/arch/auto/HTML/Parser/Parser.so' for module HTML::Parser: /usr/home/jkeenan/.cpan/build/HTML-Parser-3.83-2/blib/arch/auto/HTML/Parser/Parser.so: Undefined symbol "uvuni_to_utf8" at /home/jkeenan/testing/blead/lib/perl5/5.43.2/amd64-freebsd-thread-multi/DynaLoader.pm line 206.
at t/skipped-text.t line 4.
Compilation failed in require at t/skipped-text.t line 4.
BEGIN failed--compilation aborted at t/skipped-text.t line 4.
# Looks like your test exited with 2 before it could output anything.
t/skipped-text.t .......
Dubious, test returned 2 (wstat 512, 0x200)
Failed 4/4 subtests
Can't load '/usr/home/jkeenan/.cpan/build/HTML-Parser-3.83-2/blib/arch/auto/HTML/Parser/Parser.so' for module HTML::Parser: /usr/home/jkeenan/.cpan/build/HTML-Parser-3.83-2/blib/arch/auto/HTML/Parser/Parser.so: Undefined symbol "uvuni_to_utf8" at /home/jkeenan/testing/blead/lib/perl5/5.43.2/amd64-freebsd-thread-multi/DynaLoader.pm line 206.
at t/stack-realloc-eof.t line 4.
Compilation failed in require at t/stack-realloc-eof.t line 4.
BEGIN failed--compilation aborted at t/stack-realloc-eof.t line 4.
t/stack-realloc-eof.t ..
Dubious, test returned 255 (wstat 65280, 0xff00)
No subtests run
Can't load '/usr/home/jkeenan/.cpan/build/HTML-Parser-3.83-2/blib/arch/auto/HTML/Parser/Parser.so' for module HTML::Parser: /usr/home/jkeenan/.cpan/build/HTML-Parser-3.83-2/blib/arch/auto/HTML/Parser/Parser.so: Undefined symbol "uvuni_to_utf8" at /home/jkeenan/testing/blead/lib/perl5/5.43.2/amd64-freebsd-thread-multi/DynaLoader.pm line 206.
at t/stack-realloc.t line 4.
Compilation failed in require at t/stack-realloc.t line 4.
BEGIN failed--compilation aborted at t/stack-realloc.t line 4.
t/stack-realloc.t ......
Dubious, test returned 255 (wstat 65280, 0xff00)
No subtests run
Can't load '/usr/home/jkeenan/.cpan/build/HTML-Parser-3.83-2/blib/arch/auto/HTML/Parser/Parser.so' for module HTML::Parser: /usr/home/jkeenan/.cpan/build/HTML-Parser-3.83-2/blib/arch/auto/HTML/Parser/Parser.so: Undefined symbol "uvuni_to_utf8" at /home/jkeenan/testing/blead/lib/perl5/5.43.2/amd64-freebsd-thread-multi/DynaLoader.pm line 206.
at t/textarea.t line 4.
Compilation failed in require at t/textarea.t line 4.
BEGIN failed--compilation aborted at t/textarea.t line 4.
t/textarea.t ...........
Dubious, test returned 255 (wstat 65280, 0xff00)
No subtests run
Can't load '/usr/home/jkeenan/.cpan/build/HTML-Parser-3.83-2/blib/arch/auto/HTML/Parser/Parser.so' for module HTML::Parser: /usr/home/jkeenan/.cpan/build/HTML-Parser-3.83-2/blib/arch/auto/HTML/Parser/Parser.so: Undefined symbol "uvuni_to_utf8" at /home/jkeenan/testing/blead/lib/perl5/5.43.2/amd64-freebsd-thread-multi/DynaLoader.pm line 206.
at t/threads.t line 5.
Compilation failed in require at t/threads.t line 5.
BEGIN failed--compilation aborted at t/threads.t line 5.
t/threads.t ............
Dubious, test returned 255 (wstat 65280, 0xff00)
No subtests run
Can't load '/usr/home/jkeenan/.cpan/build/HTML-Parser-3.83-2/blib/arch/auto/HTML/Parser/Parser.so' for module HTML::Parser: /usr/home/jkeenan/.cpan/build/HTML-Parser-3.83-2/blib/arch/auto/HTML/Parser/Parser.so: Undefined symbol "uvuni_to_utf8" at /home/jkeenan/testing/blead/lib/perl5/5.43.2/amd64-freebsd-thread-multi/DynaLoader.pm line 206.
at /usr/home/jkeenan/.cpan/build/HTML-Parser-3.83-2/blib/lib/HTML/Entities.pm line 151.
Compilation failed in require at /usr/home/jkeenan/.cpan/build/HTML-Parser-3.83-2/blib/lib/HTML/Entities.pm line 151.
Compilation failed in require at /usr/home/jkeenan/.cpan/build/HTML-Parser-3.83-2/blib/lib/HTML/TokeParser.pm line 10.
BEGIN failed--compilation aborted at /usr/home/jkeenan/.cpan/build/HTML-Parser-3.83-2/blib/lib/HTML/TokeParser.pm line 10.
Compilation failed in require at t/tokeparser.t line 4.
BEGIN failed--compilation aborted at t/tokeparser.t line 4.
t/tokeparser.t .........
Dubious, test returned 2 (wstat 512, 0x200)
No subtests run
Can't load '/usr/home/jkeenan/.cpan/build/HTML-Parser-3.83-2/blib/arch/auto/HTML/Parser/Parser.so' for module HTML::Parser: /usr/home/jkeenan/.cpan/build/HTML-Parser-3.83-2/blib/arch/auto/HTML/Parser/Parser.so: Undefined symbol "uvuni_to_utf8" at /home/jkeenan/testing/blead/lib/perl5/5.43.2/amd64-freebsd-thread-multi/DynaLoader.pm line 206.
at /usr/home/jkeenan/.cpan/build/HTML-Parser-3.83-2/blib/lib/HTML/Entities.pm line 151.
Compilation failed in require at /usr/home/jkeenan/.cpan/build/HTML-Parser-3.83-2/blib/lib/HTML/Entities.pm line 151.
Compilation failed in require at t/uentities.t line 5.
BEGIN failed--compilation aborted at t/uentities.t line 5.
t/uentities.t ..........
Dubious, test returned 255 (wstat 65280, 0xff00)
No subtests run
Can't load '/usr/home/jkeenan/.cpan/build/HTML-Parser-3.83-2/blib/arch/auto/HTML/Parser/Parser.so' for module HTML::Parser: /usr/home/jkeenan/.cpan/build/HTML-Parser-3.83-2/blib/arch/auto/HTML/Parser/Parser.so: Undefined symbol "uvuni_to_utf8" at /home/jkeenan/testing/blead/lib/perl5/5.43.2/amd64-freebsd-thread-multi/DynaLoader.pm line 206.
at t/unbroken-text.t line 4.
Compilation failed in require at t/unbroken-text.t line 4.
BEGIN failed--compilation aborted at t/unbroken-text.t line 4.
t/unbroken-text.t ......
Dubious, test returned 255 (wstat 65280, 0xff00)
No subtests run
Can't load '/usr/home/jkeenan/.cpan/build/HTML-Parser-3.83-2/blib/arch/auto/HTML/Parser/Parser.so' for module HTML::Parser: /usr/home/jkeenan/.cpan/build/HTML-Parser-3.83-2/blib/arch/auto/HTML/Parser/Parser.so: Undefined symbol "uvuni_to_utf8" at /home/jkeenan/testing/blead/lib/perl5/5.43.2/amd64-freebsd-thread-multi/DynaLoader.pm line 206.
at t/unicode-bom.t line 7.
Compilation failed in require at t/unicode-bom.t line 7.
BEGIN failed--compilation aborted at t/unicode-bom.t line 7.
t/unicode-bom.t ........
Dubious, test returned 255 (wstat 65280, 0xff00)
No subtests run
Can't load '/usr/home/jkeenan/.cpan/build/HTML-Parser-3.83-2/blib/arch/auto/HTML/Parser/Parser.so' for module HTML::Parser: /usr/home/jkeenan/.cpan/build/HTML-Parser-3.83-2/blib/arch/auto/HTML/Parser/Parser.so: Undefined symbol "uvuni_to_utf8" at /home/jkeenan/testing/blead/lib/perl5/5.43.2/amd64-freebsd-thread-multi/DynaLoader.pm line 206.
at t/unicode.t line 7.
Compilation failed in require at t/unicode.t line 7.
BEGIN failed--compilation aborted at t/unicode.t line 7.
t/unicode.t ............
Dubious, test returned 255 (wstat 65280, 0xff00)
No subtests run
Can't load '/usr/home/jkeenan/.cpan/build/HTML-Parser-3.83-2/blib/arch/auto/HTML/Parser/Parser.so' for module HTML::Parser: /usr/home/jkeenan/.cpan/build/HTML-Parser-3.83-2/blib/arch/auto/HTML/Parser/Parser.so: Undefined symbol "uvuni_to_utf8" at /home/jkeenan/testing/blead/lib/perl5/5.43.2/amd64-freebsd-thread-multi/DynaLoader.pm line 206.
at t/xml-mode.t line 4.
Compilation failed in require at t/xml-mode.t line 4.
BEGIN failed--compilation aborted at t/xml-mode.t line 4.
t/xml-mode.t ...........
Dubious, test returned 255 (wstat 65280, 0xff00)
No subtests run
Test Summary Report
-------------------
t/api_version.t (Wstat: 65280 (exited 255) Tests: 0 Failed: 0)
Non-zero exit status: 255
Parse errors: No plan found in TAP output
t/argspec-bad.t (Wstat: 65280 (exited 255) Tests: 0 Failed: 0)
Non-zero exit status: 255
Parse errors: No plan found in TAP output
t/argspec.t (Wstat: 65280 (exited 255) Tests: 0 Failed: 0)
Non-zero exit status: 255
Parse errors: No plan found in TAP output
t/argspec2.t (Wstat: 65280 (exited 255) Tests: 0 Failed: 0)
Non-zero exit status: 255
Parse errors: No plan found in TAP output
t/attr-encoded.t (Wstat: 65280 (exited 255) Tests: 0 Failed: 0)
Non-zero exit status: 255
Parse errors: No plan found in TAP output
t/callback.t (Wstat: 65280 (exited 255) Tests: 0 Failed: 0)
Non-zero exit status: 255
Parse errors: No plan found in TAP output
t/case-sensitive.t (Wstat: 65280 (exited 255) Tests: 0 Failed: 0)
Non-zero exit status: 255
Parse errors: No plan found in TAP output
t/cases.t (Wstat: 65280 (exited 255) Tests: 0 Failed: 0)
Non-zero exit status: 255
Parse errors: No plan found in TAP output
t/comment.t (Wstat: 65280 (exited 255) Tests: 0 Failed: 0)
Non-zero exit status: 255
Parse errors: No plan found in TAP output
t/crashme.t (Wstat: 65280 (exited 255) Tests: 0 Failed: 0)
Non-zero exit status: 255
Parse errors: No plan found in TAP output
t/declaration.t (Wstat: 65280 (exited 255) Tests: 0 Failed: 0)
Non-zero exit status: 255
Parse errors: No plan found in TAP output
t/default.t (Wstat: 65280 (exited 255) Tests: 0 Failed: 0)
Non-zero exit status: 255
Parse errors: No plan found in TAP output
t/document.t (Wstat: 65280 (exited 255) Tests: 0 Failed: 0)
Non-zero exit status: 255
Parse errors: No plan found in TAP output
t/dtext.t (Wstat: 65280 (exited 255) Tests: 0 Failed: 0)
Non-zero exit status: 255
Parse errors: No plan found in TAP output
t/entities.t (Wstat: 65280 (exited 255) Tests: 0 Failed: 0)
Non-zero exit status: 255
Parse errors: No plan found in TAP output
t/entities2.t (Wstat: 65280 (exited 255) Tests: 0 Failed: 0)
Non-zero exit status: 255
Parse errors: No plan found in TAP output
t/filter-methods.t (Wstat: 65280 (exited 255) Tests: 0 Failed: 0)
Non-zero exit status: 255
Parse errors: No plan found in TAP output
t/filter.t (Wstat: 65280 (exited 255) Tests: 0 Failed: 0)
Non-zero exit status: 255
Parse errors: No plan found in TAP output
t/free.t (Wstat: 65280 (exited 255) Tests: 0 Failed: 0)
Non-zero exit status: 255
Parse errors: No plan found in TAP output
t/handler-eof.t (Wstat: 65280 (exited 255) Tests: 0 Failed: 0)
Non-zero exit status: 255
Parse errors: No plan found in TAP output
t/handler.t (Wstat: 65280 (exited 255) Tests: 0 Failed: 0)
Non-zero exit status: 255
Parse errors: No plan found in TAP output
t/headparser-http.t (Wstat: 65280 (exited 255) Tests: 0 Failed: 0)
Non-zero exit status: 255
Parse errors: No plan found in TAP output
t/headparser.t (Wstat: 65280 (exited 255) Tests: 0 Failed: 0)
Non-zero exit status: 255
Parse errors: No plan found in TAP output
t/ignore.t (Wstat: 65280 (exited 255) Tests: 0 Failed: 0)
Non-zero exit status: 255
Parse errors: No plan found in TAP output
t/largetags.t (Wstat: 65280 (exited 255) Tests: 0 Failed: 0)
Non-zero exit status: 255
Parse errors: No plan found in TAP output
t/linkextor-base.t (Wstat: 65280 (exited 255) Tests: 0 Failed: 0)
Non-zero exit status: 255
Parse errors: No plan found in TAP output
t/linkextor-rel.t (Wstat: 65280 (exited 255) Tests: 0 Failed: 0)
Non-zero exit status: 255
Parse errors: No plan found in TAP output
t/magic.t (Wstat: 65280 (exited 255) Tests: 0 Failed: 0)
Non-zero exit status: 255
Parse errors: No plan found in TAP output
t/marked-sect.t (Wstat: 65280 (exited 255) Tests: 0 Failed: 0)
Non-zero exit status: 255
Parse errors: No plan found in TAP output
t/msie-compat.t (Wstat: 65280 (exited 255) Tests: 0 Failed: 0)
Non-zero exit status: 255
Parse errors: No plan found in TAP output
t/offset.t (Wstat: 65280 (exited 255) Tests: 0 Failed: 0)
Non-zero exit status: 255
Parse errors: No plan found in TAP output
t/options.t (Wstat: 65280 (exited 255) Tests: 0 Failed: 0)
Non-zero exit status: 255
Parse errors: No plan found in TAP output
t/parsefile.t (Wstat: 65280 (exited 255) Tests: 0 Failed: 0)
Non-zero exit status: 255
Parse errors: No plan found in TAP output
t/parser.t (Wstat: 65280 (exited 255) Tests: 0 Failed: 0)
Non-zero exit status: 255
Parse errors: No plan found in TAP output
t/plaintext.t (Wstat: 65280 (exited 255) Tests: 0 Failed: 0)
Non-zero exit status: 255
Parse errors: No plan found in TAP output
t/process.t (Wstat: 65280 (exited 255) Tests: 0 Failed: 0)
Non-zero exit status: 255
Parse errors: No plan found in TAP output
t/pullparser.t (Wstat: 512 (exited 2) Tests: 0 Failed: 0)
Non-zero exit status: 2
Parse errors: No plan found in TAP output
t/script.t (Wstat: 65280 (exited 255) Tests: 0 Failed: 0)
Non-zero exit status: 255
Parse errors: No plan found in TAP output
t/skipped-text.t (Wstat: 512 (exited 2) Tests: 0 Failed: 0)
Non-zero exit status: 2
Parse errors: Bad plan. You planned 4 tests but ran 0.
t/stack-realloc-eof.t (Wstat: 65280 (exited 255) Tests: 0 Failed: 0)
Non-zero exit status: 255
Parse errors: No plan found in TAP output
t/stack-realloc.t (Wstat: 65280 (exited 255) Tests: 0 Failed: 0)
Non-zero exit status: 255
Parse errors: No plan found in TAP output
t/textarea.t (Wstat: 65280 (exited 255) Tests: 0 Failed: 0)
Non-zero exit status: 255
Parse errors: No plan found in TAP output
t/threads.t (Wstat: 65280 (exited 255) Tests: 0 Failed: 0)
Non-zero exit status: 255
Parse errors: No plan found in TAP output
t/tokeparser.t (Wstat: 512 (exited 2) Tests: 0 Failed: 0)
Non-zero exit status: 2
Parse errors: No plan found in TAP output
t/uentities.t (Wstat: 65280 (exited 255) Tests: 0 Failed: 0)
Non-zero exit status: 255
Parse errors: No plan found in TAP output
t/unbroken-text.t (Wstat: 65280 (exited 255) Tests: 0 Failed: 0)
Non-zero exit status: 255
Parse errors: No plan found in TAP output
t/unicode-bom.t (Wstat: 65280 (exited 255) Tests: 0 Failed: 0)
Non-zero exit status: 255
Parse errors: No plan found in TAP output
t/unicode.t (Wstat: 65280 (exited 255) Tests: 0 Failed: 0)
Non-zero exit status: 255
Parse errors: No plan found in TAP output
t/xml-mode.t (Wstat: 65280 (exited 255) Tests: 0 Failed: 0)
Non-zero exit status: 255
Parse errors: No plan found in TAP output
Files=50, Tests=1, 2 wallclock secs ( 0.09 usr 0.09 sys + 1.53 cusr 0.29 csys = 2.01 CPU)
Result: FAIL
Failed 49/50 test programs. 0/1 subtests failed.
*** Error code 255
Stop.
make: stopped in /usr/home/jkeenan/.cpan/build/HTML-Parser-3.83-2
------------------------------
PREREQUISITES
------------------------------
Prerequisite modules loaded:
requires:
Module Need Have
------------------- ----- --------
Carp 0 1.54
Exporter 0 5.79
HTML::Tagset 0 3.24
HTTP::Headers 0 7.00
IO::File 0 1.55
strict 0 1.14
URI 0 5.32
URI::URL 0 5.32
XSLoader 0 0.32
build_requires:
Module Need Have
------------------- ----- --------
Config 0 5.043002
ExtUtils::MakeMaker 0 7.76
File::Spec 0 3.94
IO::File 0 1.55
SelectSaver 0 1.02
strict 0 1.14
Test::More 0 1.302214
URI 0 5.32
configure_requires:
Module Need Have
------------------- ----- --------
ExtUtils::MakeMaker 6.52 7.76
perl 5.008 5.043002
------------------------------
ENVIRONMENT AND OTHER CONTEXT
------------------------------
Environment variables:
LANG = C.UTF-8
NONINTERACTIVE_TESTING = 1
P7_TEST_REPORTS_DIR = /home/jkeenan/learn/perl/p5p/core-p7/alpha/test-reports
PATH = /sbin:/bin:/usr/sbin:/usr/bin:/usr/local/sbin:/usr/local/bin:/home/jkeenan/bin:/home/jkeenan/bin/perl:/home/jkeenan/bin/shell:/home/jkeenan/gitwork/metaconfig/bin
PERL2DIR = /home/jkeenan/gitwork/perl2
PERL5LIB =
PERL5OPT =
PERL5_CPANPLUS_IS_RUNNING = 59463
PERL5_CPAN_IS_RUNNING = 59463
PERL_MM_USE_DEFAULT = 1
PERL_USE_UNSAFE_INC = 1
PERL_WORKDIR = /home/jkeenan/gitwork/perl
SHELL = /bin/sh
TERM = xterm-256color
Perl special variables (and OS-specific diagnostics, for MSWin32):
$^X = /usr/home/jkeenan/testing/blead/bin/perl
$UID/$EUID = 1002 / 1002
$GID = 1002 1002 0 5 920 1003
$EGID = 1002 1002 0 5 920 1003
Perl module toolchain versions installed:
Module Have
------------------- --------
CPAN 2.38
CPAN::Meta 2.150010
Cwd 3.94
ExtUtils::CBuilder 0.280242
ExtUtils::Command 7.76
ExtUtils::Install 2.22
ExtUtils::MakeMaker 7.76
ExtUtils::Manifest 1.75
ExtUtils::ParseXS 3.58
File::Spec 3.94
JSON n/a
JSON::PP 4.16
Module::Build 0.4234
Module::Signature n/a
Parse::CPAN::Meta 2.150010
Test2 1.302214
Test::Harness 3.52
Test::More 1.302214
YAML n/a
YAML::Syck n/a
version 0.9933
--
Summary of my perl5 (revision 5 version 43 subversion 2) configuration:
Commit id: 12769b2295543b4f2d31557270ba085c34f10a10
Platform:
osname=freebsd
osvers=14.2-release-p1
archname=amd64-freebsd-thread-multi
uname='freebsd perlmonger.nycbug.org 14.2-release-p1 freebsd 14.2-release-p1 generic amd64 '
config_args='-des -Dusedevel -Uversiononly -Dprefix=/home/jkeenan/testing/blead -Dman1dir=none -Dman3dir=none -Duseithreads -Doptimize=-O2 -pipe -fstack-protector -fno-strict-aliasing'
hint=recommended
useposix=true
d_sigaction=define
useithreads=define
usemultiplicity=define
use64bitint=define
use64bitall=define
uselongdouble=undef
usemymalloc=n
default_inc_excludes_dot=define
Compiler:
cc='cc'
ccflags ='-DHAS_FPSETMASK -DHAS_FLOATINGPOINT_H -DNO_POSIX_2008_LOCALE -fno-strict-aliasing -pipe -fstack-protector-strong -I/usr/local/include'
optimize='-O2 -pipe -fstack-protector -fno-strict-aliasing'
cppflags='-DHAS_FPSETMASK -DHAS_FLOATINGPOINT_H -DNO_POSIX_2008_LOCALE -fno-strict-aliasing -pipe -fstack-protector-strong -I/usr/local/include'
ccversion=''
gccversion='FreeBSD Clang 18.1.6 (https://github.com/llvm/llvm-project.git llvmorg-18.1.6-0-g1118c2e05e67)'
gccosandvers=''
intsize=4
longsize=8
ptrsize=8
doublesize=8
byteorder=12345678
doublekind=3
d_longlong=define
longlongsize=8
d_longdbl=define
longdblsize=16
longdblkind=3
ivtype='long'
ivsize=8
nvtype='double'
nvsize=8
Off_t='off_t'
lseeksize=8
alignbytes=8
prototype=define
Linker and Libraries:
ld='cc'
ldflags ='-pthread -Wl,-E -fstack-protector-strong -L/usr/local/lib'
libpth=/usr/lib /usr/local/lib /usr/lib/clang/18/lib
libs=-lpthread -lgdbm -ldl -lm -lcrypt -lutil
perllibs=-lpthread -ldl -lm -lcrypt -lutil
libc=
so=so
useshrplib=false
libperl=libperl.a
gnulibc_version=''
Dynamic Linking:
dlsrc=dl_dlopen.xs
dlext=so
d_dlsymun=undef
ccdlflags=' '
cccdlflags='-DPIC -fPIC'
lddlflags='-shared -L/usr/local/lib -fstack-protector-strong'
Characteristics of this binary (from libperl):
Compile-time options:
HAS_LONG_DOUBLE
HAS_STRTOLD
HAS_TIMES
MULTIPLICITY
PERLIO_LAYERS
PERL_COPY_ON_WRITE
PERL_DONT_CREATE_GVSV
PERL_HASH_FUNC_SIPHASH13
PERL_HASH_USE_SBOX32
PERL_MALLOC_WRAP
PERL_OP_PARENT
PERL_PRESERVE_IVUV
PERL_USE_DEVEL
PERL_USE_SAFE_PUTENV
USE_64_BIT_ALL
USE_64_BIT_INT
USE_ITHREADS
USE_LARGE_FILES
USE_LOCALE
USE_LOCALE_COLLATE
USE_LOCALE_CTYPE
USE_LOCALE_NUMERIC
USE_LOCALE_TIME
USE_PERLIO
USE_PERL_ATOF
USE_REENTRANT_API
Built under freebsd
Compiled at Jul 31 2025 13:17:03
%ENV:
PERL2DIR="/home/jkeenan/gitwork/perl2"
PERL5LIB=""
PERL5OPT=""
PERL5_CPANPLUS_IS_RUNNING="59463"
PERL5_CPAN_IS_RUNNING="59463"
PERL_MM_USE_DEFAULT="1"
PERL_USE_UNSAFE_INC="1"
PERL_WORKDIR="/home/jkeenan/gitwork/perl"
@INC:
/home/jkeenan/testing/blead/lib/perl5/site_perl/5.43.2/amd64-freebsd-thread-multi
/home/jkeenan/testing/blead/lib/perl5/site_perl/5.43.2
/home/jkeenan/testing/blead/lib/perl5/5.43.2/amd64-freebsd-thread-multi
/home/jkeenan/testing/blead/lib/perl5/5.43.2
.