Report for ExtUtils-CppGuess-0.27

Back
From: metabase:user:b8a9e342-69cf-11e7-adca-3fbd147838bf
Subject: FAIL ExtUtils-CppGuess-0.27 5.40.0 RC2 SunOS/Solaris
Date: 2024-06-08T07:30:47Z

This distribution has been tested as part of the CPAN Testers
project, supporting the Perl programming language.  See
http://wiki.cpantesters.org/ for more information or email
questions to cpan-testers-discuss@perl.org


--
Dear Ed J,

This is a computer-generated report for ExtUtils-CppGuess-0.27
on perl 5.40.0, created by CPAN-Reporter-1.2019.

Thank you for uploading your work to CPAN.  However, there was a problem
testing your distribution.

If you think this report is invalid, please consult the CPAN Testers Wiki
for suggestions on how to avoid getting FAIL reports for missing library
or binary dependencies, unsupported operating systems, and so on:

http://wiki.cpantesters.org/wiki/CPANAuthorNotes

Sections of this report:

    * Tester comments
    * Program output
    * Prerequisites
    * Environment and other context

------------------------------
TESTER COMMENTS
------------------------------

Additional comments from tester:

this report is from an automated smoke testing program
and was not reviewed by a human for accuracy

------------------------------
PROGRAM OUTPUT
------------------------------

Output from '/usr/bin/make test':

PERL_DL_NONLAZY=1 "/export/home/cpan/bin/perl/bin/perl5.40.0" "-MExtUtils::Command::MM" "-MTest::Harness" "-e" "undef *Test::Harness::Switches; test_harness(0, 'blib/lib', 'blib/arch')" t/*.t
# 
# Versions for all modules listed in MYMETA.json (including optional ones):
# 
# === Configure Requires ===
# 
#     Module              Want Have Where                                 Howbig
#     ------------------- ---- ---- ------------------------------------- ------
#     ExtUtils::MakeMaker  any 7.70 /export/home/cpan/bin/perl/lib/5.40.0 109260
# 
# === Build Requires ===
# 
#     Module              Want Have Where                                 Howbig
#     ------------------- ---- ---- ------------------------------------- ------
#     ExtUtils::MakeMaker  any 7.70 /export/home/cpan/bin/perl/lib/5.40.0 109260
# 
# === Test Requires ===
# 
#     Module                  Want     Have Where                                                  Howbig
#     ------------------- -------- -------- ------------------------------------------------------ ------
#     Capture::Tiny            any     0.48 /export/home/cpan/bin/perl/lib/site_perl/5.40.0         29656
#     Cwd                      any     3.90 /export/home/cpan/bin/perl/lib/5.40.0/i86pc-solaris-64  21615
#     ExtUtils::CBuilder  0.280231 0.280240 /export/home/cpan/bin/perl/lib/5.40.0                    8883
#     ExtUtils::MakeMaker      any     7.70 /export/home/cpan/bin/perl/lib/5.40.0                  109260
#     ExtUtils::Manifest       any     1.75 /export/home/cpan/bin/perl/lib/5.40.0                   23437
#     Fatal                    any     2.37 /export/home/cpan/bin/perl/lib/5.40.0                   60610
#     Module::Build            any   0.4234 /export/home/cpan/bin/perl/lib/site_perl/5.40.0         35409
#     Test::More              0.88 1.302199 /export/home/cpan/bin/perl/lib/5.40.0                   54359
# 
# === Runtime Requires ===
# 
#     Module            Want   Have Where                                                  Howbig
#     ----------------- ---- ------ ------------------------------------------------------ ------
#     Capture::Tiny      any   0.48 /export/home/cpan/bin/perl/lib/site_perl/5.40.0         29656
#     ExtUtils::ParseXS 3.35   3.51 /export/home/cpan/bin/perl/lib/5.40.0                   72401
#     File::Basename     any   2.86 /export/home/cpan/bin/perl/lib/5.40.0                   11211
#     File::Spec         any   3.90 /export/home/cpan/bin/perl/lib/5.40.0/i86pc-solaris-64  10570
#     File::Temp         any 0.2311 /export/home/cpan/bin/perl/lib/5.40.0                  118877
# 
t/00-report-prereqs.t .. ok
# EUMM:{
#   'CC' => 'g++',
#   'CCFLAGS' => ' -m64 -fwrapv -fno-strict-aliasing -pipe -fstack-protector-strong -D_LARGEFILE_SOURCE -D_FILE_OFFSET_BITS=64 -D_FORTIFY_SOURCE=2 -xc++',
#   'dynamic_lib' => {
#     'OTHERLDFLAGS' => ' -lstdc++'
#   }
# }
# ---
# MB:{
#   'config' => {
#     'cc' => 'g++'
#   },
#   'extra_compiler_flags' => ' -xc++',
#   'extra_linker_flags' => ' -lstdc++'
# }
# ---
# Config:{
#   'byacc' => 'byacc',
#   'cc' => 'gcc',
#   'cccdlflags' => '-fPIC',
#   'ccdlflags' => '  -R /export/home/cpan/bin/perl/lib/5.40.0/i86pc-solaris-64/CORE',
#   'ccflags' => '-m64 -fwrapv -fno-strict-aliasing -pipe -fstack-protector-strong -D_LARGEFILE_SOURCE -D_FILE_OFFSET_BITS=64 -D_FORTIFY_SOURCE=2',
#   'ccflags_nolargefiles' => '-m64 -fwrapv -fno-strict-aliasing -pipe -fstack-protector-strong  -D_FORTIFY_SOURCE=2',
#   'ccflags_uselargefiles' => '-D_LARGEFILE_SOURCE -D_FILE_OFFSET_BITS=64',
#   'ccname' => 'gcc',
#   'ccsymbols' => '',
#   'ccversion' => '',
#   'ccwarnflags' => ' -Wall -Werror=pointer-arith -Werror=vla -Wextra -Wno-long-long -Wno-declaration-after-statement -Wc++-compat -Wwrite-strings -Wno-use-after-free',
#   'cppccsymbols' => '',
#   'd_PRIEUldbl' => 'define',
#   'd_PRIFUldbl' => 'define',
#   'd_PRIGUldbl' => 'define',
#   'd_PRIeldbl' => 'define',
#   'd_PRIfldbl' => 'define',
#   'd_PRIgldbl' => 'define',
#   'd_SCNfldbl' => 'define',
#   'd_accept4' => 'define',
#   'd_access' => 'define',
#   'd_accessx' => undef,
#   'd_eaccess' => undef,
#   'd_ldbl_dig' => 'define',
#   'd_ldexpl' => 'define',
#   'd_locconv' => 'define',
#   'd_non_int_bitfields' => 'define',
#   'd_old_pthread_create_joinable' => undef,
#   'd_oldpthreads' => undef,
#   'd_oldsock' => undef,
#   'd_pthread_yield' => undef,
#   'd_sched_yield' => 'define',
#   'd_setlocale_accepts_any_locale_name' => undef,
#   'd_strtold' => 'define',
#   'd_strtold_l' => undef,
#   'd_telldir' => 'define',
#   'd_telldirproto' => 'define',
#   'gccansipedantic' => '',
#   'gccosandvers' => '',
#   'gccversion' => '13.2.0',
#   'i_sysaccess' => undef,
#   'ld' => 'gcc',
#   'ld_can_script' => undef,
#   'lddlflags' => ' -shared -m64 -L/usr/gnu/lib -fstack-protector-strong',
#   'ldflags' => ' -m64 -fstack-protector-strong -L/usr/gnu/lib ',
#   'ldflags_nolargefiles' => ' -m64 -fstack-protector-strong -L/usr/gnu/lib ',
#   'ldflags_uselargefiles' => '',
#   'ldlibpthname' => 'LD_LIBRARY_PATH',
#   'old_pthread_create_joinable' => '',
#   'sPRIEUldbl' => '"LE"',
#   'sPRIFUldbl' => '"LF"',
#   'sPRIGUldbl' => '"LG"',
#   'sPRIeldbl' => '"Le"',
#   'sPRIfldbl' => '"Lf"',
#   'sPRIgldbl' => '"Lg"',
#   'sSCNfldbl' => '"Lf"',
#   'sched_yield' => 'sched_yield()',
#   'yacc' => 'yacc',
#   'yaccflags' => ''
# }
# Method: is_sunstudio = 0
# Method: is_msvc = undef
# Method: is_gcc = 1
# Method: is_clang = 0
# Method: compiler_command = g++ -m64 -fwrapv -fno-strict-aliasing -pipe -fstack-protector-strong -D_LARGEFILE_SOURCE -D_FILE_OFFSET_BITS=64 -D_FORTIFY_SOURCE=2 -xc++
# Method: linker_flags = -lstdc++
# Method: iostream_fname = iostream
# Method: cpp_flavor_defs = 
# #define __INLINE_CPP_STANDARD_HEADERS 1
# #define __INLINE_CPP_NAMESPACE_STD 1
# 
t/001_load.t ........... ok
Can't exec "cc": No such file or directory at /export/home/cpan/.cpan/build/ExtUtils-CppGuess-0.27-0/blib/lib/ExtUtils/CppGuess.pm line 289.
Can't exec "cc": No such file or directory at /export/home/cpan/.cpan/build/ExtUtils-CppGuess-0.27-0/blib/lib/ExtUtils/CppGuess.pm line 290.
Can't exec "cc": No such file or directory at /export/home/cpan/.cpan/build/ExtUtils-CppGuess-0.27-0/blib/lib/ExtUtils/CppGuess.pm line 291.
Use of uninitialized value $v1 in concatenation (.) or string at /export/home/cpan/.cpan/build/ExtUtils-CppGuess-0.27-0/blib/lib/ExtUtils/CppGuess.pm line 293.
Use of uninitialized value $v2 in concatenation (.) or string at /export/home/cpan/.cpan/build/ExtUtils-CppGuess-0.27-0/blib/lib/ExtUtils/CppGuess.pm line 293.
Use of uninitialized value $v3 in concatenation (.) or string at /export/home/cpan/.cpan/build/ExtUtils-CppGuess-0.27-0/blib/lib/ExtUtils/CppGuess.pm line 293.
Unable to determine a C++ compiler for 'cc' on solaris
Version attempts:
-v: ''
-V: ''
--version: ''
# Tests were run but no plan was declared and done_testing() was not seen.
# Looks like your test exited with 2 just after 11.
t/002_icpp.t ........... 
Dubious, test returned 2 (wstat 512, 0x200)
All 11 subtests passed 
g++: error: unrecognized command-line option '-std=c++unreal'; did you mean '-std=c++2a'?
t/003_standard_flag.t .. ok
# EUMM env:{
#   'CC' => 'czz',
#   'CCFLAGS' => ' -m64 -fwrapv -fno-strict-aliasing -pipe -fstack-protector-strong -D_LARGEFILE_SOURCE -D_FILE_OFFSET_BITS=64 -D_FORTIFY_SOURCE=2 -xc++',
#   'dynamic_lib' => {
#     'OTHERLDFLAGS' => ' -lstdc++'
#   }
# }
t/004_env.t ............ ok
# Module::Build version: 0.4234
# ExtUtils::CBuilder version: 0.280240
t/010_module_build.t ... ok
t/011_makemaker.t ...... ok

Test Summary Report
-------------------
t/002_icpp.t         (Wstat: 512 (exited 2) Tests: 11 Failed: 0)
  Non-zero exit status: 2
  Parse errors: No plan found in TAP output
Files=7, Tests=22,  5 wallclock secs ( 0.03 usr  0.02 sys +  3.81 cusr  1.12 csys =  4.99 CPU)
Result: FAIL
Failed 1/7 test programs. 0/22 subtests failed.
*** Error code 255
make: Fatal error: Command failed for target `test_dynamic'

------------------------------
PREREQUISITES
------------------------------

Prerequisite modules loaded:

requires:

    Module              Need     Have    
    ------------------- -------- --------
    Capture::Tiny       0        0.48    
    ExtUtils::ParseXS   3.35     3.51    
    File::Basename      0        2.86    
    File::Spec          0        3.90    
    File::Temp          0        0.2311  

build_requires:

    Module              Need     Have    
    ------------------- -------- --------
    Capture::Tiny       0        0.48    
    Cwd                 0        3.90    
    ExtUtils::CBuilder  0.280231 0.280240
    ExtUtils::MakeMaker 0        7.70    
    ExtUtils::Manifest  0        1.75    
    Fatal               0        2.37    
    Module::Build       0        0.4234  
    Test::More          0.88     1.302199

configure_requires:

    Module              Need     Have    
    ------------------- -------- --------
    ExtUtils::MakeMaker 0        7.70    


------------------------------
ENVIRONMENT AND OTHER CONTEXT
------------------------------

Environment variables:

    AUTOMATED_TESTING = 1
    DATE_MANIP_TEST_DM5 = 1
    LANG = en_US.UTF-8
    LC_ALL = C
    NONINTERACTIVE_TESTING = 1
    NO_NETWORK_TESTING = 1
    PATH = /export/home/cpan/bin/perl/bin:/usr/bin:/usr/sbin:/sbin:/opt/ooce/bin:/usr/gnu/bin
    PERL5LIB = 
    PERL5OPT = 
    PERL5_CPANPLUS_IS_RUNNING = 4350
    PERL5_CPAN_IS_RUNNING = 4350
    PERL_MM_USE_DEFAULT = 1
    PERL_USE_UNSAFE_INC = 1
    SHELL = /bin/bash
    TERM = screen

Perl special variables (and OS-specific diagnostics, for MSWin32):

    $^X = /export/home/cpan/bin/perl/bin/perl5.40.0
    $UID/$EUID = 101 / 101
    $GID = 1 1
    $EGID = 1 1

Perl module toolchain versions installed:

    Module              Have    
    ------------------- --------
    CPAN                2.36    
    CPAN::Meta          2.150010
    Cwd                 3.90    
    ExtUtils::CBuilder  0.280240
    ExtUtils::Command   7.70    
    ExtUtils::Install   2.22    
    ExtUtils::MakeMaker 7.70    
    ExtUtils::Manifest  1.75    
    ExtUtils::ParseXS   3.51    
    File::Spec          3.90    
    JSON                4.10    
    JSON::PP            4.16    
    Module::Build       0.4234  
    Module::Signature   n/a     
    Parse::CPAN::Meta   2.150010
    Test2               1.302199
    Test::Harness       3.48    
    Test::More          1.302199
    YAML                1.31    
    YAML::Syck          n/a     
    version             0.9930  


--

Summary of my perl5 (revision 5 version 40 subversion 0) configuration:
  Commit id: c8545878e4ddb53fc492685422a67aa6b658f0ea
  Platform:
    osname=solaris
    osvers=2.11
    archname=i86pc-solaris-64
    uname='sunos cjg-omniosce 5.11 omnios-r151048-e1e9a598fdb i86pc i386 i86pc '
    config_args='-des -Dprefix=/export/home/cpan/bin/perl -Dscriptdir=/export/home/cpan/bin/perl/bin -Dusedevel -Duse64bitall -Dcc=gcc'
    hint=recommended
    useposix=true
    d_sigaction=define
    useithreads=undef
    usemultiplicity=undef
    use64bitint=define
    use64bitall=define
    uselongdouble=undef
    usemymalloc=n
    default_inc_excludes_dot=define
  Compiler:
    cc='gcc'
    ccflags ='-m64 -fwrapv -fno-strict-aliasing -pipe -fstack-protector-strong -D_LARGEFILE_SOURCE -D_FILE_OFFSET_BITS=64 -D_FORTIFY_SOURCE=2'
    optimize='-O'
    cppflags='-m64 -fwrapv -fno-strict-aliasing -pipe -fstack-protector-strong'
    ccversion=''
    gccversion='13.2.0'
    gccosandvers=''
    intsize=4
    longsize=8
    ptrsize=8
    doublesize=8
    byteorder=12345678
    doublekind=3
    d_longlong=define
    longlongsize=8
    d_longdbl=define
    longdblsize=16
    longdblkind=3
    ivtype='long'
    ivsize=8
    nvtype='double'
    nvsize=8
    Off_t='off_t'
    lseeksize=8
    alignbytes=8
    prototype=define
  Linker and Libraries:
    ld='gcc'
    ldflags =' -m64 -fstack-protector-strong -L/usr/gnu/lib '
    libpth=/opt/gcc-13/lib /usr/lib /usr/gnu/lib /usr/ccs/lib
    libs=-lpthread -lsocket -lnsl -ldl -lm -lc
    perllibs=-lpthread -lsocket -lnsl -ldl -lm -lc
    libc=/lib/libc.so
    so=so
    useshrplib=true
    libperl=libperl.so
    gnulibc_version=''
  Dynamic Linking:
    dlsrc=dl_dlopen.xs
    dlext=so
    d_dlsymun=undef
    ccdlflags='  -R /export/home/cpan/bin/perl/lib/5.40.0/i86pc-solaris-64/CORE'
    cccdlflags='-fPIC'
    lddlflags=' -shared -m64 -L/usr/gnu/lib -fstack-protector-strong'


Characteristics of this binary (from libperl): 
  Compile-time options:
    HAS_LONG_DOUBLE
    HAS_STRTOLD
    HAS_TIMES
    PERLIO_LAYERS
    PERL_COPY_ON_WRITE
    PERL_DONT_CREATE_GVSV
    PERL_HASH_FUNC_SIPHASH13
    PERL_HASH_USE_SBOX32
    PERL_MALLOC_WRAP
    PERL_OP_PARENT
    PERL_PRESERVE_IVUV
    PERL_USE_DEVEL
    PERL_USE_SAFE_PUTENV
    USE_64_BIT_ALL
    USE_64_BIT_INT
    USE_LARGE_FILES
    USE_LOCALE
    USE_LOCALE_COLLATE
    USE_LOCALE_CTYPE
    USE_LOCALE_NUMERIC
    USE_LOCALE_TIME
    USE_PERLIO
    USE_PERL_ATOF
  Locally applied patches:
    RC2
  Built under solaris
  Compiled at Jun  7 2024 22:15:46
  %ENV:
    PERL5LIB=""
    PERL5OPT=""
    PERL5_CPANPLUS_IS_RUNNING="4350"
    PERL5_CPAN_IS_RUNNING="4350"
    PERL_MM_USE_DEFAULT="1"
    PERL_USE_UNSAFE_INC="1"
  @INC:
    /export/home/cpan/bin/perl/lib/site_perl/5.40.0/i86pc-solaris-64
    /export/home/cpan/bin/perl/lib/site_perl/5.40.0
    /export/home/cpan/bin/perl/lib/5.40.0/i86pc-solaris-64
    /export/home/cpan/bin/perl/lib/5.40.0
    .