Back
From: metabase:user:314402c4-2aae-11df-837a-5e0a49663a4f
Subject: FAIL Template-Plugin-Filter-VisualTruncate-0.05 v5.22.1 RC2 FreeBSD
Date: 2015-11-28T15:38:07Z
This distribution has been tested as part of the CPAN Testers
project, supporting the Perl programming language. See
http://wiki.cpantesters.org/ for more information or email
questions to cpan-testers-discuss@perl.org
--
Dear Tomohiro Hosaka,
This is a computer-generated report for Template-Plugin-Filter-VisualTruncate-0.05
on perl 5.22.1, created by CPAN-Reporter-1.2015.
Thank you for uploading your work to CPAN. However, there was a problem
testing your distribution.
If you think this report is invalid, please consult the CPAN Testers Wiki
for suggestions on how to avoid getting FAIL reports for missing library
or binary dependencies, unsupported operating systems, and so on:
http://wiki.cpantesters.org/wiki/CPANAuthorNotes
Sections of this report:
* Tester comments
* Program output
* Prerequisites
* Environment and other context
------------------------------
TESTER COMMENTS
------------------------------
Additional comments from tester:
none provided
------------------------------
PROGRAM OUTPUT
------------------------------
Output from '/usr/bin/make test':
"/usr/perl5.22.1-RC2p/bin/perl" "-Iinc" Makefile.PL --config= --installdeps=Template,0,Text::CharWidth,0.04,Text::VisualWidth,0.01,UNIVERSAL::require,0
Cannot determine perl version info from lib/Template/Plugin/Filter/VisualTruncate.pm
LEGAL WARNING: 'All rights reserved' may invalidate Open Source licenses. Consider removing it. at inc/Module/Install/Metadata.pm line 323.
PERL_DL_NONLAZY=1 "/usr/perl5.22.1-RC2p/bin/perl" "-MExtUtils::Command::MM" "-MTest::Harness" "-e" "undef *Test::Harness::Switches; test_harness(0, 'inc', 'blib/lib', 'blib/arch')" t/00-load.t t/01-inernal_utf8.t t/02-utf8.t t/03-euc_jp.t t/04-locale.t t/boilerplate.t t/pod-coverage.t t/pod.t
# Testing Template::Plugin::Filter::VisualTruncate 0.05, Perl 5.022001, /usr/perl5.22.1-RC2p/bin/perl
t/00-load.t .......... ok
t/01-inernal_utf8.t .. ok
t/02-utf8.t .......... ok
t/03-euc_jp.t ........ ok
Use of the encoding pragma is deprecated at t/04-locale.t line 7.
"\x{672c}" does not map to iso-8859-1 at /usr/perl5.22.1-RC2p/lib/5.22.1/amd64-freebsd/Encode.pm line 222.
# Looks like you planned 19 tests but ran 7.
# Looks like your test exited with 255 just after 7.
t/04-locale.t ........
Dubious, test returned 255 (wstat 65280, 0xff00)
Failed 12/19 subtests
(5 TODO tests unexpectedly succeeded)
t/boilerplate.t ...... ok
t/pod-coverage.t ..... skipped: Test::Pod::Coverage 1.04 required for testing POD coverage
t/pod.t .............. ok
Test Summary Report
-------------------
t/04-locale.t (Wstat: 65280 Tests: 7 Failed: 0)
TODO passed: 3-7
Non-zero exit status: 255
Parse errors: Bad plan. You planned 19 tests but ran 7.
Files=8, Tests=70, 8 wallclock secs ( 0.12 usr 0.05 sys + 2.10 cusr 0.55 csys = 2.82 CPU)
Result: FAIL
Failed 1/8 test programs. 0/70 subtests failed.
*** Error code 255
Stop.
make: stopped in /home/cpansand/.cpan/build/2015112815/Template-Plugin-Filter-VisualTruncate-0.05-y0EwE5
------------------------------
PREREQUISITES
------------------------------
Prerequisite modules loaded:
requires:
Module Need Have
------------------- ---- --------
Encode 2.23 2.72
Template 0 2.26
Test::Base 0 0.88
Test::More 0.42 1.001014
Text::CharWidth 0.04 0.04
Text::VisualWidth 0.01 0.02
UNIVERSAL::require 0 0.18
build_requires:
Module Need Have
------------------- ---- --------
ExtUtils::MakeMaker 0 7.04_01
------------------------------
ENVIRONMENT AND OTHER CONTEXT
------------------------------
Environment variables:
LC_ALL = de_DE.ISO8859-1
PATH = /usr/local/bin:/usr/bin:/bin:/usr/local/sbin:/usr/sbin:/sbin:/home/cpansand/bin/freebsd10.1:/home/cpansand/bin/sh:/home/cpansand/bin:/usr/games:/home/cpansand/devel:/home/eserte/src/srezic-misc/scripts
PERL5LIB = /home/cpansand/.cpan/build/2015112815/Text-VisualWidth-0.02-pYdnwb/blib/arch:/home/cpansand/.cpan/build/2015112815/Text-VisualWidth-0.02-pYdnwb/blib/lib:/home/cpansand/.cpan/build/2015112815/Text-CharWidth-0.04-HTNBrW/blib/arch:/home/cpansand/.cpan/build/2015112815/Text-CharWidth-0.04-HTNBrW/blib/lib:/home/cpansand/.cpan/build/2015112815/UNIVERSAL-require-0.18-PoXR2W/blib/arch:/home/cpansand/.cpan/build/2015112815/UNIVERSAL-require-0.18-PoXR2W/blib/lib:/home/cpansand/.cpan/build/2015112815/Template-Toolkit-2.26-iTUK_o/blib/arch:/home/cpansand/.cpan/build/2015112815/Template-Toolkit-2.26-iTUK_o/blib/lib:/home/cpansand/.cpan/build/2015112815/AppConfig-1.71-CMeyDZ/blib/arch:/home/cpansand/.cpan/build/2015112815/AppConfig-1.71-CMeyDZ/blib/lib:/home/cpansand/.cpan/build/2015112815/Test-Pod-1.51-FWUQFQ/blib/arch:/home/cpansand/.cpan/build/2015112815/Test-Pod-1.51-FWUQFQ/blib/lib
PERL5OPT =
PERL5_CPANPLUS_IS_RUNNING = 89789
PERL5_CPAN_IS_RUNNING = 89789
PERL5_CPAN_IS_RUNNING_IN_RECURSION = 88847,89789
PERLDOC = -MPod::Perldoc::ToTextOverstrike
PERL_BATCH = yes
PERL_CANARY_STABILITY_NOPROMPT = 1
PERL_CPAN_REPORTER_CONFIG = /var/tmp/cpansmoker-1023/2015112815/cpanreporter_002_config.ini
PERL_EXTUTILS_AUTOINSTALL = --defaultdeps
SHELL = /usr/local/bin/zsh
TERM = screen
TMPDIR = /var/tmp/cpansmoker-1023/2015112815
Perl special variables (and OS-specific diagnostics, for MSWin32):
$^X = /usr/perl5.22.1-RC2p/bin/perl
$UID/$EUID = 1023 / 1023
$GID = 1023 1023
$EGID = 1023 1023
Perl module toolchain versions installed:
Module Have
------------------- --------
CPAN 2.11
CPAN::Meta 2.150005
Cwd 3.56
ExtUtils::CBuilder 0.280221
ExtUtils::Command 1.20
ExtUtils::Install 2.04
ExtUtils::MakeMaker 7.04_01
ExtUtils::Manifest 1.70
ExtUtils::ParseXS 3.28
File::Spec 3.56
JSON 2.90
JSON::PP 2.27300
Module::Build 0.4214
Module::Signature n/a
Parse::CPAN::Meta 1.4414
Test::Harness 3.35
Test::More 1.001014
YAML 1.15
YAML::Syck 1.29
version 0.9909
--
Summary of my perl5 (revision 5 version 22 subversion 1) configuration:
Platform:
osname=freebsd, osvers=10.1-release, archname=amd64-freebsd
uname='freebsd cvrsnica-freebsd-101.herceg.de 10.1-release freebsd 10.1-release #0 r274401: tue nov 11 21:02:49 utc 2014 root@releng1.nyi.freebsd.org:usrobjusrsrcsysgeneric amd64 '
config_args='-ds -e -Dprefix=/usr/perl5.22.1-RC2p -Dcf_email=srezic@cpan.org'
hint=recommended, useposix=true, d_sigaction=define
useithreads=undef, usemultiplicity=undef
use64bitint=define, use64bitall=define, uselongdouble=undef
usemymalloc=n, bincompat5005=undef
Compiler:
cc='cc', ccflags ='-DHAS_FPSETMASK -DHAS_FLOATINGPOINT_H -fno-strict-aliasing -pipe -fstack-protector -I/usr/local/include -D_FORTIFY_SOURCE=2',
optimize='-O',
cppflags='-DHAS_FPSETMASK -DHAS_FLOATINGPOINT_H -fno-strict-aliasing -pipe -fstack-protector -I/usr/local/include'
ccversion='', gccversion='4.2.1 Compatible FreeBSD Clang 3.4.1 (tags/RELEASE_34/dot1-final 208032)', gccosandvers=''
intsize=4, longsize=8, ptrsize=8, doublesize=8, byteorder=12345678, doublekind=3
d_longlong=define, longlongsize=8, d_longdbl=define, longdblsize=16, longdblkind=3
ivtype='long', ivsize=8, nvtype='double', nvsize=8, Off_t='off_t', lseeksize=8
alignbytes=8, prototype=define
Linker and Libraries:
ld='cc', ldflags ='-pthread -Wl,-E -fstack-protector -L/usr/local/lib'
libpth=/usr/lib /usr/local/lib /usr/include/clang/3.4.1 /usr/lib
libs=-lpthread -lgdbm -lm -lcrypt -lutil -lc
perllibs=-lpthread -lm -lcrypt -lutil -lc
libc=, so=so, useshrplib=false, libperl=libperl.a
gnulibc_version=''
Dynamic Linking:
dlsrc=dl_dlopen.xs, dlext=so, d_dlsymun=undef, ccdlflags=' '
cccdlflags='-DPIC -fPIC', lddlflags='-shared -L/usr/local/lib -fstack-protector'
Characteristics of this binary (from libperl):
Compile-time options: HAS_TIMES PERLIO_LAYERS PERL_DONT_CREATE_GVSV
PERL_HASH_FUNC_ONE_AT_A_TIME_HARD PERL_MALLOC_WRAP
PERL_NEW_COPY_ON_WRITE PERL_PRESERVE_IVUV
USE_64_BIT_ALL USE_64_BIT_INT USE_LARGE_FILES
USE_LOCALE USE_LOCALE_COLLATE USE_LOCALE_CTYPE
USE_LOCALE_NUMERIC USE_LOCALE_TIME USE_PERLIO
USE_PERL_ATOF
Locally applied patches:
RC2
Built under freebsd
Compiled at Nov 17 2015 08:19:01
%ENV:
PERL5LIB="/home/cpansand/.cpan/build/2015112815/Text-VisualWidth-0.02-pYdnwb/blib/arch:/home/cpansand/.cpan/build/2015112815/Text-VisualWidth-0.02-pYdnwb/blib/lib:/home/cpansand/.cpan/build/2015112815/Text-CharWidth-0.04-HTNBrW/blib/arch:/home/cpansand/.cpan/build/2015112815/Text-CharWidth-0.04-HTNBrW/blib/lib:/home/cpansand/.cpan/build/2015112815/UNIVERSAL-require-0.18-PoXR2W/blib/arch:/home/cpansand/.cpan/build/2015112815/UNIVERSAL-require-0.18-PoXR2W/blib/lib:/home/cpansand/.cpan/build/2015112815/Template-Toolkit-2.26-iTUK_o/blib/arch:/home/cpansand/.cpan/build/2015112815/Template-Toolkit-2.26-iTUK_o/blib/lib:/home/cpansand/.cpan/build/2015112815/AppConfig-1.71-CMeyDZ/blib/arch:/home/cpansand/.cpan/build/2015112815/AppConfig-1.71-CMeyDZ/blib/lib:/home/cpansand/.cpan/build/2015112815/Test-Pod-1.51-FWUQFQ/blib/arch:/home/cpansand/.cpan/build/2015112815/Test-Pod-1.51-FWUQFQ/blib/lib"
PERL5OPT=""
PERL5_CPANPLUS_IS_RUNNING="89789"
PERL5_CPAN_IS_RUNNING="89789"
PERL5_CPAN_IS_RUNNING_IN_RECURSION="88847,89789"
PERLDOC="-MPod::Perldoc::ToTextOverstrike"
PERL_BATCH="yes"
PERL_CANARY_STABILITY_NOPROMPT="1"
PERL_CPAN_REPORTER_CONFIG="/var/tmp/cpansmoker-1023/2015112815/cpanreporter_002_config.ini"
PERL_EXTUTILS_AUTOINSTALL="--defaultdeps"
@INC:
/home/cpansand/.cpan/build/2015112815/Text-VisualWidth-0.02-pYdnwb/blib/arch
/home/cpansand/.cpan/build/2015112815/Text-VisualWidth-0.02-pYdnwb/blib/lib
/home/cpansand/.cpan/build/2015112815/Text-CharWidth-0.04-HTNBrW/blib/arch
/home/cpansand/.cpan/build/2015112815/Text-CharWidth-0.04-HTNBrW/blib/lib
/home/cpansand/.cpan/build/2015112815/UNIVERSAL-require-0.18-PoXR2W/blib/arch
/home/cpansand/.cpan/build/2015112815/UNIVERSAL-require-0.18-PoXR2W/blib/lib
/home/cpansand/.cpan/build/2015112815/Template-Toolkit-2.26-iTUK_o/blib/arch
/home/cpansand/.cpan/build/2015112815/Template-Toolkit-2.26-iTUK_o/blib/lib
/home/cpansand/.cpan/build/2015112815/AppConfig-1.71-CMeyDZ/blib/arch
/home/cpansand/.cpan/build/2015112815/AppConfig-1.71-CMeyDZ/blib/lib
/home/cpansand/.cpan/build/2015112815/Test-Pod-1.51-FWUQFQ/blib/arch
/home/cpansand/.cpan/build/2015112815/Test-Pod-1.51-FWUQFQ/blib/lib
/usr/perl5.22.1-RC2p/lib/site_perl/5.22.1/amd64-freebsd
/usr/perl5.22.1-RC2p/lib/site_perl/5.22.1
/usr/perl5.22.1-RC2p/lib/5.22.1/amd64-freebsd
/usr/perl5.22.1-RC2p/lib/5.22.1
.