Report for Mail-SpamAssassin-4.0.0-rc4-TRIAL

Back
From: metabase:user:322078bc-2aae-11df-837a-5e0a49663a4f
Subject: FAIL Mail-SpamAssassin-4.0.0-rc4-TRIAL 5.14.2 SunOS/Solaris
Date: 2022-12-07T19:54:50Z

This distribution has been tested as part of the CPAN Testers
project, supporting the Perl programming language.  See
http://wiki.cpantesters.org/ for more information or email
questions to cpan-testers-discuss@perl.org


--

Dear SIDNEY,

This is a computer-generated error report created automatically by
CPANPLUS, version 0.9914. Testers personal comments may appear
at the end of this report.


Thank you for uploading your work to CPAN.  However, it appears that
there were some problems testing your distribution.

TEST RESULTS:

Below is the error stack from stage 'make test':

"/home/cpan/pit/thr/perl-5.14.2/bin/perl" build/mkrules --exit_on_no_src --src rulesrc --out rules --manifest MANIFEST --manifestskip MANIFEST.SKIP
no source directory found: exiting
"/home/cpan/pit/thr/perl-5.14.2/bin/perl" build/preprocessor  -Mvars  -DVERSION="4.000000"  -DPREFIX="/home/cpan/pit/jail/spYu3e_b_c"  -DDEF_RULES_DIR="/home/cpan/pit/jail/spYu3e_b_c/share/spamassassin"  -DLOCAL_RULES_DIR="/home/cpan/pit/jail/spYu3e_b_c/etc/mail/spamassassin"  -DLOCAL_STATE_DIR="/home/cpan/pit/jail/spYu3e_b_c/var/spamassassin"  -DINSTALLSITELIB="/home/cpan/pit/jail/spYu3e_b_c/lib/perl5"  -DCONTACT_ADDRESS="the administrator of that system"  -DRE2C_BIN="re2c" -Msharpbang  -Mconditional  -DPERL_BIN=""/home/cpan/pit/thr/perl-5.14.2/bin/perl""  -DPERL_WARN=""  -DPERL_TAINT="" -m755 -isa-update.raw -osa-update
cp sa-update blib/script/sa-update
"/home/cpan/pit/thr/perl-5.14.2/bin/perl" -MExtUtils::MY -e 'MY->fixin(shift)' -- blib/script/sa-update
PERL_DL_NONLAZY=1 "/home/cpan/pit/thr/perl-5.14.2/bin/perl" "-MExtUtils::Command::MM" "-MTest::Harness" "-e" "undef *Test::Harness::Switches; test_harness(0, 'blib/lib', 'blib/arch')" t/*.t
Insecure dependency in mkdir while running with -T switch at /home/cpan/pit/thr/perl-5.14.2/lib/site_perl/5.14.2/File/Temp.pm line 542.
t/all_modules.t ................... 
Dubious, test returned 2 (wstat 512, 0x200)
No subtests run 
Insecure dependency in mkdir while running with -T switch at /home/cpan/pit/thr/perl-5.14.2/lib/site_perl/5.14.2/File/Temp.pm line 542.
t/basic_lint.t .................... 
Dubious, test returned 1 (wstat 256, 0x100)
No subtests run 
Insecure dependency in mkdir while running with -T switch at /home/cpan/pit/thr/perl-5.14.2/lib/site_perl/5.14.2/File/Temp.pm line 542.
t/basic_lint_net.t ................ 
Dubious, test returned 1 (wstat 256, 0x100)
No subtests run 
Insecure dependency in mkdir while running with -T switch at /home/cpan/pit/thr/perl-5.14.2/lib/site_perl/5.14.2/File/Temp.pm line 542.
# Looks like your test exited with 1 before it could output anything.
t/basic_lint_without_sandbox.t .... 
Dubious, test returned 1 (wstat 256, 0x100)
Failed 3/3 subtests 
Insecure dependency in mkdir while running with -T switch at /home/cpan/pit/thr/perl-5.14.2/lib/site_perl/5.14.2/File/Temp.pm line 542.
t/basic_meta.t .................... 
Dubious, test returned 1 (wstat 256, 0x100)
No subtests run 
Insecure dependency in mkdir while running with -T switch at /home/cpan/pit/thr/perl-5.14.2/lib/site_perl/5.14.2/File/Temp.pm line 542.
t/basic_meta2.t ................... 
Dubious, test returned 1 (wstat 256, 0x100)
No subtests run 
Insecure dependency in mkdir while running with -T switch at /home/cpan/pit/thr/perl-5.14.2/lib/site_perl/5.14.2/File/Temp.pm line 542.
# Looks like your test exited with 1 before it could output anything.
t/basic_obj_api.t ................. 
Dubious, test returned 1 (wstat 256, 0x100)
Failed 4/4 subtests 
Insecure dependency in mkdir while running with -T switch at /home/cpan/pit/thr/perl-5.14.2/lib/site_perl/5.14.2/File/Temp.pm line 542.
# Looks like your test exited with 1 before it could output anything.
t/html_colors.t ................... 
Dubious, test returned 1 (wstat 256, 0x100)
Failed 28/28 subtests 
Insecure dependency in mkdir while running with -T switch at /home/cpan/pit/thr/perl-5.14.2/lib/site_perl/5.14.2/File/Temp.pm line 542.
# Looks like your test exited with 1 before it could output anything.
t/html_obfu.t ..................... 
Dubious, test returned 1 (wstat 256, 0x100)
Failed 9/9 subtests 
Insecure dependency in mkdir while running with -T switch at /home/cpan/pit/thr/perl-5.14.2/lib/site_perl/5.14.2/File/Temp.pm line 542.
t/html_utf8.t ..................... 
Dubious, test returned 1 (wstat 256, 0x100)
No subtests run 
Insecure dependency in mkdir while running with -T switch at /home/cpan/pit/thr/perl-5.14.2/lib/site_perl/5.14.2/File/Temp.pm line 542.
# Looks like your test exited with 1 before it could output anything.
t/mimeheader.t .................... 
Dubious, test returned 1 (wstat 256, 0x100)
Failed 18/18 subtests 
Insecure dependency in mkdir while running with -T switch at /home/cpan/pit/thr/perl-5.14.2/lib/site_perl/5.14.2/File/Temp.pm line 542.
# Looks like your test exited with 1 before it could output anything.
t/mimeparse.t ..................... 
Dubious, test returned 1 (wstat 256, 0x100)
Failed 33/33 subtests 
Insecure dependency in mkdir while running with -T switch at /home/cpan/pit/thr/perl-5.14.2/lib/site_perl/5.14.2/File/Temp.pm line 542.
t/uri.t ........................... 
Dubious, test returned 1 (wstat 256, 0x100)
No subtests run 
Insecure dependency in mkdir while running with -T switch at /home/cpan/pit/thr/perl-5.14.2/lib/site_perl/5.14.2/File/Temp.pm line 542.
# Looks like your test exited with 1 before it could output anything.
t/uri_html.t ...................... 
Dubious, test returned 1 (wstat 256, 0x100)
Failed 2/2 subtests 
Insecure dependency in mkdir while running with -T switch at /home/cpan/pit/thr/perl-5.14.2/lib/site_perl/5.14.2/File/Temp.pm line 542.
# Looks like your test exited with 1 before it could output anything.
t/uri_list.t ...................... 
Dubious, test returned 1 (wstat 256, 0x100)
Failed 12/12 subtests 
Insecure dependency in mkdir while running with -T switch at /home/cpan/pit/thr/perl-5.14.2/lib/site_perl/5.14.2/File/Temp.pm line 542.
# Looks like your test exited with 1 before it could output anything.
t/uri_saferedirect.t .............. 
Dubious, test returned 1 (wstat 256, 0x100)
Failed 2/2 subtests 
Insecure dependency in mkdir while running with -T switch at /home/cpan/pit/thr/perl-5.14.2/lib/site_perl/5.14.2/File/Temp.pm line 542.
# Looks like your test exited with 1 before it could output anything.
t/uri_text.t ...................... 
Dubious, test returned 1 (wstat 256, 0x100)
Failed 168/168 subtests 
Insecure dependency in mkdir while running with -T switch at /home/cpan/pit/thr/perl-5.14.2/lib/site_perl/5.14.2/File/Temp.pm line 542.
t/uribl.t ......................... 
Dubious, test returned 1 (wstat 256, 0x100)
No subtests run 
Insecure dependency in mkdir while running with -T switch at /home/cpan/pit/thr/perl-5.14.2/lib/site_perl/5.14.2/File/Temp.pm line 542.
t/uribl_all_types.t ............... 
Dubious, test returned 1 (wstat 256, 0x100)
No subtests run 
Insecure dependency in mkdir while running with -T switch at /home/cpan/pit/thr/perl-5.14.2/lib/site_perl/5.14.2/File/Temp.pm line 542.
t/uribl_domains_only.t ............ 
Dubious, test returned 1 (wstat 256, 0x100)
No subtests run 
Insecure dependency in mkdir while running with -T switch at /home/cpan/pit/thr/perl-5.14.2/lib/site_perl/5.14.2/File/Temp.pm line 542.
t/uribl_ips_only.t ................ 
Dubious, test returned 1 (wstat 256, 0x100)
No subtests run 
Insecure dependency in mkdir while running with -T switch at /home/cpan/pit/thr/perl-5.14.2/lib/site_perl/5.14.2/File/Temp.pm line 542.
t/urilocalbl.t .................... 
Dubious, test returned 1 (wstat 256, 0x100)
No subtests run 
Insecure dependency in mkdir while running with -T switch at /home/cpan/pit/thr/perl-5.14.2/lib/site_perl/5.14.2/File/Temp.pm line 542.
t/get_all_headers.t ............... 
Dubious, test returned 1 (wstat 256, 0x100)
No subtests run 
Insecure dependency in mkdir while running with -T switch at /home/cpan/pit/thr/perl-5.14.2/lib/site_perl/5.14.2/File/Temp.pm line 542.
t/get_headers.t ................... 
Dubious, test returned 1 (wstat 256, 0x100)
No subtests run 
Insecure dependency in mkdir while running with -T switch at /home/cpan/pit/thr/perl-5.14.2/lib/site_perl/5.14.2/File/Temp.pm line 542.
# Looks like your test exited with 1 before it could output anything.
t/header.t ........................ 
Dubious, test returned 1 (wstat 256, 0x100)
Failed 23/23 subtests 
Insecure dependency in mkdir while running with -T switch at /home/cpan/pit/thr/perl-5.14.2/lib/site_perl/5.14.2/File/Temp.pm line 542.
t/header_utf8.t ................... 
Dubious, test returned 1 (wstat 256, 0x100)
No subtests run 
Insecure dependency in mkdir while running with -T switch at /home/cpan/pit/thr/perl-5.14.2/lib/site_perl/5.14.2/File/Temp.pm line 542.
t/regexp_named_capture.t .......... 
Dubious, test returned 1 (wstat 256, 0x100)
No subtests run 
Insecure dependency in mkdir while running with -T switch at /home/cpan/pit/thr/perl-5.14.2/lib/site_perl/5.14.2/File/Temp.pm line 542.
# Looks like your test exited with 1 before it could output anything.
t/regexp_valid.t .................. 
Dubious, test returned 1 (wstat 256, 0x100)
Failed 39/39 subtests 
Insecure dependency in mkdir while running with -T switch at /home/cpan/pit/thr/perl-5.14.2/lib/site_perl/5.14.2/File/Temp.pm line 542.
t/askdns.t ........................ 
Dubious, test returned 1 (wstat 256, 0x100)
No subtests run 
Insecure dependency in mkdir while running with -T switch at /home/cpan/pit/thr/perl-5.14.2/lib/site_perl/5.14.2/File/Temp.pm line 542.
t/dnsbl.t ......................... 
Dubious, test returned 1 (wstat 256, 0x100)
No subtests run 
Insecure dependency in mkdir while running with -T switch at /home/cpan/pit/thr/perl-5.14.2/lib/site_perl/5.14.2/File/Temp.pm line 542.
t/dnsbl_sc_meta.t ................. 
Dubious, test returned 1 (wstat 256, 0x100)
No subtests run 
Insecure dependency in mkdir while running with -T switch at /home/cpan/pit/thr/perl-5.14.2/lib/site_perl/5.14.2/File/Temp.pm line 542.
t/dnsbl_subtests.t ................ 
Dubious, test returned 1 (wstat 256, 0x100)
No subtests run 
Insecure dependency in mkdir while running with -T switch at /home/cpan/pit/thr/perl-5.14.2/lib/site_perl/5.14.2/File/Temp.pm line 542.
t/shortcircuit_before_dns.t ....... 
Dubious, test returned 1 (wstat 256, 0x100)
No subtests run 
Insecure dependency in mkdir while running with -T switch at /home/cpan/pit/thr/perl-5.14.2/lib/site_perl/5.14.2/File/Temp.pm line 542.
# Looks like your test exited with 1 before it could output anything.
t/rule_multiple.t ................. 
Dubious, test returned 1 (wstat 256, 0x100)
Failed 42/42 subtests 
Insecure dependency in mkdir while running with -T switch at /home/cpan/pit/thr/perl-5.14.2/lib/site_perl/5.14.2/File/Temp.pm line 542.
t/rule_names.t .................... 
Dubious, test returned 1 (wstat 256, 0x100)
No subtests run 
Insecure dependency in mkdir while running with -T switch at /home/cpan/pit/thr/perl-5.14.2/lib/site_perl/5.14.2/File/Temp.pm line 542.
# Looks like your test exited with 1 before it could output anything.
t/rule_types.t .................... 
Dubious, test returned 1 (wstat 256, 0x100)
Failed 9/9 subtests 
# some binaries missing, not running all tests
t/extracttext.t ................... ok
Insecure dependency in mkdir while running with -T switch at /home/cpan/pit/thr/perl-5.14.2/lib/site_perl/5.14.2/File/Temp.pm line 542.
t/spamd_prefork_stress.t .......... 
Dubious, test returned 1 (wstat 256, 0x100)
No subtests run 
Insecure dependency in mkdir while running with -T switch at /home/cpan/pit/thr/perl-5.14.2/lib/site_perl/5.14.2/File/Temp.pm line 542.
t/spamd_prefork_stress_2.t ........ 
Dubious, test returned 1 (wstat 256, 0x100)
No subtests run 
Insecure dependency in mkdir while running with -T switch at /home/cpan/pit/thr/perl-5.14.2/lib/site_perl/5.14.2/File/Temp.pm line 542.
t/arc.t ........................... 
Dubious, test returned 1 (wstat 256, 0x100)
No subtests run 
Insecure dependency in mkdir while running with -T switch at /home/cpan/pit/thr/perl-5.14.2/lib/site_perl/5.14.2/File/Temp.pm line 542.
t/authres.t ....................... 
Dubious, test returned 1 (wstat 256, 0x100)
No subtests run 
Insecure dependency in mkdir while running with -T switch at /home/cpan/pit/thr/perl-5.14.2/lib/site_perl/5.14.2/File/Temp.pm line 542.
t/autolearn.t ..................... 
Dubious, test returned 1 (wstat 256, 0x100)
No subtests run 
Insecure dependency in mkdir while running with -T switch at /home/cpan/pit/thr/perl-5.14.2/lib/site_perl/5.14.2/File/Temp.pm line 542.
t/autolearn_force.t ............... 
Dubious, test returned 1 (wstat 256, 0x100)
No subtests run 
Insecure dependency in mkdir while running with -T switch at /home/cpan/pit/thr/perl-5.14.2/lib/site_perl/5.14.2/File/Temp.pm line 542.
t/autolearn_force_fail.t .......... 
Dubious, test returned 1 (wstat 256, 0x100)
No subtests run 
Insecure dependency in mkdir while running with -T switch at /home/cpan/pit/thr/perl-5.14.2/lib/site_perl/5.14.2/File/Temp.pm line 542.
t/bayesbdb.t ...................... 
Dubious, test returned 1 (wstat 256, 0x100)
No subtests run 
Insecure dependency in mkdir while running with -T switch at /home/cpan/pit/thr/perl-5.14.2/lib/site_perl/5.14.2/File/Temp.pm line 542.
t/bayesdbm.t ...................... 
Dubious, test returned 1 (wstat 256, 0x100)
No subtests run 
Insecure dependency in mkdir while running with -T switch at /home/cpan/pit/thr/perl-5.14.2/lib/site_perl/5.14.2/File/Temp.pm line 542.
t/bayesdbm_flock.t ................ 
Dubious, test returned 1 (wstat 256, 0x100)
No subtests run 
Insecure dependency in mkdir while running with -T switch at /home/cpan/pit/thr/perl-5.14.2/lib/site_perl/5.14.2/File/Temp.pm line 542.
t/bayessdbm.t ..................... 
Dubious, test returned 1 (wstat 256, 0x100)
No subtests run 
Insecure dependency in mkdir while running with -T switch at /home/cpan/pit/thr/perl-5.14.2/lib/site_perl/5.14.2/File/Temp.pm line 542.
t/bayessdbm_seen_delete.t ......... 
Dubious, test returned 1 (wstat 256, 0x100)
No subtests run 
Insecure dependency in mkdir while running with -T switch at /home/cpan/pit/thr/perl-5.14.2/lib/site_perl/5.14.2/File/Temp.pm line 542.
t/bayessql.t ...................... 
Dubious, test returned 1 (wstat 256, 0x100)
No subtests run 
Insecure dependency in mkdir while running with -T switch at /home/cpan/pit/thr/perl-5.14.2/lib/site_perl/5.14.2/File/Temp.pm line 542.
# Looks like your test exited with 1 before it could output anything.
t/blacklist_autolearn.t ........... 
Dubious, test returned 1 (wstat 256, 0x100)
Failed 3/3 subtests 
Insecure dependency in mkdir while running with -T switch at /home/cpan/pit/thr/perl-5.14.2/lib/site_perl/5.14.2/File/Temp.pm line 542.
# Looks like your test exited with 1 before it could output anything.
t/blocklist_autolearn.t ........... 
Dubious, test returned 1 (wstat 256, 0x100)
Failed 3/3 subtests 
Insecure dependency in mkdir while running with -T switch at /home/cpan/pit/thr/perl-5.14.2/lib/site_perl/5.14.2/File/Temp.pm line 542.
# Looks like your test exited with 1 before it could output anything.
t/body_mod.t ...................... 
Dubious, test returned 1 (wstat 256, 0x100)
Failed 3/3 subtests 
Insecure dependency in mkdir while running with -T switch at /home/cpan/pit/thr/perl-5.14.2/lib/site_perl/5.14.2/File/Temp.pm line 542.
# Looks like your test exited with 1 before it could output anything.
t/body_str.t ...................... 
Dubious, test returned 1 (wstat 256, 0x100)
Failed 12/12 subtests 
Insecure dependency in mkdir while running with -T switch at /home/cpan/pit/thr/perl-5.14.2/lib/site_perl/5.14.2/File/Temp.pm line 542.
# Looks like your test exited with 1 before it could output anything.
t/check_implemented.t ............. 
Dubious, test returned 1 (wstat 256, 0x100)
Failed 2/2 subtests 
Insecure dependency in mkdir while running with -T switch at /home/cpan/pit/thr/perl-5.14.2/lib/site_perl/5.14.2/File/Temp.pm line 542.
t/cidrs.t ......................... 
Dubious, test returned 1 (wstat 256, 0x100)
No subtests run 
t/config_errs.t ................... skipped: This script does not work yet. There are (a) lots of failures and (b) the 'plan' line means all tests are effectively ignored from 'make test'.
Insecure dependency in mkdir while running with -T switch at /home/cpan/pit/thr/perl-5.14.2/lib/site_perl/5.14.2/File/Temp.pm line 542.
t/config_text.t ................... 
Dubious, test returned 1 (wstat 256, 0x100)
No subtests run 
Insecure dependency in mkdir while running with -T switch at /home/cpan/pit/thr/perl-5.14.2/lib/site_perl/5.14.2/File/Temp.pm line 542.
# Looks like your test exited with 1 before it could output anything.
t/config_tree_recurse.t ........... 
Dubious, test returned 1 (wstat 256, 0x100)
Failed 4/4 subtests 
Insecure dependency in mkdir while running with -T switch at /home/cpan/pit/thr/perl-5.14.2/lib/site_perl/5.14.2/File/Temp.pm line 542.
# Looks like your test exited with 1 before it could output anything.
t/cpp_comments_in_spamc.t ......... 
Dubious, test returned 1 (wstat 256, 0x100)
Failed 1/1 subtests 
Insecure dependency in mkdir while running with -T switch at /home/cpan/pit/thr/perl-5.14.2/lib/site_perl/5.14.2/File/Temp.pm line 542.
# Looks like your test exited with 1 before it could output anything.
t/cross_user_config_leak.t ........ 
Dubious, test returned 1 (wstat 256, 0x100)
Failed 6/6 subtests 
Insecure dependency in mkdir while running with -T switch at /home/cpan/pit/thr/perl-5.14.2/lib/site_perl/5.14.2/File/Temp.pm line 542.
# Looks like your test exited with 1 before it could output anything.
t/date.t .......................... 
Dubious, test returned 1 (wstat 256, 0x100)
Failed 14/14 subtests 
# Note: This test when successful displays lockfile warning messages
# Dec  7 19:49:42.712 [21419] warn: auto-welcomelist: open of auto-welcomelist file failed: locker: safe_lock: cannot create tmp lockfile ./log/db_awl_path.Tmx4tG/awl/this_lock_warning_is_ok.lock.ouzel.local.21419 for ./log/db_awl_path.Tmx4tG/awl/this_lock_warning_is_ok.lock: Not a directory
t/db_awl_path.t ................... ok
# Dec  7 19:49:45.103 [21426] warn: auto-welcomelist: open of auto-welcomelist file failed: locker: safe_lock: cannot create tmp lockfile ./log/db_awl_path_welcome_block.IKFRT6/awl/this_lock_warning_is_ok.lock.ouzel.local.21426 for ./log/db_awl_path_welcome_block.IKFRT6/awl/this_lock_warning_is_ok.lock: Not a directory
t/db_awl_path_welcome_block.t ..... ok
t/db_awl_perms.t .................. ok
t/db_awl_perms_welcome_block.t .... ok
Insecure dependency in mkdir while running with -T switch at /home/cpan/pit/thr/perl-5.14.2/lib/site_perl/5.14.2/File/Temp.pm line 542.
t/db_based_welcomelist.t .......... 
Dubious, test returned 1 (wstat 256, 0x100)
No subtests run 
Insecure dependency in mkdir while running with -T switch at /home/cpan/pit/thr/perl-5.14.2/lib/site_perl/5.14.2/File/Temp.pm line 542.
t/db_based_welcomelist_ips.t ...... 
Dubious, test returned 1 (wstat 256, 0x100)
No subtests run 
Insecure dependency in mkdir while running with -T switch at /home/cpan/pit/thr/perl-5.14.2/lib/site_perl/5.14.2/File/Temp.pm line 542.
t/db_based_whitelist.t ............ 
Dubious, test returned 1 (wstat 256, 0x100)
No subtests run 
Insecure dependency in mkdir while running with -T switch at /home/cpan/pit/thr/perl-5.14.2/lib/site_perl/5.14.2/File/Temp.pm line 542.
t/db_based_whitelist_ips.t ........ 
Dubious, test returned 1 (wstat 256, 0x100)
No subtests run 
Insecure dependency in mkdir while running with -T switch at /home/cpan/pit/thr/perl-5.14.2/lib/site_perl/5.14.2/File/Temp.pm line 542.
t/dcc.t ........................... 
Dubious, test returned 1 (wstat 256, 0x100)
No subtests run 
Insecure dependency in mkdir while running with -T switch at /home/cpan/pit/thr/perl-5.14.2/lib/site_perl/5.14.2/File/Temp.pm line 542.
t/debug.t ......................... 
Dubious, test returned 1 (wstat 256, 0x100)
No subtests run 
Insecure dependency in mkdir while running with -T switch at /home/cpan/pit/thr/perl-5.14.2/lib/site_perl/5.14.2/File/Temp.pm line 542.
t/decodeshorturl.t ................ 
Dubious, test returned 1 (wstat 256, 0x100)
No subtests run 
Insecure dependency in mkdir while running with -T switch at /home/cpan/pit/thr/perl-5.14.2/lib/site_perl/5.14.2/File/Temp.pm line 542.
# Looks like your test exited with 1 before it could output anything.
t/desc_wrap.t ..................... 
Dubious, test returned 1 (wstat 256, 0x100)
Failed 10/10 subtests 
Insecure dependency in mkdir while running with -T switch at /home/cpan/pit/thr/perl-5.14.2/lib/site_perl/5.14.2/File/Temp.pm line 542.
t/dkim.t .......................... 
Dubious, test returned 1 (wstat 256, 0x100)
No subtests run 
Insecure dependency in mkdir while running with -T switch at /home/cpan/pit/thr/perl-5.14.2/lib/site_perl/5.14.2/File/Temp.pm line 542.
t/dmarc.t ......................... 
Dubious, test returned 1 (wstat 256, 0x100)
No subtests run 
Insecure dependency in mkdir while running with -T switch at /home/cpan/pit/thr/perl-5.14.2/lib/site_perl/5.14.2/File/Temp.pm line 542.
# Looks like your test exited with 1 before it could output anything.
t/enable_compat.t ................. 
Dubious, test returned 1 (wstat 256, 0x100)
Failed 6/6 subtests 
Insecure dependency in mkdir while running with -T switch at /home/cpan/pit/thr/perl-5.14.2/lib/site_perl/5.14.2/File/Temp.pm line 542.
t/freemail.t ...................... 
Dubious, test returned 1 (wstat 256, 0x100)
No subtests run 
Insecure dependency in mkdir while running with -T switch at /home/cpan/pit/thr/perl-5.14.2/lib/site_perl/5.14.2/File/Temp.pm line 542.
t/freemail_welcome_block.t ........ 
Dubious, test returned 1 (wstat 256, 0x100)
No subtests run 
Insecure dependency in mkdir while running with -T switch at /home/cpan/pit/thr/perl-5.14.2/lib/site_perl/5.14.2/File/Temp.pm line 542.
t/fromnamespoof.t ................. 
Dubious, test returned 1 (wstat 256, 0x100)
No subtests run 
Insecure dependency in mkdir while running with -T switch at /home/cpan/pit/thr/perl-5.14.2/lib/site_perl/5.14.2/File/Temp.pm line 542.
# Looks like your test exited with 1 before it could output anything.
t/gtube.t ......................... 
Dubious, test returned 1 (wstat 256, 0x100)
Failed 4/4 subtests 
Insecure dependency in mkdir while running with -T switch at /home/cpan/pit/thr/perl-5.14.2/lib/site_perl/5.14.2/File/Temp.pm line 542.
t/hashbl.t ........................ 
Dubious, test returned 1 (wstat 256, 0x100)
No subtests run 
Insecure dependency in mkdir while running with -T switch at /home/cpan/pit/thr/perl-5.14.2/lib/site_perl/5.14.2/File/Temp.pm line 542.
t/idn_dots.t ...................... 
Dubious, test returned 1 (wstat 256, 0x100)
No subtests run 
Insecure dependency in mkdir while running with -T switch at /home/cpan/pit/thr/perl-5.14.2/lib/site_perl/5.14.2/File/Temp.pm line 542.
# Looks like your test exited with 1 before it could output anything.
t/if_can.t ........................ 
Dubious, test returned 1 (wstat 256, 0x100)
Failed 19/19 subtests 
Insecure dependency in mkdir while running with -T switch at /home/cpan/pit/thr/perl-5.14.2/lib/site_perl/5.14.2/File/Temp.pm line 542.
# Looks like your test exited with 1 before it could output anything.
t/if_else.t ....................... 
Dubious, test returned 1 (wstat 256, 0x100)
Failed 21/21 subtests 
Insecure dependency in mkdir while running with -T switch at /home/cpan/pit/thr/perl-5.14.2/lib/site_perl/5.14.2/File/Temp.pm line 542.
# Looks like your test exited with 1 before it could output anything.
t/ifversion.t ..................... 
Dubious, test returned 1 (wstat 256, 0x100)
Failed 4/4 subtests 
Insecure dependency in mkdir while running with -T switch at /home/cpan/pit/thr/perl-5.14.2/lib/site_perl/5.14.2/File/Temp.pm line 542.
# Looks like your test exited with 1 before it could output anything.
t/ip_addrs.t ...................... 
Dubious, test returned 1 (wstat 256, 0x100)
Failed 105/105 subtests 
Insecure dependency in mkdir while running with -T switch at /home/cpan/pit/thr/perl-5.14.2/lib/site_perl/5.14.2/File/Temp.pm line 542.
t/lang_lint.t ..................... 
Dubious, test returned 1 (wstat 256, 0x100)
No subtests run 
Insecure dependency in mkdir while running with -T switch at /home/cpan/pit/thr/perl-5.14.2/lib/site_perl/5.14.2/File/Temp.pm line 542.
t/lang_pl_tests.t ................. 
Dubious, test returned 1 (wstat 256, 0x100)
No subtests run 
Insecure dependency in mkdir while running with -T switch at /home/cpan/pit/thr/perl-5.14.2/lib/site_perl/5.14.2/File/Temp.pm line 542.
t/line_endings.t .................. 
Dubious, test returned 1 (wstat 256, 0x100)
No subtests run 
Insecure dependency in mkdir while running with -T switch at /home/cpan/pit/thr/perl-5.14.2/lib/site_perl/5.14.2/File/Temp.pm line 542.
# Looks like your test exited with 1 before it could output anything.
t/lint_nocreate_prefs.t ........... 
Dubious, test returned 1 (wstat 256, 0x100)
Failed 2/2 subtests 
Insecure dependency in mkdir while running with -T switch at /home/cpan/pit/thr/perl-5.14.2/lib/site_perl/5.14.2/File/Temp.pm line 542.
t/local_tests_only.t .............. 
Dubious, test returned 1 (wstat 256, 0x100)
No subtests run 
Insecure dependency in mkdir while running with -T switch at /home/cpan/pit/thr/perl-5.14.2/lib/site_perl/5.14.2/File/Temp.pm line 542.
t/memory_cycles.t ................. 
Dubious, test returned 1 (wstat 256, 0x100)
No subtests run 
Insecure dependency in mkdir while running with -T switch at /home/cpan/pit/thr/perl-5.14.2/lib/site_perl/5.14.2/File/Temp.pm line 542.
# Looks like your test exited with 1 before it could output anything.
t/metadata.t ...................... 
Dubious, test returned 1 (wstat 256, 0x100)
Failed 3/3 subtests 
Insecure dependency in mkdir while running with -T switch at /home/cpan/pit/thr/perl-5.14.2/lib/site_perl/5.14.2/File/Temp.pm line 542.
# Looks like your test exited with 1 before it could output anything.
t/missing_hb_separator.t .......... 
Dubious, test returned 1 (wstat 256, 0x100)
Failed 13/13 subtests 
Insecure dependency in mkdir while running with -T switch at /home/cpan/pit/thr/perl-5.14.2/lib/site_perl/5.14.2/File/Temp.pm line 542.
t/mkrules.t ....................... 
Dubious, test returned 1 (wstat 256, 0x100)
No subtests run 
Insecure dependency in mkdir while running with -T switch at /home/cpan/pit/thr/perl-5.14.2/lib/site_perl/5.14.2/File/Temp.pm line 542.
t/mkrules_else.t .................. 
Dubious, test returned 1 (wstat 256, 0x100)
No subtests run 
Insecure dependency in mkdir while running with -T switch at /home/cpan/pit/thr/perl-5.14.2/lib/site_perl/5.14.2/File/Temp.pm line 542.
# Looks like your test exited with 1 before it could output anything.
t/nonspam.t ....................... 
Dubious, test returned 1 (wstat 256, 0x100)
Failed 1/1 subtests 
Insecure dependency in mkdir while running with -T switch at /home/cpan/pit/thr/perl-5.14.2/lib/site_perl/5.14.2/File/Temp.pm line 542.
t/olevbmacro.t .................... 
Dubious, test returned 1 (wstat 256, 0x100)
No subtests run 
Insecure dependency in mkdir while running with -T switch at /home/cpan/pit/thr/perl-5.14.2/lib/site_perl/5.14.2/File/Temp.pm line 542.
# Looks like your test exited with 1 before it could output anything.
t/originating_ip_hdr.t ............ 
Dubious, test returned 1 (wstat 256, 0x100)
Failed 9/9 subtests 
Insecure dependency in mkdir while running with -T switch at /home/cpan/pit/thr/perl-5.14.2/lib/site_perl/5.14.2/File/Temp.pm line 542.
t/pdfinfo.t ....................... 
Dubious, test returned 1 (wstat 256, 0x100)
No subtests run 
Insecure dependency in mkdir while running with -T switch at /home/cpan/pit/thr/perl-5.14.2/lib/site_perl/5.14.2/File/Temp.pm line 542.
t/perlcritic.t .................... 
Dubious, test returned 1 (wstat 256, 0x100)
No subtests run 
Insecure dependency in mkdir while running with -T switch at /home/cpan/pit/thr/perl-5.14.2/lib/site_perl/5.14.2/File/Temp.pm line 542.
t/phishing.t ...................... 
Dubious, test returned 1 (wstat 256, 0x100)
No subtests run 
Insecure dependency in mkdir while running with -T switch at /home/cpan/pit/thr/perl-5.14.2/lib/site_perl/5.14.2/File/Temp.pm line 542.
# Looks like your test exited with 1 before it could output anything.
t/plugin.t ........................ 
Dubious, test returned 1 (wstat 256, 0x100)
Failed 6/6 subtests 
Insecure dependency in mkdir while running with -T switch at /home/cpan/pit/thr/perl-5.14.2/lib/site_perl/5.14.2/File/Temp.pm line 542.
# Looks like your test exited with 1 before it could output anything.
t/plugin_file.t ................... 
Dubious, test returned 1 (wstat 256, 0x100)
Failed 9/9 subtests 
Insecure dependency in mkdir while running with -T switch at /home/cpan/pit/thr/perl-5.14.2/lib/site_perl/5.14.2/File/Temp.pm line 542.
# Looks like your test exited with 1 before it could output anything.
t/plugin_priorities.t ............. 
Dubious, test returned 1 (wstat 256, 0x100)
Failed 2/2 subtests 
Insecure dependency in mkdir while running with -T switch at /home/cpan/pit/thr/perl-5.14.2/lib/site_perl/5.14.2/File/Temp.pm line 542.
# Looks like your test exited with 1 before it could output anything.
t/prefs_include.t ................. 
Dubious, test returned 1 (wstat 256, 0x100)
Failed 3/3 subtests 
Insecure dependency in mkdir while running with -T switch at /home/cpan/pit/thr/perl-5.14.2/lib/site_perl/5.14.2/File/Temp.pm line 542.
# Looks like your test exited with 1 before it could output anything.
t/priorities.t .................... 
Dubious, test returned 1 (wstat 256, 0x100)
Failed 10/10 subtests 
Insecure dependency in mkdir while running with -T switch at /home/cpan/pit/thr/perl-5.14.2/lib/site_perl/5.14.2/File/Temp.pm line 542.
# Looks like your test exited with 1 before it could output anything.
t/priorities_welcome_block.t ...... 
Dubious, test returned 1 (wstat 256, 0x100)
Failed 10/10 subtests 
t/pyzor.t ......................... skipped: Net tests disabled
Insecure dependency in mkdir while running with -T switch at /home/cpan/pit/thr/perl-5.14.2/lib/site_perl/5.14.2/File/Temp.pm line 542.
t/razor2.t ........................ 
Dubious, test returned 1 (wstat 256, 0x100)
No subtests run 
Insecure dependency in mkdir while running with -T switch at /home/cpan/pit/thr/perl-5.14.2/lib/site_perl/5.14.2/File/Temp.pm line 542.
# Looks like your test exited with 1 before it could output anything.
t/rcvd_parser.t ................... 
Dubious, test returned 1 (wstat 256, 0x100)
Failed 147/147 subtests 
Insecure dependency in mkdir while running with -T switch at /home/cpan/pit/thr/perl-5.14.2/lib/site_perl/5.14.2/File/Temp.pm line 542.
t/re_base_extraction.t ............ 
Dubious, test returned 1 (wstat 256, 0x100)
No subtests run 
Insecure dependency in mkdir while running with -T switch at /home/cpan/pit/thr/perl-5.14.2/lib/site_perl/5.14.2/File/Temp.pm line 542.
# Looks like your test exited with 1 before it could output anything.
t/recips.t ........................ 
Dubious, test returned 1 (wstat 256, 0x100)
Failed 6/6 subtests 
Insecure dependency in mkdir while running with -T switch at /home/cpan/pit/thr/perl-5.14.2/lib/site_perl/5.14.2/File/Temp.pm line 542.
# Looks like your test exited with 1 before it could output anything.
t/recreate.t ...................... 
Dubious, test returned 1 (wstat 256, 0x100)
Failed 9/9 subtests 
t/recursion.t ..................... ok
Insecure dependency in mkdir while running with -T switch at /home/cpan/pit/thr/perl-5.14.2/lib/site_perl/5.14.2/File/Temp.pm line 542.
# Looks like your test exited with 1 before it could output anything.
t/relative_scores.t ............... 
Dubious, test returned 1 (wstat 256, 0x100)
Failed 4/4 subtests 
Insecure dependency in mkdir while running with -T switch at /home/cpan/pit/thr/perl-5.14.2/lib/site_perl/5.14.2/File/Temp.pm line 542.
t/relaycountry.t .................. 
Dubious, test returned 1 (wstat 256, 0x100)
No subtests run 
Insecure dependency in mkdir while running with -T switch at /home/cpan/pit/thr/perl-5.14.2/lib/site_perl/5.14.2/File/Temp.pm line 542.
# Looks like your test exited with 1 before it could output anything.
t/report_safe.t ................... 
Dubious, test returned 1 (wstat 256, 0x100)
Failed 8/8 subtests 
Insecure dependency in mkdir while running with -T switch at /home/cpan/pit/thr/perl-5.14.2/lib/site_perl/5.14.2/File/Temp.pm line 542.
# Looks like your test exited with 1 before it could output anything.
t/reportheader.t .................. 
Dubious, test returned 1 (wstat 256, 0x100)
Failed 11/11 subtests 
Insecure dependency in mkdir while running with -T switch at /home/cpan/pit/thr/perl-5.14.2/lib/site_perl/5.14.2/File/Temp.pm line 542.
# Looks like your test exited with 1 before it could output anything.
t/reportheader_8bit.t ............. 
Dubious, test returned 1 (wstat 256, 0x100)
Failed 3/3 subtests 
Insecure dependency in mkdir while running with -T switch at /home/cpan/pit/thr/perl-5.14.2/lib/site_perl/5.14.2/File/Temp.pm line 542.
t/reuse.t ......................... 
Dubious, test returned 1 (wstat 256, 0x100)
No subtests run 
Insecure dependency in mkdir while running with -T switch at /home/cpan/pit/thr/perl-5.14.2/lib/site_perl/5.14.2/File/Temp.pm line 542.
t/root_spamd.t .................... 
Dubious, test returned 1 (wstat 256, 0x100)
No subtests run 
Insecure dependency in mkdir while running with -T switch at /home/cpan/pit/thr/perl-5.14.2/lib/site_perl/5.14.2/File/Temp.pm line 542.
t/root_spamd_tell.t ............... 
Dubious, test returned 1 (wstat 256, 0x100)
No subtests run 
Insecure dependency in mkdir while running with -T switch at /home/cpan/pit/thr/perl-5.14.2/lib/site_perl/5.14.2/File/Temp.pm line 542.
t/root_spamd_tell_paranoid.t ...... 
Dubious, test returned 1 (wstat 256, 0x100)
No subtests run 
Insecure dependency in mkdir while running with -T switch at /home/cpan/pit/thr/perl-5.14.2/lib/site_perl/5.14.2/File/Temp.pm line 542.
t/root_spamd_tell_x.t ............. 
Dubious, test returned 1 (wstat 256, 0x100)
No subtests run 
Insecure dependency in mkdir while running with -T switch at /home/cpan/pit/thr/perl-5.14.2/lib/site_perl/5.14.2/File/Temp.pm line 542.
t/root_spamd_tell_x_paranoid.t .... 
Dubious, test returned 1 (wstat 256, 0x100)
No subtests run 
Insecure dependency in mkdir while running with -T switch at /home/cpan/pit/thr/perl-5.14.2/lib/site_perl/5.14.2/File/Temp.pm line 542.
t/root_spamd_u.t .................. 
Dubious, test returned 1 (wstat 256, 0x100)
No subtests run 
Insecure dependency in mkdir while running with -T switch at /home/cpan/pit/thr/perl-5.14.2/lib/site_perl/5.14.2/File/Temp.pm line 542.
t/root_spamd_u_dcc.t .............. 
Dubious, test returned 1 (wstat 256, 0x100)
No subtests run 
Insecure dependency in mkdir while running with -T switch at /home/cpan/pit/thr/perl-5.14.2/lib/site_perl/5.14.2/File/Temp.pm line 542.
t/root_spamd_virtual.t ............ 
Dubious, test returned 1 (wstat 256, 0x100)
No subtests run 
Insecure dependency in mkdir while running with -T switch at /home/cpan/pit/thr/perl-5.14.2/lib/site_perl/5.14.2/File/Temp.pm line 542.
t/root_spamd_x.t .................. 
Dubious, test returned 1 (wstat 256, 0x100)
No subtests run 
Insecure dependency in mkdir while running with -T switch at /home/cpan/pit/thr/perl-5.14.2/lib/site_perl/5.14.2/File/Temp.pm line 542.
t/root_spamd_x_paranoid.t ......... 
Dubious, test returned 1 (wstat 256, 0x100)
No subtests run 
Insecure dependency in mkdir while running with -T switch at /home/cpan/pit/thr/perl-5.14.2/lib/site_perl/5.14.2/File/Temp.pm line 542.
t/root_spamd_x_u.t ................ 
Dubious, test returned 1 (wstat 256, 0x100)
No subtests run 
Insecure dependency in mkdir while running with -T switch at /home/cpan/pit/thr/perl-5.14.2/lib/site_perl/5.14.2/File/Temp.pm line 542.
# Looks like your test exited with 1 before it could output anything.
t/sa_awl.t ........................ 
Dubious, test returned 1 (wstat 256, 0x100)
Failed 1/1 subtests 
Insecure dependency in mkdir while running with -T switch at /home/cpan/pit/thr/perl-5.14.2/lib/site_perl/5.14.2/File/Temp.pm line 542.
# Looks like your test exited with 1 before it could output anything.
t/sa_awl_welcome_block.t .......... 
Dubious, test returned 1 (wstat 256, 0x100)
Failed 1/1 subtests 
Insecure dependency in mkdir while running with -T switch at /home/cpan/pit/thr/perl-5.14.2/lib/site_perl/5.14.2/File/Temp.pm line 542.
t/sa_check_spamd.t ................ 
Dubious, test returned 1 (wstat 256, 0x100)
No subtests run 
Insecure dependency in mkdir while running with -T switch at /home/cpan/pit/thr/perl-5.14.2/lib/site_perl/5.14.2/File/Temp.pm line 542.
t/sa_compile.t .................... 
Dubious, test returned 1 (wstat 256, 0x100)
No subtests run 
Insecure dependency in mkdir while running with -T switch at /home/cpan/pit/thr/perl-5.14.2/lib/site_perl/5.14.2/File/Temp.pm line 542.
# Looks like your test exited with 1 before it could output anything.
t/sha1.t .......................... 
Dubious, test returned 1 (wstat 256, 0x100)
Failed 15/15 subtests 
Insecure dependency in mkdir while running with -T switch at /home/cpan/pit/thr/perl-5.14.2/lib/site_perl/5.14.2/File/Temp.pm line 542.
# Looks like your test exited with 1 before it could output anything.
t/shortcircuit.t .................. 
Dubious, test returned 1 (wstat 256, 0x100)
Failed 18/18 subtests 
Insecure dependency in mkdir while running with -T switch at /home/cpan/pit/thr/perl-5.14.2/lib/site_perl/5.14.2/File/Temp.pm line 542.
# Looks like your test exited with 1 before it could output anything.
t/spam.t .......................... 
Dubious, test returned 1 (wstat 256, 0x100)
Failed 7/7 subtests 
Insecure dependency in mkdir while running with -T switch at /home/cpan/pit/thr/perl-5.14.2/lib/site_perl/5.14.2/File/Temp.pm line 542.
t/spamc.t ......................... 
Dubious, test returned 1 (wstat 256, 0x100)
No subtests run 
Insecure dependency in mkdir while running with -T switch at /home/cpan/pit/thr/perl-5.14.2/lib/site_perl/5.14.2/File/Temp.pm line 542.
t/spamc_B.t ....................... 
Dubious, test returned 1 (wstat 256, 0x100)
No subtests run 
Insecure dependency in mkdir while running with -T switch at /home/cpan/pit/thr/perl-5.14.2/lib/site_perl/5.14.2/File/Temp.pm line 542.
t/spamc_bug6176.t ................. 
Dubious, test returned 1 (wstat 256, 0x100)
No subtests run 
Insecure dependency in mkdir while running with -T switch at /home/cpan/pit/thr/perl-5.14.2/lib/site_perl/5.14.2/File/Temp.pm line 542.
t/spamc_c.t ....................... 
Dubious, test returned 1 (wstat 256, 0x100)
No subtests run 
Insecure dependency in mkdir while running with -T switch at /home/cpan/pit/thr/perl-5.14.2/lib/site_perl/5.14.2/File/Temp.pm line 542.
t/spamc_c_stdout_closed.t ......... 
Dubious, test returned 1 (wstat 256, 0x100)
No subtests run 
Insecure dependency in mkdir while running with -T switch at /home/cpan/pit/thr/perl-5.14.2/lib/site_perl/5.14.2/File/Temp.pm line 542.
t/spamc_cf.t ...................... 
Dubious, test returned 1 (wstat 256, 0x100)
No subtests run 
Insecure dependency in mkdir while running with -T switch at /home/cpan/pit/thr/perl-5.14.2/lib/site_perl/5.14.2/File/Temp.pm line 542.
t/spamc_E.t ....................... 
Dubious, test returned 1 (wstat 256, 0x100)
No subtests run 
Insecure dependency in mkdir while running with -T switch at /home/cpan/pit/thr/perl-5.14.2/lib/site_perl/5.14.2/File/Temp.pm line 542.
t/spamc_H.t ....................... 
Dubious, test returned 1 (wstat 256, 0x100)
No subtests run 
Insecure dependency in mkdir while running with -T switch at /home/cpan/pit/thr/perl-5.14.2/lib/site_perl/5.14.2/File/Temp.pm line 542.
t/spamc_headers.t ................. 
Dubious, test returned 1 (wstat 256, 0x100)
No subtests run 
Insecure dependency in mkdir while running with -T switch at /home/cpan/pit/thr/perl-5.14.2/lib/site_perl/5.14.2/File/Temp.pm line 542.
t/spamc_l.t ....................... 
Dubious, test returned 1 (wstat 256, 0x100)
No subtests run 
Insecure dependency in mkdir while running with -T switch at /home/cpan/pit/thr/perl-5.14.2/lib/site_perl/5.14.2/File/Temp.pm line 542.
t/spamc_optC.t .................... 
Dubious, test returned 1 (wstat 256, 0x100)
No subtests run 
Insecure dependency in mkdir while running with -T switch at /home/cpan/pit/thr/perl-5.14.2/lib/site_perl/5.14.2/File/Temp.pm line 542.
t/spamc_optL.t .................... 
Dubious, test returned 1 (wstat 256, 0x100)
No subtests run 
Insecure dependency in mkdir while running with -T switch at /home/cpan/pit/thr/perl-5.14.2/lib/site_perl/5.14.2/File/Temp.pm line 542.
t/spamc_x_e.t ..................... 
Dubious, test returned 1 (wstat 256, 0x100)
No subtests run 
Insecure dependency in mkdir while running with -T switch at /home/cpan/pit/thr/perl-5.14.2/lib/site_perl/5.14.2/File/Temp.pm line 542.
t/spamc_x_E_R.t ................... 
Dubious, test returned 1 (wstat 256, 0x100)
No subtests run 
Insecure dependency in mkdir while running with -T switch at /home/cpan/pit/thr/perl-5.14.2/lib/site_perl/5.14.2/File/Temp.pm line 542.
t/spamc_y.t ....................... 
Dubious, test returned 1 (wstat 256, 0x100)
No subtests run 
Insecure dependency in mkdir while running with -T switch at /home/cpan/pit/thr/perl-5.14.2/lib/site_perl/5.14.2/File/Temp.pm line 542.
t/spamc_z.t ....................... 
Dubious, test returned 1 (wstat 256, 0x100)
No subtests run 
Insecure dependency in mkdir while running with -T switch at /home/cpan/pit/thr/perl-5.14.2/lib/site_perl/5.14.2/File/Temp.pm line 542.
t/spamd.t ......................... 
Dubious, test returned 1 (wstat 256, 0x100)
No subtests run 
Insecure dependency in mkdir while running with -T switch at /home/cpan/pit/thr/perl-5.14.2/lib/site_perl/5.14.2/File/Temp.pm line 542.
t/spamd_allow_user_rules.t ........ 
Dubious, test returned 1 (wstat 256, 0x100)
No subtests run 
Insecure dependency in mkdir while running with -T switch at /home/cpan/pit/thr/perl-5.14.2/lib/site_perl/5.14.2/File/Temp.pm line 542.
t/spamd_client.t .................. 
Dubious, test returned 1 (wstat 256, 0x100)
No subtests run 
t/spamd_hup.t ..................... ok
t/spamd_kill_restart.t ............ ok
t/spamd_kill_restart_rr.t ......... ok
Insecure dependency in mkdir while running with -T switch at /home/cpan/pit/thr/perl-5.14.2/lib/site_perl/5.14.2/File/Temp.pm line 542.
t/spamd_ldap.t .................... 
Dubious, test returned 1 (wstat 256, 0x100)
No subtests run 
Insecure dependency in mkdir while running with -T switch at /home/cpan/pit/thr/perl-5.14.2/lib/site_perl/5.14.2/File/Temp.pm line 542.
t/spamd_maxchildren.t ............. 
Dubious, test returned 1 (wstat 256, 0x100)
No subtests run 
Insecure dependency in mkdir while running with -T switch at /home/cpan/pit/thr/perl-5.14.2/lib/site_perl/5.14.2/File/Temp.pm line 542.
t/spamd_maxsize.t ................. 
Dubious, test returned 1 (wstat 256, 0x100)
No subtests run 
Insecure dependency in mkdir while running with -T switch at /home/cpan/pit/thr/perl-5.14.2/lib/site_perl/5.14.2/File/Temp.pm line 542.
t/spamd_parallel.t ................ 
Dubious, test returned 1 (wstat 256, 0x100)
No subtests run 
Insecure dependency in mkdir while running with -T switch at /home/cpan/pit/thr/perl-5.14.2/lib/site_perl/5.14.2/File/Temp.pm line 542.
t/spamd_plugin.t .................. 
Dubious, test returned 1 (wstat 256, 0x100)
No subtests run 
Insecure dependency in mkdir while running with -T switch at /home/cpan/pit/thr/perl-5.14.2/lib/site_perl/5.14.2/File/Temp.pm line 542.
t/spamd_port.t .................... 
Dubious, test returned 1 (wstat 256, 0x100)
No subtests run 
Insecure dependency in mkdir while running with -T switch at /home/cpan/pit/thr/perl-5.14.2/lib/site_perl/5.14.2/File/Temp.pm line 542.
t/spamd_prefork_stress_3.t ........ 
Dubious, test returned 1 (wstat 256, 0x100)
No subtests run 
Insecure dependency in mkdir while running with -T switch at /home/cpan/pit/thr/perl-5.14.2/lib/site_perl/5.14.2/File/Temp.pm line 542.
t/spamd_prefork_stress_4.t ........ 
Dubious, test returned 1 (wstat 256, 0x100)
No subtests run 
Insecure dependency in mkdir while running with -T switch at /home/cpan/pit/thr/perl-5.14.2/lib/site_perl/5.14.2/File/Temp.pm line 542.
t/spamd_protocol_10.t ............. 
Dubious, test returned 1 (wstat 256, 0x100)
No subtests run 
Insecure dependency in mkdir while running with -T switch at /home/cpan/pit/thr/perl-5.14.2/lib/site_perl/5.14.2/File/Temp.pm line 542.
t/spamd_report.t .................. 
Dubious, test returned 1 (wstat 256, 0x100)
No subtests run 
Insecure dependency in mkdir while running with -T switch at /home/cpan/pit/thr/perl-5.14.2/lib/site_perl/5.14.2/File/Temp.pm line 542.
t/spamd_report_ifspam.t ........... 
Dubious, test returned 1 (wstat 256, 0x100)
No subtests run 
Insecure dependency in mkdir while running with -T switch at /home/cpan/pit/thr/perl-5.14.2/lib/site_perl/5.14.2/File/Temp.pm line 542.
t/spamd_sql_prefs.t ............... 
Dubious, test returned 1 (wstat 256, 0x100)
No subtests run 
Insecure dependency in mkdir while running with -T switch at /home/cpan/pit/thr/perl-5.14.2/lib/site_perl/5.14.2/File/Temp.pm line 542.
t/spamd_ssl.t ..................... 
Dubious, test returned 1 (wstat 256, 0x100)
No subtests run 
Insecure dependency in mkdir while running with -T switch at /home/cpan/pit/thr/perl-5.14.2/lib/site_perl/5.14.2/File/Temp.pm line 542.
t/spamd_ssl_accept_fail.t ......... 
Dubious, test returned 1 (wstat 256, 0x100)
No subtests run 
t/spamd_ssl_z.t ................... skipped: SSL is unavailble
Insecure dependency in mkdir while running with -T switch at /home/cpan/pit/thr/perl-5.14.2/lib/site_perl/5.14.2/File/Temp.pm line 542.
t/spamd_stop.t .................... 
Dubious, test returned 1 (wstat 256, 0x100)
No subtests run 
Insecure dependency in mkdir while running with -T switch at /home/cpan/pit/thr/perl-5.14.2/lib/site_perl/5.14.2/File/Temp.pm line 542.
t/spamd_symbols.t ................. 
Dubious, test returned 1 (wstat 256, 0x100)
No subtests run 
Insecure dependency in mkdir while running with -T switch at /home/cpan/pit/thr/perl-5.14.2/lib/site_perl/5.14.2/File/Temp.pm line 542.
t/spamd_syslog.t .................. 
Dubious, test returned 1 (wstat 256, 0x100)
No subtests run 
Insecure dependency in mkdir while running with -T switch at /home/cpan/pit/thr/perl-5.14.2/lib/site_perl/5.14.2/File/Temp.pm line 542.
t/spamd_unix.t .................... 
Dubious, test returned 1 (wstat 256, 0x100)
No subtests run 
Insecure dependency in mkdir while running with -T switch at /home/cpan/pit/thr/perl-5.14.2/lib/site_perl/5.14.2/File/Temp.pm line 542.
t/spamd_unix_and_tcp.t ............ 
Dubious, test returned 1 (wstat 256, 0x100)
No subtests run 
Insecure dependency in mkdir while running with -T switch at /home/cpan/pit/thr/perl-5.14.2/lib/site_perl/5.14.2/File/Temp.pm line 542.
t/spamd_user_rules_leak.t ......... 
Dubious, test returned 1 (wstat 256, 0x100)
No subtests run 
Insecure dependency in mkdir while running with -T switch at /home/cpan/pit/thr/perl-5.14.2/lib/site_perl/5.14.2/File/Temp.pm line 542.
# Looks like your test exited with 1 before it could output anything.
t/spamd_utf8.t .................... 
Dubious, test returned 1 (wstat 256, 0x100)
Failed 3/3 subtests 
Insecure dependency in mkdir while running with -T switch at /home/cpan/pit/thr/perl-5.14.2/lib/site_perl/5.14.2/File/Temp.pm line 542.
t/spamd_welcomelist_leak.t ........ 
Dubious, test returned 1 (wstat 256, 0x100)
No subtests run 
Insecure dependency in mkdir while running with -T switch at /home/cpan/pit/thr/perl-5.14.2/lib/site_perl/5.14.2/File/Temp.pm line 542.
t/spamd_whitelist_leak.t .......... 
Dubious, test returned 1 (wstat 256, 0x100)
No subtests run 
Insecure dependency in mkdir while running with -T switch at /home/cpan/pit/thr/perl-5.14.2/lib/site_perl/5.14.2/File/Temp.pm line 542.
t/spf.t ........................... 
Dubious, test returned 1 (wstat 256, 0x100)
No subtests run 
Insecure dependency in mkdir while running with -T switch at /home/cpan/pit/thr/perl-5.14.2/lib/site_perl/5.14.2/File/Temp.pm line 542.
t/spf_welcome_block.t ............. 
Dubious, test returned 1 (wstat 256, 0x100)
No subtests run 
t/sql_based_welcomelist.t ......... skipped: run_awl_sql_tests not enabled or DBI/SQLite not found
t/sql_based_whitelist.t ........... skipped: run_awl_sql_tests not enabled or DBI/SQLite not found
Insecure dependency in mkdir while running with -T switch at /home/cpan/pit/thr/perl-5.14.2/lib/site_perl/5.14.2/File/Temp.pm line 542.
# Looks like your test exited with 1 before it could output anything.
t/stop_always_matching_regexps.t .. 
Dubious, test returned 1 (wstat 256, 0x100)
Failed 12/12 subtests 
Insecure dependency in mkdir while running with -T switch at /home/cpan/pit/thr/perl-5.14.2/lib/site_perl/5.14.2/File/Temp.pm line 542.
t/strip2.t ........................ 
Dubious, test returned 1 (wstat 256, 0x100)
No subtests run 
Insecure dependency in mkdir while running with -T switch at /home/cpan/pit/thr/perl-5.14.2/lib/site_perl/5.14.2/File/Temp.pm line 542.
t/strip_no_subject.t .............. 
Dubious, test returned 1 (wstat 256, 0x100)
No subtests run 
Insecure dependency in mkdir while running with -T switch at /home/cpan/pit/thr/perl-5.14.2/lib/site_perl/5.14.2/File/Temp.pm line 542.
# Looks like your test exited with 1 before it could output anything.
t/stripmarkup.t ................... 
Dubious, test returned 1 (wstat 256, 0x100)
Failed 4/4 subtests 
Insecure dependency in mkdir while running with -T switch at /home/cpan/pit/thr/perl-5.14.2/lib/site_perl/5.14.2/File/Temp.pm line 542.
t/tainted_msg.t ................... 
Dubious, test returned 1 (wstat 256, 0x100)
No subtests run 
Insecure dependency in mkdir while running with -T switch at /home/cpan/pit/thr/perl-5.14.2/lib/site_perl/5.14.2/File/Temp.pm line 542.
# Looks like your test exited with 1 before it could output anything.
t/text_bad_ctype.t ................ 
Dubious, test returned 1 (wstat 256, 0x100)
Failed 2/2 subtests 
Insecure dependency in mkdir while running with -T switch at /home/cpan/pit/thr/perl-5.14.2/lib/site_perl/5.14.2/File/Temp.pm line 542.
# Looks like your test exited with 1 before it could output anything.
t/timeout.t ....................... 
Dubious, test returned 1 (wstat 256, 0x100)
Failed 33/33 subtests 
Insecure dependency in mkdir while running with -T switch at /home/cpan/pit/thr/perl-5.14.2/lib/site_perl/5.14.2/File/Temp.pm line 542.
t/trust_path.t .................... 
Dubious, test returned 2 (wstat 512, 0x200)
No subtests run 
Insecure dependency in mkdir while running with -T switch at /home/cpan/pit/thr/perl-5.14.2/lib/site_perl/5.14.2/File/Temp.pm line 542.
# Looks like your test exited with 1 before it could output anything.
t/utf8.t .......................... 
Dubious, test returned 1 (wstat 256, 0x100)
Failed 14/14 subtests 
Insecure dependency in mkdir while running with -T switch at /home/cpan/pit/thr/perl-5.14.2/lib/site_perl/5.14.2/File/Temp.pm line 542.
# Looks like your test exited with 1 before it could output anything.
t/util_wrap.t ..................... 
Dubious, test returned 1 (wstat 256, 0x100)
Failed 5/5 subtests 
Insecure dependency in mkdir while running with -T switch at /home/cpan/pit/thr/perl-5.14.2/lib/site_perl/5.14.2/File/Temp.pm line 542.
t/welcomelist_addrs.t ............. 
Dubious, test returned 1 (wstat 256, 0x100)
No subtests run 
Insecure dependency in mkdir while running with -T switch at /home/cpan/pit/thr/perl-5.14.2/lib/site_perl/5.14.2/File/Temp.pm line 542.
t/welcomelist_from.t .............. 
Dubious, test returned 1 (wstat 256, 0x100)
No subtests run 
Insecure dependency in mkdir while running with -T switch at /home/cpan/pit/thr/perl-5.14.2/lib/site_perl/5.14.2/File/Temp.pm line 542.
# Looks like your test exited with 1 before it could output anything.
t/welcomelist_subject.t ........... 
Dubious, test returned 1 (wstat 256, 0x100)
Failed 4/4 subtests 
Insecure dependency in mkdir while running with -T switch at /home/cpan/pit/thr/perl-5.14.2/lib/site_perl/5.14.2/File/Temp.pm line 542.
# Looks like your test exited with 1 before it could output anything.
t/welcomelist_to.t ................ 
Dubious, test returned 1 (wstat 256, 0x100)
Failed 1/1 subtests 
Insecure dependency in mkdir while running with -T switch at /home/cpan/pit/thr/perl-5.14.2/lib/site_perl/5.14.2/File/Temp.pm line 542.
t/whitelist_addrs.t ............... 
Dubious, test returned 1 (wstat 256, 0x100)
No subtests run 
Insecure dependency in mkdir while running with -T switch at /home/cpan/pit/thr/perl-5.14.2/lib/site_perl/5.14.2/File/Temp.pm line 542.
t/whitelist_from.t ................ 
Dubious, test returned 1 (wstat 256, 0x100)
No subtests run 
Insecure dependency in mkdir while running with -T switch at /home/cpan/pit/thr/perl-5.14.2/lib/site_perl/5.14.2/File/Temp.pm line 542.
# Looks like your test exited with 1 before it could output anything.
t/whitelist_subject.t ............. 
Dubious, test returned 1 (wstat 256, 0x100)
Failed 4/4 subtests 
Insecure dependency in mkdir while running with -T switch at /home/cpan/pit/thr/perl-5.14.2/lib/site_perl/5.14.2/File/Temp.pm line 542.
# Looks like your test exited with 1 before it could output anything.
t/whitelist_to.t .................. 
Dubious, test returned 1 (wstat 256, 0x100)
Failed 1/1 subtests 
Insecure dependency in mkdir while running with -T switch at /home/cpan/pit/thr/perl-5.14.2/lib/site_perl/5.14.2/File/Temp.pm line 542.
# Looks like your test exited with 1 before it could output anything.
t/wlbl_uri.t ...................... 
Dubious, test returned 1 (wstat 256, 0x100)
Failed 12/12 subtests 

Test Summary Report
-------------------
t/all_modules.t                 (Wstat: 512 (exited 2) Tests: 0 Failed: 0)
  Non-zero exit status: 2
  Parse errors: No plan found in TAP output
t/basic_lint.t                  (Wstat: 256 (exited 1) Tests: 0 Failed: 0)
  Non-zero exit status: 1
  Parse errors: No plan found in TAP output
t/basic_lint_net.t              (Wstat: 256 (exited 1) Tests: 0 Failed: 0)
  Non-zero exit status: 1
  Parse errors: No plan found in TAP output
t/basic_lint_without_sandbox.t  (Wstat: 256 (exited 1) Tests: 0 Failed: 0)
  Non-zero exit status: 1
  Parse errors: Bad plan.  You planned 3 tests but ran 0.
t/basic_meta.t                  (Wstat: 256 (exited 1) Tests: 0 Failed: 0)
  Non-zero exit status: 1
  Parse errors: No plan found in TAP output
t/basic_meta2.t                 (Wstat: 256 (exited 1) Tests: 0 Failed: 0)
  Non-zero exit status: 1
  Parse errors: No plan found in TAP output
t/basic_obj_api.t               (Wstat: 256 (exited 1) Tests: 0 Failed: 0)
  Non-zero exit status: 1
  Parse errors: Bad plan.  You planned 4 tests but ran 0.
t/html_colors.t                 (Wstat: 256 (exited 1) Tests: 0 Failed: 0)
  Non-zero exit status: 1
  Parse errors: Bad plan.  You planned 28 tests but ran 0.
t/html_obfu.t                   (Wstat: 256 (exited 1) Tests: 0 Failed: 0)
  Non-zero exit status: 1
  Parse errors: Bad plan.  You planned 9 tests but ran 0.
t/html_utf8.t                   (Wstat: 256 (exited 1) Tests: 0 Failed: 0)
  Non-zero exit status: 1
  Parse errors: No plan found in TAP output
t/mimeheader.t                  (Wstat: 256 (exited 1) Tests: 0 Failed: 0)
  Non-zero exit status: 1
  Parse errors: Bad plan.  You planned 18 tests but ran 0.
t/mimeparse.t                   (Wstat: 256 (exited 1) Tests: 0 Failed: 0)
  Non-zero exit status: 1
  Parse errors: Bad plan.  You planned 33 tests but ran 0.
t/uri.t                         (Wstat: 256 (exited 1) Tests: 0 Failed: 0)
  Non-zero exit status: 1
  Parse errors: No plan found in TAP output
t/uri_html.t                    (Wstat: 256 (exited 1) Tests: 0 Failed: 0)
  Non-zero exit status: 1
  Parse errors: Bad plan.  You planned 2 tests but ran 0.
t/uri_list.t                    (Wstat: 256 (exited 1) Tests: 0 Failed: 0)
  Non-zero exit status: 1
  Parse errors: Bad plan.  You planned 12 tests but ran 0.
t/uri_saferedirect.t            (Wstat: 256 (exited 1) Tests: 0 Failed: 0)
  Non-zero exit status: 1
  Parse errors: Bad plan.  You planned 2 tests but ran 0.
t/uri_text.t                    (Wstat: 256 (exited 1) Tests: 0 Failed: 0)
  Non-zero exit status: 1
  Parse errors: Bad plan.  You planned 168 tests but ran 0.
t/uribl.t                       (Wstat: 256 (exited 1) Tests: 0 Failed: 0)
  Non-zero exit status: 1
  Parse errors: No plan found in TAP output
t/uribl_all_types.t             (Wstat: 256 (exited 1) Tests: 0 Failed: 0)
  Non-zero exit status: 1
  Parse errors: No plan found in TAP output
t/uribl_domains_only.t          (Wstat: 256 (exited 1) Tests: 0 Failed: 0)
  Non-zero exit status: 1
  Parse errors: No plan found in TAP output
t/uribl_ips_only.t              (Wstat: 256 (exited 1) Tests: 0 Failed: 0)
  Non-zero exit status: 1
  Parse errors: No plan found in TAP output
t/urilocalbl.t                  (Wstat: 256 (exited 1) Tests: 0 Failed: 0)
  Non-zero exit status: 1
  Parse errors: No plan found in TAP output
t/get_all_headers.t             (Wstat: 256 (exited 1) Tests: 0 Failed: 0)
  Non-zero exit status: 1
  Parse errors: No plan found in TAP output
t/get_headers.t                 (Wstat: 256 (exited 1) Tests: 0 Failed: 0)
  Non-zero exit status: 1
  Parse errors: No plan found in TAP output
t/header.t                      (Wstat: 256 (exited 1) Tests: 0 Failed: 0)
  Non-zero exit status: 1
  Parse errors: Bad plan.  You planned 23 tests but ran 0.
t/header_utf8.t                 (Wstat: 256 (exited 1) Tests: 0 Failed: 0)
  Non-zero exit status: 1
  Parse errors: No plan found in TAP output
t/regexp_named_capture.t        (Wstat: 256 (exited 1) Tests: 0 Failed: 0)
  Non-zero exit status: 1
  Parse errors: No plan found in TAP output
t/regexp_valid.t                (Wstat: 256 (exited 1) Tests: 0 Failed: 0)
  Non-zero exit status: 1
  Parse errors: Bad plan.  You planned 39 tests but ran 0.
t/askdns.t                      (Wstat: 256 (exited 1) Tests: 0 Failed: 0)
  Non-zero exit status: 1
  Parse errors: No plan found in TAP output
t/dnsbl.t                       (Wstat: 256 (exited 1) Tests: 0 Failed: 0)
  Non-zero exit status: 1
  Parse errors: No plan found in TAP output
t/dnsbl_sc_meta.t               (Wstat: 256 (exited 1) Tests: 0 Failed: 0)
  Non-zero exit status: 1
  Parse errors: No plan found in TAP output
t/dnsbl_subtests.t              (Wstat: 256 (exited 1) Tests: 0 Failed: 0)
  Non-zero exit status: 1
  Parse errors: No plan found in TAP output
t/shortcircuit_before_dns.t     (Wstat: 256 (exited 1) Tests: 0 Failed: 0)
  Non-zero exit status: 1
  Parse errors: No plan found in TAP output
t/rule_multiple.t               (Wstat: 256 (exited 1) Tests: 0 Failed: 0)
  Non-zero exit status: 1
  Parse errors: Bad plan.  You planned 42 tests but ran 0.
t/rule_names.t                  (Wstat: 256 (exited 1) Tests: 0 Failed: 0)
  Non-zero exit status: 1
  Parse errors: No plan found in TAP output
t/rule_types.t                  (Wstat: 256 (exited 1) Tests: 0 Failed: 0)
  Non-zero exit status: 1
  Parse errors: Bad plan.  You planned 9 tests but ran 0.
t/spamd_prefork_stress.t        (Wstat: 256 (exited 1) Tests: 0 Failed: 0)
  Non-zero exit status: 1
  Parse errors: No plan found in TAP output
t/spamd_prefork_stress_2.t      (Wstat: 256 (exited 1) Tests: 0 Failed: 0)
  Non-zero exit status: 1
  Parse errors: No plan found in TAP output
t/arc.t                         (Wstat: 256 (exited 1) Tests: 0 Failed: 0)
  Non-zero exit status: 1
  Parse errors: No plan found in TAP output
t/authres.t                     (Wstat: 256 (exited 1) Tests: 0 Failed: 0)
  Non-zero exit status: 1
  Parse errors: No plan found in TAP output
t/autolearn.t                   (Wstat: 256 (exited 1) Tests: 0 Failed: 0)
  Non-zero exit status: 1
  Parse errors: No plan found in TAP output
t/autolearn_force.t             (Wstat: 256 (exited 1) Tests: 0 Failed: 0)
  Non-zero exit status: 1
  Parse errors: No plan found in TAP output
t/autolearn_force_fail.t        (Wstat: 256 (exited 1) Tests: 0 Failed: 0)
  Non-zero exit status: 1
  Parse errors: No plan found in TAP output
t/bayesbdb.t                    (Wstat: 256 (exited 1) Tests: 0 Failed: 0)
  Non-zero exit status: 1
  Parse errors: No plan found in TAP output
t/bayesdbm.t                    (Wstat: 256 (exited 1) Tests: 0 Failed: 0)
  Non-zero exit status: 1
  Parse errors: No plan found in TAP output
t/bayesdbm_flock.t              (Wstat: 256 (exited 1) Tests: 0 Failed: 0)
  Non-zero exit status: 1
  Parse errors: No plan found in TAP output
t/bayessdbm.t                   (Wstat: 256 (exited 1) Tests: 0 Failed: 0)
  Non-zero exit status: 1
  Parse errors: No plan found in TAP output
t/bayessdbm_seen_delete.t       (Wstat: 256 (exited 1) Tests: 0 Failed: 0)
  Non-zero exit status: 1
  Parse errors: No plan found in TAP output
t/bayessql.t                    (Wstat: 256 (exited 1) Tests: 0 Failed: 0)
  Non-zero exit status: 1
  Parse errors: No plan found in TAP output
t/blacklist_autolearn.t         (Wstat: 256 (exited 1) Tests: 0 Failed: 0)
  Non-zero exit status: 1
  Parse errors: Bad plan.  You planned 3 tests but ran 0.
t/blocklist_autolearn.t         (Wstat: 256 (exited 1) Tests: 0 Failed: 0)
  Non-zero exit status: 1
  Parse errors: Bad plan.  You planned 3 tests but ran 0.
t/body_mod.t                    (Wstat: 256 (exited 1) Tests: 0 Failed: 0)
  Non-zero exit status: 1
  Parse errors: Bad plan.  You planned 3 tests but ran 0.
t/body_str.t                    (Wstat: 256 (exited 1) Tests: 0 Failed: 0)
  Non-zero exit status: 1
  Parse errors: Bad plan.  You planned 12 tests but ran 0.
t/check_implemented.t           (Wstat: 256 (exited 1) Tests: 0 Failed: 0)
  Non-zero exit status: 1
  Parse errors: Bad plan.  You planned 2 tests but ran 0.
t/cidrs.t                       (Wstat: 256 (exited 1) Tests: 0 Failed: 0)
  Non-zero exit status: 1
  Parse errors: No plan found in TAP output
t/config_text.t                 (Wstat: 256 (exited 1) Tests: 0 Failed: 0)
  Non-zero exit status: 1
  Parse errors: No plan found in TAP output
t/config_tree_recurse.t         (Wstat: 256 (exited 1) Tests: 0 Failed: 0)
  Non-zero exit status: 1
  Parse errors: Bad plan.  You planned 4 tests but ran 0.
t/cpp_comments_in_spamc.t       (Wstat: 256 (exited 1) Tests: 0 Failed: 0)
  Non-zero exit status: 1
  Parse errors: Bad plan.  You planned 1 tests but ran 0.
t/cross_user_config_leak.t      (Wstat: 256 (exited 1) Tests: 0 Failed: 0)
  Non-zero exit status: 1
  Parse errors: Bad plan.  You planned 6 tests but ran 0.
t/date.t                        (Wstat: 256 (exited 1) Tests: 0 Failed: 0)
  Non-zero exit status: 1
  Parse errors: Bad plan.  You planned 14 tests but ran 0.
t/db_based_welcomelist.t        (Wstat: 256 (exited 1) Tests: 0 Failed: 0)
  Non-zero exit status: 1
  Parse errors: No plan found in TAP output
t/db_based_welcomelist_ips.t    (Wstat: 256 (exited 1) Tests: 0 Failed: 0)
  Non-zero exit status: 1
  Parse errors: No plan found in TAP output
t/db_based_whitelist.t          (Wstat: 256 (exited 1) Tests: 0 Failed: 0)
  Non-zero exit status: 1
  Parse errors: No plan found in TAP output
t/db_based_whitelist_ips.t      (Wstat: 256 (exited 1) Tests: 0 Failed: 0)
  Non-zero exit status: 1
  Parse errors: No plan found in TAP output
t/dcc.t                         (Wstat: 256 (exited 1) Tests: 0 Failed: 0)
  Non-zero exit status: 1
  Parse errors: No plan found in TAP output
t/debug.t                       (Wstat: 256 (exited 1) Tests: 0 Failed: 0)
  Non-zero exit status: 1
  Parse errors: No plan found in TAP output
t/decodeshorturl.t              (Wstat: 256 (exited 1) Tests: 0 Failed: 0)
  Non-zero exit status: 1
  Parse errors: No plan found in TAP output
t/desc_wrap.t                   (Wstat: 256 (exited 1) Tests: 0 Failed: 0)
  Non-zero exit status: 1
  Parse errors: Bad plan.  You planned 10 tests but ran 0.
t/dkim.t                        (Wstat: 256 (exited 1) Tests: 0 Failed: 0)
  Non-zero exit status: 1
  Parse errors: No plan found in TAP output
t/dmarc.t                       (Wstat: 256 (exited 1) Tests: 0 Failed: 0)
  Non-zero exit status: 1
  Parse errors: No plan found in TAP output
t/enable_compat.t               (Wstat: 256 (exited 1) Tests: 0 Failed: 0)
  Non-zero exit status: 1
  Parse errors: Bad plan.  You planned 6 tests but ran 0.
t/freemail.t                    (Wstat: 256 (exited 1) Tests: 0 Failed: 0)
  Non-zero exit status: 1
  Parse errors: No plan found in TAP output
t/freemail_welcome_block.t      (Wstat: 256 (exited 1) Tests: 0 Failed: 0)
  Non-zero exit status: 1
  Parse errors: No plan found in TAP output
t/fromnamespoof.t               (Wstat: 256 (exited 1) Tests: 0 Failed: 0)
  Non-zero exit status: 1
  Parse errors: No plan found in TAP output
t/gtube.t                       (Wstat: 256 (exited 1) Tests: 0 Failed: 0)
  Non-zero exit status: 1
  Parse errors: Bad plan.  You planned 4 tests but ran 0.
t/hashbl.t                      (Wstat: 256 (exited 1) Tests: 0 Failed: 0)
  Non-zero exit status: 1
  Parse errors: No plan found in TAP output
t/idn_dots.t                    (Wstat: 256 (exited 1) Tests: 0 Failed: 0)
  Non-zero exit status: 1
  Parse errors: No plan found in TAP output
t/if_can.t                      (Wstat: 256 (exited 1) Tests: 0 Failed: 0)
  Non-zero exit status: 1
  Parse errors: Bad plan.  You planned 19 tests but ran 0.
t/if_else.t                     (Wstat: 256 (exited 1) Tests: 0 Failed: 0)
  Non-zero exit status: 1
  Parse errors: Bad plan.  You planned 21 tests but ran 0.
t/ifversion.t                   (Wstat: 256 (exited 1) Tests: 0 Failed: 0)
  Non-zero exit status: 1
  Parse errors: Bad plan.  You planned 4 tests but ran 0.
t/ip_addrs.t                    (Wstat: 256 (exited 1) Tests: 0 Failed: 0)
  Non-zero exit status: 1
  Parse errors: Bad plan.  You planned 105 tests but ran 0.
t/lang_lint.t                   (Wstat: 256 (exited 1) Tests: 0 Failed: 0)
  Non-zero exit status: 1
  Parse errors: No plan found in TAP output
t/lang_pl_tests.t               (Wstat: 256 (exited 1) Tests: 0 Failed: 0)
  Non-zero exit status: 1
  Parse errors: No plan found in TAP output
t/line_endings.t                (Wstat: 256 (exited 1) Tests: 0 Failed: 0)
  Non-zero exit status: 1
  Parse errors: No plan found in TAP output
t/lint_nocreate_prefs.t         (Wstat: 256 (exited 1) Tests: 0 Failed: 0)
  Non-zero exit status: 1
  Parse errors: Bad plan.  You planned 2 tests but ran 0.
t/local_tests_only.t            (Wstat: 256 (exited 1) Tests: 0 Failed: 0)
  Non-zero exit status: 1
  Parse errors: No plan found in TAP output
t/memory_cycles.t               (Wstat: 256 (exited 1) Tests: 0 Failed: 0)
  Non-zero exit status: 1
  Parse errors: No plan found in TAP output
t/metadata.t                    (Wstat: 256 (exited 1) Tests: 0 Failed: 0)
  Non-zero exit status: 1
  Parse errors: Bad plan.  You planned 3 tests but ran 0.
t/missing_hb_separator.t        (Wstat: 256 (exited 1) Tests: 0 Failed: 0)
  Non-zero exit status: 1
  Parse errors: Bad plan.  You planned 13 tests but ran 0.
t/mkrules.t                     (Wstat: 256 (exited 1) Tests: 0 Failed: 0)
  Non-zero exit status: 1
  Parse errors: No plan found in TAP output
t/mkrules_else.t                (Wstat: 256 (exited 1) Tests: 0 Failed: 0)
  Non-zero exit status: 1
  Parse errors: No plan found in TAP output
t/nonspam.t                     (Wstat: 256 (exited 1) Tests: 0 Failed: 0)
  Non-zero exit status: 1
  Parse errors: Bad plan.  You planned 1 tests but ran 0.
t/olevbmacro.t                  (Wstat: 256 (exited 1) Tests: 0 Failed: 0)
  Non-zero exit status: 1
  Parse errors: No plan found in TAP output
t/originating_ip_hdr.t          (Wstat: 256 (exited 1) Tests: 0 Failed: 0)
  Non-zero exit status: 1
  Parse errors: Bad plan.  You planned 9 tests but ran 0.
t/pdfinfo.t                     (Wstat: 256 (exited 1) Tests: 0 Failed: 0)
  Non-zero exit status: 1
  Parse errors: No plan found in TAP output
t/perlcritic.t                  (Wstat: 256 (exited 1) Tests: 0 Failed: 0)
  Non-zero exit status: 1
  Parse errors: No plan found in TAP output
t/phishing.t                    (Wstat: 256 (exited 1) Tests: 0 Failed: 0)
  Non-zero exit status: 1
  Parse errors: No plan found in TAP output
t/plugin.t                      (Wstat: 256 (exited 1) Tests: 0 Failed: 0)
  Non-zero exit status: 1
  Parse errors: Bad plan.  You planned 6 tests but ran 0.
t/plugin_file.t                 (Wstat: 256 (exited 1) Tests: 0 Failed: 0)
  Non-zero exit status: 1
  Parse errors: Bad plan.  You planned 9 tests but ran 0.
t/plugin_priorities.t           (Wstat: 256 (exited 1) Tests: 0 Failed: 0)
  Non-zero exit status: 1
  Parse errors: Bad plan.  You planned 2 tests but ran 0.
t/prefs_include.t               (Wstat: 256 (exited 1) Tests: 0 Failed: 0)
  Non-zero exit status: 1
  Parse errors: Bad plan.  You planned 3 tests but ran 0.
t/priorities.t                  (Wstat: 256 (exited 1) Tests: 0 Failed: 0)
  Non-zero exit status: 1
  Parse errors: Bad plan.  You planned 10 tests but ran 0.
t/priorities_welcome_block.t    (Wstat: 256 (exited 1) Tests: 0 Failed: 0)
  Non-zero exit status: 1
  Parse errors: Bad plan.  You planned 10 tests but ran 0.
t/razor2.t                      (Wstat: 256 (exited 1) Tests: 0 Failed: 0)
  Non-zero exit status: 1
  Parse errors: No plan found in TAP output
t/rcvd_parser.t                 (Wstat: 256 (exited 1) Tests: 0 Failed: 0)
  Non-zero exit status: 1
  Parse errors: Bad plan.  You planned 147 tests but ran 0.
t/re_base_extraction.t          (Wstat: 256 (exited 1) Tests: 0 Failed: 0)
  Non-zero exit status: 1
  Parse errors: No plan found in TAP output
t/recips.t                      (Wstat: 256 (exited 1) Tests: 0 Failed: 0)
  Non-zero exit status: 1
  Parse errors: Bad plan.  You planned 6 tests but ran 0.
t/recreate.t                    (Wstat: 256 (exited 1) Tests: 0 Failed: 0)
  Non-zero exit status: 1
  Parse errors: Bad plan.  You planned 9 tests but ran 0.
t/relative_scores.t             (Wstat: 256 (exited 1) Tests: 0 Failed: 0)
  Non-zero exit status: 1
  Parse errors: Bad plan.  You planned 4 tests but ran 0.
t/relaycountry.t                (Wstat: 256 (exited 1) Tests: 0 Failed: 0)
  Non-zero exit status: 1
  Parse errors: No plan found in TAP output
t/report_safe.t                 (Wstat: 256 (exited 1) Tests: 0 Failed: 0)
  Non-zero exit status: 1
  Parse errors: Bad plan.  You planned 8 tests but ran 0.
t/reportheader.t                (Wstat: 256 (exited 1) Tests: 0 Failed: 0)
  Non-zero exit status: 1
  Parse errors: Bad plan.  You planned 11 tests but ran 0.
t/reportheader_8bit.t           (Wstat: 256 (exited 1) Tests: 0 Failed: 0)
  Non-zero exit status: 1
  Parse errors: Bad plan.  You planned 3 tests but ran 0.
t/reuse.t                       (Wstat: 256 (exited 1) Tests: 0 Failed: 0)
  Non-zero exit status: 1
  Parse errors: No plan found in TAP output
t/root_spamd.t                  (Wstat: 256 (exited 1) Tests: 0 Failed: 0)
  Non-zero exit status: 1
  Parse errors: No plan found in TAP output
t/root_spamd_tell.t             (Wstat: 256 (exited 1) Tests: 0 Failed: 0)
  Non-zero exit status: 1
  Parse errors: No plan found in TAP output
t/root_spamd_tell_paranoid.t    (Wstat: 256 (exited 1) Tests: 0 Failed: 0)
  Non-zero exit status: 1
  Parse errors: No plan found in TAP output
t/root_spamd_tell_x.t           (Wstat: 256 (exited 1) Tests: 0 Failed: 0)
  Non-zero exit status: 1
  Parse errors: No plan found in TAP output
t/root_spamd_tell_x_paranoid.t  (Wstat: 256 (exited 1) Tests: 0 Failed: 0)
  Non-zero exit status: 1
  Parse errors: No plan found in TAP output
t/root_spamd_u.t                (Wstat: 256 (exited 1) Tests: 0 Failed: 0)
  Non-zero exit status: 1
  Parse errors: No plan found in TAP output
t/root_spamd_u_dcc.t            (Wstat: 256 (exited 1) Tests: 0 Failed: 0)
  Non-zero exit status: 1
  Parse errors: No plan found in TAP output
t/root_spamd_virtual.t          (Wstat: 256 (exited 1) Tests: 0 Failed: 0)
  Non-zero exit status: 1
  Parse errors: No plan found in TAP output
t/root_spamd_x.t                (Wstat: 256 (exited 1) Tests: 0 Failed: 0)
  Non-zero exit status: 1
  Parse errors: No plan found in TAP output
t/root_spamd_x_paranoid.t       (Wstat: 256 (exited 1) Tests: 0 Failed: 0)
  Non-zero exit status: 1
  Parse errors: No plan found in TAP output
t/root_spamd_x_u.t              (Wstat: 256 (exited 1) Tests: 0 Failed: 0)
  Non-zero exit status: 1
  Parse errors: No plan found in TAP output
t/sa_awl.t                      (Wstat: 256 (exited 1) Tests: 0 Failed: 0)
  Non-zero exit status: 1
  Parse errors: Bad plan.  You planned 1 tests but ran 0.
t/sa_awl_welcome_block.t        (Wstat: 256 (exited 1) Tests: 0 Failed: 0)
  Non-zero exit status: 1
  Parse errors: Bad plan.  You planned 1 tests but ran 0.
t/sa_check_spamd.t              (Wstat: 256 (exited 1) Tests: 0 Failed: 0)
  Non-zero exit status: 1
  Parse errors: No plan found in TAP output
t/sa_compile.t                  (Wstat: 256 (exited 1) Tests: 0 Failed: 0)
  Non-zero exit status: 1
  Parse errors: No plan found in TAP output
t/sha1.t                        (Wstat: 256 (exited 1) Tests: 0 Failed: 0)
  Non-zero exit status: 1
  Parse errors: Bad plan.  You planned 15 tests but ran 0.
t/shortcircuit.t                (Wstat: 256 (exited 1) Tests: 0 Failed: 0)
  Non-zero exit status: 1
  Parse errors: Bad plan.  You planned 18 tests but ran 0.
t/spam.t                        (Wstat: 256 (exited 1) Tests: 0 Failed: 0)
  Non-zero exit status: 1
  Parse errors: Bad plan.  You planned 7 tests but ran 0.
t/spamc.t                       (Wstat: 256 (exited 1) Tests: 0 Failed: 0)
  Non-zero exit status: 1
  Parse errors: No plan found in TAP output
t/spamc_B.t                     (Wstat: 256 (exited 1) Tests: 0 Failed: 0)
  Non-zero exit status: 1
  Parse errors: No plan found in TAP output
t/spamc_bug6176.t               (Wstat: 256 (exited 1) Tests: 0 Failed: 0)
  Non-zero exit status: 1
  Parse errors: No plan found in TAP output
t/spamc_c.t                     (Wstat: 256 (exited 1) Tests: 0 Failed: 0)
  Non-zero exit status: 1
  Parse errors: No plan found in TAP output
t/spamc_c_stdout_closed.t       (Wstat: 256 (exited 1) Tests: 0 Failed: 0)
  Non-zero exit status: 1
  Parse errors: No plan found in TAP output
t/spamc_cf.t                    (Wstat: 256 (exited 1) Tests: 0 Failed: 0)
  Non-zero exit status: 1
  Parse errors: No plan found in TAP output
t/spamc_E.t                     (Wstat: 256 (exited 1) Tests: 0 Failed: 0)
  Non-zero exit status: 1
  Parse errors: No plan found in TAP output
t/spamc_H.t                     (Wstat: 256 (exited 1) Tests: 0 Failed: 0)
  Non-zero exit status: 1
  Parse errors: No plan found in TAP output
t/spamc_headers.t               (Wstat: 256 (exited 1) Tests: 0 Failed: 0)
  Non-zero exit status: 1
  Parse errors: No plan found in TAP output
t/spamc_l.t                     (Wstat: 256 (exited 1) Tests: 0 Failed: 0)
  Non-zero exit status: 1
  Parse errors: No plan found in TAP output
t/spamc_optC.t                  (Wstat: 256 (exited 1) Tests: 0 Failed: 0)
  Non-zero exit status: 1
  Parse errors: No plan found in TAP output
t/spamc_optL.t                  (Wstat: 256 (exited 1) Tests: 0 Failed: 0)
  Non-zero exit status: 1
  Parse errors: No plan found in TAP output
t/spamc_x_e.t                   (Wstat: 256 (exited 1) Tests: 0 Failed: 0)
  Non-zero exit status: 1
  Parse errors: No plan found in TAP output
t/spamc_x_E_R.t                 (Wstat: 256 (exited 1) Tests: 0 Failed: 0)
  Non-zero exit status: 1
  Parse errors: No plan found in TAP output
t/spamc_y.t                     (Wstat: 256 (exited 1) Tests: 0 Failed: 0)
  Non-zero exit status: 1
  Parse errors: No plan found in TAP output
t/spamc_z.t                     (Wstat: 256 (exited 1) Tests: 0 Failed: 0)
  Non-zero exit status: 1
  Parse errors: No plan found in TAP output
t/spamd.t                       (Wstat: 256 (exited 1) Tests: 0 Failed: 0)
  Non-zero exit status: 1
  Parse errors: No plan found in TAP output
t/spamd_allow_user_rules.t      (Wstat: 256 (exited 1) Tests: 0 Failed: 0)
  Non-zero exit status: 1
  Parse errors: No plan found in TAP output
t/spamd_client.t                (Wstat: 256 (exited 1) Tests: 0 Failed: 0)
  Non-zero exit status: 1
  Parse errors: No plan found in TAP output
t/spamd_ldap.t                  (Wstat: 256 (exited 1) Tests: 0 Failed: 0)
  Non-zero exit status: 1
  Parse errors: No plan found in TAP output
t/spamd_maxchildren.t           (Wstat: 256 (exited 1) Tests: 0 Failed: 0)
  Non-zero exit status: 1
  Parse errors: No plan found in TAP output
t/spamd_maxsize.t               (Wstat: 256 (exited 1) Tests: 0 Failed: 0)
  Non-zero exit status: 1
  Parse errors: No plan found in TAP output
t/spamd_parallel.t              (Wstat: 256 (exited 1) Tests: 0 Failed: 0)
  Non-zero exit status: 1
  Parse errors: No plan found in TAP output
t/spamd_plugin.t                (Wstat: 256 (exited 1) Tests: 0 Failed: 0)
  Non-zero exit status: 1
  Parse errors: No plan found in TAP output
t/spamd_port.t                  (Wstat: 256 (exited 1) Tests: 0 Failed: 0)
  Non-zero exit status: 1
  Parse errors: No plan found in TAP output
t/spamd_prefork_stress_3.t      (Wstat: 256 (exited 1) Tests: 0 Failed: 0)
  Non-zero exit status: 1
  Parse errors: No plan found in TAP output
t/spamd_prefork_stress_4.t      (Wstat: 256 (exited 1) Tests: 0 Failed: 0)
  Non-zero exit status: 1
  Parse errors: No plan found in TAP output
t/spamd_protocol_10.t           (Wstat: 256 (exited 1) Tests: 0 Failed: 0)
  Non-zero exit status: 1
  Parse errors: No plan found in TAP output
t/spamd_report.t                (Wstat: 256 (exited 1) Tests: 0 Failed: 0)
  Non-zero exit status: 1
  Parse errors: No plan found in TAP output
t/spamd_report_ifspam.t         (Wstat: 256 (exited 1) Tests: 0 Failed: 0)
  Non-zero exit status: 1
  Parse errors: No plan found in TAP output
t/spamd_sql_prefs.t             (Wstat: 256 (exited 1) Tests: 0 Failed: 0)
  Non-zero exit status: 1
  Parse errors: No plan found in TAP output
t/spamd_ssl.t                   (Wstat: 256 (exited 1) Tests: 0 Failed: 0)
  Non-zero exit status: 1
  Parse errors: No plan found in TAP output
t/spamd_ssl_accept_fail.t       (Wstat: 256 (exited 1) Tests: 0 Failed: 0)
  Non-zero exit status: 1
  Parse errors: No plan found in TAP output
t/spamd_stop.t                  (Wstat: 256 (exited 1) Tests: 0 Failed: 0)
  Non-zero exit status: 1
  Parse errors: No plan found in TAP output
t/spamd_symbols.t               (Wstat: 256 (exited 1) Tests: 0 Failed: 0)
  Non-zero exit status: 1
  Parse errors: No plan found in TAP output
t/spamd_syslog.t                (Wstat: 256 (exited 1) Tests: 0 Failed: 0)
  Non-zero exit status: 1
  Parse errors: No plan found in TAP output
t/spamd_unix.t                  (Wstat: 256 (exited 1) Tests: 0 Failed: 0)
  Non-zero exit status: 1
  Parse errors: No plan found in TAP output
t/spamd_unix_and_tcp.t          (Wstat: 256 (exited 1) Tests: 0 Failed: 0)
  Non-zero exit status: 1
  Parse errors: No plan found in TAP output
t/spamd_user_rules_leak.t       (Wstat: 256 (exited 1) Tests: 0 Failed: 0)
  Non-zero exit status: 1
  Parse errors: No plan found in TAP output
t/spamd_utf8.t                  (Wstat: 256 (exited 1) Tests: 0 Failed: 0)
  Non-zero exit status: 1
  Parse errors: Bad plan.  You planned 3 tests but ran 0.
t/spamd_welcomelist_leak.t      (Wstat: 256 (exited 1) Tests: 0 Failed: 0)
  Non-zero exit status: 1
  Parse errors: No plan found in TAP output
t/spamd_whitelist_leak.t        (Wstat: 256 (exited 1) Tests: 0 Failed: 0)
  Non-zero exit status: 1
  Parse errors: No plan found in TAP output
t/spf.t                         (Wstat: 256 (exited 1) Tests: 0 Failed: 0)
  Non-zero exit status: 1
  Parse errors: No plan found in TAP output
t/spf_welcome_block.t           (Wstat: 256 (exited 1) Tests: 0 Failed: 0)
  Non-zero exit status: 1
  Parse errors: No plan found in TAP output
t/stop_always_matching_regexps.t (Wstat: 256 (exited 1) Tests: 0 Failed: 0)
  Non-zero exit status: 1
  Parse errors: Bad plan.  You planned 12 tests but ran 0.
t/strip2.t                      (Wstat: 256 (exited 1) Tests: 0 Failed: 0)
  Non-zero exit status: 1
  Parse errors: No plan found in TAP output
t/strip_no_subject.t            (Wstat: 256 (exited 1) Tests: 0 Failed: 0)
  Non-zero exit status: 1
  Parse errors: No plan found in TAP output
t/stripmarkup.t                 (Wstat: 256 (exited 1) Tests: 0 Failed: 0)
  Non-zero exit status: 1
  Parse errors: Bad plan.  You planned 4 tests but ran 0.
t/tainted_msg.t                 (Wstat: 256 (exited 1) Tests: 0 Failed: 0)
  Non-zero exit status: 1
  Parse errors: No plan found in TAP output
t/text_bad_ctype.t              (Wstat: 256 (exited 1) Tests: 0 Failed: 0)
  Non-zero exit status: 1
  Parse errors: Bad plan.  You planned 2 tests but ran 0.
t/timeout.t                     (Wstat: 256 (exited 1) Tests: 0 Failed: 0)
  Non-zero exit status: 1
  Parse errors: Bad plan.  You planned 33 tests but ran 0.
t/trust_path.t                  (Wstat: 512 (exited 2) Tests: 0 Failed: 0)
  Non-zero exit status: 2
  Parse errors: No plan found in TAP output
t/utf8.t                        (Wstat: 256 (exited 1) Tests: 0 Failed: 0)
  Non-zero exit status: 1
  Parse errors: Bad plan.  You planned 14 tests but ran 0.
t/util_wrap.t                   (Wstat: 256 (exited 1) Tests: 0 Failed: 0)
  Non-zero exit status: 1
  Parse errors: Bad plan.  You planned 5 tests but ran 0.
t/welcomelist_addrs.t           (Wstat: 256 (exited 1) Tests: 0 Failed: 0)
  Non-zero exit status: 1
  Parse errors: No plan found in TAP output
t/welcomelist_from.t            (Wstat: 256 (exited 1) Tests: 0 Failed: 0)
  Non-zero exit status: 1
  Parse errors: No plan found in TAP output
t/welcomelist_subject.t         (Wstat: 256 (exited 1) Tests: 0 Failed: 0)
  Non-zero exit status: 1
  Parse errors: Bad plan.  You planned 4 tests but ran 0.
t/welcomelist_to.t              (Wstat: 256 (exited 1) Tests: 0 Failed: 0)
  Non-zero exit status: 1
  Parse errors: Bad plan.  You planned 1 tests but ran 0.
t/whitelist_addrs.t             (Wstat: 256 (exited 1) Tests: 0 Failed: 0)
  Non-zero exit status: 1
  Parse errors: No plan found in TAP output
t/whitelist_from.t              (Wstat: 256 (exited 1) Tests: 0 Failed: 0)
  Non-zero exit status: 1
  Parse errors: No plan found in TAP output
t/whitelist_subject.t           (Wstat: 256 (exited 1) Tests: 0 Failed: 0)
  Non-zero exit status: 1
  Parse errors: Bad plan.  You planned 4 tests but ran 0.
t/whitelist_to.t                (Wstat: 256 (exited 1) Tests: 0 Failed: 0)
  Non-zero exit status: 1
  Parse errors: Bad plan.  You planned 1 tests but ran 0.
t/wlbl_uri.t                    (Wstat: 256 (exited 1) Tests: 0 Failed: 0)
  Non-zero exit status: 1
  Parse errors: Bad plan.  You planned 12 tests but ran 0.
Files=209, Tests=325, 333 wallclock secs ( 1.15 usr  0.81 sys + 91.85 cusr 22.60 csys = 116.41 CPU)
Result: FAIL
Failed 195/209 test programs. 0/325 subtests failed.
*** Error code 1
make: Fatal error: Command failed for target `test_dynamic'


PREREQUISITES:

Here is a list of prerequisites you specified and versions we
managed to load:

	  Module Name                        Have     Want
	  Archive::Tar                       2.40     1.23
	  Devel::Cycle                       1.12        0
	  ExtUtils::MakeMaker                7.64     6.64
	  File::Copy                         2.21     2.02
	  File::Spec                         3.75      0.8
	  HTML::Parser                       3.80     3.43
	  IO::Zlib                           1.11     1.04
	  Mail::DKIM                     1.20220520     0.31
	  Net::DNS                           1.35     0.69
	  NetAddr::IP                       4.079     4.01
	  Perl::Critic::Policy::Perlsecret   0.0.11        0
	  Perl::Critic::Policy::TestingAndDebugging::ProhibitNoStrict    1.144        0
	  Pod::Usage                         1.36      1.1
	  Sys::Hostname                      1.16        0
	  Test::More                     1.302191        0
	  Text::Diff                         1.45        0
	  Time::HiRes                    1.9721_01        0
	  Time::Local                        1.30        0

Perl module toolchain versions installed:
	Module Name                        Have
	CPANPLUS                         0.9914
	CPANPLUS::Dist::Build              0.90
	Cwd                                3.75
	ExtUtils::CBuilder             0.280236
	ExtUtils::Command                  7.64
	ExtUtils::Install                  2.20
	ExtUtils::MakeMaker                7.64
	ExtUtils::Manifest                 1.73
	ExtUtils::ParseXS                  3.44
	File::Spec                         3.75
	Module::Build                    0.4231
	Pod::Parser                        1.37
	Pod::Simple                        3.43
	Test2                          1.302191
	Test::Harness                      3.44
	Test::More                     1.302191
	version                          0.9929

******************************** NOTE ********************************
The comments above are created mechanically, possibly without manual
checking by the sender.  As there are many people performing automatic
tests on each upload to CPAN, it is likely that you will receive
identical messages about the same problem.

If you believe that the message is mistaken, please reply to the first
one with correction and/or additional informations, and do not take
it personally.  We appreciate your patience. :)
**********************************************************************

Additional comments:


This report was machine-generated by CPANPLUS::Dist::YACSmoke 1.08.
Powered by minismokebox version 0.68

CPANPLUS is prefering Build.PL

------------------------------
ENVIRONMENT AND OTHER CONTEXT
------------------------------

Environment variables:

    AUTOMATED_TESTING = 1
    LANG = en_GB.UTF-8
    NONINTERACTIVE_TESTING = 1
    PATH = /home/cpan/pit/thr/conf/perl-5.14.2/.cpanplus/5.14.2/build/NDCiznCDPe/Mail-SpamAssassin-4.0.0/blib/script:/usr/bin:/usr/sbin:/sbin:/opt/ooce/bin:/usr/gnu/bin
    PERL5LIB = /home/cpan/pit/jail/spYu3e_b_c/lib/perl5:/home/cpan/pit/thr/conf/perl-5.14.2/.cpanplus/5.14.2/build/NDCiznCDPe/Mail-SpamAssassin-4.0.0/blib/lib:/home/cpan/pit/thr/conf/perl-5.14.2/.cpanplus/5.14.2/build/NDCiznCDPe/Mail-SpamAssassin-4.0.0/blib/arch
    PERL5_CPANPLUS_IS_RUNNING = 10757
    PERL5_CPANPLUS_IS_VERSION = 0.9914
    PERL5_MINISMOKEBOX = 0.68
    PERL5_YACSMOKE_BASE = /home/cpan/pit/thr/conf/perl-5.14.2
    PERL_EXTUTILS_AUTOINSTALL = --defaultdeps
    PERL_LOCAL_LIB_ROOT = /home/cpan/pit/jail/spYu3e_b_c
    PERL_MB_OPT = --install_base "/home/cpan/pit/jail/spYu3e_b_c"
    PERL_MM_OPT = INSTALL_BASE=/home/cpan/pit/jail/spYu3e_b_c
    PERL_MM_USE_DEFAULT = 1
    SHELL = /bin/bash
    TERM = screen.xterm-256color

Perl special variables (and OS-specific diagnostics, for MSWin32):

    Perl: $^X = /home/cpan/pit/thr/perl-5.14.2/bin/perl
    UID:  $<  = 101
    EUID: $>  = 101
    GID:  $(  = 101 101
    EGID: $)  = 101 101


-------------------------------


--

Summary of my perl5 (revision 5 version 14 subversion 2) configuration:
   
  Platform:
    osname=solaris, osvers=2.11, archname=i86pc-solaris-thread-multi-64
    uname='sunos ouzel 5.11 omnios-r151034-0d278a0cc5 i86pc i386 i86pc '
    config_args='-des -Dprefix=/home/cpan/pit/thr/perl-5.14.2 -Dusethreads -Duse64bitall -Dcc=gcc'
    hint=recommended, useposix=true, d_sigaction=define
    useithreads=define, usemultiplicity=define
    useperlio=define, d_sfio=undef, uselargefiles=define, usesocks=undef
    use64bitint=define, use64bitall=define, uselongdouble=undef
    usemymalloc=n, bincompat5005=undef
  Compiler:
    cc='gcc', ccflags ='-D_REENTRANT -m64 -fwrapv -fno-strict-aliasing -pipe -fstack-protector -D_LARGEFILE_SOURCE -D_FILE_OFFSET_BITS=64 -DPERL_USE_SAFE_PUTENV',
    optimize='-O',
    cppflags='-D_REENTRANT -m64 -fwrapv -fno-strict-aliasing -pipe -fstack-protector'
    ccversion='', gccversion='9.3.0', gccosandvers=''
    intsize=4, longsize=8, ptrsize=8, doublesize=8, byteorder=12345678
    d_longlong=define, longlongsize=8, d_longdbl=define, longdblsize=16
    ivtype='long', ivsize=8, nvtype='double', nvsize=8, Off_t='off_t', lseeksize=8
    alignbytes=8, prototype=define
  Linker and Libraries:
    ld='gcc', ldflags =' -m64 -fstack-protector -L/usr/gnu/lib '
    libpth=/usr/gnu/lib /usr/lib /usr/ccs/lib
    libs=-lsocket -lnsl -ldl -lm -lpthread -lc
    perllibs=-lsocket -lnsl -ldl -lm -lpthread -lc
    libc=/lib/libc.so, so=so, useshrplib=true, libperl=libperl.so
    gnulibc_version=''
  Dynamic Linking:
    dlsrc=dl_dlopen.xs, dlext=so, d_dlsymun=undef, ccdlflags='  -R /home/cpan/pit/thr/perl-5.14.2/lib/5.14.2/i86pc-solaris-thread-multi-64/CORE'
    cccdlflags='-fPIC', lddlflags=' -shared -m64 -L/usr/gnu/lib -fstack-protector'


Characteristics of this binary (from libperl): 
  Compile-time options: MULTIPLICITY PERL_DONT_CREATE_GVSV
                        PERL_IMPLICIT_CONTEXT PERL_MALLOC_WRAP
                        PERL_PRESERVE_IVUV PERL_USE_SAFE_PUTENV
                        USE_64_BIT_ALL USE_64_BIT_INT USE_ITHREADS
                        USE_LARGE_FILES USE_PERLIO USE_PERL_ATOF
                        USE_REENTRANT_API
  Locally applied patches:
	Devel::PatchPerl 2.00
  Built under solaris
  Compiled at Aug 20 2020 00:13:58
  %ENV:
    PERL5LIB="/home/cpan/pit/jail/spYu3e_b_c/lib/perl5:/home/cpan/pit/thr/conf/perl-5.14.2/.cpanplus/5.14.2/build/NDCiznCDPe/Mail-SpamAssassin-4.0.0/blib/lib:/home/cpan/pit/thr/conf/perl-5.14.2/.cpanplus/5.14.2/build/NDCiznCDPe/Mail-SpamAssassin-4.0.0/blib/arch"
    PERL5_CPANPLUS_IS_RUNNING="10757"
    PERL5_CPANPLUS_IS_VERSION="0.9914"
    PERL5_MINISMOKEBOX="0.68"
    PERL5_YACSMOKE_BASE="/home/cpan/pit/thr/conf/perl-5.14.2"
    PERL_EXTUTILS_AUTOINSTALL="--defaultdeps"
    PERL_LOCAL_LIB_ROOT="/home/cpan/pit/jail/spYu3e_b_c"
    PERL_MB_OPT="--install_base "/home/cpan/pit/jail/spYu3e_b_c""
    PERL_MM_OPT="INSTALL_BASE=/home/cpan/pit/jail/spYu3e_b_c"
    PERL_MM_USE_DEFAULT="1"
  @INC:
    /home/cpan/pit/jail/spYu3e_b_c/lib/perl5/5.14.2/i86pc-solaris-thread-multi-64
    /home/cpan/pit/jail/spYu3e_b_c/lib/perl5/5.14.2
    /home/cpan/pit/jail/spYu3e_b_c/lib/perl5/i86pc-solaris-thread-multi-64
    /home/cpan/pit/jail/spYu3e_b_c/lib/perl5
    /home/cpan/pit/thr/conf/perl-5.14.2/.cpanplus/5.14.2/build/NDCiznCDPe/Mail-SpamAssassin-4.0.0/blib/lib
    /home/cpan/pit/thr/conf/perl-5.14.2/.cpanplus/5.14.2/build/NDCiznCDPe/Mail-SpamAssassin-4.0.0/blib/arch
    /home/cpan/pit/thr/perl-5.14.2/lib/site_perl/5.14.2/i86pc-solaris-thread-multi-64
    /home/cpan/pit/thr/perl-5.14.2/lib/site_perl/5.14.2
    /home/cpan/pit/thr/perl-5.14.2/lib/5.14.2/i86pc-solaris-thread-multi-64
    /home/cpan/pit/thr/perl-5.14.2/lib/5.14.2
    .