Report for DBIx-Skinny-0.0742

Back
From: metabase:user:30ae4450-2aae-11df-837a-5e0a49663a4f
Subject: FAIL DBIx-Skinny-0.0742 v5.25.7 
Date: 2016-12-03T09:52:09Z

This distribution has been tested as part of the CPAN Testers
project, supporting the Perl programming language.  See
http://wiki.cpantesters.org/ for more information or email
questions to cpan-testers-discuss@perl.org


--
Dear Atsushi Kobayashi,

This is a computer-generated report for DBIx-Skinny-0.0742
on perl 5.25.7, created by CPAN-Reporter-1.2018.

Thank you for uploading your work to CPAN.  However, there was a problem
testing your distribution.

If you think this report is invalid, please consult the CPAN Testers Wiki
for suggestions on how to avoid getting FAIL reports for missing library
or binary dependencies, unsupported operating systems, and so on:

http://wiki.cpantesters.org/wiki/CPANAuthorNotes

Sections of this report:

    * Tester comments
    * Program output
    * Prerequisites
    * Environment and other context

------------------------------
TESTER COMMENTS
------------------------------

Additional comments from tester:

this report is from an automated smoke testing program
and was not reviewed by a human for accuracy

------------------------------
PROGRAM OUTPUT
------------------------------

Output from 'C:\STRAWB~1\c\bin\dmake.exe test':

"C:\Strawberry257\perl\bin\perl.exe" "-MExtUtils::Command::MM" "-MTest::Harness" "-e" "undef *Test::Harness::Switches; test_harness(0, 'inc', 'blib\lib', 'blib\arch')" t/*.t t/*/*.t t/*/*/*.t
# DBD::SQLite versin is 1.52
t/001_basic/001_compile.t ............................................... ok
t/001_basic/002_schema_info.t ........................................... ok
t/001_basic/003_explicit_schema.t ....................................... ok
t/001_basic/004_sql.t ................................................... ok

    #   Failed test at t/001_basic/005_set_columns.t line 13.
    #     Structures begin differing at:
    #          $got->[0][0] = 'id'
    #     $expected->[0][0] = 'name'
    # Looks like you failed 1 test of 2.

#   Failed test 'insert mode'
#   at t/001_basic/005_set_columns.t line 24.

    #   Failed test at t/001_basic/005_set_columns.t line 29.
    #     Structures begin differing at:
    #          $got->[0] = '?'
    #     $expected->[0] = 'NOW ()'
    # Looks like you failed 1 test of 2.

#   Failed test 'insert mode / scalarref'
#   at t/001_basic/005_set_columns.t line 40.

    #   Failed test at t/001_basic/005_set_columns.t line 45.
    #     Structures begin differing at:
    #          $got->[0] = '`id` = ?'
    #     $expected->[0] = '`name` = ?'

    #   Failed test at t/001_basic/005_set_columns.t line 49.
    #     Structures begin differing at:
    #          $got->[0][0] = 'id'
    #     $expected->[0][0] = 'name'
    # Looks like you failed 2 tests of 2.

#   Failed test 'update mode'
#   at t/001_basic/005_set_columns.t line 60.

    #   Failed test at t/001_basic/005_set_columns.t line 65.
    #     Structures begin differing at:
    #          $got->[0] = '`id` = ?'
    #     $expected->[0] = '`name` = NOW()'
    # Looks like you failed 1 test of 2.

#   Failed test 'update mode / scalarref'
#   at t/001_basic/005_set_columns.t line 76.
# Looks like you failed 4 tests of 4.
t/001_basic/005_set_columns.t ........................................... 
Dubious, test returned 4 (wstat 1024, 0x400)
Failed 4/4 subtests 
t/001_basic/006_all_in_one_file.t ....................................... ok
t/001_basic/007_connect_info.t .......................................... ok
t/001_basic/008_mixin.t ................................................. ok
t/001_basic/009_no_check_schema.t ....................................... ok
t/001_basic/010_dbh.t ................................................... ok
t/001_basic/011_inflate.t ............................................... ok
t/001_basic/012_trigger.t ............................................... ok
t/001_basic/013_common_trigger.t ........................................ ok
t/001_basic/014_utf8.t .................................................. ok
t/001_basic/015_row_class.t ............................................. ok
t/001_basic/016_row_exception.t ......................................... ok
t/001_basic/017_profile.t ............................................... ok
t/001_basic/018_custom_profiler.t ....................................... ok

#   Failed test at t/001_basic/019_profiler_trace.t line 23.
#          got: 'CREATE TABLE mock_basic ( id integer, name text, delete_fg int(1) default 0, primary key ( id ) )
# INSERT INTO mock_basic (`id`, `name`) VALUES (?, ?) :binds 1, perl
# '
#     expected: 'CREATE TABLE mock_basic ( id integer, name text, delete_fg int(1) default 0, primary key ( id ) )
# INSERT INTO mock_basic (`name`, `id`) VALUES (?, ?) :binds perl, 1
# '
# Looks like you failed 1 test of 2.
t/001_basic/019_profiler_trace.t ........................................ 
Dubious, test returned 1 (wstat 256, 0x100)
Failed 1/2 subtests 
t/001_basic/020_on_connect_do.t ......................................... ok
t/001_basic/021_reconnect.t ............................................. ok
t/001_basic/022_transaction.t ........................................... ok
t/001_basic/023_bulk_insert.t ........................................... ok
t/001_basic/024_bind_column.t ........................................... ok
t/002_common/000_new.t .................................................. ok
t/002_common/001_insert.t ............................................... ok
t/002_common/002_update.t ............................................... ok
t/002_common/003_delete.t ............................................... ok
t/002_common/004_find_or_create.t ....................................... ok
t/002_common/005_count.t ................................................ ok
t/002_common/006_single.t ............................................... ok
t/002_common/007_search.t ............................................... ok
t/002_common/008_search_named.t ......................................... ok
t/002_common/009_search_by_sql.t ........................................ ok
t/002_common/010_resultset.t ............................................ ok
t/002_common/011_do.t ................................................... ok
t/002_common/012_replace.t .............................................. ok
t/002_common/014_find_or_new.t .......................................... ok
t/002_common/015_data2row.t ............................................. ok
t/002_common/016_hash_to_row.t .......................................... ok
t/002_common/017_iterator.t ............................................. ok
t/002_common/018_refetch.t .............................................. ok
t/002_common/019_get_columns.t .......................................... ok
t/002_common/020_get_column.t ........................................... ok
t/002_common/021_quote.t ................................................ ok
cannot unlink file for C:\DOCUME~1\c\LOCALS~1\Temp\74gRl28snD\disconnect.db: Permission denied at C:/Strawberry257/perl/lib/File/Temp.pm line 784.
cannot remove directory for C:/DOCUME~1/c/LOCALS~1/Temp/74gRl28snD: Directory not empty at C:/Strawberry257/perl/lib/File/Temp.pm line 784.
t/002_common/022_disconnect.t ........................................... ok
t/002_common/023_multi_pk.t ............................................. ok
t/002_common/024_txn_scope.t ............................................ ok
t/002_common/999_delete_by_sql.t ........................................ ok
t/002_common/999_update_by_sql.t ........................................ ok
Unescaped left brace in regex is illegal here in regex; marked by <-- HERE in m/use DBIx::Skinny setup => { <-- HERE  \.\.\. } has been deprecated\. Please use connect_info instead/ at t/500_deprecated/001_deprecated_setup.t line 19.
t/500_deprecated/001_deprecated_setup.t ................................. 
Dubious, test returned 255 (wstat 65280, 0xff00)
No subtests run 
Unescaped left brace in regex is illegal here in regex; marked by <-- HERE in m/use DBIx::Skinny connect_info => { <-- HERE  profiler => \.\.\. } has been deprecated\. Please use use DBIx::Skinny profiler => \.\.\. instead/ at t/500_deprecated/002_deprecated_profiler.t line 19.
t/500_deprecated/002_deprecated_profiler.t .............................. 
Dubious, test returned 255 (wstat 65280, 0xff00)
No subtests run 
t/999_regression/bind_param.t ........................................... ok
t/999_regression/data2itr_objectarray.t ................................. ok
t/999_regression/dbh_and_txn_manager.t .................................. ok
t/999_regression/deflate_bug.t .......................................... ok
t/999_regression/deflate_scalarref.t .................................... ok
t/999_regression/duplicate_update.t ..................................... ok
t/999_regression/empty_update.t ......................................... ok
t/999_regression/get_row_class.t ........................................ ok
t/999_regression/guess_table_name.t ..................................... ok
t/999_regression/loose_connect_options_after_new.t ...................... ok
t/999_regression/new_attr.t ............................................. ok
t/999_regression/no_schema.t ............................................ ok
t/999_regression/prepare_error_handling.t ............................... ok
t/999_regression/row_update_by_scalarref.t .............................. ok
DBD::SQLite::db STORE failed: handle 2 is owned by thread 3f41fc not current thread 13a6174 (handles can't be shared between threads and your driver may need a CLONE method added) at C:\STRAWB~1\cpan\build\DBIx-Skinny-0.0742-0\blib\lib/DBIx/Skinny.pm line 291.
Can't call method "id" on an undefined value at t/999_regression/transaction/call_txn_scope_after_fork.t line 20.
t/999_regression/transaction/call_txn_scope_after_fork.t ................ 
Dubious, test returned 25 (wstat 6400, 0x1900)
No subtests run 
t/999_regression/transaction/call_txn_scope_after_missing_connect.t ..... ok

DBD::SQLite::db commit failed: handle 2 is owned by thread 3f4414 not current thread 137f024 (handles can't be shared between threads and your driver may need a CLONE method added) at C:/Strawberry257/perl/site/lib/DBIx/TransactionManager.pm line 66.
Argument "" isn't numeric in numeric comparison (<=>) at C:/Strawberry257/perl/lib/Test2/IPC/Driver/Files.pm line 346.
Argument "" isn't numeric in numeric comparison (<=>) at C:/Strawberry257/perl/lib/Test2/IPC/Driver/Files.pm line 346.
Argument "" isn't numeric in numeric comparison (<=>) at C:/Strawberry257/perl/lib/Test2/IPC/Driver/Files.pm line 346.
#   Failed test at t/999_regression/transaction/call_txn_scope_and_fork.t line 31.
#                   'DBD::SQLite::db STORE failed: handle 2 is owned by thread 3f4414 not current thread 137f024 (handles can't be shared between threads and your driver may need a CLONE method added) at C:\STRAWB~1\cpan\build\DBIx-Skinny-0.0742-0\blib\lib/DBIx/Skinny.pm line 291.
# '
#     doesn't match '(?^:Detected transaction while processing forked child \(last known transaction at)'
# Looks like you failed 1 test of 3.
t/999_regression/transaction/call_txn_scope_and_fork.t .................. 
Dubious, test returned 1 (wstat 256, 0x100)
Failed 1/3 subtests 
DBD::SQLite::db STORE failed: handle 2 is owned by thread 3f4414 not current thread 137f014 (handles can't be shared between threads and your driver may need a CLONE method added) at C:\STRAWB~1\cpan\build\DBIx-Skinny-0.0742-0\blib\lib/DBIx/Skinny.pm line 291.
Can't call method "id" on an undefined value at t/999_regression/transaction/call_txn_scope_before_fork.t line 24.
t/999_regression/transaction/call_txn_scope_before_fork.t ............... 
Dubious, test returned 25 (wstat 6400, 0x1900)
No subtests run 
DBD::SQLite::db STORE failed: handle 2 is owned by thread 3f4414 not current thread 137e60c (handles can't be shared between threads and your driver may need a CLONE method added) at C:\STRAWB~1\cpan\build\DBIx-Skinny-0.0742-0\blib\lib/DBIx/Skinny.pm line 291.
t/999_regression/transaction/call_txn_scope_before_fork_and_rollback.t .. ok
t/999_regression/where_condition_in.t ................................... ok

Test Summary Report
-------------------
t/001_basic/005_set_columns.t                                         (Wstat: 1024 Tests: 4 Failed: 4)
  Failed tests:  1-4
  Non-zero exit status: 4
t/001_basic/019_profiler_trace.t                                      (Wstat: 256 Tests: 2 Failed: 1)
  Failed test:  2
  Non-zero exit status: 1
t/500_deprecated/001_deprecated_setup.t                               (Wstat: 65280 Tests: 0 Failed: 0)
  Non-zero exit status: 255
  Parse errors: No plan found in TAP output
t/500_deprecated/002_deprecated_profiler.t                            (Wstat: 65280 Tests: 0 Failed: 0)
  Non-zero exit status: 255
  Parse errors: No plan found in TAP output
t/999_regression/transaction/call_txn_scope_after_fork.t              (Wstat: 6400 Tests: 0 Failed: 0)
  Non-zero exit status: 25
  Parse errors: No plan found in TAP output
t/999_regression/transaction/call_txn_scope_and_fork.t                (Wstat: 256 Tests: 3 Failed: 1)
  Failed test:  1
  Non-zero exit status: 1
t/999_regression/transaction/call_txn_scope_before_fork.t             (Wstat: 6400 Tests: 0 Failed: 0)
  Non-zero exit status: 25
  Parse errors: No plan found in TAP output
Files=72, Tests=257, 28 wallclock secs ( 0.16 usr +  0.32 sys =  0.48 CPU)
Result: FAIL
Failed 7/72 test programs. 6/257 subtests failed.
dmake.exe:  Error code 255, while making 'test_dynamic'

------------------------------
PREREQUISITES
------------------------------

Prerequisite modules loaded:

requires:

    Module                   Need Have    
    ------------------------ ---- --------
    Carp                     0    1.42    
    Class::Accessor::Lite    0    0.08    
    Class::Load              0    0.23    
    DBI                      0    1.636   
    DBIx::TransactionManager 1.07 1.13    
    IO::Handle               0    1.36    
    Scalar::Util             0    1.46_02 
    Try::Tiny                0    0.27    
    UNIVERSAL::require       0    0.18    

build_requires:

    Module                   Need Have    
    ------------------------ ---- --------
    ExtUtils::MakeMaker      6.42 7.24    
    Test::More               0.96 1.302062
    Test::SharedFork         0.15 0.35    

configure_requires:

    Module                   Need Have    
    ------------------------ ---- --------
    ExtUtils::MakeMaker      6.42 7.24    


------------------------------
ENVIRONMENT AND OTHER CONTEXT
------------------------------

Environment variables:

    AUTOMATED_TESTING = 1
    COMSPEC = C:\WINDOWS\system32\cmd.exe
    NUMBER_OF_PROCESSORS = 1
    PATH = C:\WINDOWS\system32;C:\WINDOWS;C:\WINDOWS\System32\Wbem;C:\Git\cmd;C:\Strawberry257\c\bin;C:\Strawberry257\perl\site\bin;C:\Strawberry257\perl\bin
    PERL5LIB = 
    PERL5OPT = 
    PERL5_CPANPLUS_IS_RUNNING = 1204
    PERL5_CPAN_IS_RUNNING = 1204
    PERL5_CPAN_IS_RUNNING_IN_RECURSION = 1800,1204
    PERL_CR_SMOKER_CURRENT = Qudo-0.0214
    PERL_CR_SMOKER_RUNONCE = 1
    PERL_EXTUTILS_AUTOINSTALL = --defaultdeps
    PERL_MM_USE_DEFAULT = 1
    PROCESSOR_IDENTIFIER = x86 Family 16 Model 5 Stepping 3, AuthenticAMD
    TEMP = C:\DOCUME~1\c\LOCALS~1\Temp

Perl special variables (and OS-specific diagnostics, for MSWin32):

    $^X = C:\Strawberry257\perl\bin\perl.exe
    $UID/$EUID = 0 / 0
    $GID = 0
    $EGID = 0
    Win32::GetOSName = WinXP/.Net
    Win32::GetOSVersion = Service Pack 3, 5, 1, 2600, 2, 3, 0, 256, 1
    Win32::FsType = NTFS
    Win32::IsAdminUser = 1

Perl module toolchain versions installed:

    Module              Have      
    ------------------- ----------
    CPAN                2.14_01   
    CPAN::Meta          2.150010  
    Cwd                 3.66      
    ExtUtils::CBuilder  0.280225  
    ExtUtils::Command   7.24      
    ExtUtils::Install   2.04      
    ExtUtils::MakeMaker 7.24      
    ExtUtils::Manifest  1.70      
    ExtUtils::ParseXS   3.33      
    File::Spec          3.66      
    JSON                2.90      
    JSON::PP            2.27400_02
    Module::Build       0.4220    
    Module::Signature   0.81      
    Parse::CPAN::Meta   2.150010  
    Test::Harness       3.36_01   
    Test::More          1.302062  
    YAML                1.19      
    YAML::Syck          1.29      
    version             0.9917    


--

Summary of my perl5 (revision 5 version 25 subversion 7) configuration:
   
  Platform:
    osname=MSWin32
    osvers=4.0
    archname=MSWin32-x86-multi-thread-64int
    uname='Win32 strawberry-perl 5.25.7.1-beta1 #1 Tue Nov 22 22:50:57 2016 i386'
    config_args='undef'
    hint=recommended
    useposix=true
    d_sigaction=undef
    useithreads=define
    usemultiplicity=define
    use64bitint=define
    use64bitall=undef
    uselongdouble=undef
    usemymalloc=n
    bincompat5005=undef
  Compiler:
    cc='gcc'
    ccflags =' -s -O2 -DWIN32  -DPERL_TEXTMODE_SCRIPTS -DPERL_IMPLICIT_CONTEXT -DPERL_IMPLICIT_SYS -fwrapv -fno-strict-aliasing -mms-bitfields'
    optimize='-s -O2'
    cppflags='-DWIN32'
    ccversion=''
    gccversion='4.9.2'
    gccosandvers=''
    intsize=4
    longsize=4
    ptrsize=4
    doublesize=8
    byteorder=12345678
    doublekind=3
    d_longlong=define
    longlongsize=8
    d_longdbl=define
    longdblsize=12
    longdblkind=3
    ivtype='long long'
    ivsize=8
    nvtype='double'
    nvsize=8
    Off_t='long long'
    lseeksize=8
    alignbytes=8
    prototype=define
  Linker and Libraries:
    ld='g++'
    ldflags ='-s -L"C:\STRAWB~1\perl\lib\CORE" -L"C:\STRAWB~1\c\lib"'
    libpth=C:\STRAWB~1\c\lib C:\STRAWB~1\c\i686-w64-mingw32\lib C:\STRAWB~1\c\lib\gcc\i686-w64-mingw32\4.9.2
    libs=-lmoldname -lkernel32 -luser32 -lgdi32 -lwinspool -lcomdlg32 -ladvapi32 -lshell32 -lole32 -loleaut32 -lnetapi32 -luuid -lws2_32 -lmpr -lwinmm -lversion -lodbc32 -lodbccp32 -lcomctl32
    perllibs=-lmoldname -lkernel32 -luser32 -lgdi32 -lwinspool -lcomdlg32 -ladvapi32 -lshell32 -lole32 -loleaut32 -lnetapi32 -luuid -lws2_32 -lmpr -lwinmm -lversion -lodbc32 -lodbccp32 -lcomctl32
    libc=
    so=dll
    useshrplib=true
    libperl=libperl525.a
    gnulibc_version=''
  Dynamic Linking:
    dlsrc=dl_win32.xs
    dlext=xs.dll
    d_dlsymun=undef
    ccdlflags=' '
    cccdlflags=' '
    lddlflags='-mdll -s -L"C:\STRAWB~1\perl\lib\CORE" -L"C:\STRAWB~1\c\lib"'


Characteristics of this binary (from libperl): 
  Compile-time options:
    HAS_TIMES
    HAVE_INTERP_INTERN
    MULTIPLICITY
    PERLIO_LAYERS
    PERL_COPY_ON_WRITE
    PERL_DONT_CREATE_GVSV
    PERL_HASH_FUNC_ONE_AT_A_TIME_HARD
    PERL_IMPLICIT_CONTEXT
    PERL_IMPLICIT_SYS
    PERL_MALLOC_WRAP
    PERL_OP_PARENT
    PERL_PRESERVE_IVUV
    USE_64_BIT_INT
    USE_ITHREADS
    USE_LARGE_FILES
    USE_LOCALE
    USE_LOCALE_COLLATE
    USE_LOCALE_CTYPE
    USE_LOCALE_NUMERIC
    USE_LOCALE_TIME
    USE_PERLIO
    USE_PERL_ATOF
  Built under MSWin32
  Compiled at Nov 22 2016 22:59:11
  %ENV:
    PERL5_CPANPLUS_IS_RUNNING="1204"
    PERL5_CPAN_IS_RUNNING="1204"
    PERL5_CPAN_IS_RUNNING_IN_RECURSION="1800,1204"
    PERL_CR_SMOKER_CURRENT="Qudo-0.0214"
    PERL_CR_SMOKER_RUNONCE="1"
    PERL_EXTUTILS_AUTOINSTALL="--defaultdeps"
    PERL_MM_USE_DEFAULT="1"
  @INC:
    C:/Strawberry257/perl/site/lib
    C:/Strawberry257/perl/vendor/lib
    C:/Strawberry257/perl/lib
    .